The Swift Package Index logo.Swift Package Index

Build Information

Failed to build SignupCards, reference main (ae3979), with Swift 6.4 for Linux on 24 Sep 2026 04:58:43 UTC.

Build Command

bash -c docker run --pull=always --rm -v "checkouts-53886769-2":/host -w "$PWD" -e JAVA_HOME="/root/.sdkman/candidates/java/current" -e SPI_BUILD="1" -e SPI_PROCESSING="1" registry.gitlab.com/saguaro1/spi-images:basic-6.4-latest swift build --triple x86_64-unknown-linux-gnu 2>&1

Build Log

========================================
RunAll
========================================
Builder version: 5.1.0
Interrupt handler set up.
========================================
Checkout
========================================
Clone URL: https://github.com/dhennessy/signupcards-ios-sdk.git
Reference: main
Initialized empty Git repository in /host/spi-builder-workspace/.git/
hint: Using 'master' as the name for the initial branch. This default branch name
hint: is subject to change. To configure the initial branch name to use in all
hint: of your new repositories, which will suppress this warning, call:
hint:
hint: 	git config --global init.defaultBranch <name>
hint:
hint: Names commonly chosen instead of 'master' are 'main', 'trunk' and
hint: 'development'. The just-created branch can be renamed via this command:
hint:
hint: 	git branch -m <name>
From https://github.com/dhennessy/signupcards-ios-sdk
 * branch            main       -> FETCH_HEAD
 * [new branch]      main       -> origin/main
HEAD is now at ae3979b Complete package name change
Cloned https://github.com/dhennessy/signupcards-ios-sdk.git
Revision (git rev-parse @):
ae3979bff08ec02c0159602f272607c182cf8586
SUCCESS checkout https://github.com/dhennessy/signupcards-ios-sdk.git at main
========================================
Build
========================================
Selected platform:         linux
Swift version:             6.4
Building package at path:  $PWD
https://github.com/dhennessy/signupcards-ios-sdk.git
Running build ...
bash -c docker run --pull=always --rm -v "checkouts-53886769-2":/host -w "$PWD" -e JAVA_HOME="/root/.sdkman/candidates/java/current" -e SPI_BUILD="1" -e SPI_PROCESSING="1" registry.gitlab.com/saguaro1/spi-images:basic-6.4-latest swift build --triple x86_64-unknown-linux-gnu 2>&1
basic-6.4-latest: Pulling from saguaro1/spi-images
Digest: sha256:c77fcce225e223ac0fafed844619173fc6de8d62dd560eeb28db3182af6a282b
Status: Image is up to date for registry.gitlab.com/saguaro1/spi-images:basic-6.4-latest
Fetching https://github.com/WeTransfer/Mocker.git
[1/1906] Fetching mocker
Fetched https://github.com/WeTransfer/Mocker.git (0.64s)
Computing version for https://github.com/WeTransfer/Mocker.git
Computed https://github.com/WeTransfer/Mocker.git at 3.0.2 (0.84s)
Creating working copy for https://github.com/WeTransfer/Mocker.git
Working copy of https://github.com/WeTransfer/Mocker.git resolved at 3.0.2
Building for debugging...
[Planning deferred tasks]
error: SwiftCompile normal x86_64 failed with a nonzero exit code. Command line:     cd /host

[29 / 37] SignupCards
/host/spi-builder-workspace/Sources/SignupCards/SignupCards.swift:5:26: error: 'URLSession' is unavailable: This type has moved to the FoundationNetworking module. Import that module to use it.
 3 | public class MailingList {
 4 |     private let apiKey: String
 5 |     private let session: URLSession
   |                          `- error: 'URLSession' is unavailable: This type has moved to the FoundationNetworking module. Import that module to use it.
 6 |     private let baseURL: URL
 7 |
Foundation.URLSession:2:18: note: 'URLSession' has been explicitly marked unavailable here
1 | @available(*, unavailable, message: "This type has moved to the FoundationNetworking module. Import that module to use it.")
2 | public typealias URLSession = AnyObject
  |                  `- note: 'URLSession' has been explicitly marked unavailable here
/host/spi-builder-workspace/Sources/SignupCards/SignupCards.swift:39:42: error: 'URLSession' is unavailable: This type has moved to the FoundationNetworking module. Import that module to use it.
37 |     }
38 |
39 |     public init(apiKey: String, session: URLSession = .shared, baseURL: URL = URL(string: "https://api.signup.cards/v1/")!) {
   |                                          `- error: 'URLSession' is unavailable: This type has moved to the FoundationNetworking module. Import that module to use it.
40 |         self.apiKey = apiKey
41 |         self.session = session
Foundation.URLSession:2:18: note: 'URLSession' has been explicitly marked unavailable here
1 | @available(*, unavailable, message: "This type has moved to the FoundationNetworking module. Import that module to use it.")
2 | public typealias URLSession = AnyObject
  |                  `- note: 'URLSession' has been explicitly marked unavailable here
/host/spi-builder-workspace/Sources/SignupCards/SignupCards.swift:39:56: error: value of type '_' expected to be instance of class or class-constrained type
37 |     }
38 |
39 |     public init(apiKey: String, session: URLSession = .shared, baseURL: URL = URL(string: "https://api.signup.cards/v1/")!) {
   |                                                        `- error: value of type '_' expected to be instance of class or class-constrained type
40 |         self.apiKey = apiKey
41 |         self.session = session
/host/spi-builder-workspace/Sources/SignupCards/SignupCards.swift:39:56: error: type 'URLSession' (aka 'AnyObject') has no member 'shared'
37 |     }
38 |
39 |     public init(apiKey: String, session: URLSession = .shared, baseURL: URL = URL(string: "https://api.signup.cards/v1/")!) {
   |                                                        `- error: type 'URLSession' (aka 'AnyObject') has no member 'shared'
40 |         self.apiKey = apiKey
41 |         self.session = session
/host/spi-builder-workspace/Sources/SignupCards/SignupCards.swift:81:61: error: 'URLResponse' is unavailable: This type has moved to the FoundationNetworking module. Import that module to use it.
79 |     // MARK: Implementation helpers
80 |
81 |     private func validateHttpResponse(data: Data, response: URLResponse) throws {
   |                                                             `- error: 'URLResponse' is unavailable: This type has moved to the FoundationNetworking module. Import that module to use it.
82 |         guard let http = response as? HTTPURLResponse else {
83 |             throw SignupCardsError.invalidResponse
Foundation.URLResponse:2:18: note: 'URLResponse' has been explicitly marked unavailable here
1 | @available(*, unavailable, message: "This type has moved to the FoundationNetworking module. Import that module to use it.")
2 | public typealias URLResponse = AnyObject
  |                  `- note: 'URLResponse' has been explicitly marked unavailable here
Failed frontend command:
/usr/bin/swift-frontend -frontend -emit-module -experimental-skip-non-inlinable-function-bodies-without-types /host/spi-builder-workspace/.build/out/Intermediates.noindex/SignupCards.build/Debug-linux-x86_64/SignupCards-t.build/DerivedSources/resource_bundle_accessor.swift /host/spi-builder-workspace/Sources/SignupCards/SignupCards.swift /host/spi-builder-workspace/Sources/SignupCards/SignupCardsError.swift -target x86_64-unknown-linux-gnu -disable-objc-interop -I /host/spi-builder-workspace/.build/out/Products/Debug-linux-x86_64 -module-cache-path /host/spi-builder-workspace/.build/out/ModuleCache.noindex -color-diagnostics -Xcc -fcolor-diagnostics -enable-testing -g -debug-info-format\=dwarf -dwarf-version\=4 -swift-version 5 -Onone -D SWIFT_PACKAGE -D DEBUG -D SWIFT_MODULE_RESOURCE_BUNDLE_AVAILABLE -D Xcode -serialize-debugging-options -enable-experimental-feature DebugDescriptionMacro -empty-abi-descriptor -external-plugin-path /usr/lib/swift/host/plugins/testing\#/usr/bin/swift-plugin-server -validate-clang-modules-once -clang-build-session-file /host/spi-builder-workspace/.build/out/ModuleCache.noindex/Session.modulevalidation -Xcc -working-directory -Xcc /host -enable-anonymous-context-mangled-names -file-compilation-dir /host -Xcc -fno-omit-frame-pointer -Xcc -D_LIBCPP_HARDENING_MODE\=_LIBCPP_HARDENING_MODE_DEBUG -Xcc -fmodules-prune-interval\=86400 -Xcc -fmodules-prune-after\=345600 -Xcc -I/host/spi-builder-workspace/.build/out/Products/Debug-linux-x86_64/include -Xcc -I/host/spi-builder-workspace/.build/out/Intermediates.noindex/SignupCards.build/Debug-linux-x86_64/SignupCards-t.build/DerivedSources-normal/x86_64 -Xcc -I/host/spi-builder-workspace/.build/out/Intermediates.noindex/SignupCards.build/Debug-linux-x86_64/SignupCards-t.build/DerivedSources/x86_64 -Xcc -I/host/spi-builder-workspace/.build/out/Intermediates.noindex/SignupCards.build/Debug-linux-x86_64/SignupCards-t.build/DerivedSources -Xcc -DSWIFT_PACKAGE -Xcc -DDEBUG\=1 -no-auto-bridging-header-chaining -module-name SignupCards -const-gather-protocols-file /host/spi-builder-workspace/.build/out/Intermediates.noindex/SignupCards.build/Debug-linux-x86_64/SignupCards-t.build/Objects-normal/x86_64/SignupCards_const_extract_protocols.json -in-process-plugin-server-path /usr/lib/swift/host/libSwiftInProcPluginServer.so -plugin-path /usr/lib/swift/host/plugins -plugin-path /usr/local/lib/swift/host/plugins -emit-module-doc-path /host/spi-builder-workspace/.build/out/Intermediates.noindex/SignupCards.build/Debug-linux-x86_64/SignupCards-t.build/Objects-normal/x86_64/Modules/SignupCards.swiftdoc -emit-module-source-info-path /host/spi-builder-workspace/.build/out/Intermediates.noindex/SignupCards.build/Debug-linux-x86_64/SignupCards-t.build/Objects-normal/x86_64/Modules/SignupCards.swiftsourceinfo -emit-objc-header-path /host/spi-builder-workspace/.build/out/Intermediates.noindex/SignupCards.build/Debug-linux-x86_64/SignupCards-t.build/Objects-normal/x86_64/SignupCards-Swift.h -serialize-diagnostics-path /host/spi-builder-workspace/.build/out/Intermediates.noindex/SignupCards.build/Debug-linux-x86_64/SignupCards-t.build/Objects-normal/x86_64/SignupCards-primary-emit-module.dia -emit-dependencies-path /host/spi-builder-workspace/.build/out/Intermediates.noindex/SignupCards.build/Debug-linux-x86_64/SignupCards-t.build/Objects-normal/x86_64/SignupCards-primary-emit-module.d -parse-as-library -o /host/spi-builder-workspace/.build/out/Intermediates.noindex/SignupCards.build/Debug-linux-x86_64/SignupCards-t.build/Objects-normal/x86_64/Modules/SignupCards.swiftmodule
error: Build failed
BUILD FAILURE 6.4 linux