The Swift Package Index logo.Swift Package Index

Build Information

Failed to build BluetoothMessageProtocol, reference master (1c5722), with Swift 6.2 for Linux on 24 Jun 2026 20:05:14 UTC.

Build Command

bash -c docker run --pull=always --rm -v "checkouts-53886768-0":/host -w "$PWD" -e JAVA_HOME="/root/.sdkman/candidates/java/current" -e SPI_BUILD="1" -e SPI_PROCESSING="1" registry.gitlab.com/swiftpackageindex/spi-images:basic-6.2-latest swift build --triple x86_64-unknown-linux-gnu 2>&1

Build Log

========================================
RunAll
========================================
Builder version: 4071e0796c748d991a0123890d2f0ecadc8fcc8c
Interrupt handler set up.
========================================
Checkout
========================================
Clone URL: https://github.com/FitnessKit/BluetoothMessageProtocol.git
Reference: master
Initialized empty Git repository in /host/spi-builder-workspace/.git/
hint: Using 'master' as the name for the initial branch. This default branch name
hint: is subject to change. To configure the initial branch name to use in all
hint: of your new repositories, which will suppress this warning, call:
hint:
hint: 	git config --global init.defaultBranch <name>
hint:
hint: Names commonly chosen instead of 'master' are 'main', 'trunk' and
hint: 'development'. The just-created branch can be renamed via this command:
hint:
hint: 	git branch -m <name>
From https://github.com/FitnessKit/BluetoothMessageProtocol
 * branch            master     -> FETCH_HEAD
 * [new branch]      master     -> origin/master
HEAD is now at 1c57224 Update README.md by removing badges
Cloned https://github.com/FitnessKit/BluetoothMessageProtocol.git
Revision (git rev-parse @):
1c572248807f1973be9b29c9999428055e5b6da1
SUCCESS checkout https://github.com/FitnessKit/BluetoothMessageProtocol.git at master
========================================
Build
========================================
Selected platform:         linux
Swift version:             6.2
Building package at path:  $PWD
https://github.com/FitnessKit/BluetoothMessageProtocol.git
Running build ...
bash -c docker run --pull=always --rm -v "checkouts-53886768-0":/host -w "$PWD" -e JAVA_HOME="/root/.sdkman/candidates/java/current" -e SPI_BUILD="1" -e SPI_PROCESSING="1" registry.gitlab.com/swiftpackageindex/spi-images:basic-6.2-latest swift build --triple x86_64-unknown-linux-gnu 2>&1
basic-6.2-latest: Pulling from swiftpackageindex/spi-images
Digest: sha256:c1e64916691157aa211c844e845a45f54e1288d5927bb1481ff28ec0cfa5960d
Status: Image is up to date for registry.gitlab.com/swiftpackageindex/spi-images:basic-6.2-latest
Fetching https://github.com/FitnessKit/DataDecoder
Fetching https://github.com/krzyzanowskim/CryptoSwift
Fetching https://github.com/FitnessKit/FitnessUnits
[1/839] Fetching fitnessunits
[337/1293] Fetching fitnessunits, datadecoder
Fetched https://github.com/FitnessKit/FitnessUnits from cache (0.41s)
[1/13409] Fetching cryptoswift
Fetched https://github.com/FitnessKit/DataDecoder from cache (1.53s)
Fetched https://github.com/krzyzanowskim/CryptoSwift from cache (1.54s)
Computing version for https://github.com/FitnessKit/DataDecoder
Computed https://github.com/FitnessKit/DataDecoder at 5.0.0 (1.70s)
Computing version for https://github.com/FitnessKit/FitnessUnits
Computed https://github.com/FitnessKit/FitnessUnits at 3.1.0 (0.15s)
Computing version for https://github.com/krzyzanowskim/CryptoSwift
Computed https://github.com/krzyzanowskim/CryptoSwift at 1.10.0 (0.16s)
Creating working copy for https://github.com/krzyzanowskim/CryptoSwift
Working copy of https://github.com/krzyzanowskim/CryptoSwift resolved at 1.10.0
Creating working copy for https://github.com/FitnessKit/DataDecoder
Working copy of https://github.com/FitnessKit/DataDecoder resolved at 5.0.0
Creating working copy for https://github.com/FitnessKit/FitnessUnits
Working copy of https://github.com/FitnessKit/FitnessUnits resolved at 3.1.0
Building for debugging...
[0/5] Write sources
[4/5] Write swift-version-24593BA9C3E375BF.txt
[6/133] Compiling DataDecoder Nibble.swift
[7/133] Compiling CryptoSwift CBCMAC.swift
[8/133] Compiling CryptoSwift CMAC.swift
[9/133] Compiling CryptoSwift Addition.swift
[10/133] Compiling CryptoSwift BigInt.swift
[11/133] Compiling CryptoSwift BigUInt.swift
[12/133] Compiling CryptoSwift BitwiseOps.swift
[13/133] Compiling CryptoSwift CS.swift
[14/133] Compiling CryptoSwift Codable.swift
[15/133] Compiling CryptoSwift Comparable.swift
[16/133] Compiling CryptoSwift DataConversion.swift
[17/133] Compiling CryptoSwift Division.swift
[18/133] Compiling CryptoSwift Exponentiation.swift
[19/133] Compiling CryptoSwift FloatingPointConversion.swift
[20/133] Compiling CryptoSwift GCD.swift
[21/133] Compiling CryptoSwift BlockEncryptor.swift
[22/133] Compiling CryptoSwift BlockMode.swift
[23/133] Compiling CryptoSwift BlockModeOptions.swift
[24/133] Compiling CryptoSwift CBC.swift
[25/133] Compiling CryptoSwift CCM.swift
[26/133] Compiling CryptoSwift CFB.swift
[27/133] Compiling CryptoSwift CTR.swift
[28/133] Compiling CryptoSwift CipherModeWorker.swift
[29/133] Compiling CryptoSwift ECB.swift
[30/133] Compiling CryptoSwift GCM.swift
[31/133] Compiling CryptoSwift OCB.swift
[32/133] Compiling CryptoSwift OFB.swift
[33/133] Compiling CryptoSwift PCBC.swift
[34/133] Compiling CryptoSwift Blowfish.swift
[35/133] Compiling CryptoSwift Collection+Extension.swift
[36/133] Compiling CryptoSwift CompactMap.swift
[37/133] Compiling CryptoSwift Cryptor.swift
[38/133] Compiling CryptoSwift Cryptors.swift
[39/133] Compiling CryptoSwift Digest.swift
[40/133] Compiling CryptoSwift DigestType.swift
[41/133] Compiling CryptoSwift AES+Foundation.swift
[42/133] Compiling CryptoSwift Array+Foundation.swift
[43/133] Compiling CryptoSwift Blowfish+Foundation.swift
[44/133] Compiling CryptoSwift ChaCha20+Foundation.swift
[45/133] Compiling CryptoSwift Data+Extension.swift
[46/133] Compiling CryptoSwift HMAC+Foundation.swift
[47/133] Compiling CryptoSwift Rabbit+Foundation.swift
[48/133] Compiling CryptoSwift String+FoundationExtension.swift
[49/147] Compiling CryptoSwift Array+Extension.swift
[50/147] Compiling CryptoSwift Authenticator.swift
[51/147] Compiling CryptoSwift BatchedCollection.swift
[55/150] Compiling CryptoSwift Bit.swift
[56/150] Compiling CryptoSwift BlockCipher.swift
[57/150] Compiling CryptoSwift BlockDecryptor.swift
[61/150] Emitting module DataDecoder
[62/150] Emitting module CryptoSwift
[63/150] Compiling CryptoSwift AEAD.swift
[64/150] Compiling CryptoSwift AEADChaCha20Poly1305.swift
[65/150] Compiling CryptoSwift AEADXChaCha20Poly1305.swift
[66/150] Compiling CryptoSwift AES.Cryptors.swift
[67/150] Compiling CryptoSwift AES.swift
[68/150] Compiling CryptoSwift ASN1.swift
[69/150] Compiling CryptoSwift ASN1Decoder.swift
[70/150] Compiling CryptoSwift ASN1Encoder.swift
[71/150] Compiling CryptoSwift ASN1Scanner.swift
[84/150] Emitting module FitnessUnits
[88/150] Compiling DataDecoder ANTToggleByte.swift
[89/150] Compiling DataDecoder MACAddress.swift
[90/150] Compiling DataDecoder Decoder.swift
[91/150] Compiling DataDecoder DataExtension.swift
[93/151] Compiling FitnessUnits ValidatedBinaryFloatingPoint.swift
[94/151] Compiling FitnessUnits ValidatedBinaryInteger.swift
[95/151] Compiling FitnessUnits ValidatedMeasurement.swift
[97/152] Compiling CryptoSwift PKCS1v15.swift
[98/152] Compiling CryptoSwift PKCS5.swift
[99/152] Compiling CryptoSwift PKCS7.swift
[100/152] Compiling CryptoSwift PKCS7Padding.swift
[101/152] Compiling CryptoSwift Padding.swift
[102/152] Compiling CryptoSwift Poly1305.swift
[103/152] Compiling CryptoSwift RSA+Cipher.swift
[104/152] Compiling CryptoSwift RSA+Signature.swift
[105/152] Compiling CryptoSwift RSA.swift
[106/152] Compiling CryptoSwift Rabbit.swift
[107/152] Compiling CryptoSwift SHA1.swift
[108/152] Compiling CryptoSwift SHA2.swift
[109/152] Compiling CryptoSwift SHA3.swift
[110/152] Compiling CryptoSwift Scrypt.swift
[111/152] Compiling CryptoSwift Hashable.swift
[112/152] Compiling CryptoSwift IntegerConversion.swift
[113/152] Compiling CryptoSwift Multiplication.swift
[114/152] Compiling CryptoSwift PrimeTest.swift
[115/152] Compiling CryptoSwift Random.swift
[116/152] Compiling CryptoSwift Shifts.swift
[117/152] Compiling CryptoSwift SquareRoot.swift
[118/152] Compiling CryptoSwift Strideable.swift
[119/152] Compiling CryptoSwift StringConversion.swift
[120/152] Compiling CryptoSwift Subtraction.swift
[121/152] Compiling CryptoSwift WordsAndBits.swift
[122/152] Compiling CryptoSwift ChaCha20.swift
[123/152] Compiling CryptoSwift Checksum.swift
[124/152] Compiling CryptoSwift Cipher.swift
[125/152] Compiling CryptoSwift Utils+Foundation.swift
[126/152] Compiling CryptoSwift XChaCha20+Foundation.swift
[127/152] Compiling CryptoSwift Generics.swift
[128/152] Compiling CryptoSwift HKDF.swift
[129/152] Compiling CryptoSwift HMAC.swift
[130/152] Compiling CryptoSwift ISO10126Padding.swift
[131/152] Compiling CryptoSwift ISO78164Padding.swift
[132/152] Compiling CryptoSwift Int+Extension.swift
[133/152] Compiling CryptoSwift MD5.swift
[134/152] Compiling CryptoSwift NoPadding.swift
[135/152] Compiling CryptoSwift Operators.swift
[136/152] Compiling CryptoSwift DER.swift
[137/152] Compiling CryptoSwift PBKDF1.swift
[138/152] Compiling CryptoSwift PBKDF2.swift
[139/152] Compiling CryptoSwift SecureBytes.swift
[140/152] Compiling CryptoSwift Signature.swift
[141/152] Compiling CryptoSwift StreamDecryptor.swift
[142/152] Compiling CryptoSwift StreamEncryptor.swift
[143/152] Compiling CryptoSwift String+Extension.swift
[144/152] Compiling CryptoSwift UInt128.swift
[145/152] Compiling CryptoSwift UInt16+Extension.swift
[146/152] Compiling CryptoSwift UInt32+Extension.swift
[147/152] Compiling CryptoSwift UInt64+Extension.swift
[148/152] Compiling CryptoSwift UInt8+Extension.swift
[149/152] Compiling CryptoSwift Updatable.swift
[150/152] Compiling CryptoSwift Utils.swift
[151/152] Compiling CryptoSwift XChaCha20.swift
[152/152] Compiling CryptoSwift ZeroPadding.swift
[154/323] Compiling BluetoothMessageProtocol CharacteristicDateTime.swift
[155/323] Compiling BluetoothMessageProtocol CharacteristicDateofThresholdAssessment.swift
[156/323] Compiling BluetoothMessageProtocol CharacteristicDayDateTime.swift
[157/323] Compiling BluetoothMessageProtocol CharacteristicDayOfWeek.swift
[158/323] Compiling BluetoothMessageProtocol CharacteristicDeviceName.swift
[159/323] Compiling BluetoothMessageProtocol CharacteristicDewPoint.swift
[160/323] Compiling BluetoothMessageProtocol CharacteristicElevation.swift
[161/323] Compiling BluetoothMessageProtocol CharacteristicEmailAddress.swift
[162/323] Compiling BluetoothMessageProtocol CharacteristicFatBurnHeartRateLowerLimit.swift
[163/323] Compiling BluetoothMessageProtocol CharacteristicFatBurnHeartRateUpperLimit.swift
[164/323] Compiling BluetoothMessageProtocol CharacteristicFirmwareRevisionString.swift
[165/323] Compiling BluetoothMessageProtocol CharacteristicFirstName.swift
[166/323] Compiling BluetoothMessageProtocol CharacteristicFitnessMachineFeature.swift
[167/323] Compiling BluetoothMessageProtocol CharacteristicFitnessMachineStatus.swift
[168/323] Compiling BluetoothMessageProtocol CharacteristicFiveZoneHeartRateLimits.swift
[169/323] Compiling BluetoothMessageProtocol CharacteristicFloorNumber.swift
[170/323] Compiling BluetoothMessageProtocol CharacteristicGender.swift
[171/323] Compiling BluetoothMessageProtocol CharacteristicGustFactor.swift
[172/323] Compiling BluetoothMessageProtocol CharacteristicHTTPControlPoint.swift
[173/323] Compiling BluetoothMessageProtocol CharacteristicHTTPEntityBody.swift
[174/323] Compiling BluetoothMessageProtocol CharacteristicHTTPHeaders.swift
[175/323] Compiling BluetoothMessageProtocol CharacteristicHTTPSSecurity.swift
[176/323] Compiling BluetoothMessageProtocol CharacteristicHTTPStatusCode.swift
[177/323] Compiling BluetoothMessageProtocol CharacteristicHardwareRevisionString.swift
[178/347] Compiling BluetoothMessageProtocol ServiceHapAirPurifier.swift
[179/347] Compiling BluetoothMessageProtocol ServiceHapAirQualitySensor.swift
[180/347] Compiling BluetoothMessageProtocol ServiceHapBatteryService.swift
[181/347] Compiling BluetoothMessageProtocol ServiceHapCameraRtpStreamManagement.swift
[182/347] Compiling BluetoothMessageProtocol ServiceHapCarbonDioxideSensor.swift
[183/347] Compiling BluetoothMessageProtocol ServiceHapCarbonMonoxideSensor.swift
[184/347] Compiling BluetoothMessageProtocol ServiceHapContactSensor.swift
[185/347] Compiling BluetoothMessageProtocol ServiceHapDoor.swift
[186/347] Compiling BluetoothMessageProtocol ServiceHapDoorbell.swift
[187/347] Compiling BluetoothMessageProtocol ServiceHapFan.swift
[188/347] Compiling BluetoothMessageProtocol ServiceHapFaucet.swift
[189/347] Compiling BluetoothMessageProtocol ServiceHapFilterMaintenance.swift
[190/347] Compiling BluetoothMessageProtocol ServiceHapGarageDoorOpener.swift
[191/347] Compiling BluetoothMessageProtocol ServiceHapHeaterCooler.swift
[192/347] Compiling BluetoothMessageProtocol ServiceHapHumidifierDehumidifier.swift
[193/347] Compiling BluetoothMessageProtocol ServiceHapHumiditySensor.swift
[194/347] Compiling BluetoothMessageProtocol ServiceHapIrrigationSystem.swift
[195/347] Compiling BluetoothMessageProtocol ServiceHapLeakSensor.swift
[196/347] Compiling BluetoothMessageProtocol ServiceHapLightSensor.swift
[197/347] Compiling BluetoothMessageProtocol ServiceHapLightbulb.swift
[198/347] Compiling BluetoothMessageProtocol ServiceHapLockManagement.swift
[199/347] Compiling BluetoothMessageProtocol ServiceHapLockMechanism.swift
[200/347] Compiling BluetoothMessageProtocol ServiceHapMicrophone.swift
[201/347] Compiling BluetoothMessageProtocol ServiceHapMotionSensor.swift
[202/371] Compiling BluetoothMessageProtocol CharacteristicNetworkAvailability.swift
[203/371] Compiling BluetoothMessageProtocol CharacteristicNewAlert.swift
[204/371] Compiling BluetoothMessageProtocol CharacteristicObjectName.swift
[205/371] Compiling BluetoothMessageProtocol CharacteristicObjectSize.swift
[206/371] Compiling BluetoothMessageProtocol CharacteristicPnPID.swift
[207/371] Compiling BluetoothMessageProtocol CharacteristicPollenConcentration.swift
[208/371] Compiling BluetoothMessageProtocol CharacteristicPosition2D.swift
[209/371] Compiling BluetoothMessageProtocol CharacteristicPosition3D.swift
[210/371] Compiling BluetoothMessageProtocol CharacteristicPressure.swift
[211/371] Compiling BluetoothMessageProtocol CharacteristicRainfall.swift
[212/371] Compiling BluetoothMessageProtocol CharacteristicRestingHeartRate.swift
[213/371] Compiling BluetoothMessageProtocol CharacteristicRingerSetting.swift
[214/371] Compiling BluetoothMessageProtocol CharacteristicRowerData.swift
[215/371] Compiling BluetoothMessageProtocol CharacteristicScanIntervalWindow.swift
[216/371] Compiling BluetoothMessageProtocol CharacteristicScanRefresh.swift
[217/371] Compiling BluetoothMessageProtocol CharacteristicSensorLocation.swift
[218/371] Compiling BluetoothMessageProtocol CharacteristicSerialNumberString.swift
[219/371] Compiling BluetoothMessageProtocol CharacteristicSoftwareRevisionString.swift
[220/371] Compiling BluetoothMessageProtocol CharacteristicSportTypeForAerobicAndAnaerobicThresholds.swift
[221/371] Compiling BluetoothMessageProtocol CharacteristicStairClimberData.swift
[222/371] Compiling BluetoothMessageProtocol CharacteristicStepClimberData.swift
[223/371] Compiling BluetoothMessageProtocol CharacteristicString.swift
[224/371] Compiling BluetoothMessageProtocol CharacteristicSupportedHeartRateRange.swift
[225/371] Compiling BluetoothMessageProtocol CharacteristicSupportedInclinationRange.swift
[226/371] Compiling BluetoothMessageProtocol CharacteristicAnaerobicHeartRateUpperLimit.swift
[227/371] Compiling BluetoothMessageProtocol CharacteristicAnaerobicThreshold.swift
[228/371] Compiling BluetoothMessageProtocol CharacteristicAnalog.swift
[229/371] Compiling BluetoothMessageProtocol CharacteristicAnalogOutput.swift
[230/371] Compiling BluetoothMessageProtocol CharacteristicApparentWindDirection.swift
[231/371] Compiling BluetoothMessageProtocol CharacteristicApparentWindSpeed.swift
[232/371] Compiling BluetoothMessageProtocol CharacteristicAppearance.swift
[233/371] Compiling BluetoothMessageProtocol CharacteristicBarometricPressureTrend.swift
[234/371] Compiling BluetoothMessageProtocol CharacteristicBatteryLevel.swift
[235/371] Compiling BluetoothMessageProtocol CharacteristicBatteryLevelState.swift
[236/371] Compiling BluetoothMessageProtocol CharacteristicBatteryPowerState.swift
[237/371] Compiling BluetoothMessageProtocol CharacteristicBloodPressureFeature.swift
[238/371] Compiling BluetoothMessageProtocol CharacteristicBloodPressureMeasurement.swift
[239/371] Compiling BluetoothMessageProtocol CharacteristicBodyCompositionMeasurement.swift
[240/371] Compiling BluetoothMessageProtocol CharacteristicBodySensorLocation.swift
[241/371] Compiling BluetoothMessageProtocol CharacteristicBondManagementFeatures.swift
[242/371] Compiling BluetoothMessageProtocol CharacteristicContinuousGlucoseMonitoringFeature.swift
[243/371] Compiling BluetoothMessageProtocol CharacteristicCrossTrainerData.swift
[244/371] Compiling BluetoothMessageProtocol CharacteristicCurrentTime.swift
[245/371] Compiling BluetoothMessageProtocol CharacteristicCyclingSpeedCadence.swift
[246/371] Compiling BluetoothMessageProtocol CharacteristicCyclingSpeedCadenceFeature.swift
[247/371] Compiling BluetoothMessageProtocol CharacteristicDSTOffset.swift
[248/371] Compiling BluetoothMessageProtocol CharacteristicDatabaseChangeIncrement.swift
[249/371] Compiling BluetoothMessageProtocol CharacteristicDateOfBirth.swift
[250/419] Compiling BluetoothMessageProtocol ServiceHapOccupancySensor.swift
[251/419] Compiling BluetoothMessageProtocol ServiceHapOutlet.swift
[252/419] Compiling BluetoothMessageProtocol ServiceHapPairing.swift
[253/419] Compiling BluetoothMessageProtocol ServiceHapProtocolInformationService.swift
[254/419] Compiling BluetoothMessageProtocol ServiceHapSecuritySystem.swift
[255/419] Compiling BluetoothMessageProtocol ServiceHapServiceLabel.swift
[256/419] Compiling BluetoothMessageProtocol ServiceHapSlat.swift
[257/419] Compiling BluetoothMessageProtocol ServiceHapSmokeSensor.swift
[258/419] Compiling BluetoothMessageProtocol ServiceHapSpeaker.swift
[259/419] Compiling BluetoothMessageProtocol ServiceHapStatelessProgrammableSwitch.swift
[260/419] Compiling BluetoothMessageProtocol ServiceHapSwitch.swift
[261/419] Compiling BluetoothMessageProtocol ServiceHapTemperatureSensor.swift
[262/419] Compiling BluetoothMessageProtocol ServiceHapThermostat.swift
[263/419] Compiling BluetoothMessageProtocol ServiceHapValve.swift
[264/419] Compiling BluetoothMessageProtocol ServiceHapWindow.swift
[265/419] Compiling BluetoothMessageProtocol ServiceHapWindowCovering.swift
[266/419] Compiling BluetoothMessageProtocol ServiceHomeKitProtocolExtension.swift
[267/419] Compiling BluetoothMessageProtocol AccessoryCategory.swift
[268/419] Compiling BluetoothMessageProtocol HomeKitPairingErrors.swift
[269/419] Compiling BluetoothMessageProtocol HomeKitPairingMethods.swift
[270/419] Compiling BluetoothMessageProtocol HomeKitSoftwareAuthenticationTlvType.swift
[271/419] Compiling BluetoothMessageProtocol PairingTlvType.swift
[272/419] Compiling BluetoothMessageProtocol TlvFormat.swift
[273/419] Compiling BluetoothMessageProtocol AppleBeaconExtension.swift
[274/443] Compiling BluetoothMessageProtocol ServiceNorthPoleAweHeartRate.swift
[275/443] Compiling BluetoothMessageProtocol ServiceTacxAntFec.swift
[276/443] Compiling BluetoothMessageProtocol ServiceWahooFitnessGEMModuleFirmwareUpdate.swift
[277/443] Compiling BluetoothMessageProtocol ServiceTexasInstrumentsFirmwareUpdate.swift
[278/443] Compiling BluetoothMessageProtocol ServiceTexasInstrumentsSensorTagAccelerometer.swift
[279/443] Compiling BluetoothMessageProtocol ServiceTexasInstrumentsSensorTagBarometer.swift
[280/443] Compiling BluetoothMessageProtocol ServiceTexasInstrumentsSensorTagControl.swift
[281/443] Compiling BluetoothMessageProtocol ServiceTexasInstrumentsSensorTagGyroscope.swift
[282/443] Compiling BluetoothMessageProtocol ServiceTexasInstrumentsSensorTagHumidity.swift
[283/443] Compiling BluetoothMessageProtocol ServiceTexasInstrumentsSensorTagMagnetometer.swift
[284/443] Compiling BluetoothMessageProtocol ServiceTexasInstrumentsSensorTagTemperature.swift
[285/443] Compiling BluetoothMessageProtocol ServiceAlertNotification.swift
[286/443] Compiling BluetoothMessageProtocol ServiceAudioInputControl.swift
[287/443] Compiling BluetoothMessageProtocol ServiceAutomationInputOutput.swift
[288/443] Compiling BluetoothMessageProtocol ServiceBattery.swift
[289/443] Compiling BluetoothMessageProtocol ServiceBinarySensor.swift
[290/443] Compiling BluetoothMessageProtocol ServiceBloodPressure.swift
[291/443] Compiling BluetoothMessageProtocol ServiceBodyComposition.swift
[292/443] Compiling BluetoothMessageProtocol ServiceBondManagement.swift
[293/443] Compiling BluetoothMessageProtocol ServiceConstantToneExtension.swift
[294/443] Compiling BluetoothMessageProtocol ServiceContinuousGlucoseMonitoring.swift
[295/443] Compiling BluetoothMessageProtocol ServiceCoordinatedSetIdentification.swift
[296/443] Compiling BluetoothMessageProtocol ServiceCurrentTime.swift
[297/443] Compiling BluetoothMessageProtocol ServiceCyclingPower.swift
[298/467] Compiling BluetoothMessageProtocol MeshModelIdentifierExtension.swift
[299/467] Compiling BluetoothMessageProtocol MeshModelIdentifierVendorExtension.swift
[300/467] Compiling BluetoothMessageProtocol MeshOutOfBandInformation.swift
[301/467] Compiling BluetoothMessageProtocol MeshTransitionTime.swift
[302/467] Compiling BluetoothMessageProtocol MeshMessage.swift
[303/467] Compiling BluetoothMessageProtocol MeshMessageGenericDelta.swift
[304/467] Compiling BluetoothMessageProtocol MeshMessageGenericLevel.swift
[305/467] Compiling BluetoothMessageProtocol MeshMessageGenericOnOff.swift
[306/467] Compiling BluetoothMessageProtocol Service.swift
[307/467] Compiling BluetoothMessageProtocol ServiceAppleMidi.swift
[308/467] Compiling BluetoothMessageProtocol ServiceCustomExtension.swift
[309/467] Compiling BluetoothMessageProtocol ServiceCycleOps.swift
[310/467] Compiling BluetoothMessageProtocol ServiceDropcam.swift
[311/467] Compiling BluetoothMessageProtocol ServiceEliteTrainer.swift
[312/467] Compiling BluetoothMessageProtocol ServiceGoogleGlass.swift
[313/467] Compiling BluetoothMessageProtocol ServiceGymConnect.swift
[314/467] Compiling BluetoothMessageProtocol ServiceKomoot.swift
[315/467] Compiling BluetoothMessageProtocol ServiceMyoClassifierEvent.swift
[316/467] Compiling BluetoothMessageProtocol ServiceMyoControl.swift
[317/467] Compiling BluetoothMessageProtocol ServiceMyoImu.swift
[318/467] Compiling BluetoothMessageProtocol ServiceMyoRawEMGData.swift
[319/467] Compiling BluetoothMessageProtocol ServiceNordicLegacyDeviceFirmwareUpdate.swift
[320/467] Compiling BluetoothMessageProtocol ServiceNordicSecureDeviceFirmwareUpdate.swift
[321/467] Compiling BluetoothMessageProtocol ServiceNorthPoleAweDiagnostics.swift
[322/491] Compiling BluetoothMessageProtocol ServiceCyclingSpeedAndCadence.swift
[323/491] Compiling BluetoothMessageProtocol ServiceDeviceInformation.swift
[324/491] Compiling BluetoothMessageProtocol ServiceDeviceTime.swift
[325/491] Compiling BluetoothMessageProtocol ServiceEmergencyConfiguration.swift
[326/491] Compiling BluetoothMessageProtocol ServiceEnvironmentalSensing.swift
[327/491] Compiling BluetoothMessageProtocol ServiceExtension.swift
[328/491] Compiling BluetoothMessageProtocol ServiceFitnessMachine.swift
[329/491] Compiling BluetoothMessageProtocol ServiceGenericAccess.swift
[330/491] Compiling BluetoothMessageProtocol ServiceGenericAttribute.swift
[331/491] Compiling BluetoothMessageProtocol ServiceGenericMediaControl.swift
[332/491] Compiling BluetoothMessageProtocol ServiceGenericTelephoneBearer.swift
[333/491] Compiling BluetoothMessageProtocol ServiceGlucose.swift
[334/491] Compiling BluetoothMessageProtocol ServiceHealthThermometer.swift
[335/491] Compiling BluetoothMessageProtocol ServiceHeartRate.swift
[336/491] Compiling BluetoothMessageProtocol ServiceHttpProxy.swift
[337/491] Compiling BluetoothMessageProtocol ServiceHumanInterfaceDevice.swift
[338/491] Compiling BluetoothMessageProtocol ServiceImmediateAlert.swift
[339/491] Compiling BluetoothMessageProtocol ServiceIndoorPositioning.swift
[340/491] Compiling BluetoothMessageProtocol ServiceInsulinDelivery.swift
[341/491] Compiling BluetoothMessageProtocol ServiceInternetProtocolSupport.swift
[342/491] Compiling BluetoothMessageProtocol ServiceLinkLoss.swift
[343/491] Compiling BluetoothMessageProtocol ServiceLocationAndNavigation.swift
[344/491] Compiling BluetoothMessageProtocol ServiceMediaControl.swift
[345/491] Compiling BluetoothMessageProtocol ServiceMeshProvisioning.swift
[346/515] Compiling BluetoothMessageProtocol ServiceMeshProxy.swift
[347/515] Compiling BluetoothMessageProtocol ServiceMicrophoneControl.swift
[348/515] Compiling BluetoothMessageProtocol ServiceNextDSTChange.swift
[349/515] Compiling BluetoothMessageProtocol ServiceObjectTransfer.swift
[350/515] Compiling BluetoothMessageProtocol ServicePhoneAlertStatus.swift
[351/515] Compiling BluetoothMessageProtocol ServicePhysicalActivityMonitor.swift
[352/515] Compiling BluetoothMessageProtocol ServicePulseOximeter.swift
[353/515] Compiling BluetoothMessageProtocol ServiceReconnectionConfiguration.swift
[354/515] Compiling BluetoothMessageProtocol ServiceReferenceTimeUpdate.swift
[355/515] Compiling BluetoothMessageProtocol ServiceRunningSpeedAndCadence.swift
[356/515] Compiling BluetoothMessageProtocol ServiceScanParameters.swift
[357/515] Compiling BluetoothMessageProtocol ServiceTelephoneBearer.swift
[358/515] Compiling BluetoothMessageProtocol ServiceTransportDiscovery.swift
[359/515] Compiling BluetoothMessageProtocol ServiceTxPower.swift
[360/515] Compiling BluetoothMessageProtocol ServiceUserData.swift
[361/515] Compiling BluetoothMessageProtocol ServiceVolumeControl.swift
[362/515] Compiling BluetoothMessageProtocol ServiceVolumeOffsetControl.swift
[363/515] Compiling BluetoothMessageProtocol ServiceWeightScale.swift
[364/515] Compiling BluetoothMessageProtocol ServiceData.swift
[365/515] Compiling BluetoothMessageProtocol ServiceDataFitnessMachine.swift
[366/515] Compiling BluetoothMessageProtocol ServiceDataMeshProvisioning.swift
[367/515] Compiling BluetoothMessageProtocol AppleDeviceType.swift
[368/515] Compiling BluetoothMessageProtocol BatteryTypes.swift
[369/515] Compiling BluetoothMessageProtocol BloodPressureMeasurementStatus.swift
[370/515] Compiling BluetoothMessageProtocol BluetoothAlertTypes.swift
[371/515] Compiling BluetoothMessageProtocol BluetoothAppearance.swift
[372/515] Compiling BluetoothMessageProtocol BluetoothAppearanceCategory.swift
[373/515] Compiling BluetoothMessageProtocol BluetoothGender.swift
[374/515] Compiling BluetoothMessageProtocol BluetoothSensorLocations.swift
[375/515] Compiling BluetoothMessageProtocol BluetoothTimeZones.swift
[376/515] Compiling BluetoothMessageProtocol CodingKeys.swift
[377/515] Compiling BluetoothMessageProtocol DSTOffset.swift
[378/515] Compiling BluetoothMessageProtocol DateTimeType.swift
[379/515] Compiling BluetoothMessageProtocol DayOfWeekType.swift
[380/515] Compiling BluetoothMessageProtocol FitnessMachineControlCode.swift
[381/515] Compiling BluetoothMessageProtocol FitnessMachineControlProcedure.swift
[382/515] Compiling BluetoothMessageProtocol FitnessMachineControlResponseTypes.swift
[383/515] Compiling BluetoothMessageProtocol FitnessMachineStatusCode.swift
[384/515] Compiling BluetoothMessageProtocol FitnessMachineStatusValue.swift
[385/515] Compiling BluetoothMessageProtocol FitnessMachineTargetTypes.swift
[386/515] Compiling BluetoothMessageProtocol FitnessMachineTypes.swift
[387/515] Compiling BluetoothMessageProtocol GymConnectEquipmentState.swift
[388/515] Compiling BluetoothMessageProtocol GymConnectEquipmentType.swift
[389/515] Compiling BluetoothMessageProtocol HeartRateTypes.swift
[390/515] Compiling BluetoothMessageProtocol MonthType.swift
[391/515] Compiling BluetoothMessageProtocol TemperatureTypes.swift
[392/515] Compiling BluetoothMessageProtocol UserType.swift
[393/515] Compiling BluetoothMessageProtocol YearMonthDay.swift
[394/515] Compiling BluetoothMessageProtocol ManufacturerData.swift
[395/515] Compiling BluetoothMessageProtocol ManufacturerDataAltBeacon.swift
[396/515] Compiling BluetoothMessageProtocol ManufacturerDataAppleHomeKit.swift
[397/515] Compiling BluetoothMessageProtocol ManufacturerDataAppleHomeKitEncryptedNotification.swift
[398/515] Compiling BluetoothMessageProtocol ManufacturerDataAppleiBeacon.swift
[399/515] Compiling BluetoothMessageProtocol ManufacturerDataGymConnect.swift
[400/515] Compiling BluetoothMessageProtocol ManufacturerDataPolarHeartRate.swift
[401/515] Compiling BluetoothMessageProtocol MemberIdentifier.swift
[402/515] Compiling BluetoothMessageProtocol MemberIdentifierSupportedExtension.swift
[403/515] Compiling BluetoothMessageProtocol MeshBeaconUnit.swift
[404/515] Compiling BluetoothMessageProtocol CharacteristicMeshProvisioningDataIn.swift
[405/515] Compiling BluetoothMessageProtocol CharacteristicMeshProvisioningDataOut.swift
[406/515] Compiling BluetoothMessageProtocol CharacteristicMeshProxyDataIn.swift
[407/515] Compiling BluetoothMessageProtocol CharacteristicMeshProxyDataOut.swift
[408/515] Compiling BluetoothMessageProtocol ProvisioningAuthentication.swift
[409/515] Compiling BluetoothMessageProtocol ProvisioningData.swift
[410/515] Compiling BluetoothMessageProtocol ProvisioningDataUnitCapabilities.swift
[411/515] Compiling BluetoothMessageProtocol ProvisioningDataUnitInvite.swift
[412/515] Compiling BluetoothMessageProtocol ProvisioningDataUnitStart.swift
[413/515] Compiling BluetoothMessageProtocol ProvisioningDataUnitType.swift
[414/515] Compiling BluetoothMessageProtocol ProvisioningDataUnits.swift
[415/515] Compiling BluetoothMessageProtocol ProxyDataUnits.swift
[416/515] Compiling BluetoothMessageProtocol ProxyMessageType.swift
[417/515] Compiling BluetoothMessageProtocol MeshModelIdentifier.swift
[418/515] Compiling BluetoothMessageProtocol CharacteristicHeartRateControlPoint.swift
[419/515] Compiling BluetoothMessageProtocol CharacteristicHeartRateMax.swift
[420/515] Compiling BluetoothMessageProtocol CharacteristicHeartRateMeasurement.swift
[421/515] Compiling BluetoothMessageProtocol CharacteristicHeatIndex.swift
[422/515] Compiling BluetoothMessageProtocol CharacteristicHeight.swift
[423/515] Compiling BluetoothMessageProtocol CharacteristicHipCircumference.swift
[424/515] Compiling BluetoothMessageProtocol CharacteristicHumidity.swift
[425/515] Compiling BluetoothMessageProtocol CharacteristicIndoorBikeData.swift
[426/515] Compiling BluetoothMessageProtocol CharacteristicIntermediateCuffPressure.swift
[427/515] Compiling BluetoothMessageProtocol CharacteristicIntermediateTemperature.swift
[428/515] Compiling BluetoothMessageProtocol CharacteristicLanguage.swift
[429/515] Compiling BluetoothMessageProtocol CharacteristicLastName.swift
[430/515] Compiling BluetoothMessageProtocol CharacteristicLatitude.swift
[431/515] Compiling BluetoothMessageProtocol CharacteristicLocalEastCoordinate.swift
[432/515] Compiling BluetoothMessageProtocol CharacteristicLocalNorthCoordinate.swift
[433/515] Compiling BluetoothMessageProtocol CharacteristicLocalTimeInformation.swift
[434/515] Compiling BluetoothMessageProtocol CharacteristicLocationName.swift
[435/515] Compiling BluetoothMessageProtocol CharacteristicLocationNavigationFeature.swift
[436/515] Compiling BluetoothMessageProtocol CharacteristicLongitude.swift
[437/515] Compiling BluetoothMessageProtocol CharacteristicMagneticDeclination.swift
[438/515] Compiling BluetoothMessageProtocol CharacteristicManufacturerNameString.swift
[439/515] Compiling BluetoothMessageProtocol CharacteristicMaximumRecommendedHeartRate.swift
[440/515] Compiling BluetoothMessageProtocol CharacteristicMeasurementInterval.swift
[441/515] Compiling BluetoothMessageProtocol CharacteristicModelNumberString.swift
[442/515] Emitting module BluetoothMessageProtocol
[443/515] Compiling BluetoothMessageProtocol BluetoothBounds.swift
[444/515] Compiling BluetoothMessageProtocol BluetoothCodable.swift
[445/515] Compiling BluetoothMessageProtocol BluetoothMessageProtocol.swift
[446/515] Compiling BluetoothMessageProtocol Characteristic.swift
[447/515] Compiling BluetoothMessageProtocol CharacteristicGymConnectEquipmentState.swift
[448/515] Compiling BluetoothMessageProtocol CharacteristicGymConnectEquipmentStateName.swift
[449/515] Compiling BluetoothMessageProtocol CharacteristicGymConnectEquipmentType.swift
[450/515] Compiling BluetoothMessageProtocol CharacteristicGymConnectMeasurement.swift
[451/515] Compiling BluetoothMessageProtocol CharacteristicGymConnectWorkoutProgramName.swift
[452/515] Compiling BluetoothMessageProtocol CharacteristicNorthPoleAweDiagnostics.swift
[453/515] Compiling BluetoothMessageProtocol CharacteristicNorthPoleAweHeartRateMeasurement.swift
[454/515] Compiling BluetoothMessageProtocol CharacteristicNorthPoleAweWorkoutInformation.swift
[455/515] Compiling BluetoothMessageProtocol CharacteristicTacxAntFecReceive.swift
[456/515] Compiling BluetoothMessageProtocol CharacteristicTacxAntFecSend.swift
[457/515] Compiling BluetoothMessageProtocol CharacteristicAerobicHeartRateLowerLimit.swift
[458/515] Compiling BluetoothMessageProtocol CharacteristicAerobicHeartRateUpperLimit.swift
[459/515] Compiling BluetoothMessageProtocol CharacteristicAerobicThreshold.swift
[460/515] Compiling BluetoothMessageProtocol CharacteristicAge.swift
[461/515] Compiling BluetoothMessageProtocol CharacteristicAlertCategoryID.swift
[462/515] Compiling BluetoothMessageProtocol CharacteristicAlertCategoryIDBitMask.swift
[463/515] Compiling BluetoothMessageProtocol CharacteristicAlertLevel.swift
[464/515] Compiling BluetoothMessageProtocol CharacteristicAlertNotificationControlPoint.swift
[465/515] Compiling BluetoothMessageProtocol CharacteristicAlertStatus.swift
[466/515] Compiling BluetoothMessageProtocol CharacteristicAltitude.swift
[467/515] Compiling BluetoothMessageProtocol CharacteristicAnaerobicHeartRateLowerLimit.swift
[468/515] Compiling BluetoothMessageProtocol CharacteristicSupportedPowerRange.swift
[469/515] Compiling BluetoothMessageProtocol CharacteristicSupportedResistanceLevel.swift
[470/515] Compiling BluetoothMessageProtocol CharacteristicSupportedSpeedRange.swift
[471/515] Compiling BluetoothMessageProtocol CharacteristicTemperature.swift
[472/515] Compiling BluetoothMessageProtocol CharacteristicTemperatureCelsius.swift
[473/515] Compiling BluetoothMessageProtocol CharacteristicTemperatureFahrenheit.swift
[474/515] Compiling BluetoothMessageProtocol CharacteristicTemperatureMeasurement.swift
[475/515] Compiling BluetoothMessageProtocol CharacteristicTemperatureType.swift
[476/515] Compiling BluetoothMessageProtocol CharacteristicThreeZoneHeartRateLimits.swift
[477/515] Compiling BluetoothMessageProtocol CharacteristicTimeSource.swift
[478/515] Compiling BluetoothMessageProtocol CharacteristicTimeUpdateControlPoint.swift
[479/515] Compiling BluetoothMessageProtocol CharacteristicTimeUpdateState.swift
[480/515] Compiling BluetoothMessageProtocol CharacteristicTimeWithDst.swift
[481/515] Compiling BluetoothMessageProtocol CharacteristicTimeZone.swift
[482/515] Compiling BluetoothMessageProtocol CharacteristicTrainingStatus.swift
[483/515] Compiling BluetoothMessageProtocol CharacteristicTreadmillData.swift
[484/515] Compiling BluetoothMessageProtocol CharacteristicTrueWindDirection.swift
[485/515] Compiling BluetoothMessageProtocol CharacteristicTrueWindSpeed.swift
[486/515] Compiling BluetoothMessageProtocol CharacteristicTwoZoneHeartRateLimit.swift
[487/515] Compiling BluetoothMessageProtocol CharacteristicTxPowerLevel.swift
[488/515] Compiling BluetoothMessageProtocol CharacteristicUVIndex.swift
[489/515] Compiling BluetoothMessageProtocol CharacteristicUniformResourceIdentifier.swift
[490/515] Compiling BluetoothMessageProtocol CharacteristicUnreadAlertStatus.swift
[491/515] Compiling BluetoothMessageProtocol CharacteristicUserIndex.swift
[492/515] Compiling BluetoothMessageProtocol CharacteristicV02Max.swift
/host/spi-builder-workspace/Sources/BluetoothMessageProtocol/Extensions/DataExtension.swift:42:22: error: cannot find 'CFByteOrderGetCurrent' in scope
 40 |     static var isLittleEndian: Bool {
 41 |
 42 |         let endian = CFByteOrderGetCurrent()
    |                      `- error: cannot find 'CFByteOrderGetCurrent' in scope
 43 |
 44 |         if endian == CFIndex(Int(CFByteOrderLittleEndian.rawValue)) {
/host/spi-builder-workspace/Sources/BluetoothMessageProtocol/Extensions/DataExtension.swift:44:22: error: cannot find 'CFIndex' in scope
 42 |         let endian = CFByteOrderGetCurrent()
 43 |
 44 |         if endian == CFIndex(Int(CFByteOrderLittleEndian.rawValue)) {
    |                      `- error: cannot find 'CFIndex' in scope
 45 |             return true
 46 |         }
/host/spi-builder-workspace/Sources/BluetoothMessageProtocol/Extensions/DataExtension.swift:44:34: error: cannot find 'CFByteOrderLittleEndian' in scope
 42 |         let endian = CFByteOrderGetCurrent()
 43 |
 44 |         if endian == CFIndex(Int(CFByteOrderLittleEndian.rawValue)) {
    |                                  `- error: cannot find 'CFByteOrderLittleEndian' in scope
 45 |             return true
 46 |         }
[493/515] Compiling BluetoothMessageProtocol CharacteristicWaistCircumference.swift
/host/spi-builder-workspace/Sources/BluetoothMessageProtocol/Extensions/DataExtension.swift:42:22: error: cannot find 'CFByteOrderGetCurrent' in scope
 40 |     static var isLittleEndian: Bool {
 41 |
 42 |         let endian = CFByteOrderGetCurrent()
    |                      `- error: cannot find 'CFByteOrderGetCurrent' in scope
 43 |
 44 |         if endian == CFIndex(Int(CFByteOrderLittleEndian.rawValue)) {
/host/spi-builder-workspace/Sources/BluetoothMessageProtocol/Extensions/DataExtension.swift:44:22: error: cannot find 'CFIndex' in scope
 42 |         let endian = CFByteOrderGetCurrent()
 43 |
 44 |         if endian == CFIndex(Int(CFByteOrderLittleEndian.rawValue)) {
    |                      `- error: cannot find 'CFIndex' in scope
 45 |             return true
 46 |         }
/host/spi-builder-workspace/Sources/BluetoothMessageProtocol/Extensions/DataExtension.swift:44:34: error: cannot find 'CFByteOrderLittleEndian' in scope
 42 |         let endian = CFByteOrderGetCurrent()
 43 |
 44 |         if endian == CFIndex(Int(CFByteOrderLittleEndian.rawValue)) {
    |                                  `- error: cannot find 'CFByteOrderLittleEndian' in scope
 45 |             return true
 46 |         }
[494/515] Compiling BluetoothMessageProtocol CharacteristicWeight.swift
/host/spi-builder-workspace/Sources/BluetoothMessageProtocol/Extensions/DataExtension.swift:42:22: error: cannot find 'CFByteOrderGetCurrent' in scope
 40 |     static var isLittleEndian: Bool {
 41 |
 42 |         let endian = CFByteOrderGetCurrent()
    |                      `- error: cannot find 'CFByteOrderGetCurrent' in scope
 43 |
 44 |         if endian == CFIndex(Int(CFByteOrderLittleEndian.rawValue)) {
/host/spi-builder-workspace/Sources/BluetoothMessageProtocol/Extensions/DataExtension.swift:44:22: error: cannot find 'CFIndex' in scope
 42 |         let endian = CFByteOrderGetCurrent()
 43 |
 44 |         if endian == CFIndex(Int(CFByteOrderLittleEndian.rawValue)) {
    |                      `- error: cannot find 'CFIndex' in scope
 45 |             return true
 46 |         }
/host/spi-builder-workspace/Sources/BluetoothMessageProtocol/Extensions/DataExtension.swift:44:34: error: cannot find 'CFByteOrderLittleEndian' in scope
 42 |         let endian = CFByteOrderGetCurrent()
 43 |
 44 |         if endian == CFIndex(Int(CFByteOrderLittleEndian.rawValue)) {
    |                                  `- error: cannot find 'CFByteOrderLittleEndian' in scope
 45 |             return true
 46 |         }
[495/515] Compiling BluetoothMessageProtocol CharacteristicWeightMeasurement.swift
/host/spi-builder-workspace/Sources/BluetoothMessageProtocol/Extensions/DataExtension.swift:42:22: error: cannot find 'CFByteOrderGetCurrent' in scope
 40 |     static var isLittleEndian: Bool {
 41 |
 42 |         let endian = CFByteOrderGetCurrent()
    |                      `- error: cannot find 'CFByteOrderGetCurrent' in scope
 43 |
 44 |         if endian == CFIndex(Int(CFByteOrderLittleEndian.rawValue)) {
/host/spi-builder-workspace/Sources/BluetoothMessageProtocol/Extensions/DataExtension.swift:44:22: error: cannot find 'CFIndex' in scope
 42 |         let endian = CFByteOrderGetCurrent()
 43 |
 44 |         if endian == CFIndex(Int(CFByteOrderLittleEndian.rawValue)) {
    |                      `- error: cannot find 'CFIndex' in scope
 45 |             return true
 46 |         }
/host/spi-builder-workspace/Sources/BluetoothMessageProtocol/Extensions/DataExtension.swift:44:34: error: cannot find 'CFByteOrderLittleEndian' in scope
 42 |         let endian = CFByteOrderGetCurrent()
 43 |
 44 |         if endian == CFIndex(Int(CFByteOrderLittleEndian.rawValue)) {
    |                                  `- error: cannot find 'CFByteOrderLittleEndian' in scope
 45 |             return true
 46 |         }
[496/515] Compiling BluetoothMessageProtocol CharacteristicWeightScaleFeature.swift
/host/spi-builder-workspace/Sources/BluetoothMessageProtocol/Extensions/DataExtension.swift:42:22: error: cannot find 'CFByteOrderGetCurrent' in scope
 40 |     static var isLittleEndian: Bool {
 41 |
 42 |         let endian = CFByteOrderGetCurrent()
    |                      `- error: cannot find 'CFByteOrderGetCurrent' in scope
 43 |
 44 |         if endian == CFIndex(Int(CFByteOrderLittleEndian.rawValue)) {
/host/spi-builder-workspace/Sources/BluetoothMessageProtocol/Extensions/DataExtension.swift:44:22: error: cannot find 'CFIndex' in scope
 42 |         let endian = CFByteOrderGetCurrent()
 43 |
 44 |         if endian == CFIndex(Int(CFByteOrderLittleEndian.rawValue)) {
    |                      `- error: cannot find 'CFIndex' in scope
 45 |             return true
 46 |         }
/host/spi-builder-workspace/Sources/BluetoothMessageProtocol/Extensions/DataExtension.swift:44:34: error: cannot find 'CFByteOrderLittleEndian' in scope
 42 |         let endian = CFByteOrderGetCurrent()
 43 |
 44 |         if endian == CFIndex(Int(CFByteOrderLittleEndian.rawValue)) {
    |                                  `- error: cannot find 'CFByteOrderLittleEndian' in scope
 45 |             return true
 46 |         }
[497/515] Compiling BluetoothMessageProtocol CharacteristicWindChill.swift
/host/spi-builder-workspace/Sources/BluetoothMessageProtocol/Extensions/DataExtension.swift:42:22: error: cannot find 'CFByteOrderGetCurrent' in scope
 40 |     static var isLittleEndian: Bool {
 41 |
 42 |         let endian = CFByteOrderGetCurrent()
    |                      `- error: cannot find 'CFByteOrderGetCurrent' in scope
 43 |
 44 |         if endian == CFIndex(Int(CFByteOrderLittleEndian.rawValue)) {
/host/spi-builder-workspace/Sources/BluetoothMessageProtocol/Extensions/DataExtension.swift:44:22: error: cannot find 'CFIndex' in scope
 42 |         let endian = CFByteOrderGetCurrent()
 43 |
 44 |         if endian == CFIndex(Int(CFByteOrderLittleEndian.rawValue)) {
    |                      `- error: cannot find 'CFIndex' in scope
 45 |             return true
 46 |         }
/host/spi-builder-workspace/Sources/BluetoothMessageProtocol/Extensions/DataExtension.swift:44:34: error: cannot find 'CFByteOrderLittleEndian' in scope
 42 |         let endian = CFByteOrderGetCurrent()
 43 |
 44 |         if endian == CFIndex(Int(CFByteOrderLittleEndian.rawValue)) {
    |                                  `- error: cannot find 'CFByteOrderLittleEndian' in scope
 45 |             return true
 46 |         }
[498/515] Compiling BluetoothMessageProtocol CompanyIdentifier+Range1000.swift
/host/spi-builder-workspace/Sources/BluetoothMessageProtocol/Extensions/DataExtension.swift:42:22: error: cannot find 'CFByteOrderGetCurrent' in scope
 40 |     static var isLittleEndian: Bool {
 41 |
 42 |         let endian = CFByteOrderGetCurrent()
    |                      `- error: cannot find 'CFByteOrderGetCurrent' in scope
 43 |
 44 |         if endian == CFIndex(Int(CFByteOrderLittleEndian.rawValue)) {
/host/spi-builder-workspace/Sources/BluetoothMessageProtocol/Extensions/DataExtension.swift:44:22: error: cannot find 'CFIndex' in scope
 42 |         let endian = CFByteOrderGetCurrent()
 43 |
 44 |         if endian == CFIndex(Int(CFByteOrderLittleEndian.rawValue)) {
    |                      `- error: cannot find 'CFIndex' in scope
 45 |             return true
 46 |         }
/host/spi-builder-workspace/Sources/BluetoothMessageProtocol/Extensions/DataExtension.swift:44:34: error: cannot find 'CFByteOrderLittleEndian' in scope
 42 |         let endian = CFByteOrderGetCurrent()
 43 |
 44 |         if endian == CFIndex(Int(CFByteOrderLittleEndian.rawValue)) {
    |                                  `- error: cannot find 'CFByteOrderLittleEndian' in scope
 45 |             return true
 46 |         }
[499/515] Compiling BluetoothMessageProtocol CompanyIdentifier+Range2000.swift
/host/spi-builder-workspace/Sources/BluetoothMessageProtocol/Extensions/DataExtension.swift:42:22: error: cannot find 'CFByteOrderGetCurrent' in scope
 40 |     static var isLittleEndian: Bool {
 41 |
 42 |         let endian = CFByteOrderGetCurrent()
    |                      `- error: cannot find 'CFByteOrderGetCurrent' in scope
 43 |
 44 |         if endian == CFIndex(Int(CFByteOrderLittleEndian.rawValue)) {
/host/spi-builder-workspace/Sources/BluetoothMessageProtocol/Extensions/DataExtension.swift:44:22: error: cannot find 'CFIndex' in scope
 42 |         let endian = CFByteOrderGetCurrent()
 43 |
 44 |         if endian == CFIndex(Int(CFByteOrderLittleEndian.rawValue)) {
    |                      `- error: cannot find 'CFIndex' in scope
 45 |             return true
 46 |         }
/host/spi-builder-workspace/Sources/BluetoothMessageProtocol/Extensions/DataExtension.swift:44:34: error: cannot find 'CFByteOrderLittleEndian' in scope
 42 |         let endian = CFByteOrderGetCurrent()
 43 |
 44 |         if endian == CFIndex(Int(CFByteOrderLittleEndian.rawValue)) {
    |                                  `- error: cannot find 'CFByteOrderLittleEndian' in scope
 45 |             return true
 46 |         }
[500/515] Compiling BluetoothMessageProtocol CompanyIdentifier.swift
/host/spi-builder-workspace/Sources/BluetoothMessageProtocol/Extensions/DataExtension.swift:42:22: error: cannot find 'CFByteOrderGetCurrent' in scope
 40 |     static var isLittleEndian: Bool {
 41 |
 42 |         let endian = CFByteOrderGetCurrent()
    |                      `- error: cannot find 'CFByteOrderGetCurrent' in scope
 43 |
 44 |         if endian == CFIndex(Int(CFByteOrderLittleEndian.rawValue)) {
/host/spi-builder-workspace/Sources/BluetoothMessageProtocol/Extensions/DataExtension.swift:44:22: error: cannot find 'CFIndex' in scope
 42 |         let endian = CFByteOrderGetCurrent()
 43 |
 44 |         if endian == CFIndex(Int(CFByteOrderLittleEndian.rawValue)) {
    |                      `- error: cannot find 'CFIndex' in scope
 45 |             return true
 46 |         }
/host/spi-builder-workspace/Sources/BluetoothMessageProtocol/Extensions/DataExtension.swift:44:34: error: cannot find 'CFByteOrderLittleEndian' in scope
 42 |         let endian = CFByteOrderGetCurrent()
 43 |
 44 |         if endian == CFIndex(Int(CFByteOrderLittleEndian.rawValue)) {
    |                                  `- error: cannot find 'CFByteOrderLittleEndian' in scope
 45 |             return true
 46 |         }
[501/515] Compiling BluetoothMessageProtocol CompanyIdentifierExtension.swift
/host/spi-builder-workspace/Sources/BluetoothMessageProtocol/Extensions/DataExtension.swift:42:22: error: cannot find 'CFByteOrderGetCurrent' in scope
 40 |     static var isLittleEndian: Bool {
 41 |
 42 |         let endian = CFByteOrderGetCurrent()
    |                      `- error: cannot find 'CFByteOrderGetCurrent' in scope
 43 |
 44 |         if endian == CFIndex(Int(CFByteOrderLittleEndian.rawValue)) {
/host/spi-builder-workspace/Sources/BluetoothMessageProtocol/Extensions/DataExtension.swift:44:22: error: cannot find 'CFIndex' in scope
 42 |         let endian = CFByteOrderGetCurrent()
 43 |
 44 |         if endian == CFIndex(Int(CFByteOrderLittleEndian.rawValue)) {
    |                      `- error: cannot find 'CFIndex' in scope
 45 |             return true
 46 |         }
/host/spi-builder-workspace/Sources/BluetoothMessageProtocol/Extensions/DataExtension.swift:44:34: error: cannot find 'CFByteOrderLittleEndian' in scope
 42 |         let endian = CFByteOrderGetCurrent()
 43 |
 44 |         if endian == CFIndex(Int(CFByteOrderLittleEndian.rawValue)) {
    |                                  `- error: cannot find 'CFByteOrderLittleEndian' in scope
 45 |             return true
 46 |         }
[502/515] Compiling BluetoothMessageProtocol CompanyIdentifierExtensionMore.swift
/host/spi-builder-workspace/Sources/BluetoothMessageProtocol/Extensions/DataExtension.swift:42:22: error: cannot find 'CFByteOrderGetCurrent' in scope
 40 |     static var isLittleEndian: Bool {
 41 |
 42 |         let endian = CFByteOrderGetCurrent()
    |                      `- error: cannot find 'CFByteOrderGetCurrent' in scope
 43 |
 44 |         if endian == CFIndex(Int(CFByteOrderLittleEndian.rawValue)) {
/host/spi-builder-workspace/Sources/BluetoothMessageProtocol/Extensions/DataExtension.swift:44:22: error: cannot find 'CFIndex' in scope
 42 |         let endian = CFByteOrderGetCurrent()
 43 |
 44 |         if endian == CFIndex(Int(CFByteOrderLittleEndian.rawValue)) {
    |                      `- error: cannot find 'CFIndex' in scope
 45 |             return true
 46 |         }
/host/spi-builder-workspace/Sources/BluetoothMessageProtocol/Extensions/DataExtension.swift:44:34: error: cannot find 'CFByteOrderLittleEndian' in scope
 42 |         let endian = CFByteOrderGetCurrent()
 43 |
 44 |         if endian == CFIndex(Int(CFByteOrderLittleEndian.rawValue)) {
    |                                  `- error: cannot find 'CFByteOrderLittleEndian' in scope
 45 |             return true
 46 |         }
[503/515] Compiling BluetoothMessageProtocol CompanyIdentifierNonAssigned.swift
/host/spi-builder-workspace/Sources/BluetoothMessageProtocol/Extensions/DataExtension.swift:42:22: error: cannot find 'CFByteOrderGetCurrent' in scope
 40 |     static var isLittleEndian: Bool {
 41 |
 42 |         let endian = CFByteOrderGetCurrent()
    |                      `- error: cannot find 'CFByteOrderGetCurrent' in scope
 43 |
 44 |         if endian == CFIndex(Int(CFByteOrderLittleEndian.rawValue)) {
/host/spi-builder-workspace/Sources/BluetoothMessageProtocol/Extensions/DataExtension.swift:44:22: error: cannot find 'CFIndex' in scope
 42 |         let endian = CFByteOrderGetCurrent()
 43 |
 44 |         if endian == CFIndex(Int(CFByteOrderLittleEndian.rawValue)) {
    |                      `- error: cannot find 'CFIndex' in scope
 45 |             return true
 46 |         }
/host/spi-builder-workspace/Sources/BluetoothMessageProtocol/Extensions/DataExtension.swift:44:34: error: cannot find 'CFByteOrderLittleEndian' in scope
 42 |         let endian = CFByteOrderGetCurrent()
 43 |
 44 |         if endian == CFIndex(Int(CFByteOrderLittleEndian.rawValue)) {
    |                                  `- error: cannot find 'CFByteOrderLittleEndian' in scope
 45 |             return true
 46 |         }
[504/515] Compiling BluetoothMessageProtocol CompanyIdentifierSupportedExtension.swift
/host/spi-builder-workspace/Sources/BluetoothMessageProtocol/Extensions/DataExtension.swift:42:22: error: cannot find 'CFByteOrderGetCurrent' in scope
 40 |     static var isLittleEndian: Bool {
 41 |
 42 |         let endian = CFByteOrderGetCurrent()
    |                      `- error: cannot find 'CFByteOrderGetCurrent' in scope
 43 |
 44 |         if endian == CFIndex(Int(CFByteOrderLittleEndian.rawValue)) {
/host/spi-builder-workspace/Sources/BluetoothMessageProtocol/Extensions/DataExtension.swift:44:22: error: cannot find 'CFIndex' in scope
 42 |         let endian = CFByteOrderGetCurrent()
 43 |
 44 |         if endian == CFIndex(Int(CFByteOrderLittleEndian.rawValue)) {
    |                      `- error: cannot find 'CFIndex' in scope
 45 |             return true
 46 |         }
/host/spi-builder-workspace/Sources/BluetoothMessageProtocol/Extensions/DataExtension.swift:44:34: error: cannot find 'CFByteOrderLittleEndian' in scope
 42 |         let endian = CFByteOrderGetCurrent()
 43 |
 44 |         if endian == CFIndex(Int(CFByteOrderLittleEndian.rawValue)) {
    |                                  `- error: cannot find 'CFByteOrderLittleEndian' in scope
 45 |             return true
 46 |         }
[505/515] Compiling BluetoothMessageProtocol Errors.swift
/host/spi-builder-workspace/Sources/BluetoothMessageProtocol/Extensions/DataExtension.swift:42:22: error: cannot find 'CFByteOrderGetCurrent' in scope
 40 |     static var isLittleEndian: Bool {
 41 |
 42 |         let endian = CFByteOrderGetCurrent()
    |                      `- error: cannot find 'CFByteOrderGetCurrent' in scope
 43 |
 44 |         if endian == CFIndex(Int(CFByteOrderLittleEndian.rawValue)) {
/host/spi-builder-workspace/Sources/BluetoothMessageProtocol/Extensions/DataExtension.swift:44:22: error: cannot find 'CFIndex' in scope
 42 |         let endian = CFByteOrderGetCurrent()
 43 |
 44 |         if endian == CFIndex(Int(CFByteOrderLittleEndian.rawValue)) {
    |                      `- error: cannot find 'CFIndex' in scope
 45 |             return true
 46 |         }
/host/spi-builder-workspace/Sources/BluetoothMessageProtocol/Extensions/DataExtension.swift:44:34: error: cannot find 'CFByteOrderLittleEndian' in scope
 42 |         let endian = CFByteOrderGetCurrent()
 43 |
 44 |         if endian == CFIndex(Int(CFByteOrderLittleEndian.rawValue)) {
    |                                  `- error: cannot find 'CFByteOrderLittleEndian' in scope
 45 |             return true
 46 |         }
[506/515] Compiling BluetoothMessageProtocol DataExtension.swift
/host/spi-builder-workspace/Sources/BluetoothMessageProtocol/Extensions/DataExtension.swift:42:22: error: cannot find 'CFByteOrderGetCurrent' in scope
 40 |     static var isLittleEndian: Bool {
 41 |
 42 |         let endian = CFByteOrderGetCurrent()
    |                      `- error: cannot find 'CFByteOrderGetCurrent' in scope
 43 |
 44 |         if endian == CFIndex(Int(CFByteOrderLittleEndian.rawValue)) {
/host/spi-builder-workspace/Sources/BluetoothMessageProtocol/Extensions/DataExtension.swift:44:22: error: cannot find 'CFIndex' in scope
 42 |         let endian = CFByteOrderGetCurrent()
 43 |
 44 |         if endian == CFIndex(Int(CFByteOrderLittleEndian.rawValue)) {
    |                      `- error: cannot find 'CFIndex' in scope
 45 |             return true
 46 |         }
/host/spi-builder-workspace/Sources/BluetoothMessageProtocol/Extensions/DataExtension.swift:44:34: error: cannot find 'CFByteOrderLittleEndian' in scope
 42 |         let endian = CFByteOrderGetCurrent()
 43 |
 44 |         if endian == CFIndex(Int(CFByteOrderLittleEndian.rawValue)) {
    |                                  `- error: cannot find 'CFByteOrderLittleEndian' in scope
 45 |             return true
 46 |         }
[507/515] Compiling BluetoothMessageProtocol Resolutionable.swift
/host/spi-builder-workspace/Sources/BluetoothMessageProtocol/Extensions/DataExtension.swift:42:22: error: cannot find 'CFByteOrderGetCurrent' in scope
 40 |     static var isLittleEndian: Bool {
 41 |
 42 |         let endian = CFByteOrderGetCurrent()
    |                      `- error: cannot find 'CFByteOrderGetCurrent' in scope
 43 |
 44 |         if endian == CFIndex(Int(CFByteOrderLittleEndian.rawValue)) {
/host/spi-builder-workspace/Sources/BluetoothMessageProtocol/Extensions/DataExtension.swift:44:22: error: cannot find 'CFIndex' in scope
 42 |         let endian = CFByteOrderGetCurrent()
 43 |
 44 |         if endian == CFIndex(Int(CFByteOrderLittleEndian.rawValue)) {
    |                      `- error: cannot find 'CFIndex' in scope
 45 |             return true
 46 |         }
/host/spi-builder-workspace/Sources/BluetoothMessageProtocol/Extensions/DataExtension.swift:44:34: error: cannot find 'CFByteOrderLittleEndian' in scope
 42 |         let endian = CFByteOrderGetCurrent()
 43 |
 44 |         if endian == CFIndex(Int(CFByteOrderLittleEndian.rawValue)) {
    |                                  `- error: cannot find 'CFByteOrderLittleEndian' in scope
 45 |             return true
 46 |         }
[508/515] Compiling BluetoothMessageProtocol StringExtension.swift
/host/spi-builder-workspace/Sources/BluetoothMessageProtocol/Extensions/DataExtension.swift:42:22: error: cannot find 'CFByteOrderGetCurrent' in scope
 40 |     static var isLittleEndian: Bool {
 41 |
 42 |         let endian = CFByteOrderGetCurrent()
    |                      `- error: cannot find 'CFByteOrderGetCurrent' in scope
 43 |
 44 |         if endian == CFIndex(Int(CFByteOrderLittleEndian.rawValue)) {
/host/spi-builder-workspace/Sources/BluetoothMessageProtocol/Extensions/DataExtension.swift:44:22: error: cannot find 'CFIndex' in scope
 42 |         let endian = CFByteOrderGetCurrent()
 43 |
 44 |         if endian == CFIndex(Int(CFByteOrderLittleEndian.rawValue)) {
    |                      `- error: cannot find 'CFIndex' in scope
 45 |             return true
 46 |         }
/host/spi-builder-workspace/Sources/BluetoothMessageProtocol/Extensions/DataExtension.swift:44:34: error: cannot find 'CFByteOrderLittleEndian' in scope
 42 |         let endian = CFByteOrderGetCurrent()
 43 |
 44 |         if endian == CFIndex(Int(CFByteOrderLittleEndian.rawValue)) {
    |                                  `- error: cannot find 'CFByteOrderLittleEndian' in scope
 45 |             return true
 46 |         }
[509/515] Compiling BluetoothMessageProtocol UInt8Extension.swift
/host/spi-builder-workspace/Sources/BluetoothMessageProtocol/Extensions/DataExtension.swift:42:22: error: cannot find 'CFByteOrderGetCurrent' in scope
 40 |     static var isLittleEndian: Bool {
 41 |
 42 |         let endian = CFByteOrderGetCurrent()
    |                      `- error: cannot find 'CFByteOrderGetCurrent' in scope
 43 |
 44 |         if endian == CFIndex(Int(CFByteOrderLittleEndian.rawValue)) {
/host/spi-builder-workspace/Sources/BluetoothMessageProtocol/Extensions/DataExtension.swift:44:22: error: cannot find 'CFIndex' in scope
 42 |         let endian = CFByteOrderGetCurrent()
 43 |
 44 |         if endian == CFIndex(Int(CFByteOrderLittleEndian.rawValue)) {
    |                      `- error: cannot find 'CFIndex' in scope
 45 |             return true
 46 |         }
/host/spi-builder-workspace/Sources/BluetoothMessageProtocol/Extensions/DataExtension.swift:44:34: error: cannot find 'CFByteOrderLittleEndian' in scope
 42 |         let endian = CFByteOrderGetCurrent()
 43 |
 44 |         if endian == CFIndex(Int(CFByteOrderLittleEndian.rawValue)) {
    |                                  `- error: cannot find 'CFByteOrderLittleEndian' in scope
 45 |             return true
 46 |         }
[510/515] Compiling BluetoothMessageProtocol UUIDExtension.swift
/host/spi-builder-workspace/Sources/BluetoothMessageProtocol/Extensions/DataExtension.swift:42:22: error: cannot find 'CFByteOrderGetCurrent' in scope
 40 |     static var isLittleEndian: Bool {
 41 |
 42 |         let endian = CFByteOrderGetCurrent()
    |                      `- error: cannot find 'CFByteOrderGetCurrent' in scope
 43 |
 44 |         if endian == CFIndex(Int(CFByteOrderLittleEndian.rawValue)) {
/host/spi-builder-workspace/Sources/BluetoothMessageProtocol/Extensions/DataExtension.swift:44:22: error: cannot find 'CFIndex' in scope
 42 |         let endian = CFByteOrderGetCurrent()
 43 |
 44 |         if endian == CFIndex(Int(CFByteOrderLittleEndian.rawValue)) {
    |                      `- error: cannot find 'CFIndex' in scope
 45 |             return true
 46 |         }
/host/spi-builder-workspace/Sources/BluetoothMessageProtocol/Extensions/DataExtension.swift:44:34: error: cannot find 'CFByteOrderLittleEndian' in scope
 42 |         let endian = CFByteOrderGetCurrent()
 43 |
 44 |         if endian == CFIndex(Int(CFByteOrderLittleEndian.rawValue)) {
    |                                  `- error: cannot find 'CFByteOrderLittleEndian' in scope
 45 |             return true
 46 |         }
[511/515] Compiling BluetoothMessageProtocol GapAdvertisingType.swift
/host/spi-builder-workspace/Sources/BluetoothMessageProtocol/Extensions/DataExtension.swift:42:22: error: cannot find 'CFByteOrderGetCurrent' in scope
 40 |     static var isLittleEndian: Bool {
 41 |
 42 |         let endian = CFByteOrderGetCurrent()
    |                      `- error: cannot find 'CFByteOrderGetCurrent' in scope
 43 |
 44 |         if endian == CFIndex(Int(CFByteOrderLittleEndian.rawValue)) {
/host/spi-builder-workspace/Sources/BluetoothMessageProtocol/Extensions/DataExtension.swift:44:22: error: cannot find 'CFIndex' in scope
 42 |         let endian = CFByteOrderGetCurrent()
 43 |
 44 |         if endian == CFIndex(Int(CFByteOrderLittleEndian.rawValue)) {
    |                      `- error: cannot find 'CFIndex' in scope
 45 |             return true
 46 |         }
/host/spi-builder-workspace/Sources/BluetoothMessageProtocol/Extensions/DataExtension.swift:44:34: error: cannot find 'CFByteOrderLittleEndian' in scope
 42 |         let endian = CFByteOrderGetCurrent()
 43 |
 44 |         if endian == CFIndex(Int(CFByteOrderLittleEndian.rawValue)) {
    |                                  `- error: cannot find 'CFByteOrderLittleEndian' in scope
 45 |             return true
 46 |         }
[512/515] Compiling BluetoothMessageProtocol GapDataType.swift
/host/spi-builder-workspace/Sources/BluetoothMessageProtocol/Extensions/DataExtension.swift:42:22: error: cannot find 'CFByteOrderGetCurrent' in scope
 40 |     static var isLittleEndian: Bool {
 41 |
 42 |         let endian = CFByteOrderGetCurrent()
    |                      `- error: cannot find 'CFByteOrderGetCurrent' in scope
 43 |
 44 |         if endian == CFIndex(Int(CFByteOrderLittleEndian.rawValue)) {
/host/spi-builder-workspace/Sources/BluetoothMessageProtocol/Extensions/DataExtension.swift:44:22: error: cannot find 'CFIndex' in scope
 42 |         let endian = CFByteOrderGetCurrent()
 43 |
 44 |         if endian == CFIndex(Int(CFByteOrderLittleEndian.rawValue)) {
    |                      `- error: cannot find 'CFIndex' in scope
 45 |             return true
 46 |         }
/host/spi-builder-workspace/Sources/BluetoothMessageProtocol/Extensions/DataExtension.swift:44:34: error: cannot find 'CFByteOrderLittleEndian' in scope
 42 |         let endian = CFByteOrderGetCurrent()
 43 |
 44 |         if endian == CFIndex(Int(CFByteOrderLittleEndian.rawValue)) {
    |                                  `- error: cannot find 'CFByteOrderLittleEndian' in scope
 45 |             return true
 46 |         }
[513/515] Compiling BluetoothMessageProtocol GapEventType.swift
/host/spi-builder-workspace/Sources/BluetoothMessageProtocol/Extensions/DataExtension.swift:42:22: error: cannot find 'CFByteOrderGetCurrent' in scope
 40 |     static var isLittleEndian: Bool {
 41 |
 42 |         let endian = CFByteOrderGetCurrent()
    |                      `- error: cannot find 'CFByteOrderGetCurrent' in scope
 43 |
 44 |         if endian == CFIndex(Int(CFByteOrderLittleEndian.rawValue)) {
/host/spi-builder-workspace/Sources/BluetoothMessageProtocol/Extensions/DataExtension.swift:44:22: error: cannot find 'CFIndex' in scope
 42 |         let endian = CFByteOrderGetCurrent()
 43 |
 44 |         if endian == CFIndex(Int(CFByteOrderLittleEndian.rawValue)) {
    |                      `- error: cannot find 'CFIndex' in scope
 45 |             return true
 46 |         }
/host/spi-builder-workspace/Sources/BluetoothMessageProtocol/Extensions/DataExtension.swift:44:34: error: cannot find 'CFByteOrderLittleEndian' in scope
 42 |         let endian = CFByteOrderGetCurrent()
 43 |
 44 |         if endian == CFIndex(Int(CFByteOrderLittleEndian.rawValue)) {
    |                                  `- error: cannot find 'CFByteOrderLittleEndian' in scope
 45 |             return true
 46 |         }
[514/515] Compiling BluetoothMessageProtocol PeerAddress.swift
/host/spi-builder-workspace/Sources/BluetoothMessageProtocol/Extensions/DataExtension.swift:42:22: error: cannot find 'CFByteOrderGetCurrent' in scope
 40 |     static var isLittleEndian: Bool {
 41 |
 42 |         let endian = CFByteOrderGetCurrent()
    |                      `- error: cannot find 'CFByteOrderGetCurrent' in scope
 43 |
 44 |         if endian == CFIndex(Int(CFByteOrderLittleEndian.rawValue)) {
/host/spi-builder-workspace/Sources/BluetoothMessageProtocol/Extensions/DataExtension.swift:44:22: error: cannot find 'CFIndex' in scope
 42 |         let endian = CFByteOrderGetCurrent()
 43 |
 44 |         if endian == CFIndex(Int(CFByteOrderLittleEndian.rawValue)) {
    |                      `- error: cannot find 'CFIndex' in scope
 45 |             return true
 46 |         }
/host/spi-builder-workspace/Sources/BluetoothMessageProtocol/Extensions/DataExtension.swift:44:34: error: cannot find 'CFByteOrderLittleEndian' in scope
 42 |         let endian = CFByteOrderGetCurrent()
 43 |
 44 |         if endian == CFIndex(Int(CFByteOrderLittleEndian.rawValue)) {
    |                                  `- error: cannot find 'CFByteOrderLittleEndian' in scope
 45 |             return true
 46 |         }
[515/515] Compiling BluetoothMessageProtocol ServiceHapAccessoryInformation.swift
/host/spi-builder-workspace/Sources/BluetoothMessageProtocol/Extensions/DataExtension.swift:42:22: error: cannot find 'CFByteOrderGetCurrent' in scope
 40 |     static var isLittleEndian: Bool {
 41 |
 42 |         let endian = CFByteOrderGetCurrent()
    |                      `- error: cannot find 'CFByteOrderGetCurrent' in scope
 43 |
 44 |         if endian == CFIndex(Int(CFByteOrderLittleEndian.rawValue)) {
/host/spi-builder-workspace/Sources/BluetoothMessageProtocol/Extensions/DataExtension.swift:44:22: error: cannot find 'CFIndex' in scope
 42 |         let endian = CFByteOrderGetCurrent()
 43 |
 44 |         if endian == CFIndex(Int(CFByteOrderLittleEndian.rawValue)) {
    |                      `- error: cannot find 'CFIndex' in scope
 45 |             return true
 46 |         }
/host/spi-builder-workspace/Sources/BluetoothMessageProtocol/Extensions/DataExtension.swift:44:34: error: cannot find 'CFByteOrderLittleEndian' in scope
 42 |         let endian = CFByteOrderGetCurrent()
 43 |
 44 |         if endian == CFIndex(Int(CFByteOrderLittleEndian.rawValue)) {
    |                                  `- error: cannot find 'CFByteOrderLittleEndian' in scope
 45 |             return true
 46 |         }
BUILD FAILURE 6.2 linux