The Swift Package Index logo.Swift Package Index

Build Information

Failed to build Run, reference master (5a2866), with Swift 6.4 for watchOS using Xcode 27.0 on 16 Sep 2026 21:17:58 UTC.

Build Command

env DEVELOPER_DIR=/Applications/Xcode-27.0.0-Release.Candidate.app xcrun xcodebuild -IDEClonedSourcePackagesDirPathOverride=$PWD/.dependencies -skipMacroValidation -skipPackagePluginValidation -derivedDataPath $PWD/.derivedData build -scheme Run -destination generic/platform=watchOS

Build Log

    cd /Users/admin/builder/spi-builder-workspace/.dependencies/checkouts/Args
    write-file /Users/admin/builder/spi-builder-workspace/.derivedData/Build/Intermediates.noindex/Args.build/Debug-watchos/Args-t.build/Objects-normal/arm64_32/Args_const_extract_protocols.json
WriteAuxiliaryFile /Users/admin/builder/spi-builder-workspace/.derivedData/Build/Intermediates.noindex/Args.build/Debug-watchos/Args-t.build/Objects-normal/arm64_32/Args.SwiftFileList (in target 'Args' from project 'Args')
    cd /Users/admin/builder/spi-builder-workspace/.dependencies/checkouts/Args
    write-file /Users/admin/builder/spi-builder-workspace/.derivedData/Build/Intermediates.noindex/Args.build/Debug-watchos/Args-t.build/Objects-normal/arm64_32/Args.SwiftFileList
WriteAuxiliaryFile /Users/admin/builder/spi-builder-workspace/.derivedData/Build/Intermediates.noindex/Args.build/Debug-watchos/Args-t.build/Objects-normal/arm64_32/Args.SwiftConstValuesFileList (in target 'Args' from project 'Args')
    cd /Users/admin/builder/spi-builder-workspace/.dependencies/checkouts/Args
    write-file /Users/admin/builder/spi-builder-workspace/.derivedData/Build/Intermediates.noindex/Args.build/Debug-watchos/Args-t.build/Objects-normal/arm64_32/Args.SwiftConstValuesFileList
WriteAuxiliaryFile /Users/admin/builder/spi-builder-workspace/.derivedData/Build/Intermediates.noindex/Args.build/Debug-watchos/Args-t.build/Objects-normal/arm64_32/Args.LinkFileList (in target 'Args' from project 'Args')
    cd /Users/admin/builder/spi-builder-workspace/.dependencies/checkouts/Args
    write-file /Users/admin/builder/spi-builder-workspace/.derivedData/Build/Intermediates.noindex/Args.build/Debug-watchos/Args-t.build/Objects-normal/arm64_32/Args.LinkFileList
WriteAuxiliaryFile /Users/admin/builder/spi-builder-workspace/.derivedData/Build/Intermediates.noindex/Args.build/Debug-watchos/Args-t.build/Objects-normal/arm64_32/Args-OutputFileMap.json (in target 'Args' from project 'Args')
    cd /Users/admin/builder/spi-builder-workspace/.dependencies/checkouts/Args
    write-file /Users/admin/builder/spi-builder-workspace/.derivedData/Build/Intermediates.noindex/Args.build/Debug-watchos/Args-t.build/Objects-normal/arm64_32/Args-OutputFileMap.json
WriteAuxiliaryFile /Users/admin/builder/spi-builder-workspace/.derivedData/Build/Intermediates.noindex/Args.build/Debug-watchos/Args-t.build/Objects-normal/arm64/Args_const_extract_protocols.json (in target 'Args' from project 'Args')
    cd /Users/admin/builder/spi-builder-workspace/.dependencies/checkouts/Args
    write-file /Users/admin/builder/spi-builder-workspace/.derivedData/Build/Intermediates.noindex/Args.build/Debug-watchos/Args-t.build/Objects-normal/arm64/Args_const_extract_protocols.json
WriteAuxiliaryFile /Users/admin/builder/spi-builder-workspace/.derivedData/Build/Intermediates.noindex/Args.build/Debug-watchos/Args-t.build/Objects-normal/arm64/Args.SwiftConstValuesFileList (in target 'Args' from project 'Args')
    cd /Users/admin/builder/spi-builder-workspace/.dependencies/checkouts/Args
    write-file /Users/admin/builder/spi-builder-workspace/.derivedData/Build/Intermediates.noindex/Args.build/Debug-watchos/Args-t.build/Objects-normal/arm64/Args.SwiftConstValuesFileList
WriteAuxiliaryFile /Users/admin/builder/spi-builder-workspace/.derivedData/Build/Intermediates.noindex/Args.build/Debug-watchos/Args-t.build/Objects-normal/arm64/Args.SwiftFileList (in target 'Args' from project 'Args')
    cd /Users/admin/builder/spi-builder-workspace/.dependencies/checkouts/Args
    write-file /Users/admin/builder/spi-builder-workspace/.derivedData/Build/Intermediates.noindex/Args.build/Debug-watchos/Args-t.build/Objects-normal/arm64/Args.SwiftFileList
WriteAuxiliaryFile /Users/admin/builder/spi-builder-workspace/.derivedData/Build/Intermediates.noindex/Args.build/Debug-watchos/Args-t.build/Objects-normal/arm64/Args.LinkFileList (in target 'Args' from project 'Args')
    cd /Users/admin/builder/spi-builder-workspace/.dependencies/checkouts/Args
    write-file /Users/admin/builder/spi-builder-workspace/.derivedData/Build/Intermediates.noindex/Args.build/Debug-watchos/Args-t.build/Objects-normal/arm64/Args.LinkFileList
WriteAuxiliaryFile /Users/admin/builder/spi-builder-workspace/.derivedData/Build/Intermediates.noindex/Args.build/Debug-watchos/Args-t.build/Objects-normal/arm64/Args-OutputFileMap.json (in target 'Args' from project 'Args')
    cd /Users/admin/builder/spi-builder-workspace/.dependencies/checkouts/Args
    write-file /Users/admin/builder/spi-builder-workspace/.derivedData/Build/Intermediates.noindex/Args.build/Debug-watchos/Args-t.build/Objects-normal/arm64/Args-OutputFileMap.json
WriteAuxiliaryFile /Users/admin/builder/spi-builder-workspace/.derivedData/Build/Intermediates.noindex/Args.build/Debug-watchos/Args-t.build/Args.modulemap (in target 'Args' from project 'Args')
    cd /Users/admin/builder/spi-builder-workspace/.dependencies/checkouts/Args
    write-file /Users/admin/builder/spi-builder-workspace/.derivedData/Build/Intermediates.noindex/Args.build/Debug-watchos/Args-t.build/Args.modulemap
WriteAuxiliaryFile /Users/admin/builder/spi-builder-workspace/.derivedData/Build/Intermediates.noindex/Args.build/Debug-watchos/Args-t.build/Args.DependencyStaticMetadataFileList (in target 'Args' from project 'Args')
    cd /Users/admin/builder/spi-builder-workspace/.dependencies/checkouts/Args
    write-file /Users/admin/builder/spi-builder-workspace/.derivedData/Build/Intermediates.noindex/Args.build/Debug-watchos/Args-t.build/Args.DependencyStaticMetadataFileList
WriteAuxiliaryFile /Users/admin/builder/spi-builder-workspace/.derivedData/Build/Intermediates.noindex/Args.build/Debug-watchos/Args-t.build/Args.DependencyMetadataFileList (in target 'Args' from project 'Args')
    cd /Users/admin/builder/spi-builder-workspace/.dependencies/checkouts/Args
    write-file /Users/admin/builder/spi-builder-workspace/.derivedData/Build/Intermediates.noindex/Args.build/Debug-watchos/Args-t.build/Args.DependencyMetadataFileList
Copy /Users/admin/builder/spi-builder-workspace/.derivedData/Build/Intermediates.noindex/GeneratedModuleMaps-watchos/Args.modulemap /Users/admin/builder/spi-builder-workspace/.derivedData/Build/Intermediates.noindex/Args.build/Debug-watchos/Args-t.build/Args.modulemap (in target 'Args' from project 'Args')
    cd /Users/admin/builder/spi-builder-workspace/.dependencies/checkouts/Args
    builtin-copy -exclude .DS_Store -exclude CVS -exclude .svn -exclude .git -exclude .hg -resolve-src-symlinks /Users/admin/builder/spi-builder-workspace/.derivedData/Build/Intermediates.noindex/Args.build/Debug-watchos/Args-t.build/Args.modulemap /Users/admin/builder/spi-builder-workspace/.derivedData/Build/Intermediates.noindex/GeneratedModuleMaps-watchos
SwiftDriver Args normal arm64 com.apple.xcode.tools.swift.compiler (in target 'Args' from project 'Args')
    cd /Users/admin/builder/spi-builder-workspace/.swiftpm/xcode
    builtin-SwiftDriver -- /Applications/Xcode-27.0.0-Release.Candidate.app/Contents/Developer/Toolchains/XcodeDefault.xctoolchain/usr/bin/swiftc -parse-as-library -module-name Args -Onone @/Users/admin/builder/spi-builder-workspace/.derivedData/Build/Intermediates.noindex/Args.build/Debug-watchos/Args-t.build/Objects-normal/arm64/Args.SwiftFileList -DSWIFT_PACKAGE -DDEBUG -DSWIFT_MODULE_RESOURCE_BUNDLE_UNAVAILABLE -DXcode -plugin-path /Applications/Xcode-27.0.0-Release.Candidate.app/Contents/Developer/Toolchains/XcodeDefault.xctoolchain/usr/lib/swift/host/plugins/testing -enable-experimental-feature DebugDescriptionMacro -sdk /Applications/Xcode-27.0.0-Release.Candidate.app/Contents/Developer/Platforms/WatchOS.platform/Developer/SDKs/WatchOS27.0.sdk -target arm64-apple-watchos9.0 -g -module-cache-path /Users/admin/builder/spi-builder-workspace/.derivedData/ModuleCache.noindex -Xfrontend -serialize-debugging-options -profile-coverage-mapping -profile-generate -enable-testing -suppress-warnings -index-store-path /Users/admin/builder/spi-builder-workspace/.derivedData/Index.noindex/DataStore -Xcc -D_LIBCPP_HARDENING_MODE\=_LIBCPP_HARDENING_MODE_DEBUG -swift-version 4 -I /Users/admin/builder/spi-builder-workspace/.derivedData/Build/Products/Debug-watchos -Isystem /Applications/Xcode-27.0.0-Release.Candidate.app/Contents/Developer/Platforms/WatchOS.platform/Developer/usr/lib -F /Users/admin/builder/spi-builder-workspace/.derivedData/Build/Products/Debug-watchos -F /Applications/Xcode-27.0.0-Release.Candidate.app/Contents/Developer/Platforms/WatchOS.platform/Developer/Library/Frameworks -F /Applications/Xcode-27.0.0-Release.Candidate.app/Contents/Developer/Platforms/WatchOS.platform/Developer/SDKs/WatchOS27.0.sdk/Developer/Library/Frameworks -c -j10 -enable-batch-mode -incremental -Xcc -ivfsstatcache -Xcc /Users/admin/builder/spi-builder-workspace/.derivedData/SDKStatCaches.noindex/watchos27.0-24R360-e829b21a6f8c9b70876ba0858053c04477534ef55a1706bf4c1112bbb242f0a2.sdkstatcache -output-file-map /Users/admin/builder/spi-builder-workspace/.derivedData/Build/Intermediates.noindex/Args.build/Debug-watchos/Args-t.build/Objects-normal/arm64/Args-OutputFileMap.json -save-temps -no-color-diagnostics -emit-dependencies -emit-module -emit-module-path /Users/admin/builder/spi-builder-workspace/.derivedData/Build/Intermediates.noindex/Args.build/Debug-watchos/Args-t.build/Objects-normal/arm64/Args.swiftmodule -serialize-diagnostics -validate-clang-modules-once -clang-build-session-file /Users/admin/builder/spi-builder-workspace/.derivedData/ModuleCache.noindex/Session.modulevalidation -Xcc -fmodules-prune-interval\=86400 -Xcc -fmodules-prune-after\=345600 -emit-const-values -const-gather-protocols-list /Users/admin/builder/spi-builder-workspace/.derivedData/Build/Intermediates.noindex/Args.build/Debug-watchos/Args-t.build/Objects-normal/arm64/Args_const_extract_protocols.json -Xcc -I/Users/admin/builder/spi-builder-workspace/.derivedData/Build/Products/Debug-watchos/include -Xcc -I/Users/admin/builder/spi-builder-workspace/.derivedData/Build/Intermediates.noindex/Args.build/Debug-watchos/Args-t.build/DerivedSources-normal/arm64 -Xcc -I/Users/admin/builder/spi-builder-workspace/.derivedData/Build/Intermediates.noindex/Args.build/Debug-watchos/Args-t.build/DerivedSources/arm64 -Xcc -I/Users/admin/builder/spi-builder-workspace/.derivedData/Build/Intermediates.noindex/Args.build/Debug-watchos/Args-t.build/DerivedSources -Xcc -DSWIFT_PACKAGE -Xcc -DDEBUG\=1 -emit-objc-header -emit-objc-header-path /Users/admin/builder/spi-builder-workspace/.derivedData/Build/Intermediates.noindex/Args.build/Debug-watchos/Args-t.build/Objects-normal/arm64/Args-Swift.h -working-directory /Users/admin/builder/spi-builder-workspace/.swiftpm/xcode -experimental-emit-module-separately -disable-cmo
SwiftDriver Args normal arm64_32 com.apple.xcode.tools.swift.compiler (in target 'Args' from project 'Args')
    cd /Users/admin/builder/spi-builder-workspace/.swiftpm/xcode
    builtin-SwiftDriver -- /Applications/Xcode-27.0.0-Release.Candidate.app/Contents/Developer/Toolchains/XcodeDefault.xctoolchain/usr/bin/swiftc -parse-as-library -module-name Args -Onone @/Users/admin/builder/spi-builder-workspace/.derivedData/Build/Intermediates.noindex/Args.build/Debug-watchos/Args-t.build/Objects-normal/arm64_32/Args.SwiftFileList -DSWIFT_PACKAGE -DDEBUG -DSWIFT_MODULE_RESOURCE_BUNDLE_UNAVAILABLE -DXcode -plugin-path /Applications/Xcode-27.0.0-Release.Candidate.app/Contents/Developer/Toolchains/XcodeDefault.xctoolchain/usr/lib/swift/host/plugins/testing -enable-experimental-feature DebugDescriptionMacro -sdk /Applications/Xcode-27.0.0-Release.Candidate.app/Contents/Developer/Platforms/WatchOS.platform/Developer/SDKs/WatchOS27.0.sdk -target arm64_32-apple-watchos9.0 -g -module-cache-path /Users/admin/builder/spi-builder-workspace/.derivedData/ModuleCache.noindex -Xfrontend -serialize-debugging-options -profile-coverage-mapping -profile-generate -enable-testing -suppress-warnings -index-store-path /Users/admin/builder/spi-builder-workspace/.derivedData/Index.noindex/DataStore -Xcc -D_LIBCPP_HARDENING_MODE\=_LIBCPP_HARDENING_MODE_DEBUG -swift-version 4 -I /Users/admin/builder/spi-builder-workspace/.derivedData/Build/Products/Debug-watchos -Isystem /Applications/Xcode-27.0.0-Release.Candidate.app/Contents/Developer/Platforms/WatchOS.platform/Developer/usr/lib -F /Users/admin/builder/spi-builder-workspace/.derivedData/Build/Products/Debug-watchos -F /Applications/Xcode-27.0.0-Release.Candidate.app/Contents/Developer/Platforms/WatchOS.platform/Developer/Library/Frameworks -F /Applications/Xcode-27.0.0-Release.Candidate.app/Contents/Developer/Platforms/WatchOS.platform/Developer/SDKs/WatchOS27.0.sdk/Developer/Library/Frameworks -c -j10 -enable-batch-mode -incremental -Xcc -ivfsstatcache -Xcc /Users/admin/builder/spi-builder-workspace/.derivedData/SDKStatCaches.noindex/watchos27.0-24R360-e829b21a6f8c9b70876ba0858053c04477534ef55a1706bf4c1112bbb242f0a2.sdkstatcache -output-file-map /Users/admin/builder/spi-builder-workspace/.derivedData/Build/Intermediates.noindex/Args.build/Debug-watchos/Args-t.build/Objects-normal/arm64_32/Args-OutputFileMap.json -save-temps -no-color-diagnostics -emit-dependencies -emit-module -emit-module-path /Users/admin/builder/spi-builder-workspace/.derivedData/Build/Intermediates.noindex/Args.build/Debug-watchos/Args-t.build/Objects-normal/arm64_32/Args.swiftmodule -serialize-diagnostics -validate-clang-modules-once -clang-build-session-file /Users/admin/builder/spi-builder-workspace/.derivedData/ModuleCache.noindex/Session.modulevalidation -Xcc -fmodules-prune-interval\=86400 -Xcc -fmodules-prune-after\=345600 -emit-const-values -const-gather-protocols-list /Users/admin/builder/spi-builder-workspace/.derivedData/Build/Intermediates.noindex/Args.build/Debug-watchos/Args-t.build/Objects-normal/arm64_32/Args_const_extract_protocols.json -Xcc -I/Users/admin/builder/spi-builder-workspace/.derivedData/Build/Products/Debug-watchos/include -Xcc -I/Users/admin/builder/spi-builder-workspace/.derivedData/Build/Intermediates.noindex/Args.build/Debug-watchos/Args-t.build/DerivedSources-normal/arm64_32 -Xcc -I/Users/admin/builder/spi-builder-workspace/.derivedData/Build/Intermediates.noindex/Args.build/Debug-watchos/Args-t.build/DerivedSources/arm64_32 -Xcc -I/Users/admin/builder/spi-builder-workspace/.derivedData/Build/Intermediates.noindex/Args.build/Debug-watchos/Args-t.build/DerivedSources -Xcc -DSWIFT_PACKAGE -Xcc -DDEBUG\=1 -emit-objc-header -emit-objc-header-path /Users/admin/builder/spi-builder-workspace/.derivedData/Build/Intermediates.noindex/Args.build/Debug-watchos/Args-t.build/Objects-normal/arm64_32/Args-Swift.h -working-directory /Users/admin/builder/spi-builder-workspace/.swiftpm/xcode -experimental-emit-module-separately -disable-cmo
SwiftEmitModule normal arm64_32 Emitting\ module\ for\ Args (in target 'Args' from project 'Args')
SwiftCompile normal arm64_32 (in target 'Args' from project 'Args')
    cd /Users/admin/builder/spi-builder-workspace/.swiftpm/xcode

SwiftCompile normal arm64_32 Compiling\ ArgConvertible.swift /Users/admin/builder/spi-builder-workspace/.dependencies/checkouts/Args/Sources/Args/ArgConvertible.swift (in target 'Args' from project 'Args')
SwiftCompile normal arm64_32 /Users/admin/builder/spi-builder-workspace/.dependencies/checkouts/Args/Sources/Args/ArgConvertible.swift (in target 'Args' from project 'Args')
    cd /Users/admin/builder/spi-builder-workspace/.swiftpm/xcode
    builtin-SwiftPerFileCompile ArgConvertible.swift
SwiftCompile normal arm64_32 Compiling\ ArgsParser.swift /Users/admin/builder/spi-builder-workspace/.dependencies/checkouts/Args/Sources/Args/ArgsParser.swift (in target 'Args' from project 'Args')
SwiftCompile normal arm64_32 /Users/admin/builder/spi-builder-workspace/.dependencies/checkouts/Args/Sources/Args/ArgsParser.swift (in target 'Args' from project 'Args')
    cd /Users/admin/builder/spi-builder-workspace/.swiftpm/xcode
    builtin-SwiftPerFileCompile ArgsParser.swift
SwiftCompile normal arm64 Compiling\ ArgsParser.swift /Users/admin/builder/spi-builder-workspace/.dependencies/checkouts/Args/Sources/Args/ArgsParser.swift (in target 'Args' from project 'Args')
SwiftCompile normal arm64 /Users/admin/builder/spi-builder-workspace/.dependencies/checkouts/Args/Sources/Args/ArgsParser.swift (in target 'Args' from project 'Args')
    cd /Users/admin/builder/spi-builder-workspace/.swiftpm/xcode
    builtin-SwiftPerFileCompile ArgsParser.swift
SwiftCompile normal arm64_32 Compiling\ Argument.swift /Users/admin/builder/spi-builder-workspace/.dependencies/checkouts/Args/Sources/Args/Argument.swift (in target 'Args' from project 'Args')
SwiftCompile normal arm64_32 /Users/admin/builder/spi-builder-workspace/.dependencies/checkouts/Args/Sources/Args/Argument.swift (in target 'Args' from project 'Args')
    cd /Users/admin/builder/spi-builder-workspace/.swiftpm/xcode
    builtin-SwiftPerFileCompile Argument.swift
SwiftCompile normal arm64 Compiling\ ArgConvertible.swift /Users/admin/builder/spi-builder-workspace/.dependencies/checkouts/Args/Sources/Args/ArgConvertible.swift (in target 'Args' from project 'Args')
SwiftCompile normal arm64 /Users/admin/builder/spi-builder-workspace/.dependencies/checkouts/Args/Sources/Args/ArgConvertible.swift (in target 'Args' from project 'Args')
    cd /Users/admin/builder/spi-builder-workspace/.swiftpm/xcode
    builtin-SwiftPerFileCompile ArgConvertible.swift
SwiftCompile normal arm64_32 Compiling\ ProcessInfo.swift /Users/admin/builder/spi-builder-workspace/.dependencies/checkouts/Args/Sources/Args/ProcessInfo.swift (in target 'Args' from project 'Args')
SwiftCompile normal arm64_32 /Users/admin/builder/spi-builder-workspace/.dependencies/checkouts/Args/Sources/Args/ProcessInfo.swift (in target 'Args' from project 'Args')
    cd /Users/admin/builder/spi-builder-workspace/.swiftpm/xcode
    builtin-SwiftPerFileCompile ProcessInfo.swift
SwiftEmitModule normal arm64 Emitting\ module\ for\ Args (in target 'Args' from project 'Args')
SwiftCompile normal arm64 (in target 'Args' from project 'Args')
    cd /Users/admin/builder/spi-builder-workspace/.swiftpm/xcode

SwiftCompile normal arm64_32 Compiling\ Args.swift /Users/admin/builder/spi-builder-workspace/.dependencies/checkouts/Args/Sources/Args/Args.swift (in target 'Args' from project 'Args')
SwiftCompile normal arm64_32 /Users/admin/builder/spi-builder-workspace/.dependencies/checkouts/Args/Sources/Args/Args.swift (in target 'Args' from project 'Args')
    cd /Users/admin/builder/spi-builder-workspace/.swiftpm/xcode
    builtin-SwiftPerFileCompile Args.swift
SwiftCompile normal arm64 Compiling\ Argument.swift /Users/admin/builder/spi-builder-workspace/.dependencies/checkouts/Args/Sources/Args/Argument.swift (in target 'Args' from project 'Args')
SwiftCompile normal arm64 /Users/admin/builder/spi-builder-workspace/.dependencies/checkouts/Args/Sources/Args/Argument.swift (in target 'Args' from project 'Args')
    cd /Users/admin/builder/spi-builder-workspace/.swiftpm/xcode
    builtin-SwiftPerFileCompile Argument.swift
SwiftCompile normal arm64 Compiling\ ProcessInfo.swift /Users/admin/builder/spi-builder-workspace/.dependencies/checkouts/Args/Sources/Args/ProcessInfo.swift (in target 'Args' from project 'Args')
SwiftCompile normal arm64 /Users/admin/builder/spi-builder-workspace/.dependencies/checkouts/Args/Sources/Args/ProcessInfo.swift (in target 'Args' from project 'Args')
    cd /Users/admin/builder/spi-builder-workspace/.swiftpm/xcode
    builtin-SwiftPerFileCompile ProcessInfo.swift
SwiftDriverJobDiscovery normal arm64 Emitting module for Args (in target 'Args' from project 'Args')
SwiftDriver\ Compilation\ Requirements Args normal arm64 com.apple.xcode.tools.swift.compiler (in target 'Args' from project 'Args')
    cd /Users/admin/builder/spi-builder-workspace/.swiftpm/xcode
    builtin-Swift-Compilation-Requirements -- /Applications/Xcode-27.0.0-Release.Candidate.app/Contents/Developer/Toolchains/XcodeDefault.xctoolchain/usr/bin/swiftc -parse-as-library -module-name Args -Onone @/Users/admin/builder/spi-builder-workspace/.derivedData/Build/Intermediates.noindex/Args.build/Debug-watchos/Args-t.build/Objects-normal/arm64/Args.SwiftFileList -DSWIFT_PACKAGE -DDEBUG -DSWIFT_MODULE_RESOURCE_BUNDLE_UNAVAILABLE -DXcode -plugin-path /Applications/Xcode-27.0.0-Release.Candidate.app/Contents/Developer/Toolchains/XcodeDefault.xctoolchain/usr/lib/swift/host/plugins/testing -enable-experimental-feature DebugDescriptionMacro -sdk /Applications/Xcode-27.0.0-Release.Candidate.app/Contents/Developer/Platforms/WatchOS.platform/Developer/SDKs/WatchOS27.0.sdk -target arm64-apple-watchos9.0 -g -module-cache-path /Users/admin/builder/spi-builder-workspace/.derivedData/ModuleCache.noindex -Xfrontend -serialize-debugging-options -profile-coverage-mapping -profile-generate -enable-testing -suppress-warnings -index-store-path /Users/admin/builder/spi-builder-workspace/.derivedData/Index.noindex/DataStore -Xcc -D_LIBCPP_HARDENING_MODE\=_LIBCPP_HARDENING_MODE_DEBUG -swift-version 4 -I /Users/admin/builder/spi-builder-workspace/.derivedData/Build/Products/Debug-watchos -Isystem /Applications/Xcode-27.0.0-Release.Candidate.app/Contents/Developer/Platforms/WatchOS.platform/Developer/usr/lib -F /Users/admin/builder/spi-builder-workspace/.derivedData/Build/Products/Debug-watchos -F /Applications/Xcode-27.0.0-Release.Candidate.app/Contents/Developer/Platforms/WatchOS.platform/Developer/Library/Frameworks -F /Applications/Xcode-27.0.0-Release.Candidate.app/Contents/Developer/Platforms/WatchOS.platform/Developer/SDKs/WatchOS27.0.sdk/Developer/Library/Frameworks -c -j10 -enable-batch-mode -incremental -Xcc -ivfsstatcache -Xcc /Users/admin/builder/spi-builder-workspace/.derivedData/SDKStatCaches.noindex/watchos27.0-24R360-e829b21a6f8c9b70876ba0858053c04477534ef55a1706bf4c1112bbb242f0a2.sdkstatcache -output-file-map /Users/admin/builder/spi-builder-workspace/.derivedData/Build/Intermediates.noindex/Args.build/Debug-watchos/Args-t.build/Objects-normal/arm64/Args-OutputFileMap.json -save-temps -no-color-diagnostics -emit-dependencies -emit-module -emit-module-path /Users/admin/builder/spi-builder-workspace/.derivedData/Build/Intermediates.noindex/Args.build/Debug-watchos/Args-t.build/Objects-normal/arm64/Args.swiftmodule -serialize-diagnostics -validate-clang-modules-once -clang-build-session-file /Users/admin/builder/spi-builder-workspace/.derivedData/ModuleCache.noindex/Session.modulevalidation -Xcc -fmodules-prune-interval\=86400 -Xcc -fmodules-prune-after\=345600 -emit-const-values -const-gather-protocols-list /Users/admin/builder/spi-builder-workspace/.derivedData/Build/Intermediates.noindex/Args.build/Debug-watchos/Args-t.build/Objects-normal/arm64/Args_const_extract_protocols.json -Xcc -I/Users/admin/builder/spi-builder-workspace/.derivedData/Build/Products/Debug-watchos/include -Xcc -I/Users/admin/builder/spi-builder-workspace/.derivedData/Build/Intermediates.noindex/Args.build/Debug-watchos/Args-t.build/DerivedSources-normal/arm64 -Xcc -I/Users/admin/builder/spi-builder-workspace/.derivedData/Build/Intermediates.noindex/Args.build/Debug-watchos/Args-t.build/DerivedSources/arm64 -Xcc -I/Users/admin/builder/spi-builder-workspace/.derivedData/Build/Intermediates.noindex/Args.build/Debug-watchos/Args-t.build/DerivedSources -Xcc -DSWIFT_PACKAGE -Xcc -DDEBUG\=1 -emit-objc-header -emit-objc-header-path /Users/admin/builder/spi-builder-workspace/.derivedData/Build/Intermediates.noindex/Args.build/Debug-watchos/Args-t.build/Objects-normal/arm64/Args-Swift.h -working-directory /Users/admin/builder/spi-builder-workspace/.swiftpm/xcode -experimental-emit-module-separately -disable-cmo
SwiftDriverJobDiscovery normal arm64_32 Emitting module for Args (in target 'Args' from project 'Args')
SwiftDriver\ Compilation\ Requirements Args normal arm64_32 com.apple.xcode.tools.swift.compiler (in target 'Args' from project 'Args')
    cd /Users/admin/builder/spi-builder-workspace/.swiftpm/xcode
    builtin-Swift-Compilation-Requirements -- /Applications/Xcode-27.0.0-Release.Candidate.app/Contents/Developer/Toolchains/XcodeDefault.xctoolchain/usr/bin/swiftc -parse-as-library -module-name Args -Onone @/Users/admin/builder/spi-builder-workspace/.derivedData/Build/Intermediates.noindex/Args.build/Debug-watchos/Args-t.build/Objects-normal/arm64_32/Args.SwiftFileList -DSWIFT_PACKAGE -DDEBUG -DSWIFT_MODULE_RESOURCE_BUNDLE_UNAVAILABLE -DXcode -plugin-path /Applications/Xcode-27.0.0-Release.Candidate.app/Contents/Developer/Toolchains/XcodeDefault.xctoolchain/usr/lib/swift/host/plugins/testing -enable-experimental-feature DebugDescriptionMacro -sdk /Applications/Xcode-27.0.0-Release.Candidate.app/Contents/Developer/Platforms/WatchOS.platform/Developer/SDKs/WatchOS27.0.sdk -target arm64_32-apple-watchos9.0 -g -module-cache-path /Users/admin/builder/spi-builder-workspace/.derivedData/ModuleCache.noindex -Xfrontend -serialize-debugging-options -profile-coverage-mapping -profile-generate -enable-testing -suppress-warnings -index-store-path /Users/admin/builder/spi-builder-workspace/.derivedData/Index.noindex/DataStore -Xcc -D_LIBCPP_HARDENING_MODE\=_LIBCPP_HARDENING_MODE_DEBUG -swift-version 4 -I /Users/admin/builder/spi-builder-workspace/.derivedData/Build/Products/Debug-watchos -Isystem /Applications/Xcode-27.0.0-Release.Candidate.app/Contents/Developer/Platforms/WatchOS.platform/Developer/usr/lib -F /Users/admin/builder/spi-builder-workspace/.derivedData/Build/Products/Debug-watchos -F /Applications/Xcode-27.0.0-Release.Candidate.app/Contents/Developer/Platforms/WatchOS.platform/Developer/Library/Frameworks -F /Applications/Xcode-27.0.0-Release.Candidate.app/Contents/Developer/Platforms/WatchOS.platform/Developer/SDKs/WatchOS27.0.sdk/Developer/Library/Frameworks -c -j10 -enable-batch-mode -incremental -Xcc -ivfsstatcache -Xcc /Users/admin/builder/spi-builder-workspace/.derivedData/SDKStatCaches.noindex/watchos27.0-24R360-e829b21a6f8c9b70876ba0858053c04477534ef55a1706bf4c1112bbb242f0a2.sdkstatcache -output-file-map /Users/admin/builder/spi-builder-workspace/.derivedData/Build/Intermediates.noindex/Args.build/Debug-watchos/Args-t.build/Objects-normal/arm64_32/Args-OutputFileMap.json -save-temps -no-color-diagnostics -emit-dependencies -emit-module -emit-module-path /Users/admin/builder/spi-builder-workspace/.derivedData/Build/Intermediates.noindex/Args.build/Debug-watchos/Args-t.build/Objects-normal/arm64_32/Args.swiftmodule -serialize-diagnostics -validate-clang-modules-once -clang-build-session-file /Users/admin/builder/spi-builder-workspace/.derivedData/ModuleCache.noindex/Session.modulevalidation -Xcc -fmodules-prune-interval\=86400 -Xcc -fmodules-prune-after\=345600 -emit-const-values -const-gather-protocols-list /Users/admin/builder/spi-builder-workspace/.derivedData/Build/Intermediates.noindex/Args.build/Debug-watchos/Args-t.build/Objects-normal/arm64_32/Args_const_extract_protocols.json -Xcc -I/Users/admin/builder/spi-builder-workspace/.derivedData/Build/Products/Debug-watchos/include -Xcc -I/Users/admin/builder/spi-builder-workspace/.derivedData/Build/Intermediates.noindex/Args.build/Debug-watchos/Args-t.build/DerivedSources-normal/arm64_32 -Xcc -I/Users/admin/builder/spi-builder-workspace/.derivedData/Build/Intermediates.noindex/Args.build/Debug-watchos/Args-t.build/DerivedSources/arm64_32 -Xcc -I/Users/admin/builder/spi-builder-workspace/.derivedData/Build/Intermediates.noindex/Args.build/Debug-watchos/Args-t.build/DerivedSources -Xcc -DSWIFT_PACKAGE -Xcc -DDEBUG\=1 -emit-objc-header -emit-objc-header-path /Users/admin/builder/spi-builder-workspace/.derivedData/Build/Intermediates.noindex/Args.build/Debug-watchos/Args-t.build/Objects-normal/arm64_32/Args-Swift.h -working-directory /Users/admin/builder/spi-builder-workspace/.swiftpm/xcode -experimental-emit-module-separately -disable-cmo
SwiftCompile normal arm64 Compiling\ Args.swift /Users/admin/builder/spi-builder-workspace/.dependencies/checkouts/Args/Sources/Args/Args.swift (in target 'Args' from project 'Args')
SwiftCompile normal arm64 /Users/admin/builder/spi-builder-workspace/.dependencies/checkouts/Args/Sources/Args/Args.swift (in target 'Args' from project 'Args')
    cd /Users/admin/builder/spi-builder-workspace/.swiftpm/xcode
    builtin-SwiftPerFileCompile Args.swift
SwiftMergeGeneratedHeaders /Users/admin/builder/spi-builder-workspace/.derivedData/Build/Intermediates.noindex/GeneratedModuleMaps-watchos/Args-Swift.h /Users/admin/builder/spi-builder-workspace/.derivedData/Build/Intermediates.noindex/Args.build/Debug-watchos/Args-t.build/Objects-normal/arm64/Args-Swift.h /Users/admin/builder/spi-builder-workspace/.derivedData/Build/Intermediates.noindex/Args.build/Debug-watchos/Args-t.build/Objects-normal/arm64_32/Args-Swift.h (in target 'Args' from project 'Args')
    cd /Users/admin/builder/spi-builder-workspace/.dependencies/checkouts/Args
    builtin-swiftHeaderTool -arch arm64 /Users/admin/builder/spi-builder-workspace/.derivedData/Build/Intermediates.noindex/Args.build/Debug-watchos/Args-t.build/Objects-normal/arm64/Args-Swift.h -arch arm64_32 /Users/admin/builder/spi-builder-workspace/.derivedData/Build/Intermediates.noindex/Args.build/Debug-watchos/Args-t.build/Objects-normal/arm64_32/Args-Swift.h -o /Users/admin/builder/spi-builder-workspace/.derivedData/Build/Intermediates.noindex/GeneratedModuleMaps-watchos/Args-Swift.h
SwiftDriverJobDiscovery normal arm64 Compiling ArgConvertible.swift (in target 'Args' from project 'Args')
Copy /Users/admin/builder/spi-builder-workspace/.derivedData/Build/Products/Debug-watchos/Args.swiftmodule/arm64_32-apple-watchos.swiftmodule /Users/admin/builder/spi-builder-workspace/.derivedData/Build/Intermediates.noindex/Args.build/Debug-watchos/Args-t.build/Objects-normal/arm64_32/Args.swiftmodule (in target 'Args' from project 'Args')
    cd /Users/admin/builder/spi-builder-workspace/.dependencies/checkouts/Args
    builtin-copy -exclude .DS_Store -exclude CVS -exclude .svn -exclude .git -exclude .hg -resolve-src-symlinks -rename /Users/admin/builder/spi-builder-workspace/.derivedData/Build/Intermediates.noindex/Args.build/Debug-watchos/Args-t.build/Objects-normal/arm64_32/Args.swiftmodule /Users/admin/builder/spi-builder-workspace/.derivedData/Build/Products/Debug-watchos/Args.swiftmodule/arm64_32-apple-watchos.swiftmodule
Copy /Users/admin/builder/spi-builder-workspace/.derivedData/Build/Products/Debug-watchos/Args.swiftmodule/arm64_32-apple-watchos.swiftdoc /Users/admin/builder/spi-builder-workspace/.derivedData/Build/Intermediates.noindex/Args.build/Debug-watchos/Args-t.build/Objects-normal/arm64_32/Args.swiftdoc (in target 'Args' from project 'Args')
    cd /Users/admin/builder/spi-builder-workspace/.dependencies/checkouts/Args
    builtin-copy -exclude .DS_Store -exclude CVS -exclude .svn -exclude .git -exclude .hg -resolve-src-symlinks -rename /Users/admin/builder/spi-builder-workspace/.derivedData/Build/Intermediates.noindex/Args.build/Debug-watchos/Args-t.build/Objects-normal/arm64_32/Args.swiftdoc /Users/admin/builder/spi-builder-workspace/.derivedData/Build/Products/Debug-watchos/Args.swiftmodule/arm64_32-apple-watchos.swiftdoc
Copy /Users/admin/builder/spi-builder-workspace/.derivedData/Build/Products/Debug-watchos/Args.swiftmodule/arm64_32-apple-watchos.abi.json /Users/admin/builder/spi-builder-workspace/.derivedData/Build/Intermediates.noindex/Args.build/Debug-watchos/Args-t.build/Objects-normal/arm64_32/Args.abi.json (in target 'Args' from project 'Args')
    cd /Users/admin/builder/spi-builder-workspace/.dependencies/checkouts/Args
    builtin-copy -exclude .DS_Store -exclude CVS -exclude .svn -exclude .git -exclude .hg -resolve-src-symlinks -rename /Users/admin/builder/spi-builder-workspace/.derivedData/Build/Intermediates.noindex/Args.build/Debug-watchos/Args-t.build/Objects-normal/arm64_32/Args.abi.json /Users/admin/builder/spi-builder-workspace/.derivedData/Build/Products/Debug-watchos/Args.swiftmodule/arm64_32-apple-watchos.abi.json
Copy /Users/admin/builder/spi-builder-workspace/.derivedData/Build/Products/Debug-watchos/Args.swiftmodule/arm64-apple-watchos.swiftmodule /Users/admin/builder/spi-builder-workspace/.derivedData/Build/Intermediates.noindex/Args.build/Debug-watchos/Args-t.build/Objects-normal/arm64/Args.swiftmodule (in target 'Args' from project 'Args')
    cd /Users/admin/builder/spi-builder-workspace/.dependencies/checkouts/Args
    builtin-copy -exclude .DS_Store -exclude CVS -exclude .svn -exclude .git -exclude .hg -resolve-src-symlinks -rename /Users/admin/builder/spi-builder-workspace/.derivedData/Build/Intermediates.noindex/Args.build/Debug-watchos/Args-t.build/Objects-normal/arm64/Args.swiftmodule /Users/admin/builder/spi-builder-workspace/.derivedData/Build/Products/Debug-watchos/Args.swiftmodule/arm64-apple-watchos.swiftmodule
Copy /Users/admin/builder/spi-builder-workspace/.derivedData/Build/Products/Debug-watchos/Args.swiftmodule/arm64-apple-watchos.swiftdoc /Users/admin/builder/spi-builder-workspace/.derivedData/Build/Intermediates.noindex/Args.build/Debug-watchos/Args-t.build/Objects-normal/arm64/Args.swiftdoc (in target 'Args' from project 'Args')
    cd /Users/admin/builder/spi-builder-workspace/.dependencies/checkouts/Args
    builtin-copy -exclude .DS_Store -exclude CVS -exclude .svn -exclude .git -exclude .hg -resolve-src-symlinks -rename /Users/admin/builder/spi-builder-workspace/.derivedData/Build/Intermediates.noindex/Args.build/Debug-watchos/Args-t.build/Objects-normal/arm64/Args.swiftdoc /Users/admin/builder/spi-builder-workspace/.derivedData/Build/Products/Debug-watchos/Args.swiftmodule/arm64-apple-watchos.swiftdoc
Copy /Users/admin/builder/spi-builder-workspace/.derivedData/Build/Products/Debug-watchos/Args.swiftmodule/arm64-apple-watchos.abi.json /Users/admin/builder/spi-builder-workspace/.derivedData/Build/Intermediates.noindex/Args.build/Debug-watchos/Args-t.build/Objects-normal/arm64/Args.abi.json (in target 'Args' from project 'Args')
    cd /Users/admin/builder/spi-builder-workspace/.dependencies/checkouts/Args
    builtin-copy -exclude .DS_Store -exclude CVS -exclude .svn -exclude .git -exclude .hg -resolve-src-symlinks -rename /Users/admin/builder/spi-builder-workspace/.derivedData/Build/Intermediates.noindex/Args.build/Debug-watchos/Args-t.build/Objects-normal/arm64/Args.abi.json /Users/admin/builder/spi-builder-workspace/.derivedData/Build/Products/Debug-watchos/Args.swiftmodule/arm64-apple-watchos.abi.json
Copy /Users/admin/builder/spi-builder-workspace/.derivedData/Build/Products/Debug-watchos/Args.swiftmodule/Project/arm64_32-apple-watchos.swiftsourceinfo /Users/admin/builder/spi-builder-workspace/.derivedData/Build/Intermediates.noindex/Args.build/Debug-watchos/Args-t.build/Objects-normal/arm64_32/Args.swiftsourceinfo (in target 'Args' from project 'Args')
    cd /Users/admin/builder/spi-builder-workspace/.dependencies/checkouts/Args
    builtin-copy -exclude .DS_Store -exclude CVS -exclude .svn -exclude .git -exclude .hg -resolve-src-symlinks -rename /Users/admin/builder/spi-builder-workspace/.derivedData/Build/Intermediates.noindex/Args.build/Debug-watchos/Args-t.build/Objects-normal/arm64_32/Args.swiftsourceinfo /Users/admin/builder/spi-builder-workspace/.derivedData/Build/Products/Debug-watchos/Args.swiftmodule/Project/arm64_32-apple-watchos.swiftsourceinfo
SwiftDriverJobDiscovery normal arm64 Compiling ArgsParser.swift (in target 'Args' from project 'Args')
Copy /Users/admin/builder/spi-builder-workspace/.derivedData/Build/Products/Debug-watchos/Args.swiftmodule/Project/arm64-apple-watchos.swiftsourceinfo /Users/admin/builder/spi-builder-workspace/.derivedData/Build/Intermediates.noindex/Args.build/Debug-watchos/Args-t.build/Objects-normal/arm64/Args.swiftsourceinfo (in target 'Args' from project 'Args')
    cd /Users/admin/builder/spi-builder-workspace/.dependencies/checkouts/Args
    builtin-copy -exclude .DS_Store -exclude CVS -exclude .svn -exclude .git -exclude .hg -resolve-src-symlinks -rename /Users/admin/builder/spi-builder-workspace/.derivedData/Build/Intermediates.noindex/Args.build/Debug-watchos/Args-t.build/Objects-normal/arm64/Args.swiftsourceinfo /Users/admin/builder/spi-builder-workspace/.derivedData/Build/Products/Debug-watchos/Args.swiftmodule/Project/arm64-apple-watchos.swiftsourceinfo
SwiftDriverJobDiscovery normal arm64_32 Compiling ArgConvertible.swift (in target 'Args' from project 'Args')
SwiftDriver Prompt normal arm64 com.apple.xcode.tools.swift.compiler (in target 'Prompt' from project 'Prompt')
    cd /Users/admin/builder/spi-builder-workspace/.swiftpm/xcode
    builtin-SwiftDriver -- /Applications/Xcode-27.0.0-Release.Candidate.app/Contents/Developer/Toolchains/XcodeDefault.xctoolchain/usr/bin/swiftc -parse-as-library -module-name Prompt -Onone @/Users/admin/builder/spi-builder-workspace/.derivedData/Build/Intermediates.noindex/Prompt.build/Debug-watchos/Prompt-t.build/Objects-normal/arm64/Prompt.SwiftFileList -DSWIFT_PACKAGE -DDEBUG -DSWIFT_MODULE_RESOURCE_BUNDLE_UNAVAILABLE -DXcode -plugin-path /Applications/Xcode-27.0.0-Release.Candidate.app/Contents/Developer/Toolchains/XcodeDefault.xctoolchain/usr/lib/swift/host/plugins/testing -enable-experimental-feature DebugDescriptionMacro -sdk /Applications/Xcode-27.0.0-Release.Candidate.app/Contents/Developer/Platforms/WatchOS.platform/Developer/SDKs/WatchOS27.0.sdk -target arm64-apple-watchos9.0 -g -module-cache-path /Users/admin/builder/spi-builder-workspace/.derivedData/ModuleCache.noindex -Xfrontend -serialize-debugging-options -profile-coverage-mapping -profile-generate -enable-testing -suppress-warnings -index-store-path /Users/admin/builder/spi-builder-workspace/.derivedData/Index.noindex/DataStore -Xcc -D_LIBCPP_HARDENING_MODE\=_LIBCPP_HARDENING_MODE_DEBUG -swift-version 4 -I /Users/admin/builder/spi-builder-workspace/.derivedData/Build/Products/Debug-watchos -Isystem /Applications/Xcode-27.0.0-Release.Candidate.app/Contents/Developer/Platforms/WatchOS.platform/Developer/usr/lib -F /Users/admin/builder/spi-builder-workspace/.derivedData/Build/Products/Debug-watchos/PackageFrameworks -F /Users/admin/builder/spi-builder-workspace/.derivedData/Build/Products/Debug-watchos -F /Applications/Xcode-27.0.0-Release.Candidate.app/Contents/Developer/Platforms/WatchOS.platform/Developer/Library/Frameworks -F /Applications/Xcode-27.0.0-Release.Candidate.app/Contents/Developer/Platforms/WatchOS.platform/Developer/SDKs/WatchOS27.0.sdk/Developer/Library/Frameworks -c -j10 -enable-batch-mode -incremental -Xcc -ivfsstatcache -Xcc /Users/admin/builder/spi-builder-workspace/.derivedData/SDKStatCaches.noindex/watchos27.0-24R360-e829b21a6f8c9b70876ba0858053c04477534ef55a1706bf4c1112bbb242f0a2.sdkstatcache -output-file-map /Users/admin/builder/spi-builder-workspace/.derivedData/Build/Intermediates.noindex/Prompt.build/Debug-watchos/Prompt-t.build/Objects-normal/arm64/Prompt-OutputFileMap.json -save-temps -no-color-diagnostics -emit-dependencies -emit-module -emit-module-path /Users/admin/builder/spi-builder-workspace/.derivedData/Build/Intermediates.noindex/Prompt.build/Debug-watchos/Prompt-t.build/Objects-normal/arm64/Prompt.swiftmodule -serialize-diagnostics -validate-clang-modules-once -clang-build-session-file /Users/admin/builder/spi-builder-workspace/.derivedData/ModuleCache.noindex/Session.modulevalidation -Xcc -fmodules-prune-interval\=86400 -Xcc -fmodules-prune-after\=345600 -emit-const-values -const-gather-protocols-list /Users/admin/builder/spi-builder-workspace/.derivedData/Build/Intermediates.noindex/Prompt.build/Debug-watchos/Prompt-t.build/Objects-normal/arm64/Prompt_const_extract_protocols.json -Xcc -I/Users/admin/builder/spi-builder-workspace/.derivedData/Build/Products/Debug-watchos/include -Xcc -I/Users/admin/builder/spi-builder-workspace/.derivedData/Build/Intermediates.noindex/Prompt.build/Debug-watchos/Prompt-t.build/DerivedSources-normal/arm64 -Xcc -I/Users/admin/builder/spi-builder-workspace/.derivedData/Build/Intermediates.noindex/Prompt.build/Debug-watchos/Prompt-t.build/DerivedSources/arm64 -Xcc -I/Users/admin/builder/spi-builder-workspace/.derivedData/Build/Intermediates.noindex/Prompt.build/Debug-watchos/Prompt-t.build/DerivedSources -Xcc -DSWIFT_PACKAGE -Xcc -DDEBUG\=1 -emit-objc-header -emit-objc-header-path /Users/admin/builder/spi-builder-workspace/.derivedData/Build/Intermediates.noindex/Prompt.build/Debug-watchos/Prompt-t.build/Objects-normal/arm64/Prompt-Swift.h -working-directory /Users/admin/builder/spi-builder-workspace/.swiftpm/xcode -experimental-emit-module-separately -disable-cmo
SwiftDriver Prompt normal arm64_32 com.apple.xcode.tools.swift.compiler (in target 'Prompt' from project 'Prompt')
    cd /Users/admin/builder/spi-builder-workspace/.swiftpm/xcode
    builtin-SwiftDriver -- /Applications/Xcode-27.0.0-Release.Candidate.app/Contents/Developer/Toolchains/XcodeDefault.xctoolchain/usr/bin/swiftc -parse-as-library -module-name Prompt -Onone @/Users/admin/builder/spi-builder-workspace/.derivedData/Build/Intermediates.noindex/Prompt.build/Debug-watchos/Prompt-t.build/Objects-normal/arm64_32/Prompt.SwiftFileList -DSWIFT_PACKAGE -DDEBUG -DSWIFT_MODULE_RESOURCE_BUNDLE_UNAVAILABLE -DXcode -plugin-path /Applications/Xcode-27.0.0-Release.Candidate.app/Contents/Developer/Toolchains/XcodeDefault.xctoolchain/usr/lib/swift/host/plugins/testing -enable-experimental-feature DebugDescriptionMacro -sdk /Applications/Xcode-27.0.0-Release.Candidate.app/Contents/Developer/Platforms/WatchOS.platform/Developer/SDKs/WatchOS27.0.sdk -target arm64_32-apple-watchos9.0 -g -module-cache-path /Users/admin/builder/spi-builder-workspace/.derivedData/ModuleCache.noindex -Xfrontend -serialize-debugging-options -profile-coverage-mapping -profile-generate -enable-testing -suppress-warnings -index-store-path /Users/admin/builder/spi-builder-workspace/.derivedData/Index.noindex/DataStore -Xcc -D_LIBCPP_HARDENING_MODE\=_LIBCPP_HARDENING_MODE_DEBUG -swift-version 4 -I /Users/admin/builder/spi-builder-workspace/.derivedData/Build/Products/Debug-watchos -Isystem /Applications/Xcode-27.0.0-Release.Candidate.app/Contents/Developer/Platforms/WatchOS.platform/Developer/usr/lib -F /Users/admin/builder/spi-builder-workspace/.derivedData/Build/Products/Debug-watchos/PackageFrameworks -F /Users/admin/builder/spi-builder-workspace/.derivedData/Build/Products/Debug-watchos -F /Applications/Xcode-27.0.0-Release.Candidate.app/Contents/Developer/Platforms/WatchOS.platform/Developer/Library/Frameworks -F /Applications/Xcode-27.0.0-Release.Candidate.app/Contents/Developer/Platforms/WatchOS.platform/Developer/SDKs/WatchOS27.0.sdk/Developer/Library/Frameworks -c -j10 -enable-batch-mode -incremental -Xcc -ivfsstatcache -Xcc /Users/admin/builder/spi-builder-workspace/.derivedData/SDKStatCaches.noindex/watchos27.0-24R360-e829b21a6f8c9b70876ba0858053c04477534ef55a1706bf4c1112bbb242f0a2.sdkstatcache -output-file-map /Users/admin/builder/spi-builder-workspace/.derivedData/Build/Intermediates.noindex/Prompt.build/Debug-watchos/Prompt-t.build/Objects-normal/arm64_32/Prompt-OutputFileMap.json -save-temps -no-color-diagnostics -emit-dependencies -emit-module -emit-module-path /Users/admin/builder/spi-builder-workspace/.derivedData/Build/Intermediates.noindex/Prompt.build/Debug-watchos/Prompt-t.build/Objects-normal/arm64_32/Prompt.swiftmodule -serialize-diagnostics -validate-clang-modules-once -clang-build-session-file /Users/admin/builder/spi-builder-workspace/.derivedData/ModuleCache.noindex/Session.modulevalidation -Xcc -fmodules-prune-interval\=86400 -Xcc -fmodules-prune-after\=345600 -emit-const-values -const-gather-protocols-list /Users/admin/builder/spi-builder-workspace/.derivedData/Build/Intermediates.noindex/Prompt.build/Debug-watchos/Prompt-t.build/Objects-normal/arm64_32/Prompt_const_extract_protocols.json -Xcc -I/Users/admin/builder/spi-builder-workspace/.derivedData/Build/Products/Debug-watchos/include -Xcc -I/Users/admin/builder/spi-builder-workspace/.derivedData/Build/Intermediates.noindex/Prompt.build/Debug-watchos/Prompt-t.build/DerivedSources-normal/arm64_32 -Xcc -I/Users/admin/builder/spi-builder-workspace/.derivedData/Build/Intermediates.noindex/Prompt.build/Debug-watchos/Prompt-t.build/DerivedSources/arm64_32 -Xcc -I/Users/admin/builder/spi-builder-workspace/.derivedData/Build/Intermediates.noindex/Prompt.build/Debug-watchos/Prompt-t.build/DerivedSources -Xcc -DSWIFT_PACKAGE -Xcc -DDEBUG\=1 -emit-objc-header -emit-objc-header-path /Users/admin/builder/spi-builder-workspace/.derivedData/Build/Intermediates.noindex/Prompt.build/Debug-watchos/Prompt-t.build/Objects-normal/arm64_32/Prompt-Swift.h -working-directory /Users/admin/builder/spi-builder-workspace/.swiftpm/xcode -experimental-emit-module-separately -disable-cmo
SwiftDriverJobDiscovery normal arm64_32 Compiling ArgsParser.swift (in target 'Args' from project 'Args')
SwiftDriverJobDiscovery normal arm64_32 Compiling Args.swift (in target 'Args' from project 'Args')
SwiftEmitModule normal arm64_32 Emitting\ module\ for\ Prompt (in target 'Prompt' from project 'Prompt')
SwiftCompile normal arm64_32 (in target 'Prompt' from project 'Prompt')
    cd /Users/admin/builder/spi-builder-workspace/.swiftpm/xcode

SwiftCompile normal arm64_32 Compiling\ Ask.swift /Users/admin/builder/spi-builder-workspace/.dependencies/checkouts/Prompt/Sources/Prompt/Ask.swift (in target 'Prompt' from project 'Prompt')
SwiftCompile normal arm64_32 /Users/admin/builder/spi-builder-workspace/.dependencies/checkouts/Prompt/Sources/Prompt/Ask.swift (in target 'Prompt' from project 'Prompt')
    cd /Users/admin/builder/spi-builder-workspace/.swiftpm/xcode
    builtin-SwiftPerFileCompile Ask.swift
SwiftCompile normal arm64_32 Compiling\ AgreeSettings.swift /Users/admin/builder/spi-builder-workspace/.dependencies/checkouts/Prompt/Sources/Prompt/AgreeSettings.swift (in target 'Prompt' from project 'Prompt')
SwiftCompile normal arm64_32 /Users/admin/builder/spi-builder-workspace/.dependencies/checkouts/Prompt/Sources/Prompt/AgreeSettings.swift (in target 'Prompt' from project 'Prompt')
    cd /Users/admin/builder/spi-builder-workspace/.swiftpm/xcode
    builtin-SwiftPerFileCompile AgreeSettings.swift
SwiftCompile normal arm64_32 Compiling\ Agree.swift /Users/admin/builder/spi-builder-workspace/.dependencies/checkouts/Prompt/Sources/Prompt/Agree.swift (in target 'Prompt' from project 'Prompt')
SwiftCompile normal arm64_32 /Users/admin/builder/spi-builder-workspace/.dependencies/checkouts/Prompt/Sources/Prompt/Agree.swift (in target 'Prompt' from project 'Prompt')
    cd /Users/admin/builder/spi-builder-workspace/.swiftpm/xcode
    builtin-SwiftPerFileCompile Agree.swift
SwiftCompile normal arm64_32 Compiling\ AskSettings.swift /Users/admin/builder/spi-builder-workspace/.dependencies/checkouts/Prompt/Sources/Prompt/AskSettings.swift (in target 'Prompt' from project 'Prompt')
SwiftCompile normal arm64_32 /Users/admin/builder/spi-builder-workspace/.dependencies/checkouts/Prompt/Sources/Prompt/AskSettings.swift (in target 'Prompt' from project 'Prompt')
    cd /Users/admin/builder/spi-builder-workspace/.swiftpm/xcode
    builtin-SwiftPerFileCompile AskSettings.swift
SwiftEmitModule normal arm64 Emitting\ module\ for\ Prompt (in target 'Prompt' from project 'Prompt')
SwiftCompile normal arm64 (in target 'Prompt' from project 'Prompt')
    cd /Users/admin/builder/spi-builder-workspace/.swiftpm/xcode

SwiftDriverJobDiscovery normal arm64 Compiling Args.swift (in target 'Args' from project 'Args')
SwiftCompile normal arm64 Compiling\ AskerValidator.swift /Users/admin/builder/spi-builder-workspace/.dependencies/checkouts/Prompt/Sources/Prompt/AskerValidator.swift (in target 'Prompt' from project 'Prompt')
SwiftCompile normal arm64 /Users/admin/builder/spi-builder-workspace/.dependencies/checkouts/Prompt/Sources/Prompt/AskerValidator.swift (in target 'Prompt' from project 'Prompt')
    cd /Users/admin/builder/spi-builder-workspace/.swiftpm/xcode
    builtin-SwiftPerFileCompile AskerValidator.swift
SwiftDriverJobDiscovery normal arm64_32 Compiling Agree.swift (in target 'Prompt' from project 'Prompt')
SwiftCompile normal arm64 Compiling\ ChooseSettings.swift /Users/admin/builder/spi-builder-workspace/.dependencies/checkouts/Prompt/Sources/Prompt/ChooseSettings.swift (in target 'Prompt' from project 'Prompt')
SwiftCompile normal arm64 /Users/admin/builder/spi-builder-workspace/.dependencies/checkouts/Prompt/Sources/Prompt/ChooseSettings.swift (in target 'Prompt' from project 'Prompt')
    cd /Users/admin/builder/spi-builder-workspace/.swiftpm/xcode
    builtin-SwiftPerFileCompile ChooseSettings.swift
SwiftDriverJobDiscovery normal arm64_32 Compiling Ask.swift (in target 'Prompt' from project 'Prompt')
SwiftCompile normal arm64_32 Compiling\ PromptReader.swift /Users/admin/builder/spi-builder-workspace/.dependencies/checkouts/Prompt/Sources/Prompt/PromptReader.swift (in target 'Prompt' from project 'Prompt')
SwiftCompile normal arm64_32 /Users/admin/builder/spi-builder-workspace/.dependencies/checkouts/Prompt/Sources/Prompt/PromptReader.swift (in target 'Prompt' from project 'Prompt')
    cd /Users/admin/builder/spi-builder-workspace/.swiftpm/xcode
    builtin-SwiftPerFileCompile PromptReader.swift
SwiftDriverJobDiscovery normal arm64_32 Emitting module for Prompt (in target 'Prompt' from project 'Prompt')
SwiftDriver\ Compilation\ Requirements Prompt normal arm64_32 com.apple.xcode.tools.swift.compiler (in target 'Prompt' from project 'Prompt')
    cd /Users/admin/builder/spi-builder-workspace/.swiftpm/xcode
    builtin-Swift-Compilation-Requirements -- /Applications/Xcode-27.0.0-Release.Candidate.app/Contents/Developer/Toolchains/XcodeDefault.xctoolchain/usr/bin/swiftc -parse-as-library -module-name Prompt -Onone @/Users/admin/builder/spi-builder-workspace/.derivedData/Build/Intermediates.noindex/Prompt.build/Debug-watchos/Prompt-t.build/Objects-normal/arm64_32/Prompt.SwiftFileList -DSWIFT_PACKAGE -DDEBUG -DSWIFT_MODULE_RESOURCE_BUNDLE_UNAVAILABLE -DXcode -plugin-path /Applications/Xcode-27.0.0-Release.Candidate.app/Contents/Developer/Toolchains/XcodeDefault.xctoolchain/usr/lib/swift/host/plugins/testing -enable-experimental-feature DebugDescriptionMacro -sdk /Applications/Xcode-27.0.0-Release.Candidate.app/Contents/Developer/Platforms/WatchOS.platform/Developer/SDKs/WatchOS27.0.sdk -target arm64_32-apple-watchos9.0 -g -module-cache-path /Users/admin/builder/spi-builder-workspace/.derivedData/ModuleCache.noindex -Xfrontend -serialize-debugging-options -profile-coverage-mapping -profile-generate -enable-testing -suppress-warnings -index-store-path /Users/admin/builder/spi-builder-workspace/.derivedData/Index.noindex/DataStore -Xcc -D_LIBCPP_HARDENING_MODE\=_LIBCPP_HARDENING_MODE_DEBUG -swift-version 4 -I /Users/admin/builder/spi-builder-workspace/.derivedData/Build/Products/Debug-watchos -Isystem /Applications/Xcode-27.0.0-Release.Candidate.app/Contents/Developer/Platforms/WatchOS.platform/Developer/usr/lib -F /Users/admin/builder/spi-builder-workspace/.derivedData/Build/Products/Debug-watchos/PackageFrameworks -F /Users/admin/builder/spi-builder-workspace/.derivedData/Build/Products/Debug-watchos -F /Applications/Xcode-27.0.0-Release.Candidate.app/Contents/Developer/Platforms/WatchOS.platform/Developer/Library/Frameworks -F /Applications/Xcode-27.0.0-Release.Candidate.app/Contents/Developer/Platforms/WatchOS.platform/Developer/SDKs/WatchOS27.0.sdk/Developer/Library/Frameworks -c -j10 -enable-batch-mode -incremental -Xcc -ivfsstatcache -Xcc /Users/admin/builder/spi-builder-workspace/.derivedData/SDKStatCaches.noindex/watchos27.0-24R360-e829b21a6f8c9b70876ba0858053c04477534ef55a1706bf4c1112bbb242f0a2.sdkstatcache -output-file-map /Users/admin/builder/spi-builder-workspace/.derivedData/Build/Intermediates.noindex/Prompt.build/Debug-watchos/Prompt-t.build/Objects-normal/arm64_32/Prompt-OutputFileMap.json -save-temps -no-color-diagnostics -emit-dependencies -emit-module -emit-module-path /Users/admin/builder/spi-builder-workspace/.derivedData/Build/Intermediates.noindex/Prompt.build/Debug-watchos/Prompt-t.build/Objects-normal/arm64_32/Prompt.swiftmodule -serialize-diagnostics -validate-clang-modules-once -clang-build-session-file /Users/admin/builder/spi-builder-workspace/.derivedData/ModuleCache.noindex/Session.modulevalidation -Xcc -fmodules-prune-interval\=86400 -Xcc -fmodules-prune-after\=345600 -emit-const-values -const-gather-protocols-list /Users/admin/builder/spi-builder-workspace/.derivedData/Build/Intermediates.noindex/Prompt.build/Debug-watchos/Prompt-t.build/Objects-normal/arm64_32/Prompt_const_extract_protocols.json -Xcc -I/Users/admin/builder/spi-builder-workspace/.derivedData/Build/Products/Debug-watchos/include -Xcc -I/Users/admin/builder/spi-builder-workspace/.derivedData/Build/Intermediates.noindex/Prompt.build/Debug-watchos/Prompt-t.build/DerivedSources-normal/arm64_32 -Xcc -I/Users/admin/builder/spi-builder-workspace/.derivedData/Build/Intermediates.noindex/Prompt.build/Debug-watchos/Prompt-t.build/DerivedSources/arm64_32 -Xcc -I/Users/admin/builder/spi-builder-workspace/.derivedData/Build/Intermediates.noindex/Prompt.build/Debug-watchos/Prompt-t.build/DerivedSources -Xcc -DSWIFT_PACKAGE -Xcc -DDEBUG\=1 -emit-objc-header -emit-objc-header-path /Users/admin/builder/spi-builder-workspace/.derivedData/Build/Intermediates.noindex/Prompt.build/Debug-watchos/Prompt-t.build/Objects-normal/arm64_32/Prompt-Swift.h -working-directory /Users/admin/builder/spi-builder-workspace/.swiftpm/xcode -experimental-emit-module-separately -disable-cmo
SwiftDriverJobDiscovery normal arm64_32 Compiling AgreeSettings.swift (in target 'Prompt' from project 'Prompt')
SwiftCompile normal arm64 Compiling\ Choose.swift /Users/admin/builder/spi-builder-workspace/.dependencies/checkouts/Prompt/Sources/Prompt/Choose.swift (in target 'Prompt' from project 'Prompt')
SwiftCompile normal arm64 /Users/admin/builder/spi-builder-workspace/.dependencies/checkouts/Prompt/Sources/Prompt/Choose.swift (in target 'Prompt' from project 'Prompt')
    cd /Users/admin/builder/spi-builder-workspace/.swiftpm/xcode
    builtin-SwiftPerFileCompile Choose.swift
Copy /Users/admin/builder/spi-builder-workspace/.derivedData/Build/Products/Debug-watchos/Prompt.swiftmodule/arm64_32-apple-watchos.swiftmodule /Users/admin/builder/spi-builder-workspace/.derivedData/Build/Intermediates.noindex/Prompt.build/Debug-watchos/Prompt-t.build/Objects-normal/arm64_32/Prompt.swiftmodule (in target 'Prompt' from project 'Prompt')
    cd /Users/admin/builder/spi-builder-workspace/.dependencies/checkouts/Prompt
    builtin-copy -exclude .DS_Store -exclude CVS -exclude .svn -exclude .git -exclude .hg -resolve-src-symlinks -rename /Users/admin/builder/spi-builder-workspace/.derivedData/Build/Intermediates.noindex/Prompt.build/Debug-watchos/Prompt-t.build/Objects-normal/arm64_32/Prompt.swiftmodule /Users/admin/builder/spi-builder-workspace/.derivedData/Build/Products/Debug-watchos/Prompt.swiftmodule/arm64_32-apple-watchos.swiftmodule
SwiftDriverJobDiscovery normal arm64_32 Compiling AskSettings.swift (in target 'Prompt' from project 'Prompt')
Copy /Users/admin/builder/spi-builder-workspace/.derivedData/Build/Products/Debug-watchos/Prompt.swiftmodule/arm64_32-apple-watchos.swiftdoc /Users/admin/builder/spi-builder-workspace/.derivedData/Build/Intermediates.noindex/Prompt.build/Debug-watchos/Prompt-t.build/Objects-normal/arm64_32/Prompt.swiftdoc (in target 'Prompt' from project 'Prompt')
    cd /Users/admin/builder/spi-builder-workspace/.dependencies/checkouts/Prompt
    builtin-copy -exclude .DS_Store -exclude CVS -exclude .svn -exclude .git -exclude .hg -resolve-src-symlinks -rename /Users/admin/builder/spi-builder-workspace/.derivedData/Build/Intermediates.noindex/Prompt.build/Debug-watchos/Prompt-t.build/Objects-normal/arm64_32/Prompt.swiftdoc /Users/admin/builder/spi-builder-workspace/.derivedData/Build/Products/Debug-watchos/Prompt.swiftmodule/arm64_32-apple-watchos.swiftdoc
Copy /Users/admin/builder/spi-builder-workspace/.derivedData/Build/Products/Debug-watchos/Prompt.swiftmodule/arm64_32-apple-watchos.abi.json /Users/admin/builder/spi-builder-workspace/.derivedData/Build/Intermediates.noindex/Prompt.build/Debug-watchos/Prompt-t.build/Objects-normal/arm64_32/Prompt.abi.json (in target 'Prompt' from project 'Prompt')
    cd /Users/admin/builder/spi-builder-workspace/.dependencies/checkouts/Prompt
    builtin-copy -exclude .DS_Store -exclude CVS -exclude .svn -exclude .git -exclude .hg -resolve-src-symlinks -rename /Users/admin/builder/spi-builder-workspace/.derivedData/Build/Intermediates.noindex/Prompt.build/Debug-watchos/Prompt-t.build/Objects-normal/arm64_32/Prompt.abi.json /Users/admin/builder/spi-builder-workspace/.derivedData/Build/Products/Debug-watchos/Prompt.swiftmodule/arm64_32-apple-watchos.abi.json
Copy /Users/admin/builder/spi-builder-workspace/.derivedData/Build/Products/Debug-watchos/Prompt.swiftmodule/Project/arm64_32-apple-watchos.swiftsourceinfo /Users/admin/builder/spi-builder-workspace/.derivedData/Build/Intermediates.noindex/Prompt.build/Debug-watchos/Prompt-t.build/Objects-normal/arm64_32/Prompt.swiftsourceinfo (in target 'Prompt' from project 'Prompt')
    cd /Users/admin/builder/spi-builder-workspace/.dependencies/checkouts/Prompt
    builtin-copy -exclude .DS_Store -exclude CVS -exclude .svn -exclude .git -exclude .hg -resolve-src-symlinks -rename /Users/admin/builder/spi-builder-workspace/.derivedData/Build/Intermediates.noindex/Prompt.build/Debug-watchos/Prompt-t.build/Objects-normal/arm64_32/Prompt.swiftsourceinfo /Users/admin/builder/spi-builder-workspace/.derivedData/Build/Products/Debug-watchos/Prompt.swiftmodule/Project/arm64_32-apple-watchos.swiftsourceinfo
SwiftCompile normal arm64_32 Compiling\ PromptSettings.swift /Users/admin/builder/spi-builder-workspace/.dependencies/checkouts/Prompt/Sources/Prompt/PromptSettings.swift (in target 'Prompt' from project 'Prompt')
SwiftCompile normal arm64_32 /Users/admin/builder/spi-builder-workspace/.dependencies/checkouts/Prompt/Sources/Prompt/PromptSettings.swift (in target 'Prompt' from project 'Prompt')
    cd /Users/admin/builder/spi-builder-workspace/.swiftpm/xcode
    builtin-SwiftPerFileCompile PromptSettings.swift
SwiftCompile normal arm64_32 Compiling\ AskerValidator.swift /Users/admin/builder/spi-builder-workspace/.dependencies/checkouts/Prompt/Sources/Prompt/AskerValidator.swift (in target 'Prompt' from project 'Prompt')
SwiftCompile normal arm64_32 /Users/admin/builder/spi-builder-workspace/.dependencies/checkouts/Prompt/Sources/Prompt/AskerValidator.swift (in target 'Prompt' from project 'Prompt')
    cd /Users/admin/builder/spi-builder-workspace/.swiftpm/xcode
    builtin-SwiftPerFileCompile AskerValidator.swift
SwiftDriverJobDiscovery normal arm64 Emitting module for Prompt (in target 'Prompt' from project 'Prompt')
SwiftDriver\ Compilation\ Requirements Prompt normal arm64 com.apple.xcode.tools.swift.compiler (in target 'Prompt' from project 'Prompt')
    cd /Users/admin/builder/spi-builder-workspace/.swiftpm/xcode
    builtin-Swift-Compilation-Requirements -- /Applications/Xcode-27.0.0-Release.Candidate.app/Contents/Developer/Toolchains/XcodeDefault.xctoolchain/usr/bin/swiftc -parse-as-library -module-name Prompt -Onone @/Users/admin/builder/spi-builder-workspace/.derivedData/Build/Intermediates.noindex/Prompt.build/Debug-watchos/Prompt-t.build/Objects-normal/arm64/Prompt.SwiftFileList -DSWIFT_PACKAGE -DDEBUG -DSWIFT_MODULE_RESOURCE_BUNDLE_UNAVAILABLE -DXcode -plugin-path /Applications/Xcode-27.0.0-Release.Candidate.app/Contents/Developer/Toolchains/XcodeDefault.xctoolchain/usr/lib/swift/host/plugins/testing -enable-experimental-feature DebugDescriptionMacro -sdk /Applications/Xcode-27.0.0-Release.Candidate.app/Contents/Developer/Platforms/WatchOS.platform/Developer/SDKs/WatchOS27.0.sdk -target arm64-apple-watchos9.0 -g -module-cache-path /Users/admin/builder/spi-builder-workspace/.derivedData/ModuleCache.noindex -Xfrontend -serialize-debugging-options -profile-coverage-mapping -profile-generate -enable-testing -suppress-warnings -index-store-path /Users/admin/builder/spi-builder-workspace/.derivedData/Index.noindex/DataStore -Xcc -D_LIBCPP_HARDENING_MODE\=_LIBCPP_HARDENING_MODE_DEBUG -swift-version 4 -I /Users/admin/builder/spi-builder-workspace/.derivedData/Build/Products/Debug-watchos -Isystem /Applications/Xcode-27.0.0-Release.Candidate.app/Contents/Developer/Platforms/WatchOS.platform/Developer/usr/lib -F /Users/admin/builder/spi-builder-workspace/.derivedData/Build/Products/Debug-watchos/PackageFrameworks -F /Users/admin/builder/spi-builder-workspace/.derivedData/Build/Products/Debug-watchos -F /Applications/Xcode-27.0.0-Release.Candidate.app/Contents/Developer/Platforms/WatchOS.platform/Developer/Library/Frameworks -F /Applications/Xcode-27.0.0-Release.Candidate.app/Contents/Developer/Platforms/WatchOS.platform/Developer/SDKs/WatchOS27.0.sdk/Developer/Library/Frameworks -c -j10 -enable-batch-mode -incremental -Xcc -ivfsstatcache -Xcc /Users/admin/builder/spi-builder-workspace/.derivedData/SDKStatCaches.noindex/watchos27.0-24R360-e829b21a6f8c9b70876ba0858053c04477534ef55a1706bf4c1112bbb242f0a2.sdkstatcache -output-file-map /Users/admin/builder/spi-builder-workspace/.derivedData/Build/Intermediates.noindex/Prompt.build/Debug-watchos/Prompt-t.build/Objects-normal/arm64/Prompt-OutputFileMap.json -save-temps -no-color-diagnostics -emit-dependencies -emit-module -emit-module-path /Users/admin/builder/spi-builder-workspace/.derivedData/Build/Intermediates.noindex/Prompt.build/Debug-watchos/Prompt-t.build/Objects-normal/arm64/Prompt.swiftmodule -serialize-diagnostics -validate-clang-modules-once -clang-build-session-file /Users/admin/builder/spi-builder-workspace/.derivedData/ModuleCache.noindex/Session.modulevalidation -Xcc -fmodules-prune-interval\=86400 -Xcc -fmodules-prune-after\=345600 -emit-const-values -const-gather-protocols-list /Users/admin/builder/spi-builder-workspace/.derivedData/Build/Intermediates.noindex/Prompt.build/Debug-watchos/Prompt-t.build/Objects-normal/arm64/Prompt_const_extract_protocols.json -Xcc -I/Users/admin/builder/spi-builder-workspace/.derivedData/Build/Products/Debug-watchos/include -Xcc -I/Users/admin/builder/spi-builder-workspace/.derivedData/Build/Intermediates.noindex/Prompt.build/Debug-watchos/Prompt-t.build/DerivedSources-normal/arm64 -Xcc -I/Users/admin/builder/spi-builder-workspace/.derivedData/Build/Intermediates.noindex/Prompt.build/Debug-watchos/Prompt-t.build/DerivedSources/arm64 -Xcc -I/Users/admin/builder/spi-builder-workspace/.derivedData/Build/Intermediates.noindex/Prompt.build/Debug-watchos/Prompt-t.build/DerivedSources -Xcc -DSWIFT_PACKAGE -Xcc -DDEBUG\=1 -emit-objc-header -emit-objc-header-path /Users/admin/builder/spi-builder-workspace/.derivedData/Build/Intermediates.noindex/Prompt.build/Debug-watchos/Prompt-t.build/Objects-normal/arm64/Prompt-Swift.h -working-directory /Users/admin/builder/spi-builder-workspace/.swiftpm/xcode -experimental-emit-module-separately -disable-cmo
SwiftDriverJobDiscovery normal arm64 Compiling AskerValidator.swift (in target 'Prompt' from project 'Prompt')
SwiftCompile normal arm64_32 Compiling\ Choose.swift /Users/admin/builder/spi-builder-workspace/.dependencies/checkouts/Prompt/Sources/Prompt/Choose.swift (in target 'Prompt' from project 'Prompt')
SwiftCompile normal arm64_32 /Users/admin/builder/spi-builder-workspace/.dependencies/checkouts/Prompt/Sources/Prompt/Choose.swift (in target 'Prompt' from project 'Prompt')
    cd /Users/admin/builder/spi-builder-workspace/.swiftpm/xcode
    builtin-SwiftPerFileCompile Choose.swift
SwiftMergeGeneratedHeaders /Users/admin/builder/spi-builder-workspace/.derivedData/Build/Intermediates.noindex/GeneratedModuleMaps-watchos/Prompt-Swift.h /Users/admin/builder/spi-builder-workspace/.derivedData/Build/Intermediates.noindex/Prompt.build/Debug-watchos/Prompt-t.build/Objects-normal/arm64/Prompt-Swift.h /Users/admin/builder/spi-builder-workspace/.derivedData/Build/Intermediates.noindex/Prompt.build/Debug-watchos/Prompt-t.build/Objects-normal/arm64_32/Prompt-Swift.h (in target 'Prompt' from project 'Prompt')
    cd /Users/admin/builder/spi-builder-workspace/.dependencies/checkouts/Prompt
    builtin-swiftHeaderTool -arch arm64 /Users/admin/builder/spi-builder-workspace/.derivedData/Build/Intermediates.noindex/Prompt.build/Debug-watchos/Prompt-t.build/Objects-normal/arm64/Prompt-Swift.h -arch arm64_32 /Users/admin/builder/spi-builder-workspace/.derivedData/Build/Intermediates.noindex/Prompt.build/Debug-watchos/Prompt-t.build/Objects-normal/arm64_32/Prompt-Swift.h -o /Users/admin/builder/spi-builder-workspace/.derivedData/Build/Intermediates.noindex/GeneratedModuleMaps-watchos/Prompt-Swift.h
SwiftDriverJobDiscovery normal arm64_32 Compiling PromptReader.swift (in target 'Prompt' from project 'Prompt')
Copy /Users/admin/builder/spi-builder-workspace/.derivedData/Build/Products/Debug-watchos/Prompt.swiftmodule/arm64-apple-watchos.swiftmodule /Users/admin/builder/spi-builder-workspace/.derivedData/Build/Intermediates.noindex/Prompt.build/Debug-watchos/Prompt-t.build/Objects-normal/arm64/Prompt.swiftmodule (in target 'Prompt' from project 'Prompt')
    cd /Users/admin/builder/spi-builder-workspace/.dependencies/checkouts/Prompt
    builtin-copy -exclude .DS_Store -exclude CVS -exclude .svn -exclude .git -exclude .hg -resolve-src-symlinks -rename /Users/admin/builder/spi-builder-workspace/.derivedData/Build/Intermediates.noindex/Prompt.build/Debug-watchos/Prompt-t.build/Objects-normal/arm64/Prompt.swiftmodule /Users/admin/builder/spi-builder-workspace/.derivedData/Build/Products/Debug-watchos/Prompt.swiftmodule/arm64-apple-watchos.swiftmodule
Copy /Users/admin/builder/spi-builder-workspace/.derivedData/Build/Products/Debug-watchos/Prompt.swiftmodule/arm64-apple-watchos.swiftdoc /Users/admin/builder/spi-builder-workspace/.derivedData/Build/Intermediates.noindex/Prompt.build/Debug-watchos/Prompt-t.build/Objects-normal/arm64/Prompt.swiftdoc (in target 'Prompt' from project 'Prompt')
    cd /Users/admin/builder/spi-builder-workspace/.dependencies/checkouts/Prompt
    builtin-copy -exclude .DS_Store -exclude CVS -exclude .svn -exclude .git -exclude .hg -resolve-src-symlinks -rename /Users/admin/builder/spi-builder-workspace/.derivedData/Build/Intermediates.noindex/Prompt.build/Debug-watchos/Prompt-t.build/Objects-normal/arm64/Prompt.swiftdoc /Users/admin/builder/spi-builder-workspace/.derivedData/Build/Products/Debug-watchos/Prompt.swiftmodule/arm64-apple-watchos.swiftdoc
Copy /Users/admin/builder/spi-builder-workspace/.derivedData/Build/Products/Debug-watchos/Prompt.swiftmodule/arm64-apple-watchos.abi.json /Users/admin/builder/spi-builder-workspace/.derivedData/Build/Intermediates.noindex/Prompt.build/Debug-watchos/Prompt-t.build/Objects-normal/arm64/Prompt.abi.json (in target 'Prompt' from project 'Prompt')
    cd /Users/admin/builder/spi-builder-workspace/.dependencies/checkouts/Prompt
    builtin-copy -exclude .DS_Store -exclude CVS -exclude .svn -exclude .git -exclude .hg -resolve-src-symlinks -rename /Users/admin/builder/spi-builder-workspace/.derivedData/Build/Intermediates.noindex/Prompt.build/Debug-watchos/Prompt-t.build/Objects-normal/arm64/Prompt.abi.json /Users/admin/builder/spi-builder-workspace/.derivedData/Build/Products/Debug-watchos/Prompt.swiftmodule/arm64-apple-watchos.abi.json
Copy /Users/admin/builder/spi-builder-workspace/.derivedData/Build/Products/Debug-watchos/Prompt.swiftmodule/Project/arm64-apple-watchos.swiftsourceinfo /Users/admin/builder/spi-builder-workspace/.derivedData/Build/Intermediates.noindex/Prompt.build/Debug-watchos/Prompt-t.build/Objects-normal/arm64/Prompt.swiftsourceinfo (in target 'Prompt' from project 'Prompt')
    cd /Users/admin/builder/spi-builder-workspace/.dependencies/checkouts/Prompt
    builtin-copy -exclude .DS_Store -exclude CVS -exclude .svn -exclude .git -exclude .hg -resolve-src-symlinks -rename /Users/admin/builder/spi-builder-workspace/.derivedData/Build/Intermediates.noindex/Prompt.build/Debug-watchos/Prompt-t.build/Objects-normal/arm64/Prompt.swiftsourceinfo /Users/admin/builder/spi-builder-workspace/.derivedData/Build/Products/Debug-watchos/Prompt.swiftmodule/Project/arm64-apple-watchos.swiftsourceinfo
SwiftCompile normal arm64 Compiling\ PromptSettings.swift /Users/admin/builder/spi-builder-workspace/.dependencies/checkouts/Prompt/Sources/Prompt/PromptSettings.swift (in target 'Prompt' from project 'Prompt')
SwiftCompile normal arm64 /Users/admin/builder/spi-builder-workspace/.dependencies/checkouts/Prompt/Sources/Prompt/PromptSettings.swift (in target 'Prompt' from project 'Prompt')
    cd /Users/admin/builder/spi-builder-workspace/.swiftpm/xcode
    builtin-SwiftPerFileCompile PromptSettings.swift
SwiftDriverJobDiscovery normal arm64 Compiling Choose.swift (in target 'Prompt' from project 'Prompt')
SwiftCompile normal arm64 Compiling\ Agree.swift /Users/admin/builder/spi-builder-workspace/.dependencies/checkouts/Prompt/Sources/Prompt/Agree.swift (in target 'Prompt' from project 'Prompt')
SwiftCompile normal arm64 /Users/admin/builder/spi-builder-workspace/.dependencies/checkouts/Prompt/Sources/Prompt/Agree.swift (in target 'Prompt' from project 'Prompt')
    cd /Users/admin/builder/spi-builder-workspace/.swiftpm/xcode
    builtin-SwiftPerFileCompile Agree.swift
SwiftDriverJobDiscovery normal arm64_32 Compiling PromptSettings.swift (in target 'Prompt' from project 'Prompt')
SwiftCompile normal arm64 Compiling\ Ask.swift /Users/admin/builder/spi-builder-workspace/.dependencies/checkouts/Prompt/Sources/Prompt/Ask.swift (in target 'Prompt' from project 'Prompt')
SwiftCompile normal arm64 /Users/admin/builder/spi-builder-workspace/.dependencies/checkouts/Prompt/Sources/Prompt/Ask.swift (in target 'Prompt' from project 'Prompt')
    cd /Users/admin/builder/spi-builder-workspace/.swiftpm/xcode
    builtin-SwiftPerFileCompile Ask.swift
SwiftDriverJobDiscovery normal arm64_32 Compiling AskerValidator.swift (in target 'Prompt' from project 'Prompt')
SwiftCompile normal arm64_32 Compiling\ ChooseSettings.swift /Users/admin/builder/spi-builder-workspace/.dependencies/checkouts/Prompt/Sources/Prompt/ChooseSettings.swift (in target 'Prompt' from project 'Prompt')
SwiftCompile normal arm64_32 /Users/admin/builder/spi-builder-workspace/.dependencies/checkouts/Prompt/Sources/Prompt/ChooseSettings.swift (in target 'Prompt' from project 'Prompt')
    cd /Users/admin/builder/spi-builder-workspace/.swiftpm/xcode
    builtin-SwiftPerFileCompile ChooseSettings.swift
SwiftDriverJobDiscovery normal arm64_32 Compiling Choose.swift (in target 'Prompt' from project 'Prompt')
SwiftCompile normal arm64 Compiling\ AskSettings.swift /Users/admin/builder/spi-builder-workspace/.dependencies/checkouts/Prompt/Sources/Prompt/AskSettings.swift (in target 'Prompt' from project 'Prompt')
SwiftCompile normal arm64 /Users/admin/builder/spi-builder-workspace/.dependencies/checkouts/Prompt/Sources/Prompt/AskSettings.swift (in target 'Prompt' from project 'Prompt')
    cd /Users/admin/builder/spi-builder-workspace/.swiftpm/xcode
    builtin-SwiftPerFileCompile AskSettings.swift
SwiftDriverJobDiscovery normal arm64 Compiling ChooseSettings.swift (in target 'Prompt' from project 'Prompt')
SwiftCompile normal arm64 Compiling\ PromptPrinter.swift /Users/admin/builder/spi-builder-workspace/.dependencies/checkouts/Prompt/Sources/Prompt/PromptPrinter.swift (in target 'Prompt' from project 'Prompt')
SwiftCompile normal arm64 /Users/admin/builder/spi-builder-workspace/.dependencies/checkouts/Prompt/Sources/Prompt/PromptPrinter.swift (in target 'Prompt' from project 'Prompt')
    cd /Users/admin/builder/spi-builder-workspace/.swiftpm/xcode
    builtin-SwiftPerFileCompile PromptPrinter.swift
SwiftCompile normal arm64 Compiling\ AgreeSettings.swift /Users/admin/builder/spi-builder-workspace/.dependencies/checkouts/Prompt/Sources/Prompt/AgreeSettings.swift (in target 'Prompt' from project 'Prompt')
SwiftCompile normal arm64 /Users/admin/builder/spi-builder-workspace/.dependencies/checkouts/Prompt/Sources/Prompt/AgreeSettings.swift (in target 'Prompt' from project 'Prompt')
    cd /Users/admin/builder/spi-builder-workspace/.swiftpm/xcode
    builtin-SwiftPerFileCompile AgreeSettings.swift
SwiftDriverJobDiscovery normal arm64 Compiling PromptSettings.swift (in target 'Prompt' from project 'Prompt')
SwiftCompile normal arm64_32 Compiling\ PromptPrinter.swift /Users/admin/builder/spi-builder-workspace/.dependencies/checkouts/Prompt/Sources/Prompt/PromptPrinter.swift (in target 'Prompt' from project 'Prompt')
SwiftCompile normal arm64_32 /Users/admin/builder/spi-builder-workspace/.dependencies/checkouts/Prompt/Sources/Prompt/PromptPrinter.swift (in target 'Prompt' from project 'Prompt')
    cd /Users/admin/builder/spi-builder-workspace/.swiftpm/xcode
    builtin-SwiftPerFileCompile PromptPrinter.swift
SwiftDriverJobDiscovery normal arm64 Compiling Agree.swift (in target 'Prompt' from project 'Prompt')
SwiftCompile normal arm64 Compiling\ PromptReader.swift /Users/admin/builder/spi-builder-workspace/.dependencies/checkouts/Prompt/Sources/Prompt/PromptReader.swift (in target 'Prompt' from project 'Prompt')
SwiftCompile normal arm64 /Users/admin/builder/spi-builder-workspace/.dependencies/checkouts/Prompt/Sources/Prompt/PromptReader.swift (in target 'Prompt' from project 'Prompt')
    cd /Users/admin/builder/spi-builder-workspace/.swiftpm/xcode
    builtin-SwiftPerFileCompile PromptReader.swift
SwiftDriverJobDiscovery normal arm64 Compiling Ask.swift (in target 'Prompt' from project 'Prompt')
SwiftDriverJobDiscovery normal arm64 Compiling PromptPrinter.swift (in target 'Prompt' from project 'Prompt')
SwiftDriverJobDiscovery normal arm64 Compiling AskSettings.swift (in target 'Prompt' from project 'Prompt')
SwiftDriver Run normal arm64_32 com.apple.xcode.tools.swift.compiler (in target 'Run' from project 'Run')
    cd /Users/admin/builder/spi-builder-workspace/.swiftpm/xcode
    builtin-SwiftDriver -- /Applications/Xcode-27.0.0-Release.Candidate.app/Contents/Developer/Toolchains/XcodeDefault.xctoolchain/usr/bin/swiftc -parse-as-library -module-name Run -Onone @/Users/admin/builder/spi-builder-workspace/.derivedData/Build/Intermediates.noindex/Run.build/Debug-watchos/Run-t.build/Objects-normal/arm64_32/Run.SwiftFileList -DSWIFT_PACKAGE -DDEBUG -DSWIFT_MODULE_RESOURCE_BUNDLE_UNAVAILABLE -DXcode -plugin-path /Applications/Xcode-27.0.0-Release.Candidate.app/Contents/Developer/Toolchains/XcodeDefault.xctoolchain/usr/lib/swift/host/plugins/testing -enable-experimental-feature DebugDescriptionMacro -sdk /Applications/Xcode-27.0.0-Release.Candidate.app/Contents/Developer/Platforms/WatchOS.platform/Developer/SDKs/WatchOS27.0.sdk -target arm64_32-apple-watchos9.0 -g -module-cache-path /Users/admin/builder/spi-builder-workspace/.derivedData/ModuleCache.noindex -Xfrontend -serialize-debugging-options -profile-coverage-mapping -profile-generate -enable-testing -index-store-path /Users/admin/builder/spi-builder-workspace/.derivedData/Index.noindex/DataStore -Xcc -D_LIBCPP_HARDENING_MODE\=_LIBCPP_HARDENING_MODE_DEBUG -swift-version 4 -I /Users/admin/builder/spi-builder-workspace/.derivedData/Build/Products/Debug-watchos -Isystem /Applications/Xcode-27.0.0-Release.Candidate.app/Contents/Developer/Platforms/WatchOS.platform/Developer/usr/lib -F /Users/admin/builder/spi-builder-workspace/.derivedData/Build/Products/Debug-watchos/PackageFrameworks -F /Users/admin/builder/spi-builder-workspace/.derivedData/Build/Products/Debug-watchos -F /Applications/Xcode-27.0.0-Release.Candidate.app/Contents/Developer/Platforms/WatchOS.platform/Developer/Library/Frameworks -F /Applications/Xcode-27.0.0-Release.Candidate.app/Contents/Developer/Platforms/WatchOS.platform/Developer/SDKs/WatchOS27.0.sdk/Developer/Library/Frameworks -c -j10 -enable-batch-mode -incremental -Xcc -ivfsstatcache -Xcc /Users/admin/builder/spi-builder-workspace/.derivedData/SDKStatCaches.noindex/watchos27.0-24R360-e829b21a6f8c9b70876ba0858053c04477534ef55a1706bf4c1112bbb242f0a2.sdkstatcache -output-file-map /Users/admin/builder/spi-builder-workspace/.derivedData/Build/Intermediates.noindex/Run.build/Debug-watchos/Run-t.build/Objects-normal/arm64_32/Run-OutputFileMap.json -save-temps -no-color-diagnostics -emit-dependencies -emit-module -emit-module-path /Users/admin/builder/spi-builder-workspace/.derivedData/Build/Intermediates.noindex/Run.build/Debug-watchos/Run-t.build/Objects-normal/arm64_32/Run.swiftmodule -serialize-diagnostics -validate-clang-modules-once -clang-build-session-file /Users/admin/builder/spi-builder-workspace/.derivedData/ModuleCache.noindex/Session.modulevalidation -Xcc -fmodules-prune-interval\=86400 -Xcc -fmodules-prune-after\=345600 -emit-const-values -const-gather-protocols-list /Users/admin/builder/spi-builder-workspace/.derivedData/Build/Intermediates.noindex/Run.build/Debug-watchos/Run-t.build/Objects-normal/arm64_32/Run_const_extract_protocols.json -Xcc -I/Users/admin/builder/spi-builder-workspace/.derivedData/Build/Products/Debug-watchos/include -Xcc -I/Users/admin/builder/spi-builder-workspace/.derivedData/Build/Intermediates.noindex/Run.build/Debug-watchos/Run-t.build/DerivedSources-normal/arm64_32 -Xcc -I/Users/admin/builder/spi-builder-workspace/.derivedData/Build/Intermediates.noindex/Run.build/Debug-watchos/Run-t.build/DerivedSources/arm64_32 -Xcc -I/Users/admin/builder/spi-builder-workspace/.derivedData/Build/Intermediates.noindex/Run.build/Debug-watchos/Run-t.build/DerivedSources -Xcc -DSWIFT_PACKAGE -Xcc -DDEBUG\=1 -emit-objc-header -emit-objc-header-path /Users/admin/builder/spi-builder-workspace/.derivedData/Build/Intermediates.noindex/Run.build/Debug-watchos/Run-t.build/Objects-normal/arm64_32/Run-Swift.h -working-directory /Users/admin/builder/spi-builder-workspace/.swiftpm/xcode -experimental-emit-module-separately -disable-cmo
SwiftDriver Run normal arm64 com.apple.xcode.tools.swift.compiler (in target 'Run' from project 'Run')
    cd /Users/admin/builder/spi-builder-workspace/.swiftpm/xcode
    builtin-SwiftDriver -- /Applications/Xcode-27.0.0-Release.Candidate.app/Contents/Developer/Toolchains/XcodeDefault.xctoolchain/usr/bin/swiftc -parse-as-library -module-name Run -Onone @/Users/admin/builder/spi-builder-workspace/.derivedData/Build/Intermediates.noindex/Run.build/Debug-watchos/Run-t.build/Objects-normal/arm64/Run.SwiftFileList -DSWIFT_PACKAGE -DDEBUG -DSWIFT_MODULE_RESOURCE_BUNDLE_UNAVAILABLE -DXcode -plugin-path /Applications/Xcode-27.0.0-Release.Candidate.app/Contents/Developer/Toolchains/XcodeDefault.xctoolchain/usr/lib/swift/host/plugins/testing -enable-experimental-feature DebugDescriptionMacro -sdk /Applications/Xcode-27.0.0-Release.Candidate.app/Contents/Developer/Platforms/WatchOS.platform/Developer/SDKs/WatchOS27.0.sdk -target arm64-apple-watchos9.0 -g -module-cache-path /Users/admin/builder/spi-builder-workspace/.derivedData/ModuleCache.noindex -Xfrontend -serialize-debugging-options -profile-coverage-mapping -profile-generate -enable-testing -index-store-path /Users/admin/builder/spi-builder-workspace/.derivedData/Index.noindex/DataStore -Xcc -D_LIBCPP_HARDENING_MODE\=_LIBCPP_HARDENING_MODE_DEBUG -swift-version 4 -I /Users/admin/builder/spi-builder-workspace/.derivedData/Build/Products/Debug-watchos -Isystem /Applications/Xcode-27.0.0-Release.Candidate.app/Contents/Developer/Platforms/WatchOS.platform/Developer/usr/lib -F /Users/admin/builder/spi-builder-workspace/.derivedData/Build/Products/Debug-watchos/PackageFrameworks -F /Users/admin/builder/spi-builder-workspace/.derivedData/Build/Products/Debug-watchos -F /Applications/Xcode-27.0.0-Release.Candidate.app/Contents/Developer/Platforms/WatchOS.platform/Developer/Library/Frameworks -F /Applications/Xcode-27.0.0-Release.Candidate.app/Contents/Developer/Platforms/WatchOS.platform/Developer/SDKs/WatchOS27.0.sdk/Developer/Library/Frameworks -c -j10 -enable-batch-mode -incremental -Xcc -ivfsstatcache -Xcc /Users/admin/builder/spi-builder-workspace/.derivedData/SDKStatCaches.noindex/watchos27.0-24R360-e829b21a6f8c9b70876ba0858053c04477534ef55a1706bf4c1112bbb242f0a2.sdkstatcache -output-file-map /Users/admin/builder/spi-builder-workspace/.derivedData/Build/Intermediates.noindex/Run.build/Debug-watchos/Run-t.build/Objects-normal/arm64/Run-OutputFileMap.json -save-temps -no-color-diagnostics -emit-dependencies -emit-module -emit-module-path /Users/admin/builder/spi-builder-workspace/.derivedData/Build/Intermediates.noindex/Run.build/Debug-watchos/Run-t.build/Objects-normal/arm64/Run.swiftmodule -serialize-diagnostics -validate-clang-modules-once -clang-build-session-file /Users/admin/builder/spi-builder-workspace/.derivedData/ModuleCache.noindex/Session.modulevalidation -Xcc -fmodules-prune-interval\=86400 -Xcc -fmodules-prune-after\=345600 -emit-const-values -const-gather-protocols-list /Users/admin/builder/spi-builder-workspace/.derivedData/Build/Intermediates.noindex/Run.build/Debug-watchos/Run-t.build/Objects-normal/arm64/Run_const_extract_protocols.json -Xcc -I/Users/admin/builder/spi-builder-workspace/.derivedData/Build/Products/Debug-watchos/include -Xcc -I/Users/admin/builder/spi-builder-workspace/.derivedData/Build/Intermediates.noindex/Run.build/Debug-watchos/Run-t.build/DerivedSources-normal/arm64 -Xcc -I/Users/admin/builder/spi-builder-workspace/.derivedData/Build/Intermediates.noindex/Run.build/Debug-watchos/Run-t.build/DerivedSources/arm64 -Xcc -I/Users/admin/builder/spi-builder-workspace/.derivedData/Build/Intermediates.noindex/Run.build/Debug-watchos/Run-t.build/DerivedSources -Xcc -DSWIFT_PACKAGE -Xcc -DDEBUG\=1 -emit-objc-header -emit-objc-header-path /Users/admin/builder/spi-builder-workspace/.derivedData/Build/Intermediates.noindex/Run.build/Debug-watchos/Run-t.build/Objects-normal/arm64/Run-Swift.h -working-directory /Users/admin/builder/spi-builder-workspace/.swiftpm/xcode -experimental-emit-module-separately -disable-cmo
SwiftDriverJobDiscovery normal arm64 Compiling AgreeSettings.swift (in target 'Prompt' from project 'Prompt')
SwiftDriverJobDiscovery normal arm64_32 Compiling PromptPrinter.swift (in target 'Prompt' from project 'Prompt')
SwiftDriverJobDiscovery normal arm64 Compiling PromptReader.swift (in target 'Prompt' from project 'Prompt')
SwiftDriver\ Compilation Prompt normal arm64 com.apple.xcode.tools.swift.compiler (in target 'Prompt' from project 'Prompt')
    cd /Users/admin/builder/spi-builder-workspace/.swiftpm/xcode
    builtin-Swift-Compilation -- /Applications/Xcode-27.0.0-Release.Candidate.app/Contents/Developer/Toolchains/XcodeDefault.xctoolchain/usr/bin/swiftc -parse-as-library -module-name Prompt -Onone @/Users/admin/builder/spi-builder-workspace/.derivedData/Build/Intermediates.noindex/Prompt.build/Debug-watchos/Prompt-t.build/Objects-normal/arm64/Prompt.SwiftFileList -DSWIFT_PACKAGE -DDEBUG -DSWIFT_MODULE_RESOURCE_BUNDLE_UNAVAILABLE -DXcode -plugin-path /Applications/Xcode-27.0.0-Release.Candidate.app/Contents/Developer/Toolchains/XcodeDefault.xctoolchain/usr/lib/swift/host/plugins/testing -enable-experimental-feature DebugDescriptionMacro -sdk /Applications/Xcode-27.0.0-Release.Candidate.app/Contents/Developer/Platforms/WatchOS.platform/Developer/SDKs/WatchOS27.0.sdk -target arm64-apple-watchos9.0 -g -module-cache-path /Users/admin/builder/spi-builder-workspace/.derivedData/ModuleCache.noindex -Xfrontend -serialize-debugging-options -profile-coverage-mapping -profile-generate -enable-testing -suppress-warnings -index-store-path /Users/admin/builder/spi-builder-workspace/.derivedData/Index.noindex/DataStore -Xcc -D_LIBCPP_HARDENING_MODE\=_LIBCPP_HARDENING_MODE_DEBUG -swift-version 4 -I /Users/admin/builder/spi-builder-workspace/.derivedData/Build/Products/Debug-watchos -Isystem /Applications/Xcode-27.0.0-Release.Candidate.app/Contents/Developer/Platforms/WatchOS.platform/Developer/usr/lib -F /Users/admin/builder/spi-builder-workspace/.derivedData/Build/Products/Debug-watchos/PackageFrameworks -F /Users/admin/builder/spi-builder-workspace/.derivedData/Build/Products/Debug-watchos -F /Applications/Xcode-27.0.0-Release.Candidate.app/Contents/Developer/Platforms/WatchOS.platform/Developer/Library/Frameworks -F /Applications/Xcode-27.0.0-Release.Candidate.app/Contents/Developer/Platforms/WatchOS.platform/Developer/SDKs/WatchOS27.0.sdk/Developer/Library/Frameworks -c -j10 -enable-batch-mode -incremental -Xcc -ivfsstatcache -Xcc /Users/admin/builder/spi-builder-workspace/.derivedData/SDKStatCaches.noindex/watchos27.0-24R360-e829b21a6f8c9b70876ba0858053c04477534ef55a1706bf4c1112bbb242f0a2.sdkstatcache -output-file-map /Users/admin/builder/spi-builder-workspace/.derivedData/Build/Intermediates.noindex/Prompt.build/Debug-watchos/Prompt-t.build/Objects-normal/arm64/Prompt-OutputFileMap.json -save-temps -no-color-diagnostics -emit-dependencies -emit-module -emit-module-path /Users/admin/builder/spi-builder-workspace/.derivedData/Build/Intermediates.noindex/Prompt.build/Debug-watchos/Prompt-t.build/Objects-normal/arm64/Prompt.swiftmodule -serialize-diagnostics -validate-clang-modules-once -clang-build-session-file /Users/admin/builder/spi-builder-workspace/.derivedData/ModuleCache.noindex/Session.modulevalidation -Xcc -fmodules-prune-interval\=86400 -Xcc -fmodules-prune-after\=345600 -emit-const-values -const-gather-protocols-list /Users/admin/builder/spi-builder-workspace/.derivedData/Build/Intermediates.noindex/Prompt.build/Debug-watchos/Prompt-t.build/Objects-normal/arm64/Prompt_const_extract_protocols.json -Xcc -I/Users/admin/builder/spi-builder-workspace/.derivedData/Build/Products/Debug-watchos/include -Xcc -I/Users/admin/builder/spi-builder-workspace/.derivedData/Build/Intermediates.noindex/Prompt.build/Debug-watchos/Prompt-t.build/DerivedSources-normal/arm64 -Xcc -I/Users/admin/builder/spi-builder-workspace/.derivedData/Build/Intermediates.noindex/Prompt.build/Debug-watchos/Prompt-t.build/DerivedSources/arm64 -Xcc -I/Users/admin/builder/spi-builder-workspace/.derivedData/Build/Intermediates.noindex/Prompt.build/Debug-watchos/Prompt-t.build/DerivedSources -Xcc -DSWIFT_PACKAGE -Xcc -DDEBUG\=1 -emit-objc-header -emit-objc-header-path /Users/admin/builder/spi-builder-workspace/.derivedData/Build/Intermediates.noindex/Prompt.build/Debug-watchos/Prompt-t.build/Objects-normal/arm64/Prompt-Swift.h -working-directory /Users/admin/builder/spi-builder-workspace/.swiftpm/xcode -experimental-emit-module-separately -disable-cmo
SwiftCompile normal arm64 Compiling\ CommandExecutor.swift /Users/admin/builder/spi-builder-workspace/Sources/Run/CommandExecutor.swift (in target 'Run' from project 'Run')
SwiftCompile normal arm64 /Users/admin/builder/spi-builder-workspace/Sources/Run/CommandExecutor.swift (in target 'Run' from project 'Run')
    cd /Users/admin/builder/spi-builder-workspace/.swiftpm/xcode
    builtin-SwiftPerFileCompile CommandExecutor.swift
/Users/admin/builder/spi-builder-workspace/Sources/Run/CommandExecutor.swift:42:20: error: cannot find 'Process' in scope
 40 |
 41 |     func execute(_ commandParts: [String]) -> ExecutorReturnValue  {
 42 |         let task = Process()
    |                    `- error: cannot find 'Process' in scope
 43 |
 44 |         task.launchPath = "/usr/bin/env"
/Users/admin/builder/spi-builder-workspace/Sources/Run/CommandExecutor.swift:69:85: error: missing argument for parameter #1 in call
 67 |         var childFDActions: posix_spawn_file_actions_t? = nil
 68 | #else
 69 |         var childFDActions: posix_spawn_file_actions_t = posix_spawn_file_actions_t()
    |                                                                                     `- error: missing argument for parameter #1 in call
 70 | #endif
 71 |         var outputPipe: [Int32] = [-1, -1]
Swift.UnsafeMutableRawPointer.init:2:8: note: 'init(_:)' declared here
1 | struct UnsafeMutableRawPointer {
2 | public init(_ _rawValue: Builtin.RawPointer)}
  |        `- note: 'init(_:)' declared here
3 |
/Users/admin/builder/spi-builder-workspace/Sources/Run/CommandExecutor.swift:73:39: error: cannot convert value of type 'UnsafeMutablePointer<posix_spawn_file_actions_t>' (aka 'UnsafeMutablePointer<UnsafeMutableRawPointer>') to expected argument type 'UnsafeMutablePointer<posix_spawn_file_actions_t?>' (aka 'UnsafeMutablePointer<Optional<UnsafeMutableRawPointer>>')
 71 |         var outputPipe: [Int32] = [-1, -1]
 72 |
 73 |         posix_spawn_file_actions_init(&childFDActions)
    |                                       |- error: cannot convert value of type 'UnsafeMutablePointer<posix_spawn_file_actions_t>' (aka 'UnsafeMutablePointer<UnsafeMutableRawPointer>') to expected argument type 'UnsafeMutablePointer<posix_spawn_file_actions_t?>' (aka 'UnsafeMutablePointer<Optional<UnsafeMutableRawPointer>>')
    |                                       `- note: arguments to generic parameter 'Pointee' ('posix_spawn_file_actions_t' (aka 'UnsafeMutableRawPointer') and 'posix_spawn_file_actions_t?' (aka 'Optional<UnsafeMutableRawPointer>')) are expected to be equal
 74 |         posix_spawn_file_actions_adddup2(&childFDActions, outputPipe[1], 1)
 75 |         posix_spawn_file_actions_adddup2(&childFDActions, outputPipe[1], 2)
/Users/admin/builder/spi-builder-workspace/Sources/Run/CommandExecutor.swift:74:42: error: cannot convert value of type 'UnsafeMutablePointer<posix_spawn_file_actions_t>' (aka 'UnsafeMutablePointer<UnsafeMutableRawPointer>') to expected argument type 'UnsafeMutablePointer<posix_spawn_file_actions_t?>' (aka 'UnsafeMutablePointer<Optional<UnsafeMutableRawPointer>>')
 72 |
 73 |         posix_spawn_file_actions_init(&childFDActions)
 74 |         posix_spawn_file_actions_adddup2(&childFDActions, outputPipe[1], 1)
    |                                          |- error: cannot convert value of type 'UnsafeMutablePointer<posix_spawn_file_actions_t>' (aka 'UnsafeMutablePointer<UnsafeMutableRawPointer>') to expected argument type 'UnsafeMutablePointer<posix_spawn_file_actions_t?>' (aka 'UnsafeMutablePointer<Optional<UnsafeMutableRawPointer>>')
    |                                          `- note: arguments to generic parameter 'Pointee' ('posix_spawn_file_actions_t' (aka 'UnsafeMutableRawPointer') and 'posix_spawn_file_actions_t?' (aka 'Optional<UnsafeMutableRawPointer>')) are expected to be equal
 75 |         posix_spawn_file_actions_adddup2(&childFDActions, outputPipe[1], 2)
 76 |         posix_spawn_file_actions_addclose(&childFDActions, outputPipe[0])
/Users/admin/builder/spi-builder-workspace/Sources/Run/CommandExecutor.swift:75:42: error: cannot convert value of type 'UnsafeMutablePointer<posix_spawn_file_actions_t>' (aka 'UnsafeMutablePointer<UnsafeMutableRawPointer>') to expected argument type 'UnsafeMutablePointer<posix_spawn_file_actions_t?>' (aka 'UnsafeMutablePointer<Optional<UnsafeMutableRawPointer>>')
 73 |         posix_spawn_file_actions_init(&childFDActions)
 74 |         posix_spawn_file_actions_adddup2(&childFDActions, outputPipe[1], 1)
 75 |         posix_spawn_file_actions_adddup2(&childFDActions, outputPipe[1], 2)
    |                                          |- error: cannot convert value of type 'UnsafeMutablePointer<posix_spawn_file_actions_t>' (aka 'UnsafeMutablePointer<UnsafeMutableRawPointer>') to expected argument type 'UnsafeMutablePointer<posix_spawn_file_actions_t?>' (aka 'UnsafeMutablePointer<Optional<UnsafeMutableRawPointer>>')
    |                                          `- note: arguments to generic parameter 'Pointee' ('posix_spawn_file_actions_t' (aka 'UnsafeMutableRawPointer') and 'posix_spawn_file_actions_t?' (aka 'Optional<UnsafeMutableRawPointer>')) are expected to be equal
 76 |         posix_spawn_file_actions_addclose(&childFDActions, outputPipe[0])
 77 |         posix_spawn_file_actions_addclose(&childFDActions, outputPipe[1])
/Users/admin/builder/spi-builder-workspace/Sources/Run/CommandExecutor.swift:76:43: error: cannot convert value of type 'UnsafeMutablePointer<posix_spawn_file_actions_t>' (aka 'UnsafeMutablePointer<UnsafeMutableRawPointer>') to expected argument type 'UnsafeMutablePointer<posix_spawn_file_actions_t?>' (aka 'UnsafeMutablePointer<Optional<UnsafeMutableRawPointer>>')
 74 |         posix_spawn_file_actions_adddup2(&childFDActions, outputPipe[1], 1)
 75 |         posix_spawn_file_actions_adddup2(&childFDActions, outputPipe[1], 2)
 76 |         posix_spawn_file_actions_addclose(&childFDActions, outputPipe[0])
    |                                           |- error: cannot convert value of type 'UnsafeMutablePointer<posix_spawn_file_actions_t>' (aka 'UnsafeMutablePointer<UnsafeMutableRawPointer>') to expected argument type 'UnsafeMutablePointer<posix_spawn_file_actions_t?>' (aka 'UnsafeMutablePointer<Optional<UnsafeMutableRawPointer>>')
    |                                           `- note: arguments to generic parameter 'Pointee' ('posix_spawn_file_actions_t' (aka 'UnsafeMutableRawPointer') and 'posix_spawn_file_actions_t?' (aka 'Optional<UnsafeMutableRawPointer>')) are expected to be equal
 77 |         posix_spawn_file_actions_addclose(&childFDActions, outputPipe[1])
 78 |
/Users/admin/builder/spi-builder-workspace/Sources/Run/CommandExecutor.swift:77:43: error: cannot convert value of type 'UnsafeMutablePointer<posix_spawn_file_actions_t>' (aka 'UnsafeMutablePointer<UnsafeMutableRawPointer>') to expected argument type 'UnsafeMutablePointer<posix_spawn_file_actions_t?>' (aka 'UnsafeMutablePointer<Optional<UnsafeMutableRawPointer>>')
 75 |         posix_spawn_file_actions_adddup2(&childFDActions, outputPipe[1], 2)
 76 |         posix_spawn_file_actions_addclose(&childFDActions, outputPipe[0])
 77 |         posix_spawn_file_actions_addclose(&childFDActions, outputPipe[1])
    |                                           |- error: cannot convert value of type 'UnsafeMutablePointer<posix_spawn_file_actions_t>' (aka 'UnsafeMutablePointer<UnsafeMutableRawPointer>') to expected argument type 'UnsafeMutablePointer<posix_spawn_file_actions_t?>' (aka 'UnsafeMutablePointer<Optional<UnsafeMutableRawPointer>>')
    |                                           `- note: arguments to generic parameter 'Pointee' ('posix_spawn_file_actions_t' (aka 'UnsafeMutableRawPointer') and 'posix_spawn_file_actions_t?' (aka 'Optional<UnsafeMutableRawPointer>')) are expected to be equal
 78 |
 79 |
SwiftEmitModule normal arm64 Emitting\ module\ for\ Run (in target 'Run' from project 'Run')
SwiftCompile normal arm64 (in target 'Run' from project 'Run')
    cd /Users/admin/builder/spi-builder-workspace/.swiftpm/xcode

SwiftCompile normal arm64 Compiling\ ShortHandRunner.swift /Users/admin/builder/spi-builder-workspace/Sources/Run/ShortHandRunner.swift (in target 'Run' from project 'Run')
SwiftCompile normal arm64 /Users/admin/builder/spi-builder-workspace/Sources/Run/ShortHandRunner.swift (in target 'Run' from project 'Run')
    cd /Users/admin/builder/spi-builder-workspace/.swiftpm/xcode
    builtin-SwiftPerFileCompile ShortHandRunner.swift
SwiftCompile normal arm64 Compiling\ TaskPipe.swift /Users/admin/builder/spi-builder-workspace/Sources/Run/TaskPipe.swift (in target 'Run' from project 'Run')
SwiftCompile normal arm64 /Users/admin/builder/spi-builder-workspace/Sources/Run/TaskPipe.swift (in target 'Run' from project 'Run')
    cd /Users/admin/builder/spi-builder-workspace/.swiftpm/xcode
    builtin-SwiftPerFileCompile TaskPipe.swift
SwiftCompile normal arm64 Compiling\ RunnerSettings.swift /Users/admin/builder/spi-builder-workspace/Sources/Run/RunnerSettings.swift (in target 'Run' from project 'Run')
SwiftCompile normal arm64 /Users/admin/builder/spi-builder-workspace/Sources/Run/RunnerSettings.swift (in target 'Run' from project 'Run')
    cd /Users/admin/builder/spi-builder-workspace/.swiftpm/xcode
    builtin-SwiftPerFileCompile RunnerSettings.swift
SwiftEmitModule normal arm64_32 Emitting\ module\ for\ Run (in target 'Run' from project 'Run')
SwiftCompile normal arm64_32 (in target 'Run' from project 'Run')
    cd /Users/admin/builder/spi-builder-workspace/.swiftpm/xcode

SwiftDriverJobDiscovery normal arm64_32 Compiling ChooseSettings.swift (in target 'Prompt' from project 'Prompt')
SwiftCompile normal arm64_32 Compiling\ ShortHandRunner.swift /Users/admin/builder/spi-builder-workspace/Sources/Run/ShortHandRunner.swift (in target 'Run' from project 'Run')
SwiftCompile normal arm64_32 /Users/admin/builder/spi-builder-workspace/Sources/Run/ShortHandRunner.swift (in target 'Run' from project 'Run')
    cd /Users/admin/builder/spi-builder-workspace/.swiftpm/xcode
    builtin-SwiftPerFileCompile ShortHandRunner.swift
SwiftDriverJobDiscovery normal arm64 Compiling ShortHandRunner.swift (in target 'Run' from project 'Run')
SwiftCompile normal arm64_32 Compiling\ CommandExecutor.swift /Users/admin/builder/spi-builder-workspace/Sources/Run/CommandExecutor.swift (in target 'Run' from project 'Run')
/Users/admin/builder/spi-builder-workspace/Sources/Run/CommandExecutor.swift:42:20: error: cannot find 'Process' in scope
 40 |
 41 |     func execute(_ commandParts: [String]) -> ExecutorReturnValue  {
 42 |         let task = Process()
    |                    `- error: cannot find 'Process' in scope
 43 |
 44 |         task.launchPath = "/usr/bin/env"
/Users/admin/builder/spi-builder-workspace/Sources/Run/CommandExecutor.swift:69:85: error: missing argument for parameter #1 in call
 67 |         var childFDActions: posix_spawn_file_actions_t? = nil
 68 | #else
 69 |         var childFDActions: posix_spawn_file_actions_t = posix_spawn_file_actions_t()
    |                                                                                     `- error: missing argument for parameter #1 in call
 70 | #endif
 71 |         var outputPipe: [Int32] = [-1, -1]
Swift.UnsafeMutableRawPointer.init:2:8: note: 'init(_:)' declared here
1 | struct UnsafeMutableRawPointer {
2 | public init(_ _rawValue: Builtin.RawPointer)}
  |        `- note: 'init(_:)' declared here
3 |
/Users/admin/builder/spi-builder-workspace/Sources/Run/CommandExecutor.swift:73:39: error: cannot convert value of type 'UnsafeMutablePointer<posix_spawn_file_actions_t>' (aka 'UnsafeMutablePointer<UnsafeMutableRawPointer>') to expected argument type 'UnsafeMutablePointer<posix_spawn_file_actions_t?>' (aka 'UnsafeMutablePointer<Optional<UnsafeMutableRawPointer>>')
 71 |         var outputPipe: [Int32] = [-1, -1]
 72 |
 73 |         posix_spawn_file_actions_init(&childFDActions)
    |                                       |- error: cannot convert value of type 'UnsafeMutablePointer<posix_spawn_file_actions_t>' (aka 'UnsafeMutablePointer<UnsafeMutableRawPointer>') to expected argument type 'UnsafeMutablePointer<posix_spawn_file_actions_t?>' (aka 'UnsafeMutablePointer<Optional<UnsafeMutableRawPointer>>')
    |                                       `- note: arguments to generic parameter 'Pointee' ('posix_spawn_file_actions_t' (aka 'UnsafeMutableRawPointer') and 'posix_spawn_file_actions_t?' (aka 'Optional<UnsafeMutableRawPointer>')) are expected to be equal
 74 |         posix_spawn_file_actions_adddup2(&childFDActions, outputPipe[1], 1)
 75 |         posix_spawn_file_actions_adddup2(&childFDActions, outputPipe[1], 2)
/Users/admin/builder/spi-builder-workspace/Sources/Run/CommandExecutor.swift:74:42: error: cannot convert value of type 'UnsafeMutablePointer<posix_spawn_file_actions_t>' (aka 'UnsafeMutablePointer<UnsafeMutableRawPointer>') to expected argument type 'UnsafeMutablePointer<posix_spawn_file_actions_t?>' (aka 'UnsafeMutablePointer<Optional<UnsafeMutableRawPointer>>')
 72 |
 73 |         posix_spawn_file_actions_init(&childFDActions)
 74 |         posix_spawn_file_actions_adddup2(&childFDActions, outputPipe[1], 1)
    |                                          |- error: cannot convert value of type 'UnsafeMutablePointer<posix_spawn_file_actions_t>' (aka 'UnsafeMutablePointer<UnsafeMutableRawPointer>') to expected argument type 'UnsafeMutablePointer<posix_spawn_file_actions_t?>' (aka 'UnsafeMutablePointer<Optional<UnsafeMutableRawPointer>>')
    |                                          `- note: arguments to generic parameter 'Pointee' ('posix_spawn_file_actions_t' (aka 'UnsafeMutableRawPointer') and 'posix_spawn_file_actions_t?' (aka 'Optional<UnsafeMutableRawPointer>')) are expected to be equal
 75 |         posix_spawn_file_actions_adddup2(&childFDActions, outputPipe[1], 2)
 76 |         posix_spawn_file_actions_addclose(&childFDActions, outputPipe[0])
/Users/admin/builder/spi-builder-workspace/Sources/Run/CommandExecutor.swift:75:42: error: cannot convert value of type 'UnsafeMutablePointer<posix_spawn_file_actions_t>' (aka 'UnsafeMutablePointer<UnsafeMutableRawPointer>') to expected argument type 'UnsafeMutablePointer<posix_spawn_file_actions_t?>' (aka 'UnsafeMutablePointer<Optional<UnsafeMutableRawPointer>>')
 73 |         posix_spawn_file_actions_init(&childFDActions)
 74 |         posix_spawn_file_actions_adddup2(&childFDActions, outputPipe[1], 1)
 75 |         posix_spawn_file_actions_adddup2(&childFDActions, outputPipe[1], 2)
    |                                          |- error: cannot convert value of type 'UnsafeMutablePointer<posix_spawn_file_actions_t>' (aka 'UnsafeMutablePointer<UnsafeMutableRawPointer>') to expected argument type 'UnsafeMutablePointer<posix_spawn_file_actions_t?>' (aka 'UnsafeMutablePointer<Optional<UnsafeMutableRawPointer>>')
    |                                          `- note: arguments to generic parameter 'Pointee' ('posix_spawn_file_actions_t' (aka 'UnsafeMutableRawPointer') and 'posix_spawn_file_actions_t?' (aka 'Optional<UnsafeMutableRawPointer>')) are expected to be equal
 76 |         posix_spawn_file_actions_addclose(&childFDActions, outputPipe[0])
 77 |         posix_spawn_file_actions_addclose(&childFDActions, outputPipe[1])
/Users/admin/builder/spi-builder-workspace/Sources/Run/CommandExecutor.swift:76:43: error: cannot convert value of type 'UnsafeMutablePointer<posix_spawn_file_actions_t>' (aka 'UnsafeMutablePointer<UnsafeMutableRawPointer>') to expected argument type 'UnsafeMutablePointer<posix_spawn_file_actions_t?>' (aka 'UnsafeMutablePointer<Optional<UnsafeMutableRawPointer>>')
 74 |         posix_spawn_file_actions_adddup2(&childFDActions, outputPipe[1], 1)
 75 |         posix_spawn_file_actions_adddup2(&childFDActions, outputPipe[1], 2)
 76 |         posix_spawn_file_actions_addclose(&childFDActions, outputPipe[0])
    |                                           |- error: cannot convert value of type 'UnsafeMutablePointer<posix_spawn_file_actions_t>' (aka 'UnsafeMutablePointer<UnsafeMutableRawPointer>') to expected argument type 'UnsafeMutablePointer<posix_spawn_file_actions_t?>' (aka 'UnsafeMutablePointer<Optional<UnsafeMutableRawPointer>>')
    |                                           `- note: arguments to generic parameter 'Pointee' ('posix_spawn_file_actions_t' (aka 'UnsafeMutableRawPointer') and 'posix_spawn_file_actions_t?' (aka 'Optional<UnsafeMutableRawPointer>')) are expected to be equal
 77 |         posix_spawn_file_actions_addclose(&childFDActions, outputPipe[1])
 78 |
/Users/admin/builder/spi-builder-workspace/Sources/Run/CommandExecutor.swift:77:43: error: cannot convert value of type 'UnsafeMutablePointer<posix_spawn_file_actions_t>' (aka 'UnsafeMutablePointer<UnsafeMutableRawPointer>') to expected argument type 'UnsafeMutablePointer<posix_spawn_file_actions_t?>' (aka 'UnsafeMutablePointer<Optional<UnsafeMutableRawPointer>>')
 75 |         posix_spawn_file_actions_adddup2(&childFDActions, outputPipe[1], 2)
 76 |         posix_spawn_file_actions_addclose(&childFDActions, outputPipe[0])
 77 |         posix_spawn_file_actions_addclose(&childFDActions, outputPipe[1])
    |                                           |- error: cannot convert value of type 'UnsafeMutablePointer<posix_spawn_file_actions_t>' (aka 'UnsafeMutablePointer<UnsafeMutableRawPointer>') to expected argument type 'UnsafeMutablePointer<posix_spawn_file_actions_t?>' (aka 'UnsafeMutablePointer<Optional<UnsafeMutableRawPointer>>')
    |                                           `- note: arguments to generic parameter 'Pointee' ('posix_spawn_file_actions_t' (aka 'UnsafeMutableRawPointer') and 'posix_spawn_file_actions_t?' (aka 'Optional<UnsafeMutableRawPointer>')) are expected to be equal
 78 |
 79 |
/Users/admin/builder/spi-builder-workspace/Sources/Run/CommandExecutor.swift:81:49: error: cannot convert value of type 'UnsafePointer<posix_spawn_file_actions_t>' (aka 'UnsafePointer<UnsafeMutableRawPointer>') to expected argument type 'UnsafePointer<posix_spawn_file_actions_t?>' (aka 'UnsafePointer<Optional<UnsafeMutableRawPointer>>')
 79 |
 80 |         var pid: pid_t = 0
 81 |         let result = posix_spawn(&pid, argv[0], &childFDActions, nil, argv + [nil], nil)
    |                                                 |- error: cannot convert value of type 'UnsafePointer<posix_spawn_file_actions_t>' (aka 'UnsafePointer<UnsafeMutableRawPointer>') to expected argument type 'UnsafePointer<posix_spawn_file_actions_t?>' (aka 'UnsafePointer<Optional<UnsafeMutableRawPointer>>')
    |                                                 `- note: arguments to generic parameter 'Pointee' ('posix_spawn_file_actions_t' (aka 'UnsafeMutableRawPointer') and 'posix_spawn_file_actions_t?' (aka 'Optional<UnsafeMutableRawPointer>')) are expected to be equal
 82 |
 83 |         let emptyPipe = Dryipe(dataToReturn: "".data(using: String.Encoding.utf8)!)
Failed frontend command:
/Applications/Xcode-27.0.0-Release.Candidate.app/Contents/Developer/Toolchains/XcodeDefault.xctoolchain/usr/bin/swift-frontend -frontend -c -primary-file /Users/admin/builder/spi-builder-workspace/Sources/Run/CommandExecutor.swift /Users/admin/builder/spi-builder-workspace/Sources/Run/RunResults.swift /Users/admin/builder/spi-builder-workspace/Sources/Run/Runner.swift /Users/admin/builder/spi-builder-workspace/Sources/Run/RunnerSettings.swift /Users/admin/builder/spi-builder-workspace/Sources/Run/ShortHandRunner.swift /Users/admin/builder/spi-builder-workspace/Sources/Run/TaskPipe.swift -emit-dependencies-path /Users/admin/builder/spi-builder-workspace/.derivedData/Build/Intermediates.noindex/Run.build/Debug-watchos/Run-t.build/Objects-normal/arm64_32/CommandExecutor.d -emit-const-values-path /Users/admin/builder/spi-builder-workspace/.derivedData/Build/Intermediates.noindex/Run.build/Debug-watchos/Run-t.build/Objects-normal/arm64_32/CommandExecutor.swiftconstvalues -emit-reference-dependencies-path /Users/admin/builder/spi-builder-workspace/.derivedData/Build/Intermediates.noindex/Run.build/Debug-watchos/Run-t.build/Objects-normal/arm64_32/CommandExecutor.swiftdeps -serialize-diagnostics-path /Users/admin/builder/spi-builder-workspace/.derivedData/Build/Intermediates.noindex/Run.build/Debug-watchos/Run-t.build/Objects-normal/arm64_32/CommandExecutor.dia -target arm64_32-apple-watchos9.0 -enable-objc-interop -sdk /Applications/Xcode-27.0.0-Release.Candidate.app/Contents/Developer/Platforms/WatchOS.platform/Developer/SDKs/WatchOS27.0.sdk -I /Users/admin/builder/spi-builder-workspace/.derivedData/Build/Products/Debug-watchos -Isystem /Applications/Xcode-27.0.0-Release.Candidate.app/Contents/Developer/Platforms/WatchOS.platform/Developer/usr/lib -F /Users/admin/builder/spi-builder-workspace/.derivedData/Build/Products/Debug-watchos/PackageFrameworks -F /Users/admin/builder/spi-builder-workspace/.derivedData/Build/Products/Debug-watchos -F /Applications/Xcode-27.0.0-Release.Candidate.app/Contents/Developer/Platforms/WatchOS.platform/Developer/Library/Frameworks -F /Applications/Xcode-27.0.0-Release.Candidate.app/Contents/Developer/Platforms/WatchOS.platform/Developer/SDKs/WatchOS27.0.sdk/Developer/Library/Frameworks -module-cache-path /Users/admin/builder/spi-builder-workspace/.derivedData/ModuleCache.noindex -no-color-diagnostics -Xcc -fno-color-diagnostics -enable-testing -g -debug-info-format\=dwarf -dwarf-version\=4 -profile-generate -profile-coverage-mapping -swift-version 4 -Onone -D SWIFT_PACKAGE -D DEBUG -D SWIFT_MODULE_RESOURCE_BUNDLE_UNAVAILABLE -D Xcode -serialize-debugging-options -enable-experimental-feature DebugDescriptionMacro -empty-abi-descriptor -plugin-path /Applications/Xcode-27.0.0-Release.Candidate.app/Contents/Developer/Toolchains/XcodeDefault.xctoolchain/usr/lib/swift/host/plugins/testing -validate-clang-modules-once -clang-build-session-file /Users/admin/builder/spi-builder-workspace/.derivedData/ModuleCache.noindex/Session.modulevalidation -Xcc -working-directory -Xcc /Users/admin/builder/spi-builder-workspace/.swiftpm/xcode -enable-anonymous-context-mangled-names -file-compilation-dir /Users/admin/builder/spi-builder-workspace/.swiftpm/xcode -Xcc -D_LIBCPP_HARDENING_MODE\=_LIBCPP_HARDENING_MODE_DEBUG -Xcc -ivfsstatcache -Xcc /Users/admin/builder/spi-builder-workspace/.derivedData/SDKStatCaches.noindex/watchos27.0-24R360-e829b21a6f8c9b70876ba0858053c04477534ef55a1706bf4c1112bbb242f0a2.sdkstatcache -Xcc -fmodules-prune-interval\=86400 -Xcc -fmodules-prune-after\=345600 -Xcc -I/Users/admin/builder/spi-builder-workspace/.derivedData/Build/Products/Debug-watchos/include -Xcc -I/Users/admin/builder/spi-builder-workspace/.derivedData/Build/Intermediates.noindex/Run.build/Debug-watchos/Run-t.build/DerivedSources-normal/arm64_32 -Xcc -I/Users/admin/builder/spi-builder-workspace/.derivedData/Build/Intermediates.noindex/Run.build/Debug-watchos/Run-t.build/DerivedSources/arm64_32 -Xcc -I/Users/admin/builder/spi-builder-workspace/.derivedData/Build/Intermediates.noindex/Run.build/Debug-watchos/Run-t.build/DerivedSources -Xcc -DSWIFT_PACKAGE -Xcc -DDEBUG\=1 -no-auto-bridging-header-chaining -module-name Run -const-gather-protocols-file /Users/admin/builder/spi-builder-workspace/.derivedData/Build/Intermediates.noindex/Run.build/Debug-watchos/Run-t.build/Objects-normal/arm64_32/Run_const_extract_protocols.json -disable-clang-spi -target-sdk-version 27.0 -target-sdk-name watchos27.0 -external-plugin-path /Applications/Xcode-27.0.0-Release.Candidate.app/Contents/Developer/Platforms/WatchOS.platform/Developer/usr/lib/swift/host/plugins\#/Applications/Xcode-27.0.0-Release.Candidate.app/Contents/Developer/Platforms/WatchOS.platform/Developer/usr/bin/swift-plugin-server -external-plugin-path /Applications/Xcode-27.0.0-Release.Candidate.app/Contents/Developer/Platforms/WatchOS.platform/Developer/usr/local/lib/swift/host/plugins\#/Applications/Xcode-27.0.0-Release.Candidate.app/Contents/Developer/Platforms/WatchOS.platform/Developer/usr/bin/swift-plugin-server -in-process-plugin-server-path /Applications/Xcode-27.0.0-Release.Candidate.app/Contents/Developer/Toolchains/XcodeDefault.xctoolchain/usr/lib/swift/host/libSwiftInProcPluginServer.dylib -plugin-path /Applications/Xcode-27.0.0-Release.Candidate.app/Contents/Developer/Toolchains/XcodeDefault.xctoolchain/usr/lib/swift/host/plugins -plugin-path /Applications/Xcode-27.0.0-Release.Candidate.app/Contents/Developer/Toolchains/XcodeDefault.xctoolchain/usr/local/lib/swift/host/plugins -parse-as-library -o /Users/admin/builder/spi-builder-workspace/.derivedData/Build/Intermediates.noindex/Run.build/Debug-watchos/Run-t.build/Objects-normal/arm64_32/CommandExecutor.o -index-unit-output-path /Run.build/Debug-watchos/Run-t.build/Objects-normal/arm64_32/CommandExecutor.o -index-store-path /Users/admin/builder/spi-builder-workspace/.derivedData/Index.noindex/DataStore -index-system-modules
SwiftCompile normal arm64_32 /Users/admin/builder/spi-builder-workspace/Sources/Run/CommandExecutor.swift (in target 'Run' from project 'Run')
    cd /Users/admin/builder/spi-builder-workspace/.swiftpm/xcode
    builtin-SwiftPerFileCompile CommandExecutor.swift
SwiftDriverJobDiscovery normal arm64 Emitting module for Run (in target 'Run' from project 'Run')
SwiftDriver\ Compilation\ Requirements Run normal arm64 com.apple.xcode.tools.swift.compiler (in target 'Run' from project 'Run')
    cd /Users/admin/builder/spi-builder-workspace/.swiftpm/xcode
    builtin-Swift-Compilation-Requirements -- /Applications/Xcode-27.0.0-Release.Candidate.app/Contents/Developer/Toolchains/XcodeDefault.xctoolchain/usr/bin/swiftc -parse-as-library -module-name Run -Onone @/Users/admin/builder/spi-builder-workspace/.derivedData/Build/Intermediates.noindex/Run.build/Debug-watchos/Run-t.build/Objects-normal/arm64/Run.SwiftFileList -DSWIFT_PACKAGE -DDEBUG -DSWIFT_MODULE_RESOURCE_BUNDLE_UNAVAILABLE -DXcode -plugin-path /Applications/Xcode-27.0.0-Release.Candidate.app/Contents/Developer/Toolchains/XcodeDefault.xctoolchain/usr/lib/swift/host/plugins/testing -enable-experimental-feature DebugDescriptionMacro -sdk /Applications/Xcode-27.0.0-Release.Candidate.app/Contents/Developer/Platforms/WatchOS.platform/Developer/SDKs/WatchOS27.0.sdk -target arm64-apple-watchos9.0 -g -module-cache-path /Users/admin/builder/spi-builder-workspace/.derivedData/ModuleCache.noindex -Xfrontend -serialize-debugging-options -profile-coverage-mapping -profile-generate -enable-testing -index-store-path /Users/admin/builder/spi-builder-workspace/.derivedData/Index.noindex/DataStore -Xcc -D_LIBCPP_HARDENING_MODE\=_LIBCPP_HARDENING_MODE_DEBUG -swift-version 4 -I /Users/admin/builder/spi-builder-workspace/.derivedData/Build/Products/Debug-watchos -Isystem /Applications/Xcode-27.0.0-Release.Candidate.app/Contents/Developer/Platforms/WatchOS.platform/Developer/usr/lib -F /Users/admin/builder/spi-builder-workspace/.derivedData/Build/Products/Debug-watchos/PackageFrameworks -F /Users/admin/builder/spi-builder-workspace/.derivedData/Build/Products/Debug-watchos -F /Applications/Xcode-27.0.0-Release.Candidate.app/Contents/Developer/Platforms/WatchOS.platform/Developer/Library/Frameworks -F /Applications/Xcode-27.0.0-Release.Candidate.app/Contents/Developer/Platforms/WatchOS.platform/Developer/SDKs/WatchOS27.0.sdk/Developer/Library/Frameworks -c -j10 -enable-batch-mode -incremental -Xcc -ivfsstatcache -Xcc /Users/admin/builder/spi-builder-workspace/.derivedData/SDKStatCaches.noindex/watchos27.0-24R360-e829b21a6f8c9b70876ba0858053c04477534ef55a1706bf4c1112bbb242f0a2.sdkstatcache -output-file-map /Users/admin/builder/spi-builder-workspace/.derivedData/Build/Intermediates.noindex/Run.build/Debug-watchos/Run-t.build/Objects-normal/arm64/Run-OutputFileMap.json -save-temps -no-color-diagnostics -emit-dependencies -emit-module -emit-module-path /Users/admin/builder/spi-builder-workspace/.derivedData/Build/Intermediates.noindex/Run.build/Debug-watchos/Run-t.build/Objects-normal/arm64/Run.swiftmodule -serialize-diagnostics -validate-clang-modules-once -clang-build-session-file /Users/admin/builder/spi-builder-workspace/.derivedData/ModuleCache.noindex/Session.modulevalidation -Xcc -fmodules-prune-interval\=86400 -Xcc -fmodules-prune-after\=345600 -emit-const-values -const-gather-protocols-list /Users/admin/builder/spi-builder-workspace/.derivedData/Build/Intermediates.noindex/Run.build/Debug-watchos/Run-t.build/Objects-normal/arm64/Run_const_extract_protocols.json -Xcc -I/Users/admin/builder/spi-builder-workspace/.derivedData/Build/Products/Debug-watchos/include -Xcc -I/Users/admin/builder/spi-builder-workspace/.derivedData/Build/Intermediates.noindex/Run.build/Debug-watchos/Run-t.build/DerivedSources-normal/arm64 -Xcc -I/Users/admin/builder/spi-builder-workspace/.derivedData/Build/Intermediates.noindex/Run.build/Debug-watchos/Run-t.build/DerivedSources/arm64 -Xcc -I/Users/admin/builder/spi-builder-workspace/.derivedData/Build/Intermediates.noindex/Run.build/Debug-watchos/Run-t.build/DerivedSources -Xcc -DSWIFT_PACKAGE -Xcc -DDEBUG\=1 -emit-objc-header -emit-objc-header-path /Users/admin/builder/spi-builder-workspace/.derivedData/Build/Intermediates.noindex/Run.build/Debug-watchos/Run-t.build/Objects-normal/arm64/Run-Swift.h -working-directory /Users/admin/builder/spi-builder-workspace/.swiftpm/xcode -experimental-emit-module-separately -disable-cmo
SwiftDriverJobDiscovery normal arm64_32 Emitting module for Run (in target 'Run' from project 'Run')
SwiftDriver\ Compilation\ Requirements Run normal arm64_32 com.apple.xcode.tools.swift.compiler (in target 'Run' from project 'Run')
    cd /Users/admin/builder/spi-builder-workspace/.swiftpm/xcode
    builtin-Swift-Compilation-Requirements -- /Applications/Xcode-27.0.0-Release.Candidate.app/Contents/Developer/Toolchains/XcodeDefault.xctoolchain/usr/bin/swiftc -parse-as-library -module-name Run -Onone @/Users/admin/builder/spi-builder-workspace/.derivedData/Build/Intermediates.noindex/Run.build/Debug-watchos/Run-t.build/Objects-normal/arm64_32/Run.SwiftFileList -DSWIFT_PACKAGE -DDEBUG -DSWIFT_MODULE_RESOURCE_BUNDLE_UNAVAILABLE -DXcode -plugin-path /Applications/Xcode-27.0.0-Release.Candidate.app/Contents/Developer/Toolchains/XcodeDefault.xctoolchain/usr/lib/swift/host/plugins/testing -enable-experimental-feature DebugDescriptionMacro -sdk /Applications/Xcode-27.0.0-Release.Candidate.app/Contents/Developer/Platforms/WatchOS.platform/Developer/SDKs/WatchOS27.0.sdk -target arm64_32-apple-watchos9.0 -g -module-cache-path /Users/admin/builder/spi-builder-workspace/.derivedData/ModuleCache.noindex -Xfrontend -serialize-debugging-options -profile-coverage-mapping -profile-generate -enable-testing -index-store-path /Users/admin/builder/spi-builder-workspace/.derivedData/Index.noindex/DataStore -Xcc -D_LIBCPP_HARDENING_MODE\=_LIBCPP_HARDENING_MODE_DEBUG -swift-version 4 -I /Users/admin/builder/spi-builder-workspace/.derivedData/Build/Products/Debug-watchos -Isystem /Applications/Xcode-27.0.0-Release.Candidate.app/Contents/Developer/Platforms/WatchOS.platform/Developer/usr/lib -F /Users/admin/builder/spi-builder-workspace/.derivedData/Build/Products/Debug-watchos/PackageFrameworks -F /Users/admin/builder/spi-builder-workspace/.derivedData/Build/Products/Debug-watchos -F /Applications/Xcode-27.0.0-Release.Candidate.app/Contents/Developer/Platforms/WatchOS.platform/Developer/Library/Frameworks -F /Applications/Xcode-27.0.0-Release.Candidate.app/Contents/Developer/Platforms/WatchOS.platform/Developer/SDKs/WatchOS27.0.sdk/Developer/Library/Frameworks -c -j10 -enable-batch-mode -incremental -Xcc -ivfsstatcache -Xcc /Users/admin/builder/spi-builder-workspace/.derivedData/SDKStatCaches.noindex/watchos27.0-24R360-e829b21a6f8c9b70876ba0858053c04477534ef55a1706bf4c1112bbb242f0a2.sdkstatcache -output-file-map /Users/admin/builder/spi-builder-workspace/.derivedData/Build/Intermediates.noindex/Run.build/Debug-watchos/Run-t.build/Objects-normal/arm64_32/Run-OutputFileMap.json -save-temps -no-color-diagnostics -emit-dependencies -emit-module -emit-module-path /Users/admin/builder/spi-builder-workspace/.derivedData/Build/Intermediates.noindex/Run.build/Debug-watchos/Run-t.build/Objects-normal/arm64_32/Run.swiftmodule -serialize-diagnostics -validate-clang-modules-once -clang-build-session-file /Users/admin/builder/spi-builder-workspace/.derivedData/ModuleCache.noindex/Session.modulevalidation -Xcc -fmodules-prune-interval\=86400 -Xcc -fmodules-prune-after\=345600 -emit-const-values -const-gather-protocols-list /Users/admin/builder/spi-builder-workspace/.derivedData/Build/Intermediates.noindex/Run.build/Debug-watchos/Run-t.build/Objects-normal/arm64_32/Run_const_extract_protocols.json -Xcc -I/Users/admin/builder/spi-builder-workspace/.derivedData/Build/Products/Debug-watchos/include -Xcc -I/Users/admin/builder/spi-builder-workspace/.derivedData/Build/Intermediates.noindex/Run.build/Debug-watchos/Run-t.build/DerivedSources-normal/arm64_32 -Xcc -I/Users/admin/builder/spi-builder-workspace/.derivedData/Build/Intermediates.noindex/Run.build/Debug-watchos/Run-t.build/DerivedSources/arm64_32 -Xcc -I/Users/admin/builder/spi-builder-workspace/.derivedData/Build/Intermediates.noindex/Run.build/Debug-watchos/Run-t.build/DerivedSources -Xcc -DSWIFT_PACKAGE -Xcc -DDEBUG\=1 -emit-objc-header -emit-objc-header-path /Users/admin/builder/spi-builder-workspace/.derivedData/Build/Intermediates.noindex/Run.build/Debug-watchos/Run-t.build/Objects-normal/arm64_32/Run-Swift.h -working-directory /Users/admin/builder/spi-builder-workspace/.swiftpm/xcode -experimental-emit-module-separately -disable-cmo
SwiftDriverJobDiscovery normal arm64 Compiling RunnerSettings.swift (in target 'Run' from project 'Run')
SwiftCompile normal arm64 Compiling\ RunResults.swift /Users/admin/builder/spi-builder-workspace/Sources/Run/RunResults.swift (in target 'Run' from project 'Run')
SwiftCompile normal arm64 /Users/admin/builder/spi-builder-workspace/Sources/Run/RunResults.swift (in target 'Run' from project 'Run')
    cd /Users/admin/builder/spi-builder-workspace/.swiftpm/xcode
    builtin-SwiftPerFileCompile RunResults.swift
Copy /Users/admin/builder/spi-builder-workspace/.derivedData/Build/Products/Debug-watchos/Run.swiftmodule/arm64-apple-watchos.swiftmodule /Users/admin/builder/spi-builder-workspace/.derivedData/Build/Intermediates.noindex/Run.build/Debug-watchos/Run-t.build/Objects-normal/arm64/Run.swiftmodule (in target 'Run' from project 'Run')
    cd /Users/admin/builder/spi-builder-workspace
    builtin-copy -exclude .DS_Store -exclude CVS -exclude .svn -exclude .git -exclude .hg -resolve-src-symlinks -rename /Users/admin/builder/spi-builder-workspace/.derivedData/Build/Intermediates.noindex/Run.build/Debug-watchos/Run-t.build/Objects-normal/arm64/Run.swiftmodule /Users/admin/builder/spi-builder-workspace/.derivedData/Build/Products/Debug-watchos/Run.swiftmodule/arm64-apple-watchos.swiftmodule
SwiftMergeGeneratedHeaders /Users/admin/builder/spi-builder-workspace/.derivedData/Build/Intermediates.noindex/GeneratedModuleMaps-watchos/Run-Swift.h /Users/admin/builder/spi-builder-workspace/.derivedData/Build/Intermediates.noindex/Run.build/Debug-watchos/Run-t.build/Objects-normal/arm64/Run-Swift.h /Users/admin/builder/spi-builder-workspace/.derivedData/Build/Intermediates.noindex/Run.build/Debug-watchos/Run-t.build/Objects-normal/arm64_32/Run-Swift.h (in target 'Run' from project 'Run')
    cd /Users/admin/builder/spi-builder-workspace
    builtin-swiftHeaderTool -arch arm64 /Users/admin/builder/spi-builder-workspace/.derivedData/Build/Intermediates.noindex/Run.build/Debug-watchos/Run-t.build/Objects-normal/arm64/Run-Swift.h -arch arm64_32 /Users/admin/builder/spi-builder-workspace/.derivedData/Build/Intermediates.noindex/Run.build/Debug-watchos/Run-t.build/Objects-normal/arm64_32/Run-Swift.h -o /Users/admin/builder/spi-builder-workspace/.derivedData/Build/Intermediates.noindex/GeneratedModuleMaps-watchos/Run-Swift.h
Copy /Users/admin/builder/spi-builder-workspace/.derivedData/Build/Products/Debug-watchos/Run.swiftmodule/arm64_32-apple-watchos.swiftmodule /Users/admin/builder/spi-builder-workspace/.derivedData/Build/Intermediates.noindex/Run.build/Debug-watchos/Run-t.build/Objects-normal/arm64_32/Run.swiftmodule (in target 'Run' from project 'Run')
    cd /Users/admin/builder/spi-builder-workspace
    builtin-copy -exclude .DS_Store -exclude CVS -exclude .svn -exclude .git -exclude .hg -resolve-src-symlinks -rename /Users/admin/builder/spi-builder-workspace/.derivedData/Build/Intermediates.noindex/Run.build/Debug-watchos/Run-t.build/Objects-normal/arm64_32/Run.swiftmodule /Users/admin/builder/spi-builder-workspace/.derivedData/Build/Products/Debug-watchos/Run.swiftmodule/arm64_32-apple-watchos.swiftmodule
Copy /Users/admin/builder/spi-builder-workspace/.derivedData/Build/Products/Debug-watchos/Run.swiftmodule/arm64_32-apple-watchos.swiftdoc /Users/admin/builder/spi-builder-workspace/.derivedData/Build/Intermediates.noindex/Run.build/Debug-watchos/Run-t.build/Objects-normal/arm64_32/Run.swiftdoc (in target 'Run' from project 'Run')
    cd /Users/admin/builder/spi-builder-workspace
    builtin-copy -exclude .DS_Store -exclude CVS -exclude .svn -exclude .git -exclude .hg -resolve-src-symlinks -rename /Users/admin/builder/spi-builder-workspace/.derivedData/Build/Intermediates.noindex/Run.build/Debug-watchos/Run-t.build/Objects-normal/arm64_32/Run.swiftdoc /Users/admin/builder/spi-builder-workspace/.derivedData/Build/Products/Debug-watchos/Run.swiftmodule/arm64_32-apple-watchos.swiftdoc
Copy /Users/admin/builder/spi-builder-workspace/.derivedData/Build/Products/Debug-watchos/Run.swiftmodule/arm64_32-apple-watchos.abi.json /Users/admin/builder/spi-builder-workspace/.derivedData/Build/Intermediates.noindex/Run.build/Debug-watchos/Run-t.build/Objects-normal/arm64_32/Run.abi.json (in target 'Run' from project 'Run')
    cd /Users/admin/builder/spi-builder-workspace
    builtin-copy -exclude .DS_Store -exclude CVS -exclude .svn -exclude .git -exclude .hg -resolve-src-symlinks -rename /Users/admin/builder/spi-builder-workspace/.derivedData/Build/Intermediates.noindex/Run.build/Debug-watchos/Run-t.build/Objects-normal/arm64_32/Run.abi.json /Users/admin/builder/spi-builder-workspace/.derivedData/Build/Products/Debug-watchos/Run.swiftmodule/arm64_32-apple-watchos.abi.json
Copy /Users/admin/builder/spi-builder-workspace/.derivedData/Build/Products/Debug-watchos/Run.swiftmodule/arm64-apple-watchos.swiftdoc /Users/admin/builder/spi-builder-workspace/.derivedData/Build/Intermediates.noindex/Run.build/Debug-watchos/Run-t.build/Objects-normal/arm64/Run.swiftdoc (in target 'Run' from project 'Run')
    cd /Users/admin/builder/spi-builder-workspace
    builtin-copy -exclude .DS_Store -exclude CVS -exclude .svn -exclude .git -exclude .hg -resolve-src-symlinks -rename /Users/admin/builder/spi-builder-workspace/.derivedData/Build/Intermediates.noindex/Run.build/Debug-watchos/Run-t.build/Objects-normal/arm64/Run.swiftdoc /Users/admin/builder/spi-builder-workspace/.derivedData/Build/Products/Debug-watchos/Run.swiftmodule/arm64-apple-watchos.swiftdoc
Copy /Users/admin/builder/spi-builder-workspace/.derivedData/Build/Products/Debug-watchos/Run.swiftmodule/arm64-apple-watchos.abi.json /Users/admin/builder/spi-builder-workspace/.derivedData/Build/Intermediates.noindex/Run.build/Debug-watchos/Run-t.build/Objects-normal/arm64/Run.abi.json (in target 'Run' from project 'Run')
    cd /Users/admin/builder/spi-builder-workspace
    builtin-copy -exclude .DS_Store -exclude CVS -exclude .svn -exclude .git -exclude .hg -resolve-src-symlinks -rename /Users/admin/builder/spi-builder-workspace/.derivedData/Build/Intermediates.noindex/Run.build/Debug-watchos/Run-t.build/Objects-normal/arm64/Run.abi.json /Users/admin/builder/spi-builder-workspace/.derivedData/Build/Products/Debug-watchos/Run.swiftmodule/arm64-apple-watchos.abi.json
Copy /Users/admin/builder/spi-builder-workspace/.derivedData/Build/Products/Debug-watchos/Run.swiftmodule/Project/arm64_32-apple-watchos.swiftsourceinfo /Users/admin/builder/spi-builder-workspace/.derivedData/Build/Intermediates.noindex/Run.build/Debug-watchos/Run-t.build/Objects-normal/arm64_32/Run.swiftsourceinfo (in target 'Run' from project 'Run')
    cd /Users/admin/builder/spi-builder-workspace
    builtin-copy -exclude .DS_Store -exclude CVS -exclude .svn -exclude .git -exclude .hg -resolve-src-symlinks -rename /Users/admin/builder/spi-builder-workspace/.derivedData/Build/Intermediates.noindex/Run.build/Debug-watchos/Run-t.build/Objects-normal/arm64_32/Run.swiftsourceinfo /Users/admin/builder/spi-builder-workspace/.derivedData/Build/Products/Debug-watchos/Run.swiftmodule/Project/arm64_32-apple-watchos.swiftsourceinfo
Copy /Users/admin/builder/spi-builder-workspace/.derivedData/Build/Products/Debug-watchos/Run.swiftmodule/Project/arm64-apple-watchos.swiftsourceinfo /Users/admin/builder/spi-builder-workspace/.derivedData/Build/Intermediates.noindex/Run.build/Debug-watchos/Run-t.build/Objects-normal/arm64/Run.swiftsourceinfo (in target 'Run' from project 'Run')
    cd /Users/admin/builder/spi-builder-workspace
    builtin-copy -exclude .DS_Store -exclude CVS -exclude .svn -exclude .git -exclude .hg -resolve-src-symlinks -rename /Users/admin/builder/spi-builder-workspace/.derivedData/Build/Intermediates.noindex/Run.build/Debug-watchos/Run-t.build/Objects-normal/arm64/Run.swiftsourceinfo /Users/admin/builder/spi-builder-workspace/.derivedData/Build/Products/Debug-watchos/Run.swiftmodule/Project/arm64-apple-watchos.swiftsourceinfo
SwiftCompile normal arm64 Compiling\ Runner.swift /Users/admin/builder/spi-builder-workspace/Sources/Run/Runner.swift (in target 'Run' from project 'Run')
SwiftCompile normal arm64 /Users/admin/builder/spi-builder-workspace/Sources/Run/Runner.swift (in target 'Run' from project 'Run')
    cd /Users/admin/builder/spi-builder-workspace/.swiftpm/xcode
    builtin-SwiftPerFileCompile Runner.swift
SwiftDriverJobDiscovery normal arm64_32 Compiling ProcessInfo.swift (in target 'Args' from project 'Args')
SwiftCompile normal arm64_32 Compiling\ RunResults.swift /Users/admin/builder/spi-builder-workspace/Sources/Run/RunResults.swift (in target 'Run' from project 'Run')
SwiftCompile normal arm64_32 /Users/admin/builder/spi-builder-workspace/Sources/Run/RunResults.swift (in target 'Run' from project 'Run')
    cd /Users/admin/builder/spi-builder-workspace/.swiftpm/xcode
    builtin-SwiftPerFileCompile RunResults.swift
SwiftDriverJobDiscovery normal arm64 Compiling ProcessInfo.swift (in target 'Args' from project 'Args')
SwiftCompile normal arm64_32 Compiling\ RunnerSettings.swift /Users/admin/builder/spi-builder-workspace/Sources/Run/RunnerSettings.swift (in target 'Run' from project 'Run')
SwiftCompile normal arm64_32 /Users/admin/builder/spi-builder-workspace/Sources/Run/RunnerSettings.swift (in target 'Run' from project 'Run')
    cd /Users/admin/builder/spi-builder-workspace/.swiftpm/xcode
    builtin-SwiftPerFileCompile RunnerSettings.swift
SwiftDriverJobDiscovery normal arm64_32 Compiling ShortHandRunner.swift (in target 'Run' from project 'Run')
SwiftCompile normal arm64_32 Compiling\ Runner.swift /Users/admin/builder/spi-builder-workspace/Sources/Run/Runner.swift (in target 'Run' from project 'Run')
SwiftCompile normal arm64_32 /Users/admin/builder/spi-builder-workspace/Sources/Run/Runner.swift (in target 'Run' from project 'Run')
    cd /Users/admin/builder/spi-builder-workspace/.swiftpm/xcode
    builtin-SwiftPerFileCompile Runner.swift
SwiftDriverJobDiscovery normal arm64 Compiling Argument.swift (in target 'Args' from project 'Args')
SwiftCompile normal arm64_32 Compiling\ TaskPipe.swift /Users/admin/builder/spi-builder-workspace/Sources/Run/TaskPipe.swift (in target 'Run' from project 'Run')
SwiftCompile normal arm64_32 /Users/admin/builder/spi-builder-workspace/Sources/Run/TaskPipe.swift (in target 'Run' from project 'Run')
    cd /Users/admin/builder/spi-builder-workspace/.swiftpm/xcode
    builtin-SwiftPerFileCompile TaskPipe.swift
SwiftDriver\ Compilation Prompt normal arm64_32 com.apple.xcode.tools.swift.compiler (in target 'Prompt' from project 'Prompt')
    cd /Users/admin/builder/spi-builder-workspace/.swiftpm/xcode
    builtin-Swift-Compilation -- /Applications/Xcode-27.0.0-Release.Candidate.app/Contents/Developer/Toolchains/XcodeDefault.xctoolchain/usr/bin/swiftc -parse-as-library -module-name Prompt -Onone @/Users/admin/builder/spi-builder-workspace/.derivedData/Build/Intermediates.noindex/Prompt.build/Debug-watchos/Prompt-t.build/Objects-normal/arm64_32/Prompt.SwiftFileList -DSWIFT_PACKAGE -DDEBUG -DSWIFT_MODULE_RESOURCE_BUNDLE_UNAVAILABLE -DXcode -plugin-path /Applications/Xcode-27.0.0-Release.Candidate.app/Contents/Developer/Toolchains/XcodeDefault.xctoolchain/usr/lib/swift/host/plugins/testing -enable-experimental-feature DebugDescriptionMacro -sdk /Applications/Xcode-27.0.0-Release.Candidate.app/Contents/Developer/Platforms/WatchOS.platform/Developer/SDKs/WatchOS27.0.sdk -target arm64_32-apple-watchos9.0 -g -module-cache-path /Users/admin/builder/spi-builder-workspace/.derivedData/ModuleCache.noindex -Xfrontend -serialize-debugging-options -profile-coverage-mapping -profile-generate -enable-testing -suppress-warnings -index-store-path /Users/admin/builder/spi-builder-workspace/.derivedData/Index.noindex/DataStore -Xcc -D_LIBCPP_HARDENING_MODE\=_LIBCPP_HARDENING_MODE_DEBUG -swift-version 4 -I /Users/admin/builder/spi-builder-workspace/.derivedData/Build/Products/Debug-watchos -Isystem /Applications/Xcode-27.0.0-Release.Candidate.app/Contents/Developer/Platforms/WatchOS.platform/Developer/usr/lib -F /Users/admin/builder/spi-builder-workspace/.derivedData/Build/Products/Debug-watchos/PackageFrameworks -F /Users/admin/builder/spi-builder-workspace/.derivedData/Build/Products/Debug-watchos -F /Applications/Xcode-27.0.0-Release.Candidate.app/Contents/Developer/Platforms/WatchOS.platform/Developer/Library/Frameworks -F /Applications/Xcode-27.0.0-Release.Candidate.app/Contents/Developer/Platforms/WatchOS.platform/Developer/SDKs/WatchOS27.0.sdk/Developer/Library/Frameworks -c -j10 -enable-batch-mode -incremental -Xcc -ivfsstatcache -Xcc /Users/admin/builder/spi-builder-workspace/.derivedData/SDKStatCaches.noindex/watchos27.0-24R360-e829b21a6f8c9b70876ba0858053c04477534ef55a1706bf4c1112bbb242f0a2.sdkstatcache -output-file-map /Users/admin/builder/spi-builder-workspace/.derivedData/Build/Intermediates.noindex/Prompt.build/Debug-watchos/Prompt-t.build/Objects-normal/arm64_32/Prompt-OutputFileMap.json -save-temps -no-color-diagnostics -emit-dependencies -emit-module -emit-module-path /Users/admin/builder/spi-builder-workspace/.derivedData/Build/Intermediates.noindex/Prompt.build/Debug-watchos/Prompt-t.build/Objects-normal/arm64_32/Prompt.swiftmodule -serialize-diagnostics -validate-clang-modules-once -clang-build-session-file /Users/admin/builder/spi-builder-workspace/.derivedData/ModuleCache.noindex/Session.modulevalidation -Xcc -fmodules-prune-interval\=86400 -Xcc -fmodules-prune-after\=345600 -emit-const-values -const-gather-protocols-list /Users/admin/builder/spi-builder-workspace/.derivedData/Build/Intermediates.noindex/Prompt.build/Debug-watchos/Prompt-t.build/Objects-normal/arm64_32/Prompt_const_extract_protocols.json -Xcc -I/Users/admin/builder/spi-builder-workspace/.derivedData/Build/Products/Debug-watchos/include -Xcc -I/Users/admin/builder/spi-builder-workspace/.derivedData/Build/Intermediates.noindex/Prompt.build/Debug-watchos/Prompt-t.build/DerivedSources-normal/arm64_32 -Xcc -I/Users/admin/builder/spi-builder-workspace/.derivedData/Build/Intermediates.noindex/Prompt.build/Debug-watchos/Prompt-t.build/DerivedSources/arm64_32 -Xcc -I/Users/admin/builder/spi-builder-workspace/.derivedData/Build/Intermediates.noindex/Prompt.build/Debug-watchos/Prompt-t.build/DerivedSources -Xcc -DSWIFT_PACKAGE -Xcc -DDEBUG\=1 -emit-objc-header -emit-objc-header-path /Users/admin/builder/spi-builder-workspace/.derivedData/Build/Intermediates.noindex/Prompt.build/Debug-watchos/Prompt-t.build/Objects-normal/arm64_32/Prompt-Swift.h -working-directory /Users/admin/builder/spi-builder-workspace/.swiftpm/xcode -experimental-emit-module-separately -disable-cmo
SwiftDriverJobDiscovery normal arm64_32 Compiling Argument.swift (in target 'Args' from project 'Args')
SwiftDriver\ Compilation Args normal arm64 com.apple.xcode.tools.swift.compiler (in target 'Args' from project 'Args')
    cd /Users/admin/builder/spi-builder-workspace/.swiftpm/xcode
    builtin-Swift-Compilation -- /Applications/Xcode-27.0.0-Release.Candidate.app/Contents/Developer/Toolchains/XcodeDefault.xctoolchain/usr/bin/swiftc -parse-as-library -module-name Args -Onone @/Users/admin/builder/spi-builder-workspace/.derivedData/Build/Intermediates.noindex/Args.build/Debug-watchos/Args-t.build/Objects-normal/arm64/Args.SwiftFileList -DSWIFT_PACKAGE -DDEBUG -DSWIFT_MODULE_RESOURCE_BUNDLE_UNAVAILABLE -DXcode -plugin-path /Applications/Xcode-27.0.0-Release.Candidate.app/Contents/Developer/Toolchains/XcodeDefault.xctoolchain/usr/lib/swift/host/plugins/testing -enable-experimental-feature DebugDescriptionMacro -sdk /Applications/Xcode-27.0.0-Release.Candidate.app/Contents/Developer/Platforms/WatchOS.platform/Developer/SDKs/WatchOS27.0.sdk -target arm64-apple-watchos9.0 -g -module-cache-path /Users/admin/builder/spi-builder-workspace/.derivedData/ModuleCache.noindex -Xfrontend -serialize-debugging-options -profile-coverage-mapping -profile-generate -enable-testing -suppress-warnings -index-store-path /Users/admin/builder/spi-builder-workspace/.derivedData/Index.noindex/DataStore -Xcc -D_LIBCPP_HARDENING_MODE\=_LIBCPP_HARDENING_MODE_DEBUG -swift-version 4 -I /Users/admin/builder/spi-builder-workspace/.derivedData/Build/Products/Debug-watchos -Isystem /Applications/Xcode-27.0.0-Release.Candidate.app/Contents/Developer/Platforms/WatchOS.platform/Developer/usr/lib -F /Users/admin/builder/spi-builder-workspace/.derivedData/Build/Products/Debug-watchos -F /Applications/Xcode-27.0.0-Release.Candidate.app/Contents/Developer/Platforms/WatchOS.platform/Developer/Library/Frameworks -F /Applications/Xcode-27.0.0-Release.Candidate.app/Contents/Developer/Platforms/WatchOS.platform/Developer/SDKs/WatchOS27.0.sdk/Developer/Library/Frameworks -c -j10 -enable-batch-mode -incremental -Xcc -ivfsstatcache -Xcc /Users/admin/builder/spi-builder-workspace/.derivedData/SDKStatCaches.noindex/watchos27.0-24R360-e829b21a6f8c9b70876ba0858053c04477534ef55a1706bf4c1112bbb242f0a2.sdkstatcache -output-file-map /Users/admin/builder/spi-builder-workspace/.derivedData/Build/Intermediates.noindex/Args.build/Debug-watchos/Args-t.build/Objects-normal/arm64/Args-OutputFileMap.json -save-temps -no-color-diagnostics -emit-dependencies -emit-module -emit-module-path /Users/admin/builder/spi-builder-workspace/.derivedData/Build/Intermediates.noindex/Args.build/Debug-watchos/Args-t.build/Objects-normal/arm64/Args.swiftmodule -serialize-diagnostics -validate-clang-modules-once -clang-build-session-file /Users/admin/builder/spi-builder-workspace/.derivedData/ModuleCache.noindex/Session.modulevalidation -Xcc -fmodules-prune-interval\=86400 -Xcc -fmodules-prune-after\=345600 -emit-const-values -const-gather-protocols-list /Users/admin/builder/spi-builder-workspace/.derivedData/Build/Intermediates.noindex/Args.build/Debug-watchos/Args-t.build/Objects-normal/arm64/Args_const_extract_protocols.json -Xcc -I/Users/admin/builder/spi-builder-workspace/.derivedData/Build/Products/Debug-watchos/include -Xcc -I/Users/admin/builder/spi-builder-workspace/.derivedData/Build/Intermediates.noindex/Args.build/Debug-watchos/Args-t.build/DerivedSources-normal/arm64 -Xcc -I/Users/admin/builder/spi-builder-workspace/.derivedData/Build/Intermediates.noindex/Args.build/Debug-watchos/Args-t.build/DerivedSources/arm64 -Xcc -I/Users/admin/builder/spi-builder-workspace/.derivedData/Build/Intermediates.noindex/Args.build/Debug-watchos/Args-t.build/DerivedSources -Xcc -DSWIFT_PACKAGE -Xcc -DDEBUG\=1 -emit-objc-header -emit-objc-header-path /Users/admin/builder/spi-builder-workspace/.derivedData/Build/Intermediates.noindex/Args.build/Debug-watchos/Args-t.build/Objects-normal/arm64/Args-Swift.h -working-directory /Users/admin/builder/spi-builder-workspace/.swiftpm/xcode -experimental-emit-module-separately -disable-cmo
SwiftDriver\ Compilation Args normal arm64_32 com.apple.xcode.tools.swift.compiler (in target 'Args' from project 'Args')
    cd /Users/admin/builder/spi-builder-workspace/.swiftpm/xcode
    builtin-Swift-Compilation -- /Applications/Xcode-27.0.0-Release.Candidate.app/Contents/Developer/Toolchains/XcodeDefault.xctoolchain/usr/bin/swiftc -parse-as-library -module-name Args -Onone @/Users/admin/builder/spi-builder-workspace/.derivedData/Build/Intermediates.noindex/Args.build/Debug-watchos/Args-t.build/Objects-normal/arm64_32/Args.SwiftFileList -DSWIFT_PACKAGE -DDEBUG -DSWIFT_MODULE_RESOURCE_BUNDLE_UNAVAILABLE -DXcode -plugin-path /Applications/Xcode-27.0.0-Release.Candidate.app/Contents/Developer/Toolchains/XcodeDefault.xctoolchain/usr/lib/swift/host/plugins/testing -enable-experimental-feature DebugDescriptionMacro -sdk /Applications/Xcode-27.0.0-Release.Candidate.app/Contents/Developer/Platforms/WatchOS.platform/Developer/SDKs/WatchOS27.0.sdk -target arm64_32-apple-watchos9.0 -g -module-cache-path /Users/admin/builder/spi-builder-workspace/.derivedData/ModuleCache.noindex -Xfrontend -serialize-debugging-options -profile-coverage-mapping -profile-generate -enable-testing -suppress-warnings -index-store-path /Users/admin/builder/spi-builder-workspace/.derivedData/Index.noindex/DataStore -Xcc -D_LIBCPP_HARDENING_MODE\=_LIBCPP_HARDENING_MODE_DEBUG -swift-version 4 -I /Users/admin/builder/spi-builder-workspace/.derivedData/Build/Products/Debug-watchos -Isystem /Applications/Xcode-27.0.0-Release.Candidate.app/Contents/Developer/Platforms/WatchOS.platform/Developer/usr/lib -F /Users/admin/builder/spi-builder-workspace/.derivedData/Build/Products/Debug-watchos -F /Applications/Xcode-27.0.0-Release.Candidate.app/Contents/Developer/Platforms/WatchOS.platform/Developer/Library/Frameworks -F /Applications/Xcode-27.0.0-Release.Candidate.app/Contents/Developer/Platforms/WatchOS.platform/Developer/SDKs/WatchOS27.0.sdk/Developer/Library/Frameworks -c -j10 -enable-batch-mode -incremental -Xcc -ivfsstatcache -Xcc /Users/admin/builder/spi-builder-workspace/.derivedData/SDKStatCaches.noindex/watchos27.0-24R360-e829b21a6f8c9b70876ba0858053c04477534ef55a1706bf4c1112bbb242f0a2.sdkstatcache -output-file-map /Users/admin/builder/spi-builder-workspace/.derivedData/Build/Intermediates.noindex/Args.build/Debug-watchos/Args-t.build/Objects-normal/arm64_32/Args-OutputFileMap.json -save-temps -no-color-diagnostics -emit-dependencies -emit-module -emit-module-path /Users/admin/builder/spi-builder-workspace/.derivedData/Build/Intermediates.noindex/Args.build/Debug-watchos/Args-t.build/Objects-normal/arm64_32/Args.swiftmodule -serialize-diagnostics -validate-clang-modules-once -clang-build-session-file /Users/admin/builder/spi-builder-workspace/.derivedData/ModuleCache.noindex/Session.modulevalidation -Xcc -fmodules-prune-interval\=86400 -Xcc -fmodules-prune-after\=345600 -emit-const-values -const-gather-protocols-list /Users/admin/builder/spi-builder-workspace/.derivedData/Build/Intermediates.noindex/Args.build/Debug-watchos/Args-t.build/Objects-normal/arm64_32/Args_const_extract_protocols.json -Xcc -I/Users/admin/builder/spi-builder-workspace/.derivedData/Build/Products/Debug-watchos/include -Xcc -I/Users/admin/builder/spi-builder-workspace/.derivedData/Build/Intermediates.noindex/Args.build/Debug-watchos/Args-t.build/DerivedSources-normal/arm64_32 -Xcc -I/Users/admin/builder/spi-builder-workspace/.derivedData/Build/Intermediates.noindex/Args.build/Debug-watchos/Args-t.build/DerivedSources/arm64_32 -Xcc -I/Users/admin/builder/spi-builder-workspace/.derivedData/Build/Intermediates.noindex/Args.build/Debug-watchos/Args-t.build/DerivedSources -Xcc -DSWIFT_PACKAGE -Xcc -DDEBUG\=1 -emit-objc-header -emit-objc-header-path /Users/admin/builder/spi-builder-workspace/.derivedData/Build/Intermediates.noindex/Args.build/Debug-watchos/Args-t.build/Objects-normal/arm64_32/Args-Swift.h -working-directory /Users/admin/builder/spi-builder-workspace/.swiftpm/xcode -experimental-emit-module-separately -disable-cmo
Ld /Users/admin/builder/spi-builder-workspace/.derivedData/Build/Intermediates.noindex/Args.build/Debug-watchos/Args-t.build/Objects-normal/arm64/Binary/Args.o normal arm64 (in target 'Args' from project 'Args')
    cd /Users/admin/builder/spi-builder-workspace/.dependencies/checkouts/Args
    /Applications/Xcode-27.0.0-Release.Candidate.app/Contents/Developer/Toolchains/XcodeDefault.xctoolchain/usr/bin/clang -Xlinker -reproducible -target arm64-apple-watchos9.0 -r -isysroot /Applications/Xcode-27.0.0-Release.Candidate.app/Contents/Developer/Platforms/WatchOS.platform/Developer/SDKs/WatchOS27.0.sdk -O0 -w -Xlinker -no_warn_duplicate_libraries -F/Users/admin/builder/spi-builder-workspace/.derivedData/Build/Intermediates.noindex/EagerLinkingTBDs/Debug-watchos -F/Users/admin/builder/spi-builder-workspace/.derivedData/Build/Products/Debug-watchos -iframework /Applications/Xcode-27.0.0-Release.Candidate.app/Contents/Developer/Platforms/WatchOS.platform/Developer/Library/Frameworks -iframework /Applications/Xcode-27.0.0-Release.Candidate.app/Contents/Developer/Platforms/WatchOS.platform/Developer/SDKs/WatchOS27.0.sdk/Developer/Library/Frameworks -filelist /Users/admin/builder/spi-builder-workspace/.derivedData/Build/Intermediates.noindex/Args.build/Debug-watchos/Args-t.build/Objects-normal/arm64/Args.LinkFileList -nostdlib -Xlinker -object_path_lto -Xlinker /Users/admin/builder/spi-builder-workspace/.derivedData/Build/Intermediates.noindex/Args.build/Debug-watchos/Args-t.build/Objects-normal/arm64/Args_lto.o -Xlinker -no_deduplicate -Xlinker -debug_variant -Xlinker -dependency_info -Xlinker /Users/admin/builder/spi-builder-workspace/.derivedData/Build/Intermediates.noindex/Args.build/Debug-watchos/Args-t.build/Objects-normal/arm64/Args_dependency_info.dat -fobjc-link-runtime -L/Applications/Xcode-27.0.0-Release.Candidate.app/Contents/Developer/Toolchains/XcodeDefault.xctoolchain/usr/lib/swift/watchos -L/usr/lib/swift -Xlinker -add_ast_path -Xlinker /Users/admin/builder/spi-builder-workspace/.derivedData/Build/Intermediates.noindex/Args.build/Debug-watchos/Args-t.build/Objects-normal/arm64/Args.swiftmodule -o /Users/admin/builder/spi-builder-workspace/.derivedData/Build/Intermediates.noindex/Args.build/Debug-watchos/Args-t.build/Objects-normal/arm64/Binary/Args.o
Ld /Users/admin/builder/spi-builder-workspace/.derivedData/Build/Intermediates.noindex/Args.build/Debug-watchos/Args-t.build/Objects-normal/arm64_32/Binary/Args.o normal arm64_32 (in target 'Args' from project 'Args')
    cd /Users/admin/builder/spi-builder-workspace/.dependencies/checkouts/Args
    /Applications/Xcode-27.0.0-Release.Candidate.app/Contents/Developer/Toolchains/XcodeDefault.xctoolchain/usr/bin/clang -Xlinker -reproducible -target arm64_32-apple-watchos9.0 -r -isysroot /Applications/Xcode-27.0.0-Release.Candidate.app/Contents/Developer/Platforms/WatchOS.platform/Developer/SDKs/WatchOS27.0.sdk -O0 -w -Xlinker -no_warn_duplicate_libraries -F/Users/admin/builder/spi-builder-workspace/.derivedData/Build/Intermediates.noindex/EagerLinkingTBDs/Debug-watchos -F/Users/admin/builder/spi-builder-workspace/.derivedData/Build/Products/Debug-watchos -iframework /Applications/Xcode-27.0.0-Release.Candidate.app/Contents/Developer/Platforms/WatchOS.platform/Developer/Library/Frameworks -iframework /Applications/Xcode-27.0.0-Release.Candidate.app/Contents/Developer/Platforms/WatchOS.platform/Developer/SDKs/WatchOS27.0.sdk/Developer/Library/Frameworks -filelist /Users/admin/builder/spi-builder-workspace/.derivedData/Build/Intermediates.noindex/Args.build/Debug-watchos/Args-t.build/Objects-normal/arm64_32/Args.LinkFileList -nostdlib -Xlinker -object_path_lto -Xlinker /Users/admin/builder/spi-builder-workspace/.derivedData/Build/Intermediates.noindex/Args.build/Debug-watchos/Args-t.build/Objects-normal/arm64_32/Args_lto.o -Xlinker -no_deduplicate -Xlinker -debug_variant -Xlinker -dependency_info -Xlinker /Users/admin/builder/spi-builder-workspace/.derivedData/Build/Intermediates.noindex/Args.build/Debug-watchos/Args-t.build/Objects-normal/arm64_32/Args_dependency_info.dat -fobjc-link-runtime -L/Applications/Xcode-27.0.0-Release.Candidate.app/Contents/Developer/Toolchains/XcodeDefault.xctoolchain/usr/lib/swift/watchos -L/usr/lib/swift -Xlinker -add_ast_path -Xlinker /Users/admin/builder/spi-builder-workspace/.derivedData/Build/Intermediates.noindex/Args.build/Debug-watchos/Args-t.build/Objects-normal/arm64_32/Args.swiftmodule -o /Users/admin/builder/spi-builder-workspace/.derivedData/Build/Intermediates.noindex/Args.build/Debug-watchos/Args-t.build/Objects-normal/arm64_32/Binary/Args.o
PruneExplicitPrecompiledModules /Users/admin/builder/spi-builder-workspace/.derivedData/Build/Intermediates.noindex/SwiftExplicitPrecompiledModules
PruneExplicitPrecompiledModules /Users/admin/builder/spi-builder-workspace/.derivedData/Build/Intermediates.noindex/ExplicitPrecompiledModules
PruneExplicitPrecompiledModules /Users/admin/builder/spi-builder-workspace/.derivedData/SDKExplicitPrecompiledModules
2026-09-16 17:17:49.583 xcodebuild[877:4947] [MT] IDERunDestination: Supported platforms for the buildables in the current scheme is empty.
** BUILD FAILED **
The following build commands failed:
	SwiftCompile normal arm64_32 Compiling\ CommandExecutor.swift /Users/admin/builder/spi-builder-workspace/Sources/Run/CommandExecutor.swift (in target 'Run' from project 'Run')
	SwiftCompile normal arm64_32 /Users/admin/builder/spi-builder-workspace/Sources/Run/CommandExecutor.swift (in target 'Run' from project 'Run')
	Building workspace Run with scheme Run
(3 failures)
Command line invocation:
    /Applications/Xcode-27.0.0-Release.Candidate.app/Contents/Developer/usr/bin/xcodebuild -IDEClonedSourcePackagesDirPathOverride=/Users/admin/builder/spi-builder-workspace/.dependencies -resolvePackageDependencies
Resolve Package Graph
Resolved source packages:
  Run: /Users/admin/builder/spi-builder-workspace
  Args: https://github.com/getGuaka/Args.git @ 0.1.1
  Nimble: https://github.com/Quick/Nimble.git @ 7.3.4
  Prompt: https://github.com/getGuaka/Prompt.git @ 0.1.1
  Quick: https://github.com/Quick/Quick.git @ 1.3.4
resolved source packages: Run, Args, Nimble, Prompt, Quick
2026-09-16 17:17:55.381 xcodebuild[975:5428] [MT] IDERunDestination: Supported platforms for the buildables in the current scheme is empty.
{
  "dependencies" : [
    {
      "identity" : "prompt",
      "requirement" : {
        "range" : [
          {
            "lower_bound" : "0.1.1",
            "upper_bound" : "1.0.0"
          }
        ]
      },
      "type" : "sourceControl",
      "url" : "https://github.com/getGuaka/Prompt.git"
    },
    {
      "identity" : "quick",
      "requirement" : {
        "range" : [
          {
            "lower_bound" : "1.3.0",
            "upper_bound" : "2.0.0"
          }
        ]
      },
      "type" : "sourceControl",
      "url" : "https://github.com/Quick/Quick.git"
    },
    {
      "identity" : "nimble",
      "requirement" : {
        "range" : [
          {
            "lower_bound" : "7.3.0",
            "upper_bound" : "8.0.0"
          }
        ]
      },
      "type" : "sourceControl",
      "url" : "https://github.com/Quick/Nimble.git"
    }
  ],
  "manifest_display_name" : "Run",
  "name" : "Run",
  "path" : "/Users/admin/builder/spi-builder-workspace",
  "platforms" : [
  ],
  "products" : [
    {
      "name" : "Run",
      "targets" : [
        "Run"
      ],
      "type" : {
        "library" : [
          "automatic"
        ]
      }
    }
  ],
  "targets" : [
    {
      "c99name" : "RunTests",
      "module_type" : "SwiftTarget",
      "name" : "RunTests",
      "path" : "Tests/RunTests",
      "product_dependencies" : [
        "Quick",
        "Nimble"
      ],
      "sources" : [
        "RunnerTests.swift",
        "XCTestManifests.swift"
      ],
      "target_dependencies" : [
        "Run"
      ],
      "type" : "test"
    },
    {
      "c99name" : "Run",
      "module_type" : "SwiftTarget",
      "name" : "Run",
      "path" : "Sources/Run",
      "product_dependencies" : [
        "Prompt"
      ],
      "product_memberships" : [
        "Run"
      ],
      "sources" : [
        "CommandExecutor.swift",
        "RunResults.swift",
        "Runner.swift",
        "RunnerSettings.swift",
        "ShortHandRunner.swift",
        "TaskPipe.swift"
      ],
      "type" : "library"
    }
  ],
  "tools_version" : "4.0"
}
{
  "workspace" : {
    "name" : "Run",
    "schemes" : [
      "Run"
    ]
  }
}
2026-09-16 17:17:56.691 xcodebuild[983:5493] [MT] IDERunDestination: Supported platforms for the buildables in the current scheme is empty.
Running build ...
env DEVELOPER_DIR=/Applications/Xcode-27.0.0-Release.Candidate.app xcrun xcodebuild -IDEClonedSourcePackagesDirPathOverride=$PWD/.dependencies -skipMacroValidation -skipPackagePluginValidation -derivedDataPath $PWD/.derivedData build -scheme Run -destination generic/platform=watchOS
Command line invocation:
    /Applications/Xcode-27.0.0-Release.Candidate.app/Contents/Developer/usr/bin/xcodebuild -IDEClonedSourcePackagesDirPathOverride=/Users/admin/builder/spi-builder-workspace/.dependencies -skipMacroValidation -skipPackagePluginValidation -derivedDataPath /Users/admin/builder/spi-builder-workspace/.derivedData build -scheme Run -destination generic/platform=watchOS
Resolve Package Graph
Resolved source packages:
  Run: /Users/admin/builder/spi-builder-workspace
  Args: https://github.com/getGuaka/Args.git @ 0.1.1
  Quick: https://github.com/Quick/Quick.git @ 1.3.4
  Nimble: https://github.com/Quick/Nimble.git @ 7.3.4
  Prompt: https://github.com/getGuaka/Prompt.git @ 0.1.1
ComputePackagePrebuildTargetDependencyGraph
Prepare packages
CreateBuildRequest
SendProjectDescription
CreateBuildOperation
ComputeTargetDependencyGraph
note: Building targets in dependency order
note: Target dependency graph (6 targets)
    Target 'Run-product' in project 'Run'
        ➜ Explicit dependency on target 'Run' in project 'Run'
        ➜ Explicit dependency on target 'Prompt-product' in project 'Prompt'
    Target 'Run' in project 'Run'
        ➜ Explicit dependency on target 'Prompt-product' in project 'Prompt'
    Target 'Prompt-product' in project 'Prompt'
        ➜ Explicit dependency on target 'Prompt' in project 'Prompt'
        ➜ Explicit dependency on target 'Args-product' in project 'Args'
    Target 'Prompt' in project 'Prompt'
        ➜ Explicit dependency on target 'Args-product' in project 'Args'
    Target 'Args-product' in project 'Args'
        ➜ Explicit dependency on target 'Args' in project 'Args'
    Target 'Args' in project 'Args' (no dependencies)
GatherProvisioningInputs
CreateBuildDescription
ClangStatCache /Applications/Xcode-27.0.0-Release.Candidate.app/Contents/Developer/Toolchains/XcodeDefault.xctoolchain/usr/bin/clang-stat-cache /Applications/Xcode-27.0.0-Release.Candidate.app/Contents/Developer/Platforms/WatchOS.platform/Developer/SDKs/WatchOS27.0.sdk /Users/admin/builder/spi-builder-workspace/.derivedData/SDKStatCaches.noindex/watchos27.0-24R360-e829b21a6f8c9b70876ba0858053c04477534ef55a1706bf4c1112bbb242f0a2.sdkstatcache
    cd /Users/admin/builder/spi-builder-workspace/.swiftpm/xcode
    /Applications/Xcode-27.0.0-Release.Candidate.app/Contents/Developer/Toolchains/XcodeDefault.xctoolchain/usr/bin/clang-stat-cache /Applications/Xcode-27.0.0-Release.Candidate.app/Contents/Developer/Platforms/WatchOS.platform/Developer/SDKs/WatchOS27.0.sdk -o /Users/admin/builder/spi-builder-workspace/.derivedData/SDKStatCaches.noindex/watchos27.0-24R360-e829b21a6f8c9b70876ba0858053c04477534ef55a1706bf4c1112bbb242f0a2.sdkstatcache
Ld /Users/admin/builder/spi-builder-workspace/.derivedData/Build/Intermediates.noindex/Args.build/Debug-watchos/Args-t.build/Objects-normal/arm64/Binary/Args.o normal arm64 (in target 'Args' from project 'Args')
    cd /Users/admin/builder/spi-builder-workspace/.dependencies/checkouts/Args
    /Applications/Xcode-27.0.0-Release.Candidate.app/Contents/Developer/Toolchains/XcodeDefault.xctoolchain/usr/bin/clang -Xlinker -reproducible -target arm64-apple-watchos9.0 -r -isysroot /Applications/Xcode-27.0.0-Release.Candidate.app/Contents/Developer/Platforms/WatchOS.platform/Developer/SDKs/WatchOS27.0.sdk -O0 -w -Xlinker -no_warn_duplicate_libraries -F/Users/admin/builder/spi-builder-workspace/.derivedData/Build/Intermediates.noindex/EagerLinkingTBDs/Debug-watchos -F/Users/admin/builder/spi-builder-workspace/.derivedData/Build/Products/Debug-watchos -iframework /Applications/Xcode-27.0.0-Release.Candidate.app/Contents/Developer/Platforms/WatchOS.platform/Developer/Library/Frameworks -iframework /Applications/Xcode-27.0.0-Release.Candidate.app/Contents/Developer/Platforms/WatchOS.platform/Developer/SDKs/WatchOS27.0.sdk/Developer/Library/Frameworks -filelist /Users/admin/builder/spi-builder-workspace/.derivedData/Build/Intermediates.noindex/Args.build/Debug-watchos/Args-t.build/Objects-normal/arm64/Args.LinkFileList -nostdlib -Xlinker -object_path_lto -Xlinker /Users/admin/builder/spi-builder-workspace/.derivedData/Build/Intermediates.noindex/Args.build/Debug-watchos/Args-t.build/Objects-normal/arm64/Args_lto.o -Xlinker -no_deduplicate -Xlinker -debug_variant -Xlinker -dependency_info -Xlinker /Users/admin/builder/spi-builder-workspace/.derivedData/Build/Intermediates.noindex/Args.build/Debug-watchos/Args-t.build/Objects-normal/arm64/Args_dependency_info.dat -fobjc-link-runtime -L/Applications/Xcode-27.0.0-Release.Candidate.app/Contents/Developer/Toolchains/XcodeDefault.xctoolchain/usr/lib/swift/watchos -L/usr/lib/swift -Xlinker -add_ast_path -Xlinker /Users/admin/builder/spi-builder-workspace/.derivedData/Build/Intermediates.noindex/Args.build/Debug-watchos/Args-t.build/Objects-normal/arm64/Args.swiftmodule -o /Users/admin/builder/spi-builder-workspace/.derivedData/Build/Intermediates.noindex/Args.build/Debug-watchos/Args-t.build/Objects-normal/arm64/Binary/Args.o
Ld /Users/admin/builder/spi-builder-workspace/.derivedData/Build/Intermediates.noindex/Args.build/Debug-watchos/Args-t.build/Objects-normal/arm64_32/Binary/Args.o normal arm64_32 (in target 'Args' from project 'Args')
    cd /Users/admin/builder/spi-builder-workspace/.dependencies/checkouts/Args
    /Applications/Xcode-27.0.0-Release.Candidate.app/Contents/Developer/Toolchains/XcodeDefault.xctoolchain/usr/bin/clang -Xlinker -reproducible -target arm64_32-apple-watchos9.0 -r -isysroot /Applications/Xcode-27.0.0-Release.Candidate.app/Contents/Developer/Platforms/WatchOS.platform/Developer/SDKs/WatchOS27.0.sdk -O0 -w -Xlinker -no_warn_duplicate_libraries -F/Users/admin/builder/spi-builder-workspace/.derivedData/Build/Intermediates.noindex/EagerLinkingTBDs/Debug-watchos -F/Users/admin/builder/spi-builder-workspace/.derivedData/Build/Products/Debug-watchos -iframework /Applications/Xcode-27.0.0-Release.Candidate.app/Contents/Developer/Platforms/WatchOS.platform/Developer/Library/Frameworks -iframework /Applications/Xcode-27.0.0-Release.Candidate.app/Contents/Developer/Platforms/WatchOS.platform/Developer/SDKs/WatchOS27.0.sdk/Developer/Library/Frameworks -filelist /Users/admin/builder/spi-builder-workspace/.derivedData/Build/Intermediates.noindex/Args.build/Debug-watchos/Args-t.build/Objects-normal/arm64_32/Args.LinkFileList -nostdlib -Xlinker -object_path_lto -Xlinker /Users/admin/builder/spi-builder-workspace/.derivedData/Build/Intermediates.noindex/Args.build/Debug-watchos/Args-t.build/Objects-normal/arm64_32/Args_lto.o -Xlinker -no_deduplicate -Xlinker -debug_variant -Xlinker -dependency_info -Xlinker /Users/admin/builder/spi-builder-workspace/.derivedData/Build/Intermediates.noindex/Args.build/Debug-watchos/Args-t.build/Objects-normal/arm64_32/Args_dependency_info.dat -fobjc-link-runtime -L/Applications/Xcode-27.0.0-Release.Candidate.app/Contents/Developer/Toolchains/XcodeDefault.xctoolchain/usr/lib/swift/watchos -L/usr/lib/swift -Xlinker -add_ast_path -Xlinker /Users/admin/builder/spi-builder-workspace/.derivedData/Build/Intermediates.noindex/Args.build/Debug-watchos/Args-t.build/Objects-normal/arm64_32/Args.swiftmodule -o /Users/admin/builder/spi-builder-workspace/.derivedData/Build/Intermediates.noindex/Args.build/Debug-watchos/Args-t.build/Objects-normal/arm64_32/Binary/Args.o
SwiftDriver Run normal arm64_32 com.apple.xcode.tools.swift.compiler (in target 'Run' from project 'Run')
    cd /Users/admin/builder/spi-builder-workspace/.swiftpm/xcode
    builtin-SwiftDriver -- /Applications/Xcode-27.0.0-Release.Candidate.app/Contents/Developer/Toolchains/XcodeDefault.xctoolchain/usr/bin/swiftc -parse-as-library -module-name Run -Onone @/Users/admin/builder/spi-builder-workspace/.derivedData/Build/Intermediates.noindex/Run.build/Debug-watchos/Run-t.build/Objects-normal/arm64_32/Run.SwiftFileList -DSWIFT_PACKAGE -DDEBUG -DSWIFT_MODULE_RESOURCE_BUNDLE_UNAVAILABLE -DXcode -plugin-path /Applications/Xcode-27.0.0-Release.Candidate.app/Contents/Developer/Toolchains/XcodeDefault.xctoolchain/usr/lib/swift/host/plugins/testing -enable-experimental-feature DebugDescriptionMacro -sdk /Applications/Xcode-27.0.0-Release.Candidate.app/Contents/Developer/Platforms/WatchOS.platform/Developer/SDKs/WatchOS27.0.sdk -target arm64_32-apple-watchos9.0 -g -module-cache-path /Users/admin/builder/spi-builder-workspace/.derivedData/ModuleCache.noindex -Xfrontend -serialize-debugging-options -profile-coverage-mapping -profile-generate -enable-testing -index-store-path /Users/admin/builder/spi-builder-workspace/.derivedData/Index.noindex/DataStore -Xcc -D_LIBCPP_HARDENING_MODE\=_LIBCPP_HARDENING_MODE_DEBUG -swift-version 4 -I /Users/admin/builder/spi-builder-workspace/.derivedData/Build/Products/Debug-watchos -Isystem /Applications/Xcode-27.0.0-Release.Candidate.app/Contents/Developer/Platforms/WatchOS.platform/Developer/usr/lib -F /Users/admin/builder/spi-builder-workspace/.derivedData/Build/Products/Debug-watchos/PackageFrameworks -F /Users/admin/builder/spi-builder-workspace/.derivedData/Build/Products/Debug-watchos -F /Applications/Xcode-27.0.0-Release.Candidate.app/Contents/Developer/Platforms/WatchOS.platform/Developer/Library/Frameworks -F /Applications/Xcode-27.0.0-Release.Candidate.app/Contents/Developer/Platforms/WatchOS.platform/Developer/SDKs/WatchOS27.0.sdk/Developer/Library/Frameworks -c -j10 -enable-batch-mode -incremental -Xcc -ivfsstatcache -Xcc /Users/admin/builder/spi-builder-workspace/.derivedData/SDKStatCaches.noindex/watchos27.0-24R360-e829b21a6f8c9b70876ba0858053c04477534ef55a1706bf4c1112bbb242f0a2.sdkstatcache -output-file-map /Users/admin/builder/spi-builder-workspace/.derivedData/Build/Intermediates.noindex/Run.build/Debug-watchos/Run-t.build/Objects-normal/arm64_32/Run-OutputFileMap.json -save-temps -no-color-diagnostics -emit-dependencies -emit-module -emit-module-path /Users/admin/builder/spi-builder-workspace/.derivedData/Build/Intermediates.noindex/Run.build/Debug-watchos/Run-t.build/Objects-normal/arm64_32/Run.swiftmodule -serialize-diagnostics -validate-clang-modules-once -clang-build-session-file /Users/admin/builder/spi-builder-workspace/.derivedData/ModuleCache.noindex/Session.modulevalidation -Xcc -fmodules-prune-interval\=86400 -Xcc -fmodules-prune-after\=345600 -emit-const-values -const-gather-protocols-list /Users/admin/builder/spi-builder-workspace/.derivedData/Build/Intermediates.noindex/Run.build/Debug-watchos/Run-t.build/Objects-normal/arm64_32/Run_const_extract_protocols.json -Xcc -I/Users/admin/builder/spi-builder-workspace/.derivedData/Build/Products/Debug-watchos/include -Xcc -I/Users/admin/builder/spi-builder-workspace/.derivedData/Build/Intermediates.noindex/Run.build/Debug-watchos/Run-t.build/DerivedSources-normal/arm64_32 -Xcc -I/Users/admin/builder/spi-builder-workspace/.derivedData/Build/Intermediates.noindex/Run.build/Debug-watchos/Run-t.build/DerivedSources/arm64_32 -Xcc -I/Users/admin/builder/spi-builder-workspace/.derivedData/Build/Intermediates.noindex/Run.build/Debug-watchos/Run-t.build/DerivedSources -Xcc -DSWIFT_PACKAGE -Xcc -DDEBUG\=1 -emit-objc-header -emit-objc-header-path /Users/admin/builder/spi-builder-workspace/.derivedData/Build/Intermediates.noindex/Run.build/Debug-watchos/Run-t.build/Objects-normal/arm64_32/Run-Swift.h -working-directory /Users/admin/builder/spi-builder-workspace/.swiftpm/xcode -experimental-emit-module-separately -disable-cmo
SwiftDriver Run normal arm64 com.apple.xcode.tools.swift.compiler (in target 'Run' from project 'Run')
    cd /Users/admin/builder/spi-builder-workspace/.swiftpm/xcode
    builtin-SwiftDriver -- /Applications/Xcode-27.0.0-Release.Candidate.app/Contents/Developer/Toolchains/XcodeDefault.xctoolchain/usr/bin/swiftc -parse-as-library -module-name Run -Onone @/Users/admin/builder/spi-builder-workspace/.derivedData/Build/Intermediates.noindex/Run.build/Debug-watchos/Run-t.build/Objects-normal/arm64/Run.SwiftFileList -DSWIFT_PACKAGE -DDEBUG -DSWIFT_MODULE_RESOURCE_BUNDLE_UNAVAILABLE -DXcode -plugin-path /Applications/Xcode-27.0.0-Release.Candidate.app/Contents/Developer/Toolchains/XcodeDefault.xctoolchain/usr/lib/swift/host/plugins/testing -enable-experimental-feature DebugDescriptionMacro -sdk /Applications/Xcode-27.0.0-Release.Candidate.app/Contents/Developer/Platforms/WatchOS.platform/Developer/SDKs/WatchOS27.0.sdk -target arm64-apple-watchos9.0 -g -module-cache-path /Users/admin/builder/spi-builder-workspace/.derivedData/ModuleCache.noindex -Xfrontend -serialize-debugging-options -profile-coverage-mapping -profile-generate -enable-testing -index-store-path /Users/admin/builder/spi-builder-workspace/.derivedData/Index.noindex/DataStore -Xcc -D_LIBCPP_HARDENING_MODE\=_LIBCPP_HARDENING_MODE_DEBUG -swift-version 4 -I /Users/admin/builder/spi-builder-workspace/.derivedData/Build/Products/Debug-watchos -Isystem /Applications/Xcode-27.0.0-Release.Candidate.app/Contents/Developer/Platforms/WatchOS.platform/Developer/usr/lib -F /Users/admin/builder/spi-builder-workspace/.derivedData/Build/Products/Debug-watchos/PackageFrameworks -F /Users/admin/builder/spi-builder-workspace/.derivedData/Build/Products/Debug-watchos -F /Applications/Xcode-27.0.0-Release.Candidate.app/Contents/Developer/Platforms/WatchOS.platform/Developer/Library/Frameworks -F /Applications/Xcode-27.0.0-Release.Candidate.app/Contents/Developer/Platforms/WatchOS.platform/Developer/SDKs/WatchOS27.0.sdk/Developer/Library/Frameworks -c -j10 -enable-batch-mode -incremental -Xcc -ivfsstatcache -Xcc /Users/admin/builder/spi-builder-workspace/.derivedData/SDKStatCaches.noindex/watchos27.0-24R360-e829b21a6f8c9b70876ba0858053c04477534ef55a1706bf4c1112bbb242f0a2.sdkstatcache -output-file-map /Users/admin/builder/spi-builder-workspace/.derivedData/Build/Intermediates.noindex/Run.build/Debug-watchos/Run-t.build/Objects-normal/arm64/Run-OutputFileMap.json -save-temps -no-color-diagnostics -emit-dependencies -emit-module -emit-module-path /Users/admin/builder/spi-builder-workspace/.derivedData/Build/Intermediates.noindex/Run.build/Debug-watchos/Run-t.build/Objects-normal/arm64/Run.swiftmodule -serialize-diagnostics -validate-clang-modules-once -clang-build-session-file /Users/admin/builder/spi-builder-workspace/.derivedData/ModuleCache.noindex/Session.modulevalidation -Xcc -fmodules-prune-interval\=86400 -Xcc -fmodules-prune-after\=345600 -emit-const-values -const-gather-protocols-list /Users/admin/builder/spi-builder-workspace/.derivedData/Build/Intermediates.noindex/Run.build/Debug-watchos/Run-t.build/Objects-normal/arm64/Run_const_extract_protocols.json -Xcc -I/Users/admin/builder/spi-builder-workspace/.derivedData/Build/Products/Debug-watchos/include -Xcc -I/Users/admin/builder/spi-builder-workspace/.derivedData/Build/Intermediates.noindex/Run.build/Debug-watchos/Run-t.build/DerivedSources-normal/arm64 -Xcc -I/Users/admin/builder/spi-builder-workspace/.derivedData/Build/Intermediates.noindex/Run.build/Debug-watchos/Run-t.build/DerivedSources/arm64 -Xcc -I/Users/admin/builder/spi-builder-workspace/.derivedData/Build/Intermediates.noindex/Run.build/Debug-watchos/Run-t.build/DerivedSources -Xcc -DSWIFT_PACKAGE -Xcc -DDEBUG\=1 -emit-objc-header -emit-objc-header-path /Users/admin/builder/spi-builder-workspace/.derivedData/Build/Intermediates.noindex/Run.build/Debug-watchos/Run-t.build/Objects-normal/arm64/Run-Swift.h -working-directory /Users/admin/builder/spi-builder-workspace/.swiftpm/xcode -experimental-emit-module-separately -disable-cmo
CreateUniversalBinary /Users/admin/builder/spi-builder-workspace/.derivedData/Build/Products/Debug-watchos/Args.o normal arm64\ arm64_32 (in target 'Args' from project 'Args')
    cd /Users/admin/builder/spi-builder-workspace/.dependencies/checkouts/Args
    /Applications/Xcode-27.0.0-Release.Candidate.app/Contents/Developer/Toolchains/XcodeDefault.xctoolchain/usr/bin/lipo -create /Users/admin/builder/spi-builder-workspace/.derivedData/Build/Intermediates.noindex/Args.build/Debug-watchos/Args-t.build/Objects-normal/arm64/Binary/Args.o /Users/admin/builder/spi-builder-workspace/.derivedData/Build/Intermediates.noindex/Args.build/Debug-watchos/Args-t.build/Objects-normal/arm64_32/Binary/Args.o -output /Users/admin/builder/spi-builder-workspace/.derivedData/Build/Products/Debug-watchos/Args.o
ExtractAppIntentsMetadata (in target 'Args' from project 'Args')
    cd /Users/admin/builder/spi-builder-workspace/.dependencies/checkouts/Args
    /Applications/Xcode-27.0.0-Release.Candidate.app/Contents/Developer/Toolchains/XcodeDefault.xctoolchain/usr/bin/appintentsmetadataprocessor --toolchain-dir /var/run/com.apple.security.cryptexd/mnt/com.apple.MobileAsset.MetalToolchain-v27.1.266.1.KliQY5/Metal.xctoolchain --module-name Args --sdk-root /Applications/Xcode-27.0.0-Release.Candidate.app/Contents/Developer/Platforms/WatchOS.platform/Developer/SDKs/WatchOS27.0.sdk --xcode-version 27A266a --platform-family watchOS --deployment-target 9.0 --bundle-identifier args.Args --output /Users/admin/builder/spi-builder-workspace/.derivedData/Build/Products/Debug-watchos/Args.appintents --target-triple arm64-apple-watchos9.0 --target-triple arm64_32-apple-watchos9.0 --binary-file /Users/admin/builder/spi-builder-workspace/.derivedData/Build/Products/Debug-watchos/Args.o --dependency-file /Users/admin/builder/spi-builder-workspace/.derivedData/Build/Intermediates.noindex/Args.build/Debug-watchos/Args-t.build/Objects-normal/arm64/Args_dependency_info.dat --dependency-file /Users/admin/builder/spi-builder-workspace/.derivedData/Build/Intermediates.noindex/Args.build/Debug-watchos/Args-t.build/Objects-normal/arm64_32/Args_dependency_info.dat --stringsdata-file /Users/admin/builder/spi-builder-workspace/.derivedData/Build/Intermediates.noindex/Args.build/Debug-watchos/Args-t.build/Objects-normal/arm64/ExtractedAppShortcutsMetadata.stringsdata --stringsdata-file /Users/admin/builder/spi-builder-workspace/.derivedData/Build/Intermediates.noindex/Args.build/Debug-watchos/Args-t.build/Objects-normal/arm64_32/ExtractedAppShortcutsMetadata.stringsdata --source-file-list /Users/admin/builder/spi-builder-workspace/.derivedData/Build/Intermediates.noindex/Args.build/Debug-watchos/Args-t.build/Objects-normal/arm64/Args.SwiftFileList --source-file-list /Users/admin/builder/spi-builder-workspace/.derivedData/Build/Intermediates.noindex/Args.build/Debug-watchos/Args-t.build/Objects-normal/arm64_32/Args.SwiftFileList --metadata-file-list /Users/admin/builder/spi-builder-workspace/.derivedData/Build/Intermediates.noindex/Args.build/Debug-watchos/Args-t.build/Args.DependencyMetadataFileList --static-metadata-file-list /Users/admin/builder/spi-builder-workspace/.derivedData/Build/Intermediates.noindex/Args.build/Debug-watchos/Args-t.build/Args.DependencyStaticMetadataFileList --swift-const-vals-list /Users/admin/builder/spi-builder-workspace/.derivedData/Build/Intermediates.noindex/Args.build/Debug-watchos/Args-t.build/Objects-normal/arm64/Args.SwiftConstValuesFileList --swift-const-vals-list /Users/admin/builder/spi-builder-workspace/.derivedData/Build/Intermediates.noindex/Args.build/Debug-watchos/Args-t.build/Objects-normal/arm64_32/Args.SwiftConstValuesFileList --force --compile-time-extraction --deployment-aware-processing --no-app-shortcuts-localization
2026-09-16 17:17:58.585 appintentsmetadataprocessor[992:5583] Starting appintentsmetadataprocessor export
2026-09-16 17:17:58.730 appintentsmetadataprocessor[992:5583] Extracted no relevant App Intents symbols, skipping writing output
SwiftCompile normal arm64 Compiling\ RunResults.swift /Users/admin/builder/spi-builder-workspace/Sources/Run/RunResults.swift (in target 'Run' from project 'Run')
SwiftCompile normal arm64 /Users/admin/builder/spi-builder-workspace/Sources/Run/RunResults.swift (in target 'Run' from project 'Run')
    cd /Users/admin/builder/spi-builder-workspace/.swiftpm/xcode
    builtin-SwiftPerFileCompile RunResults.swift
SwiftCompile normal arm64 Compiling\ CommandExecutor.swift /Users/admin/builder/spi-builder-workspace/Sources/Run/CommandExecutor.swift (in target 'Run' from project 'Run')
/Users/admin/builder/spi-builder-workspace/Sources/Run/CommandExecutor.swift:42:20: error: cannot find 'Process' in scope
 40 |
 41 |     func execute(_ commandParts: [String]) -> ExecutorReturnValue  {
 42 |         let task = Process()
    |                    `- error: cannot find 'Process' in scope
 43 |
 44 |         task.launchPath = "/usr/bin/env"
/Users/admin/builder/spi-builder-workspace/Sources/Run/CommandExecutor.swift:69:85: error: missing argument for parameter #1 in call
 67 |         var childFDActions: posix_spawn_file_actions_t? = nil
 68 | #else
 69 |         var childFDActions: posix_spawn_file_actions_t = posix_spawn_file_actions_t()
    |                                                                                     `- error: missing argument for parameter #1 in call
 70 | #endif
 71 |         var outputPipe: [Int32] = [-1, -1]
Swift.UnsafeMutableRawPointer.init:2:8: note: 'init(_:)' declared here
1 | struct UnsafeMutableRawPointer {
2 | public init(_ _rawValue: Builtin.RawPointer)}
  |        `- note: 'init(_:)' declared here
3 |
/Users/admin/builder/spi-builder-workspace/Sources/Run/CommandExecutor.swift:73:39: error: cannot convert value of type 'UnsafeMutablePointer<posix_spawn_file_actions_t>' (aka 'UnsafeMutablePointer<UnsafeMutableRawPointer>') to expected argument type 'UnsafeMutablePointer<posix_spawn_file_actions_t?>' (aka 'UnsafeMutablePointer<Optional<UnsafeMutableRawPointer>>')
 71 |         var outputPipe: [Int32] = [-1, -1]
 72 |
 73 |         posix_spawn_file_actions_init(&childFDActions)
    |                                       |- error: cannot convert value of type 'UnsafeMutablePointer<posix_spawn_file_actions_t>' (aka 'UnsafeMutablePointer<UnsafeMutableRawPointer>') to expected argument type 'UnsafeMutablePointer<posix_spawn_file_actions_t?>' (aka 'UnsafeMutablePointer<Optional<UnsafeMutableRawPointer>>')
    |                                       `- note: arguments to generic parameter 'Pointee' ('posix_spawn_file_actions_t' (aka 'UnsafeMutableRawPointer') and 'posix_spawn_file_actions_t?' (aka 'Optional<UnsafeMutableRawPointer>')) are expected to be equal
 74 |         posix_spawn_file_actions_adddup2(&childFDActions, outputPipe[1], 1)
 75 |         posix_spawn_file_actions_adddup2(&childFDActions, outputPipe[1], 2)
/Users/admin/builder/spi-builder-workspace/Sources/Run/CommandExecutor.swift:74:42: error: cannot convert value of type 'UnsafeMutablePointer<posix_spawn_file_actions_t>' (aka 'UnsafeMutablePointer<UnsafeMutableRawPointer>') to expected argument type 'UnsafeMutablePointer<posix_spawn_file_actions_t?>' (aka 'UnsafeMutablePointer<Optional<UnsafeMutableRawPointer>>')
 72 |
 73 |         posix_spawn_file_actions_init(&childFDActions)
 74 |         posix_spawn_file_actions_adddup2(&childFDActions, outputPipe[1], 1)
    |                                          |- error: cannot convert value of type 'UnsafeMutablePointer<posix_spawn_file_actions_t>' (aka 'UnsafeMutablePointer<UnsafeMutableRawPointer>') to expected argument type 'UnsafeMutablePointer<posix_spawn_file_actions_t?>' (aka 'UnsafeMutablePointer<Optional<UnsafeMutableRawPointer>>')
    |                                          `- note: arguments to generic parameter 'Pointee' ('posix_spawn_file_actions_t' (aka 'UnsafeMutableRawPointer') and 'posix_spawn_file_actions_t?' (aka 'Optional<UnsafeMutableRawPointer>')) are expected to be equal
 75 |         posix_spawn_file_actions_adddup2(&childFDActions, outputPipe[1], 2)
 76 |         posix_spawn_file_actions_addclose(&childFDActions, outputPipe[0])
/Users/admin/builder/spi-builder-workspace/Sources/Run/CommandExecutor.swift:75:42: error: cannot convert value of type 'UnsafeMutablePointer<posix_spawn_file_actions_t>' (aka 'UnsafeMutablePointer<UnsafeMutableRawPointer>') to expected argument type 'UnsafeMutablePointer<posix_spawn_file_actions_t?>' (aka 'UnsafeMutablePointer<Optional<UnsafeMutableRawPointer>>')
 73 |         posix_spawn_file_actions_init(&childFDActions)
 74 |         posix_spawn_file_actions_adddup2(&childFDActions, outputPipe[1], 1)
 75 |         posix_spawn_file_actions_adddup2(&childFDActions, outputPipe[1], 2)
    |                                          |- error: cannot convert value of type 'UnsafeMutablePointer<posix_spawn_file_actions_t>' (aka 'UnsafeMutablePointer<UnsafeMutableRawPointer>') to expected argument type 'UnsafeMutablePointer<posix_spawn_file_actions_t?>' (aka 'UnsafeMutablePointer<Optional<UnsafeMutableRawPointer>>')
    |                                          `- note: arguments to generic parameter 'Pointee' ('posix_spawn_file_actions_t' (aka 'UnsafeMutableRawPointer') and 'posix_spawn_file_actions_t?' (aka 'Optional<UnsafeMutableRawPointer>')) are expected to be equal
 76 |         posix_spawn_file_actions_addclose(&childFDActions, outputPipe[0])
 77 |         posix_spawn_file_actions_addclose(&childFDActions, outputPipe[1])
/Users/admin/builder/spi-builder-workspace/Sources/Run/CommandExecutor.swift:76:43: error: cannot convert value of type 'UnsafeMutablePointer<posix_spawn_file_actions_t>' (aka 'UnsafeMutablePointer<UnsafeMutableRawPointer>') to expected argument type 'UnsafeMutablePointer<posix_spawn_file_actions_t?>' (aka 'UnsafeMutablePointer<Optional<UnsafeMutableRawPointer>>')
 74 |         posix_spawn_file_actions_adddup2(&childFDActions, outputPipe[1], 1)
 75 |         posix_spawn_file_actions_adddup2(&childFDActions, outputPipe[1], 2)
 76 |         posix_spawn_file_actions_addclose(&childFDActions, outputPipe[0])
    |                                           |- error: cannot convert value of type 'UnsafeMutablePointer<posix_spawn_file_actions_t>' (aka 'UnsafeMutablePointer<UnsafeMutableRawPointer>') to expected argument type 'UnsafeMutablePointer<posix_spawn_file_actions_t?>' (aka 'UnsafeMutablePointer<Optional<UnsafeMutableRawPointer>>')
    |                                           `- note: arguments to generic parameter 'Pointee' ('posix_spawn_file_actions_t' (aka 'UnsafeMutableRawPointer') and 'posix_spawn_file_actions_t?' (aka 'Optional<UnsafeMutableRawPointer>')) are expected to be equal
 77 |         posix_spawn_file_actions_addclose(&childFDActions, outputPipe[1])
 78 |
/Users/admin/builder/spi-builder-workspace/Sources/Run/CommandExecutor.swift:77:43: error: cannot convert value of type 'UnsafeMutablePointer<posix_spawn_file_actions_t>' (aka 'UnsafeMutablePointer<UnsafeMutableRawPointer>') to expected argument type 'UnsafeMutablePointer<posix_spawn_file_actions_t?>' (aka 'UnsafeMutablePointer<Optional<UnsafeMutableRawPointer>>')
 75 |         posix_spawn_file_actions_adddup2(&childFDActions, outputPipe[1], 2)
 76 |         posix_spawn_file_actions_addclose(&childFDActions, outputPipe[0])
 77 |         posix_spawn_file_actions_addclose(&childFDActions, outputPipe[1])
    |                                           |- error: cannot convert value of type 'UnsafeMutablePointer<posix_spawn_file_actions_t>' (aka 'UnsafeMutablePointer<UnsafeMutableRawPointer>') to expected argument type 'UnsafeMutablePointer<posix_spawn_file_actions_t?>' (aka 'UnsafeMutablePointer<Optional<UnsafeMutableRawPointer>>')
    |                                           `- note: arguments to generic parameter 'Pointee' ('posix_spawn_file_actions_t' (aka 'UnsafeMutableRawPointer') and 'posix_spawn_file_actions_t?' (aka 'Optional<UnsafeMutableRawPointer>')) are expected to be equal
 78 |
 79 |
/Users/admin/builder/spi-builder-workspace/Sources/Run/CommandExecutor.swift:81:49: error: cannot convert value of type 'UnsafePointer<posix_spawn_file_actions_t>' (aka 'UnsafePointer<UnsafeMutableRawPointer>') to expected argument type 'UnsafePointer<posix_spawn_file_actions_t?>' (aka 'UnsafePointer<Optional<UnsafeMutableRawPointer>>')
 79 |
 80 |         var pid: pid_t = 0
 81 |         let result = posix_spawn(&pid, argv[0], &childFDActions, nil, argv + [nil], nil)
    |                                                 |- error: cannot convert value of type 'UnsafePointer<posix_spawn_file_actions_t>' (aka 'UnsafePointer<UnsafeMutableRawPointer>') to expected argument type 'UnsafePointer<posix_spawn_file_actions_t?>' (aka 'UnsafePointer<Optional<UnsafeMutableRawPointer>>')
    |                                                 `- note: arguments to generic parameter 'Pointee' ('posix_spawn_file_actions_t' (aka 'UnsafeMutableRawPointer') and 'posix_spawn_file_actions_t?' (aka 'Optional<UnsafeMutableRawPointer>')) are expected to be equal
 82 |
 83 |         let emptyPipe = Dryipe(dataToReturn: "".data(using: String.Encoding.utf8)!)
Failed frontend command:
SwiftCompile normal arm64 /Users/admin/builder/spi-builder-workspace/Sources/Run/CommandExecutor.swift (in target 'Run' from project 'Run')
    cd /Users/admin/builder/spi-builder-workspace/.swiftpm/xcode
    builtin-SwiftPerFileCompile CommandExecutor.swift
/Applications/Xcode-27.0.0-Release.Candidate.app/Contents/Developer/Toolchains/XcodeDefault.xctoolchain/usr/bin/swift-frontend -frontend -c -primary-file /Users/admin/builder/spi-builder-workspace/Sources/Run/CommandExecutor.swift /Users/admin/builder/spi-builder-workspace/Sources/Run/RunResults.swift /Users/admin/builder/spi-builder-workspace/Sources/Run/Runner.swift /Users/admin/builder/spi-builder-workspace/Sources/Run/RunnerSettings.swift /Users/admin/builder/spi-builder-workspace/Sources/Run/ShortHandRunner.swift /Users/admin/builder/spi-builder-workspace/Sources/Run/TaskPipe.swift -emit-dependencies-path /Users/admin/builder/spi-builder-workspace/.derivedData/Build/Intermediates.noindex/Run.build/Debug-watchos/Run-t.build/Objects-normal/arm64/CommandExecutor.d -emit-const-values-path /Users/admin/builder/spi-builder-workspace/.derivedData/Build/Intermediates.noindex/Run.build/Debug-watchos/Run-t.build/Objects-normal/arm64/CommandExecutor.swiftconstvalues -emit-reference-dependencies-path /Users/admin/builder/spi-builder-workspace/.derivedData/Build/Intermediates.noindex/Run.build/Debug-watchos/Run-t.build/Objects-normal/arm64/CommandExecutor.swiftdeps -serialize-diagnostics-path /Users/admin/builder/spi-builder-workspace/.derivedData/Build/Intermediates.noindex/Run.build/Debug-watchos/Run-t.build/Objects-normal/arm64/CommandExecutor.dia -target arm64-apple-watchos9.0 -Xllvm -aarch64-use-tbi -enable-objc-interop -stack-check -sdk /Applications/Xcode-27.0.0-Release.Candidate.app/Contents/Developer/Platforms/WatchOS.platform/Developer/SDKs/WatchOS27.0.sdk -I /Users/admin/builder/spi-builder-workspace/.derivedData/Build/Products/Debug-watchos -Isystem /Applications/Xcode-27.0.0-Release.Candidate.app/Contents/Developer/Platforms/WatchOS.platform/Developer/usr/lib -F /Users/admin/builder/spi-builder-workspace/.derivedData/Build/Products/Debug-watchos/PackageFrameworks -F /Users/admin/builder/spi-builder-workspace/.derivedData/Build/Products/Debug-watchos -F /Applications/Xcode-27.0.0-Release.Candidate.app/Contents/Developer/Platforms/WatchOS.platform/Developer/Library/Frameworks -F /Applications/Xcode-27.0.0-Release.Candidate.app/Contents/Developer/Platforms/WatchOS.platform/Developer/SDKs/WatchOS27.0.sdk/Developer/Library/Frameworks -module-cache-path /Users/admin/builder/spi-builder-workspace/.derivedData/ModuleCache.noindex -no-color-diagnostics -Xcc -fno-color-diagnostics -enable-testing -g -debug-info-format\=dwarf -dwarf-version\=4 -profile-generate -profile-coverage-mapping -swift-version 4 -Onone -D SWIFT_PACKAGE -D DEBUG -D SWIFT_MODULE_RESOURCE_BUNDLE_UNAVAILABLE -D Xcode -serialize-debugging-options -enable-experimental-feature DebugDescriptionMacro -empty-abi-descriptor -plugin-path /Applications/Xcode-27.0.0-Release.Candidate.app/Contents/Developer/Toolchains/XcodeDefault.xctoolchain/usr/lib/swift/host/plugins/testing -validate-clang-modules-once -clang-build-session-file /Users/admin/builder/spi-builder-workspace/.derivedData/ModuleCache.noindex/Session.modulevalidation -Xcc -working-directory -Xcc /Users/admin/builder/spi-builder-workspace/.swiftpm/xcode -enable-anonymous-context-mangled-names -file-compilation-dir /Users/admin/builder/spi-builder-workspace/.swiftpm/xcode -Xcc -D_LIBCPP_HARDENING_MODE\=_LIBCPP_HARDENING_MODE_DEBUG -Xcc -ivfsstatcache -Xcc /Users/admin/builder/spi-builder-workspace/.derivedData/SDKStatCaches.noindex/watchos27.0-24R360-e829b21a6f8c9b70876ba0858053c04477534ef55a1706bf4c1112bbb242f0a2.sdkstatcache -Xcc -fmodules-prune-interval\=86400 -Xcc -fmodules-prune-after\=345600 -Xcc -I/Users/admin/builder/spi-builder-workspace/.derivedData/Build/Products/Debug-watchos/include -Xcc -I/Users/admin/builder/spi-builder-workspace/.derivedData/Build/Intermediates.noindex/Run.build/Debug-watchos/Run-t.build/DerivedSources-normal/arm64 -Xcc -I/Users/admin/builder/spi-builder-workspace/.derivedData/Build/Intermediates.noindex/Run.build/Debug-watchos/Run-t.build/DerivedSources/arm64 -Xcc -I/Users/admin/builder/spi-builder-workspace/.derivedData/Build/Intermediates.noindex/Run.build/Debug-watchos/Run-t.build/DerivedSources -Xcc -DSWIFT_PACKAGE -Xcc -DDEBUG\=1 -no-auto-bridging-header-chaining -module-name Run -const-gather-protocols-file /Users/admin/builder/spi-builder-workspace/.derivedData/Build/Intermediates.noindex/Run.build/Debug-watchos/Run-t.build/Objects-normal/arm64/Run_const_extract_protocols.json -disable-clang-spi -target-sdk-version 27.0 -target-sdk-name watchos27.0 -external-plugin-path /Applications/Xcode-27.0.0-Release.Candidate.app/Contents/Developer/Platforms/WatchOS.platform/Developer/usr/lib/swift/host/plugins\#/Applications/Xcode-27.0.0-Release.Candidate.app/Contents/Developer/Platforms/WatchOS.platform/Developer/usr/bin/swift-plugin-server -external-plugin-path /Applications/Xcode-27.0.0-Release.Candidate.app/Contents/Developer/Platforms/WatchOS.platform/Developer/usr/local/lib/swift/host/plugins\#/Applications/Xcode-27.0.0-Release.Candidate.app/Contents/Developer/Platforms/WatchOS.platform/Developer/usr/bin/swift-plugin-server -in-process-plugin-server-path /Applications/Xcode-27.0.0-Release.Candidate.app/Contents/Developer/Toolchains/XcodeDefault.xctoolchain/usr/lib/swift/host/libSwiftInProcPluginServer.dylib -plugin-path /Applications/Xcode-27.0.0-Release.Candidate.app/Contents/Developer/Toolchains/XcodeDefault.xctoolchain/usr/lib/swift/host/plugins -plugin-path /Applications/Xcode-27.0.0-Release.Candidate.app/Contents/Developer/Toolchains/XcodeDefault.xctoolchain/usr/local/lib/swift/host/plugins -parse-as-library -o /Users/admin/builder/spi-builder-workspace/.derivedData/Build/Intermediates.noindex/Run.build/Debug-watchos/Run-t.build/Objects-normal/arm64/CommandExecutor.o -index-unit-output-path /Run.build/Debug-watchos/Run-t.build/Objects-normal/arm64/CommandExecutor.o -index-store-path /Users/admin/builder/spi-builder-workspace/.derivedData/Index.noindex/DataStore -index-system-modules
SwiftCompile normal arm64 Compiling\ TaskPipe.swift /Users/admin/builder/spi-builder-workspace/Sources/Run/TaskPipe.swift (in target 'Run' from project 'Run')
SwiftCompile normal arm64 /Users/admin/builder/spi-builder-workspace/Sources/Run/TaskPipe.swift (in target 'Run' from project 'Run')
    cd /Users/admin/builder/spi-builder-workspace/.swiftpm/xcode
    builtin-SwiftPerFileCompile TaskPipe.swift
SwiftCompile normal arm64 Compiling\ Runner.swift /Users/admin/builder/spi-builder-workspace/Sources/Run/Runner.swift (in target 'Run' from project 'Run')
SwiftCompile normal arm64 /Users/admin/builder/spi-builder-workspace/Sources/Run/Runner.swift (in target 'Run' from project 'Run')
    cd /Users/admin/builder/spi-builder-workspace/.swiftpm/xcode
    builtin-SwiftPerFileCompile Runner.swift
SwiftEmitModule normal arm64 Emitting\ module\ for\ Run (in target 'Run' from project 'Run')
SwiftCompile normal arm64 (in target 'Run' from project 'Run')
    cd /Users/admin/builder/spi-builder-workspace/.swiftpm/xcode

SwiftCompile normal arm64_32 Compiling\ CommandExecutor.swift /Users/admin/builder/spi-builder-workspace/Sources/Run/CommandExecutor.swift (in target 'Run' from project 'Run')
/Users/admin/builder/spi-builder-workspace/Sources/Run/CommandExecutor.swift:42:20: error: cannot find 'Process' in scope
 40 |
 41 |     func execute(_ commandParts: [String]) -> ExecutorReturnValue  {
 42 |         let task = Process()
    |                    `- error: cannot find 'Process' in scope
 43 |
 44 |         task.launchPath = "/usr/bin/env"
/Users/admin/builder/spi-builder-workspace/Sources/Run/CommandExecutor.swift:69:85: error: missing argument for parameter #1 in call
 67 |         var childFDActions: posix_spawn_file_actions_t? = nil
 68 | #else
 69 |         var childFDActions: posix_spawn_file_actions_t = posix_spawn_file_actions_t()
    |                                                                                     `- error: missing argument for parameter #1 in call
 70 | #endif
 71 |         var outputPipe: [Int32] = [-1, -1]
Swift.UnsafeMutableRawPointer.init:2:8: note: 'init(_:)' declared here
1 | struct UnsafeMutableRawPointer {
2 | public init(_ _rawValue: Builtin.RawPointer)}
  |        `- note: 'init(_:)' declared here
3 |
/Users/admin/builder/spi-builder-workspace/Sources/Run/CommandExecutor.swift:73:39: error: cannot convert value of type 'UnsafeMutablePointer<posix_spawn_file_actions_t>' (aka 'UnsafeMutablePointer<UnsafeMutableRawPointer>') to expected argument type 'UnsafeMutablePointer<posix_spawn_file_actions_t?>' (aka 'UnsafeMutablePointer<Optional<UnsafeMutableRawPointer>>')
 71 |         var outputPipe: [Int32] = [-1, -1]
 72 |
 73 |         posix_spawn_file_actions_init(&childFDActions)
    |                                       |- error: cannot convert value of type 'UnsafeMutablePointer<posix_spawn_file_actions_t>' (aka 'UnsafeMutablePointer<UnsafeMutableRawPointer>') to expected argument type 'UnsafeMutablePointer<posix_spawn_file_actions_t?>' (aka 'UnsafeMutablePointer<Optional<UnsafeMutableRawPointer>>')
    |                                       `- note: arguments to generic parameter 'Pointee' ('posix_spawn_file_actions_t' (aka 'UnsafeMutableRawPointer') and 'posix_spawn_file_actions_t?' (aka 'Optional<UnsafeMutableRawPointer>')) are expected to be equal
 74 |         posix_spawn_file_actions_adddup2(&childFDActions, outputPipe[1], 1)
 75 |         posix_spawn_file_actions_adddup2(&childFDActions, outputPipe[1], 2)
/Users/admin/builder/spi-builder-workspace/Sources/Run/CommandExecutor.swift:74:42: error: cannot convert value of type 'UnsafeMutablePointer<posix_spawn_file_actions_t>' (aka 'UnsafeMutablePointer<UnsafeMutableRawPointer>') to expected argument type 'UnsafeMutablePointer<posix_spawn_file_actions_t?>' (aka 'UnsafeMutablePointer<Optional<UnsafeMutableRawPointer>>')
 72 |
 73 |         posix_spawn_file_actions_init(&childFDActions)
 74 |         posix_spawn_file_actions_adddup2(&childFDActions, outputPipe[1], 1)
    |                                          |- error: cannot convert value of type 'UnsafeMutablePointer<posix_spawn_file_actions_t>' (aka 'UnsafeMutablePointer<UnsafeMutableRawPointer>') to expected argument type 'UnsafeMutablePointer<posix_spawn_file_actions_t?>' (aka 'UnsafeMutablePointer<Optional<UnsafeMutableRawPointer>>')
    |                                          `- note: arguments to generic parameter 'Pointee' ('posix_spawn_file_actions_t' (aka 'UnsafeMutableRawPointer') and 'posix_spawn_file_actions_t?' (aka 'Optional<UnsafeMutableRawPointer>')) are expected to be equal
 75 |         posix_spawn_file_actions_adddup2(&childFDActions, outputPipe[1], 2)
 76 |         posix_spawn_file_actions_addclose(&childFDActions, outputPipe[0])
/Users/admin/builder/spi-builder-workspace/Sources/Run/CommandExecutor.swift:75:42: error: cannot convert value of type 'UnsafeMutablePointer<posix_spawn_file_actions_t>' (aka 'UnsafeMutablePointer<UnsafeMutableRawPointer>') to expected argument type 'UnsafeMutablePointer<posix_spawn_file_actions_t?>' (aka 'UnsafeMutablePointer<Optional<UnsafeMutableRawPointer>>')
 73 |         posix_spawn_file_actions_init(&childFDActions)
 74 |         posix_spawn_file_actions_adddup2(&childFDActions, outputPipe[1], 1)
 75 |         posix_spawn_file_actions_adddup2(&childFDActions, outputPipe[1], 2)
    |                                          |- error: cannot convert value of type 'UnsafeMutablePointer<posix_spawn_file_actions_t>' (aka 'UnsafeMutablePointer<UnsafeMutableRawPointer>') to expected argument type 'UnsafeMutablePointer<posix_spawn_file_actions_t?>' (aka 'UnsafeMutablePointer<Optional<UnsafeMutableRawPointer>>')
    |                                          `- note: arguments to generic parameter 'Pointee' ('posix_spawn_file_actions_t' (aka 'UnsafeMutableRawPointer') and 'posix_spawn_file_actions_t?' (aka 'Optional<UnsafeMutableRawPointer>')) are expected to be equal
 76 |         posix_spawn_file_actions_addclose(&childFDActions, outputPipe[0])
 77 |         posix_spawn_file_actions_addclose(&childFDActions, outputPipe[1])
/Users/admin/builder/spi-builder-workspace/Sources/Run/CommandExecutor.swift:76:43: error: cannot convert value of type 'UnsafeMutablePointer<posix_spawn_file_actions_t>' (aka 'UnsafeMutablePointer<UnsafeMutableRawPointer>') to expected argument type 'UnsafeMutablePointer<posix_spawn_file_actions_t?>' (aka 'UnsafeMutablePointer<Optional<UnsafeMutableRawPointer>>')
 74 |         posix_spawn_file_actions_adddup2(&childFDActions, outputPipe[1], 1)
 75 |         posix_spawn_file_actions_adddup2(&childFDActions, outputPipe[1], 2)
 76 |         posix_spawn_file_actions_addclose(&childFDActions, outputPipe[0])
    |                                           |- error: cannot convert value of type 'UnsafeMutablePointer<posix_spawn_file_actions_t>' (aka 'UnsafeMutablePointer<UnsafeMutableRawPointer>') to expected argument type 'UnsafeMutablePointer<posix_spawn_file_actions_t?>' (aka 'UnsafeMutablePointer<Optional<UnsafeMutableRawPointer>>')
    |                                           `- note: arguments to generic parameter 'Pointee' ('posix_spawn_file_actions_t' (aka 'UnsafeMutableRawPointer') and 'posix_spawn_file_actions_t?' (aka 'Optional<UnsafeMutableRawPointer>')) are expected to be equal
 77 |         posix_spawn_file_actions_addclose(&childFDActions, outputPipe[1])
 78 |
/Users/admin/builder/spi-builder-workspace/Sources/Run/CommandExecutor.swift:77:43: error: cannot convert value of type 'UnsafeMutablePointer<posix_spawn_file_actions_t>' (aka 'UnsafeMutablePointer<UnsafeMutableRawPointer>') to expected argument type 'UnsafeMutablePointer<posix_spawn_file_actions_t?>' (aka 'UnsafeMutablePointer<Optional<UnsafeMutableRawPointer>>')
 75 |         posix_spawn_file_actions_adddup2(&childFDActions, outputPipe[1], 2)
 76 |         posix_spawn_file_actions_addclose(&childFDActions, outputPipe[0])
 77 |         posix_spawn_file_actions_addclose(&childFDActions, outputPipe[1])
    |                                           |- error: cannot convert value of type 'UnsafeMutablePointer<posix_spawn_file_actions_t>' (aka 'UnsafeMutablePointer<UnsafeMutableRawPointer>') to expected argument type 'UnsafeMutablePointer<posix_spawn_file_actions_t?>' (aka 'UnsafeMutablePointer<Optional<UnsafeMutableRawPointer>>')
    |                                           `- note: arguments to generic parameter 'Pointee' ('posix_spawn_file_actions_t' (aka 'UnsafeMutableRawPointer') and 'posix_spawn_file_actions_t?' (aka 'Optional<UnsafeMutableRawPointer>')) are expected to be equal
 78 |
 79 |
/Users/admin/builder/spi-builder-workspace/Sources/Run/CommandExecutor.swift:81:49: error: cannot convert value of type 'UnsafePointer<posix_spawn_file_actions_t>' (aka 'UnsafePointer<UnsafeMutableRawPointer>') to expected argument type 'UnsafePointer<posix_spawn_file_actions_t?>' (aka 'UnsafePointer<Optional<UnsafeMutableRawPointer>>')
 79 |
 80 |         var pid: pid_t = 0
 81 |         let result = posix_spawn(&pid, argv[0], &childFDActions, nil, argv + [nil], nil)
    |                                                 |- error: cannot convert value of type 'UnsafePointer<posix_spawn_file_actions_t>' (aka 'UnsafePointer<UnsafeMutableRawPointer>') to expected argument type 'UnsafePointer<posix_spawn_file_actions_t?>' (aka 'UnsafePointer<Optional<UnsafeMutableRawPointer>>')
    |                                                 `- note: arguments to generic parameter 'Pointee' ('posix_spawn_file_actions_t' (aka 'UnsafeMutableRawPointer') and 'posix_spawn_file_actions_t?' (aka 'Optional<UnsafeMutableRawPointer>')) are expected to be equal
 82 |
 83 |         let emptyPipe = Dryipe(dataToReturn: "".data(using: String.Encoding.utf8)!)
SwiftCompile normal arm64_32 /Users/admin/builder/spi-builder-workspace/Sources/Run/CommandExecutor.swift (in target 'Run' from project 'Run')
    cd /Users/admin/builder/spi-builder-workspace/.swiftpm/xcode
    builtin-SwiftPerFileCompile CommandExecutor.swift
SwiftCompile normal arm64_32 Compiling\ RunResults.swift /Users/admin/builder/spi-builder-workspace/Sources/Run/RunResults.swift (in target 'Run' from project 'Run')
SwiftCompile normal arm64_32 /Users/admin/builder/spi-builder-workspace/Sources/Run/RunResults.swift (in target 'Run' from project 'Run')
    cd /Users/admin/builder/spi-builder-workspace/.swiftpm/xcode
    builtin-SwiftPerFileCompile RunResults.swift
SwiftCompile normal arm64_32 Compiling\ RunnerSettings.swift /Users/admin/builder/spi-builder-workspace/Sources/Run/RunnerSettings.swift (in target 'Run' from project 'Run')
SwiftCompile normal arm64_32 /Users/admin/builder/spi-builder-workspace/Sources/Run/RunnerSettings.swift (in target 'Run' from project 'Run')
    cd /Users/admin/builder/spi-builder-workspace/.swiftpm/xcode
    builtin-SwiftPerFileCompile RunnerSettings.swift
SwiftEmitModule normal arm64_32 Emitting\ module\ for\ Run (in target 'Run' from project 'Run')
SwiftCompile normal arm64_32 (in target 'Run' from project 'Run')
    cd /Users/admin/builder/spi-builder-workspace/.swiftpm/xcode

SwiftCompile normal arm64_32 Compiling\ TaskPipe.swift /Users/admin/builder/spi-builder-workspace/Sources/Run/TaskPipe.swift (in target 'Run' from project 'Run')
SwiftCompile normal arm64_32 /Users/admin/builder/spi-builder-workspace/Sources/Run/TaskPipe.swift (in target 'Run' from project 'Run')
    cd /Users/admin/builder/spi-builder-workspace/.swiftpm/xcode
    builtin-SwiftPerFileCompile TaskPipe.swift
SwiftDriverJobDiscovery normal arm64 Compiling TaskPipe.swift (in target 'Run' from project 'Run')
SwiftCompile normal arm64_32 Compiling\ Runner.swift /Users/admin/builder/spi-builder-workspace/Sources/Run/Runner.swift (in target 'Run' from project 'Run')
SwiftCompile normal arm64_32 /Users/admin/builder/spi-builder-workspace/Sources/Run/Runner.swift (in target 'Run' from project 'Run')
    cd /Users/admin/builder/spi-builder-workspace/.swiftpm/xcode
    builtin-SwiftPerFileCompile Runner.swift
SwiftDriverJobDiscovery normal arm64 Compiling RunResults.swift (in target 'Run' from project 'Run')
PruneExplicitPrecompiledModules /Users/admin/builder/spi-builder-workspace/.derivedData/Build/Intermediates.noindex/SwiftExplicitPrecompiledModules
PruneExplicitPrecompiledModules /Users/admin/builder/spi-builder-workspace/.derivedData/SDKExplicitPrecompiledModules
PruneExplicitPrecompiledModules /Users/admin/builder/spi-builder-workspace/.derivedData/Build/Intermediates.noindex/ExplicitPrecompiledModules
2026-09-16 17:17:57.723 xcodebuild[984:5516] [MT] IDERunDestination: Supported platforms for the buildables in the current scheme is empty.
** BUILD FAILED **
The following build commands failed:
	SwiftCompile normal arm64 /Users/admin/builder/spi-builder-workspace/Sources/Run/CommandExecutor.swift (in target 'Run' from project 'Run')
	SwiftCompile normal arm64 Compiling\ CommandExecutor.swift /Users/admin/builder/spi-builder-workspace/Sources/Run/CommandExecutor.swift (in target 'Run' from project 'Run')
	Building workspace Run with scheme Run
(3 failures)
BUILD FAILURE 6.4 watchOS