The Swift Package Index logo.Swift Package Index

Build Information

Failed to build steampress-core, reference main (d1a58d), with Swift 6.4 for tvOS using Xcode 27.0 on 19 Sep 2026 11:21:36 UTC.

Build Command

No build command. This typically means the build failed at an early stage where we determine the build command.

Build Log

========================================
RunAll
========================================
Builder version: 5.1.0
Interrupt handler set up.
========================================
Checkout
========================================
Clone URL: https://github.com/iankoex/steampress-core.git
Reference: main
Initialized empty Git repository in /Users/admin/builder/spi-builder-workspace/.git/
From https://github.com/iankoex/steampress-core
 * branch            main       -> FETCH_HEAD
 * [new branch]      main       -> origin/main
HEAD is now at d1a58d9 New Zip package that might work on linux
Cloned https://github.com/iankoex/steampress-core.git
Revision (git rev-parse @):
d1a58d96b3a21fdf30a31dea95818b973f05e437
SUCCESS checkout https://github.com/iankoex/steampress-core.git at main
========================================
Build
========================================
Selected platform:         tvOS
Swift version:             6.4
Building package at path:  $PWD
https://github.com/iankoex/steampress-core.git
Command line invocation:
    /Applications/Xcode-27.0.0-Release.Candidate.app/Contents/Developer/usr/bin/xcodebuild -IDEClonedSourcePackagesDirPathOverride=/Users/admin/builder/spi-builder-workspace/.dependencies -resolvePackageDependencies
Resolve Package Graph
Fetching from https://github.com/binarybirds/spec
skipping cache due to an error: Failed to clone repository https://github.com/binarybirds/spec:
    Cloning into bare repository '/Users/admin/Library/Caches/org.swift.swiftpm/repositories/spec-b0144d7a'...
    fatal: could not read Username for 'https://github.com': terminal prompts disabled
Fetching from https://github.com/marmelroy/Zip.git
Fetching from https://github.com/vapor/fluent.git
Fetching from https://github.com/vapor/fluent-sqlite-driver
Fetching from https://github.com/vapor/vapor.git
Fetching from https://github.com/binarybirds/spec
skipping cache due to an error: Failed to clone repository https://github.com/binarybirds/spec:
    Cloning into bare repository '/Users/admin/Library/Caches/org.swift.swiftpm/repositories/spec-b0144d7a'...
    fatal: could not read Username for 'https://github.com': terminal prompts disabled
Resolve Package Graph
Fetching from https://github.com/binarybirds/spec
skipping cache due to an error: Failed to clone repository https://github.com/binarybirds/spec:
    Cloning into bare repository '/Users/admin/Library/Caches/org.swift.swiftpm/repositories/spec-b0144d7a'...
    fatal: could not read Username for 'https://github.com': terminal prompts disabled
Updating from https://github.com/marmelroy/Zip.git
Updating from https://github.com/vapor/fluent.git
Updating from https://github.com/vapor/vapor.git
Updating from https://github.com/vapor/fluent-sqlite-driver
Fetching from https://github.com/binarybirds/spec
skipping cache due to an error: Failed to clone repository https://github.com/binarybirds/spec:
    Cloning into bare repository '/Users/admin/Library/Caches/org.swift.swiftpm/repositories/spec-b0144d7a'...
    fatal: could not read Username for 'https://github.com': terminal prompts disabled
Resolve Package Graph
Updating from https://github.com/vapor/vapor.git
Updating from https://github.com/vapor/fluent.git
Fetching from https://github.com/binarybirds/spec
skipping cache due to an error: Failed to clone repository https://github.com/binarybirds/spec:
    Cloning into bare repository '/Users/admin/Library/Caches/org.swift.swiftpm/repositories/spec-b0144d7a'...
    fatal: could not read Username for 'https://github.com': terminal prompts disabled
Updating from https://github.com/vapor/fluent-sqlite-driver
Updating from https://github.com/marmelroy/Zip.git
Fetching from https://github.com/binarybirds/spec
skipping cache due to an error: Failed to clone repository https://github.com/binarybirds/spec:
    Cloning into bare repository '/Users/admin/Library/Caches/org.swift.swiftpm/repositories/spec-b0144d7a'...
    fatal: could not read Username for 'https://github.com': terminal prompts disabled
Resolve Package Graph
Updating from https://github.com/vapor/vapor.git
Fetching from https://github.com/binarybirds/spec
skipping cache due to an error: Failed to clone repository https://github.com/binarybirds/spec:
    Cloning into bare repository '/Users/admin/Library/Caches/org.swift.swiftpm/repositories/spec-b0144d7a'...
    fatal: could not read Username for 'https://github.com': terminal prompts disabled
Updating from https://github.com/marmelroy/Zip.git
Updating from https://github.com/vapor/fluent.git
Updating from https://github.com/vapor/fluent-sqlite-driver
Fetching from https://github.com/binarybirds/spec
skipping cache due to an error: Failed to clone repository https://github.com/binarybirds/spec:
    Cloning into bare repository '/Users/admin/Library/Caches/org.swift.swiftpm/repositories/spec-b0144d7a'...
    fatal: could not read Username for 'https://github.com': terminal prompts disabled
Resolve Package Graph
Fetching from https://github.com/binarybirds/spec
skipping cache due to an error: Failed to clone repository https://github.com/binarybirds/spec:
    Cloning into bare repository '/Users/admin/Library/Caches/org.swift.swiftpm/repositories/spec-b0144d7a'...
    fatal: could not read Username for 'https://github.com': terminal prompts disabled
Updating from https://github.com/vapor/fluent-sqlite-driver
Updating from https://github.com/vapor/fluent.git
Updating from https://github.com/vapor/vapor.git
Updating from https://github.com/marmelroy/Zip.git
Fetching from https://github.com/binarybirds/spec
skipping cache due to an error: Failed to clone repository https://github.com/binarybirds/spec:
    Cloning into bare repository '/Users/admin/Library/Caches/org.swift.swiftpm/repositories/spec-b0144d7a'...
    fatal: could not read Username for 'https://github.com': terminal prompts disabled
Resolve Package Graph
Updating from https://github.com/vapor/vapor.git
Fetching from https://github.com/binarybirds/spec
skipping cache due to an error: Failed to clone repository https://github.com/binarybirds/spec:
    Cloning into bare repository '/Users/admin/Library/Caches/org.swift.swiftpm/repositories/spec-b0144d7a'...
    fatal: could not read Username for 'https://github.com': terminal prompts disabled
Updating from https://github.com/vapor/fluent-sqlite-driver
Updating from https://github.com/vapor/fluent.git
Updating from https://github.com/marmelroy/Zip.git
Fetching from https://github.com/binarybirds/spec
skipping cache due to an error: Failed to clone repository https://github.com/binarybirds/spec:
    Cloning into bare repository '/Users/admin/Library/Caches/org.swift.swiftpm/repositories/spec-b0144d7a'...
    fatal: could not read Username for 'https://github.com': terminal prompts disabled
Resolve Package Graph
Updating from https://github.com/vapor/fluent-sqlite-driver
Updating from https://github.com/vapor/vapor.git
Fetching from https://github.com/binarybirds/spec
skipping cache due to an error: Failed to clone repository https://github.com/binarybirds/spec:
    Cloning into bare repository '/Users/admin/Library/Caches/org.swift.swiftpm/repositories/spec-b0144d7a'...
    fatal: could not read Username for 'https://github.com': terminal prompts disabled
Updating from https://github.com/marmelroy/Zip.git
Updating from https://github.com/vapor/fluent.git
Fetching from https://github.com/binarybirds/spec
skipping cache due to an error: Failed to clone repository https://github.com/binarybirds/spec:
    Cloning into bare repository '/Users/admin/Library/Caches/org.swift.swiftpm/repositories/spec-b0144d7a'...
    fatal: could not read Username for 'https://github.com': terminal prompts disabled
Resolved source packages:
  spi-builder-workspace: (null)
2026-09-19 07:21:33.840 xcodebuild[529:3021] Writing error result bundle to /var/folders/xq/y_g06wb113726d38xsyx71_h0000gn/T/ResultBundle_2026-19-09_07-21-0033.xcresult
xcodebuild: error: Could not resolve package dependencies:
  Failed to clone repository https://github.com/binarybirds/spec:
    Cloning into bare repository '/Users/admin/builder/spi-builder-workspace/.dependencies/repositories/spec-b0144d7a'...
    fatal: could not read Username for 'https://github.com': terminal prompts disabled
Command line invocation:
    /Applications/Xcode-27.0.0-Release.Candidate.app/Contents/Developer/usr/bin/xcodebuild -IDEClonedSourcePackagesDirPathOverride=/Users/admin/builder/spi-builder-workspace/.dependencies -resolvePackageDependencies
Resolve Package Graph
Fetching from https://github.com/binarybirds/spec
skipping cache due to an error: Failed to clone repository https://github.com/binarybirds/spec:
    Cloning into bare repository '/Users/admin/Library/Caches/org.swift.swiftpm/repositories/spec-b0144d7a'...
    fatal: could not read Username for 'https://github.com': terminal prompts disabled
Updating from https://github.com/vapor/fluent.git
Updating from https://github.com/marmelroy/Zip.git
Updating from https://github.com/vapor/vapor.git
Updating from https://github.com/vapor/fluent-sqlite-driver
Fetching from https://github.com/binarybirds/spec
skipping cache due to an error: Failed to clone repository https://github.com/binarybirds/spec:
    Cloning into bare repository '/Users/admin/Library/Caches/org.swift.swiftpm/repositories/spec-b0144d7a'...
    fatal: could not read Username for 'https://github.com': terminal prompts disabled
Resolved source packages:
  spi-builder-workspace: (null)
2026-09-19 07:21:36.391 xcodebuild[1071:5105] Writing error result bundle to /var/folders/xq/y_g06wb113726d38xsyx71_h0000gn/T/ResultBundle_2026-19-09_07-21-0036.xcresult
xcodebuild: error: Could not resolve package dependencies:
  Failed to clone repository https://github.com/binarybirds/spec:
    Cloning into bare repository '/Users/admin/builder/spi-builder-workspace/.dependencies/repositories/spec-b0144d7a'...
    fatal: could not read Username for 'https://github.com': terminal prompts disabled
BUILD FAILURE 6.4 tvOS