Build Information
Failed to build SwiftUIMailView, reference 1.0.1 (dad1d2), with Swift 6.4 for visionOS using Xcode 27.0 on 19 Sep 2026 18:10:07 UTC.
Build Command
No build command. This typically means the build failed at an early stage where we determine the build command.Build Log
========================================
RunAll
========================================
Builder version: 5.1.0
Interrupt handler set up.
========================================
Checkout
========================================
Clone URL: https://github.com/globulus/swiftui-mail-view.git
Reference: 1.0.1
Initialized empty Git repository in /Users/admin/builder/spi-builder-workspace/.git/
From https://github.com/globulus/swiftui-mail-view
* tag 1.0.1 -> FETCH_HEAD
HEAD is now at dad1d28 Update SwiftUIMailView.swift
Cloned https://github.com/globulus/swiftui-mail-view.git
Revision (git rev-parse @):
dad1d289cb904d477f2fbabcca5ba82bfcfb2ea6
SUCCESS checkout https://github.com/globulus/swiftui-mail-view.git at 1.0.1
========================================
Build
========================================
Selected platform: visionOS
Swift version: 6.4
Building package at path: $PWD
https://github.com/globulus/swiftui-mail-view.git
Command line invocation:
/Applications/Xcode-27.0.0-Release.Candidate.app/Contents/Developer/usr/bin/xcodebuild -IDEClonedSourcePackagesDirPathOverride=/Users/admin/builder/spi-builder-workspace/.dependencies -resolvePackageDependencies
Resolve Package Graph
Source files for target SwiftUIMailViewTests should be located under 'Tests/SwiftUIMailViewTests', or a custom sources path can be set with the 'path' property in Package.swift
Resolve Package Graph
Source files for target SwiftUIMailViewTests should be located under 'Tests/SwiftUIMailViewTests', or a custom sources path can be set with the 'path' property in Package.swift
Resolved source packages:
spi-builder-workspace: (null)
2026-09-19 14:10:06.626 xcodebuild[524:3005] Writing error result bundle to /var/folders/xq/y_g06wb113726d38xsyx71_h0000gn/T/ResultBundle_2026-19-09_14-10-0006.xcresult
xcodebuild: error: Could not resolve package dependencies:
Source files for target SwiftUIMailViewTests should be located under 'Tests/SwiftUIMailViewTests', or a custom sources path can be set with the 'path' property in Package.swift
Command line invocation:
/Applications/Xcode-27.0.0-Release.Candidate.app/Contents/Developer/usr/bin/xcodebuild -IDEClonedSourcePackagesDirPathOverride=/Users/admin/builder/spi-builder-workspace/.dependencies -resolvePackageDependencies
Resolve Package Graph
Source files for target SwiftUIMailViewTests should be located under 'Tests/SwiftUIMailViewTests', or a custom sources path can be set with the 'path' property in Package.swift
Resolved source packages:
spi-builder-workspace: (null)
2026-09-19 14:10:07.631 xcodebuild[593:3618] Writing error result bundle to /var/folders/xq/y_g06wb113726d38xsyx71_h0000gn/T/ResultBundle_2026-19-09_14-10-0007.xcresult
xcodebuild: error: Could not resolve package dependencies:
Source files for target SwiftUIMailViewTests should be located under 'Tests/SwiftUIMailViewTests', or a custom sources path can be set with the 'path' property in Package.swift
BUILD FAILURE 6.4 visionOS