Build Information
Failed to build Swifty360Player, reference master (2b0632), with Swift 6.2 for macOS (SPM) on 12 Jul 2026 15:55:03 UTC.
Build Command
env DEVELOPER_DIR=/Applications/Xcode-26.3.0.app xcrun swift build --arch arm64Build Log
========================================
RunAll
========================================
Builder version: undefined version: run 'make version' to update
Interrupt handler set up.
========================================
Checkout
========================================
Clone URL: https://github.com/abdullahselek/Swifty360Player.git
Reference: master
Initialized empty Git repository in /Users/admin/builder/spi-builder-workspace/.git/
From https://github.com/abdullahselek/Swifty360Player
* branch master -> FETCH_HEAD
* [new branch] master -> origin/master
HEAD is now at 2b0632b Bump concurrent-ruby from 1.3.6 to 1.3.7 (#46)
Cloned https://github.com/abdullahselek/Swifty360Player.git
Revision (git rev-parse @):
2b0632b07c39f6dbf271544f2ec4389f6969230f
SUCCESS checkout https://github.com/abdullahselek/Swifty360Player.git at master
========================================
Build
========================================
Selected platform: macosSpm
Swift version: 6.2
Building package at path: $PWD
https://github.com/abdullahselek/Swifty360Player.git
Running build ...
env DEVELOPER_DIR=/Applications/Xcode-26.3.0.app xcrun swift build --arch arm64
Building for debugging...
[0/2] Write sources
[1/2] Write swift-version--3CB7CFEC50E0D141.txt
[3/14] Compiling Swifty360Player Swifty360ViewController.swift
/Users/admin/builder/spi-builder-workspace/Swifty360Player/Float++.swift:25:8: error: no such module 'UIKit'
23 | // SOFTWARE.
24 |
25 | import UIKit
| `- error: no such module 'UIKit'
26 |
27 | extension Float {
[4/14] Compiling Swifty360Player Swifty360Window.swift
/Users/admin/builder/spi-builder-workspace/Swifty360Player/Float++.swift:25:8: error: no such module 'UIKit'
23 | // SOFTWARE.
24 |
25 | import UIKit
| `- error: no such module 'UIKit'
26 |
27 | extension Float {
error: emit-module command failed with exit code 1 (use -v to see invocation)
[5/14] Compiling Swifty360Player Swifty360Types.swift
/Users/admin/builder/spi-builder-workspace/Swifty360Player/Float++.swift:25:8: error: no such module 'UIKit'
23 | // SOFTWARE.
24 |
25 | import UIKit
| `- error: no such module 'UIKit'
26 |
27 | extension Float {
[6/14] Emitting module Swifty360Player
/Users/admin/builder/spi-builder-workspace/Swifty360Player/Float++.swift:25:8: error: no such module 'UIKit'
23 | // SOFTWARE.
24 |
25 | import UIKit
| `- error: no such module 'UIKit'
26 |
27 | extension Float {
[7/14] Compiling Swifty360Player Swifty360PlayerScene.swift
/Users/admin/builder/spi-builder-workspace/Swifty360Player/Float++.swift:25:8: error: no such module 'UIKit'
23 | // SOFTWARE.
24 |
25 | import UIKit
| `- error: no such module 'UIKit'
26 |
27 | extension Float {
[8/14] Compiling Swifty360Player Swifty360MotionManagerObserverItem.swift
/Users/admin/builder/spi-builder-workspace/Swifty360Player/Float++.swift:25:8: error: no such module 'UIKit'
23 | // SOFTWARE.
24 |
25 | import UIKit
| `- error: no such module 'UIKit'
26 |
27 | extension Float {
[9/14] Compiling Swifty360Player Swifty360MotionManager.swift
/Users/admin/builder/spi-builder-workspace/Swifty360Player/Float++.swift:25:8: error: no such module 'UIKit'
23 | // SOFTWARE.
24 |
25 | import UIKit
| `- error: no such module 'UIKit'
26 |
27 | extension Float {
[10/15] Compiling Swifty360Player Swifty360View.swift
/Users/admin/builder/spi-builder-workspace/Swifty360Player/Float++.swift:25:8: error: no such module 'UIKit'
23 | // SOFTWARE.
24 |
25 | import UIKit
| `- error: no such module 'UIKit'
26 |
27 | extension Float {
[11/15] Compiling Swifty360Player Float++.swift
/Users/admin/builder/spi-builder-workspace/Swifty360Player/Float++.swift:25:8: error: no such module 'UIKit'
23 | // SOFTWARE.
24 |
25 | import UIKit
| `- error: no such module 'UIKit'
26 |
27 | extension Float {
[12/15] Compiling Swifty360Player Swifty360CameraController.swift
/Users/admin/builder/spi-builder-workspace/Swifty360Player/Float++.swift:25:8: error: no such module 'UIKit'
23 | // SOFTWARE.
24 |
25 | import UIKit
| `- error: no such module 'UIKit'
26 |
27 | extension Float {
[13/15] Compiling Swifty360Player Swifty360CameraPanGestureRecognizer.swift
/Users/admin/builder/spi-builder-workspace/Swifty360Player/Float++.swift:25:8: error: no such module 'UIKit'
23 | // SOFTWARE.
24 |
25 | import UIKit
| `- error: no such module 'UIKit'
26 |
27 | extension Float {
[14/15] Compiling Swifty360Player Swifty360EulerAngleCalculations.swift
/Users/admin/builder/spi-builder-workspace/Swifty360Player/Float++.swift:25:8: error: no such module 'UIKit'
23 | // SOFTWARE.
24 |
25 | import UIKit
| `- error: no such module 'UIKit'
26 |
27 | extension Float {
[15/15] Compiling Swifty360Player SwiftySKVideoNode.swift
/Users/admin/builder/spi-builder-workspace/Swifty360Player/Float++.swift:25:8: error: no such module 'UIKit'
23 | // SOFTWARE.
24 |
25 | import UIKit
| `- error: no such module 'UIKit'
26 |
27 | extension Float {
BUILD FAILURE 6.2 macosSpm