Build Information
Failed to build ScalingCarousel, reference master (f2bfde), with Swift 6.4 for watchOS using Xcode 27.0 on 20 Sep 2026 06:52:10 UTC.
Build Command
env DEVELOPER_DIR=/Applications/Xcode-27.0.0-Release.Candidate.app xcrun xcodebuild -IDEClonedSourcePackagesDirPathOverride=$PWD/.dependencies -skipMacroValidation -skipPackagePluginValidation -derivedDataPath $PWD/.derivedData build -scheme ScalingCarousel -destination generic/platform=watchOSBuild Log
========================================
RunAll
========================================
Builder version: 5.1.0
Interrupt handler set up.
========================================
Checkout
========================================
Clone URL: https://github.com/aataraxiaa/ScalingCarousel.git
Reference: master
Initialized empty Git repository in /Users/admin/builder/spi-builder-workspace/.git/
From https://github.com/aataraxiaa/ScalingCarousel
* branch master -> FETCH_HEAD
* [new branch] master -> origin/master
HEAD is now at f2bfde4 Bump sample version
Cloned https://github.com/aataraxiaa/ScalingCarousel.git
Revision (git rev-parse @):
f2bfde4db386243fd4e0e4687fcfff530c239c20
SUCCESS checkout https://github.com/aataraxiaa/ScalingCarousel.git at master
========================================
Build
========================================
Selected platform: watchOS
Swift version: 6.4
Building package at path: $PWD
https://github.com/aataraxiaa/ScalingCarousel.git
Command line invocation:
/Applications/Xcode-27.0.0-Release.Candidate.app/Contents/Developer/usr/bin/xcodebuild -IDEClonedSourcePackagesDirPathOverride=/Users/admin/builder/spi-builder-workspace/.dependencies -resolvePackageDependencies
resolved source packages:
{
"dependencies" : [
],
"manifest_display_name" : "ScalingCarousel",
"name" : "ScalingCarousel",
"path" : "/Users/admin/builder/spi-builder-workspace",
"platforms" : [
{
"name" : "ios",
"version" : "10.0"
}
],
"products" : [
{
"name" : "ScalingCarousel",
"targets" : [
"ScalingCarousel"
],
"type" : {
"library" : [
"automatic"
]
}
}
],
"targets" : [
{
"c99name" : "ScalingCarouselTests",
"module_type" : "SwiftTarget",
"name" : "ScalingCarouselTests",
"path" : "Tests/ScalingCarouselTests",
"sources" : [
"ScalingCarouselTests.swift",
"XCTestManifests.swift"
],
"target_dependencies" : [
"ScalingCarousel"
],
"type" : "test"
},
{
"c99name" : "ScalingCarousel",
"module_type" : "SwiftTarget",
"name" : "ScalingCarousel",
"path" : "Sources/ScalingCarousel",
"product_memberships" : [
"ScalingCarousel"
],
"sources" : [
"ScalingCarouselCell.swift",
"ScalingCarouselLayout.swift",
"ScalingCarouselView.swift"
],
"type" : "library"
}
],
"tools_version" : "5.3"
}
{
"project" : {
"configurations" : [
"Debug",
"Release"
],
"name" : "Pods",
"schemes" : [
"Pods-ScalingCarousel_Example",
"ScalingCarousel"
],
"targets" : [
"Pods-ScalingCarousel_Example",
"ScalingCarousel"
]
}
}
{
"workspace" : {
"name" : "ScalingCarousel",
"schemes" : [
"ScalingCarousel"
]
}
}
2026-09-20 02:51:58.599 xcodebuild[617:3886] [MT] IDERunDestination: Supported platforms for the buildables in the current scheme is empty.
Running build ...
env DEVELOPER_DIR=/Applications/Xcode-27.0.0-Release.Candidate.app xcrun xcodebuild -IDEClonedSourcePackagesDirPathOverride=$PWD/.dependencies -skipMacroValidation -skipPackagePluginValidation -derivedDataPath $PWD/.derivedData build -scheme ScalingCarousel -destination generic/platform=watchOS
Command line invocation:
/Applications/Xcode-27.0.0-Release.Candidate.app/Contents/Developer/usr/bin/xcodebuild -IDEClonedSourcePackagesDirPathOverride=/Users/admin/builder/spi-builder-workspace/.dependencies -skipMacroValidation -skipPackagePluginValidation -derivedDataPath /Users/admin/builder/spi-builder-workspace/.derivedData build -scheme ScalingCarousel -destination generic/platform=watchOS
Resolve Package Graph
Resolved source packages:
ScalingCarousel: /Users/admin/builder/spi-builder-workspace
ComputePackagePrebuildTargetDependencyGraph
Prepare packages
CreateBuildRequest
SendProjectDescription
CreateBuildOperation
ComputeTargetDependencyGraph
note: Building targets in dependency order
note: Target dependency graph (2 targets)
Target 'ScalingCarousel-product' in project 'ScalingCarousel'
➜ Explicit dependency on target 'ScalingCarousel' in project 'ScalingCarousel'
Target 'ScalingCarousel' in project 'ScalingCarousel' (no dependencies)
GatherProvisioningInputs
CreateBuildDescription
ExecuteExternalTool /Applications/Xcode-27.0.0-Release.Candidate.app/Contents/Developer/Toolchains/XcodeDefault.xctoolchain/usr/bin/clang -v -E -dM -isysroot /Applications/Xcode-27.0.0-Release.Candidate.app/Contents/Developer/Platforms/WatchOS.platform/Developer/SDKs/WatchOS27.0.sdk -x c -c /dev/null
ExecuteExternalTool /Applications/Xcode-27.0.0-Release.Candidate.app/Contents/Developer/Toolchains/XcodeDefault.xctoolchain/usr/bin/swiftc --version
ExecuteExternalTool /Applications/Xcode-27.0.0-Release.Candidate.app/Contents/Developer/Toolchains/XcodeDefault.xctoolchain/usr/bin/ld -version_details
Build description signature: fda9e23ac44b5da0327e1c82e7859343
Build description path: /Users/admin/builder/spi-builder-workspace/.derivedData/Build/Intermediates.noindex/XCBuildData/fda9e23ac44b5da0327e1c82e7859343.xcbuilddata
CreateBuildDirectory /Users/admin/builder/spi-builder-workspace/.derivedData/CompilationCache.noindex
cd /Users/admin/builder/spi-builder-workspace/.swiftpm/xcode
builtin-create-build-directory /Users/admin/builder/spi-builder-workspace/.derivedData/CompilationCache.noindex
CreateBuildDirectory /Users/admin/builder/spi-builder-workspace/.derivedData/SDKExplicitPrecompiledModules
cd /Users/admin/builder/spi-builder-workspace/.swiftpm/xcode
builtin-create-build-directory /Users/admin/builder/spi-builder-workspace/.derivedData/SDKExplicitPrecompiledModules
CreateBuildDirectory /Users/admin/builder/spi-builder-workspace/.derivedData/ModuleCache.noindex
cd /Users/admin/builder/spi-builder-workspace/.swiftpm/xcode
builtin-create-build-directory /Users/admin/builder/spi-builder-workspace/.derivedData/ModuleCache.noindex
CreateBuildDirectory /Users/admin/builder/spi-builder-workspace/.derivedData/Build/Products
cd /Users/admin/builder/spi-builder-workspace/.swiftpm/xcode
builtin-create-build-directory /Users/admin/builder/spi-builder-workspace/.derivedData/Build/Products
CreateBuildDirectory /Users/admin/builder/spi-builder-workspace/.derivedData/Build/Intermediates.noindex
cd /Users/admin/builder/spi-builder-workspace/.swiftpm/xcode
builtin-create-build-directory /Users/admin/builder/spi-builder-workspace/.derivedData/Build/Intermediates.noindex
ClangStatCache /Applications/Xcode-27.0.0-Release.Candidate.app/Contents/Developer/Toolchains/XcodeDefault.xctoolchain/usr/bin/clang-stat-cache /Applications/Xcode-27.0.0-Release.Candidate.app/Contents/Developer/Platforms/WatchOS.platform/Developer/SDKs/WatchOS27.0.sdk /Users/admin/builder/spi-builder-workspace/.derivedData/SDKStatCaches.noindex/watchos27.0-24R360-e829b21a6f8c9b70876ba0858053c04477534ef55a1706bf4c1112bbb242f0a2.sdkstatcache
cd /Users/admin/builder/spi-builder-workspace/.swiftpm/xcode
/Applications/Xcode-27.0.0-Release.Candidate.app/Contents/Developer/Toolchains/XcodeDefault.xctoolchain/usr/bin/clang-stat-cache /Applications/Xcode-27.0.0-Release.Candidate.app/Contents/Developer/Platforms/WatchOS.platform/Developer/SDKs/WatchOS27.0.sdk -o /Users/admin/builder/spi-builder-workspace/.derivedData/SDKStatCaches.noindex/watchos27.0-24R360-e829b21a6f8c9b70876ba0858053c04477534ef55a1706bf4c1112bbb242f0a2.sdkstatcache
CreateBuildDirectory /Users/admin/builder/spi-builder-workspace/.derivedData/Build/Intermediates.noindex/SwiftExplicitPrecompiledModules
cd /Users/admin/builder/spi-builder-workspace/.swiftpm/xcode
builtin-create-build-directory /Users/admin/builder/spi-builder-workspace/.derivedData/Build/Intermediates.noindex/SwiftExplicitPrecompiledModules
CreateBuildDirectory /Users/admin/builder/spi-builder-workspace/.derivedData/Build/Intermediates.noindex/PrecompiledHeaders
cd /Users/admin/builder/spi-builder-workspace/.swiftpm/xcode
builtin-create-build-directory /Users/admin/builder/spi-builder-workspace/.derivedData/Build/Intermediates.noindex/PrecompiledHeaders
CreateBuildDirectory /Users/admin/builder/spi-builder-workspace/.derivedData/Build/Intermediates.noindex/ExplicitPrecompiledModules
cd /Users/admin/builder/spi-builder-workspace/.swiftpm/xcode
builtin-create-build-directory /Users/admin/builder/spi-builder-workspace/.derivedData/Build/Intermediates.noindex/ExplicitPrecompiledModules
CreateBuildDirectory /Users/admin/builder/spi-builder-workspace/.derivedData/Build/Intermediates.noindex/EagerLinkingTBDs/Debug-watchos
cd /Users/admin/builder/spi-builder-workspace/.swiftpm/xcode
builtin-create-build-directory /Users/admin/builder/spi-builder-workspace/.derivedData/Build/Intermediates.noindex/EagerLinkingTBDs/Debug-watchos
CreateBuildDirectory /Users/admin/builder/spi-builder-workspace/.derivedData/Build/Products/Debug-watchos
cd /Users/admin/builder/spi-builder-workspace/.swiftpm/xcode
builtin-create-build-directory /Users/admin/builder/spi-builder-workspace/.derivedData/Build/Products/Debug-watchos
CreateBuildDirectory /Users/admin/builder/spi-builder-workspace/.derivedData/Build/Products/Debug-watchos/PackageFrameworks
cd /Users/admin/builder/spi-builder-workspace/.swiftpm/xcode
builtin-create-build-directory /Users/admin/builder/spi-builder-workspace/.derivedData/Build/Products/Debug-watchos/PackageFrameworks
WriteAuxiliaryFile /Users/admin/builder/spi-builder-workspace/.derivedData/Build/Intermediates.noindex/ScalingCarousel.build/Debug-watchos/ScalingCarousel-t.build/ScalingCarousel.DependencyMetadataFileList (in target 'ScalingCarousel' from project 'ScalingCarousel')
cd /Users/admin/builder/spi-builder-workspace
write-file /Users/admin/builder/spi-builder-workspace/.derivedData/Build/Intermediates.noindex/ScalingCarousel.build/Debug-watchos/ScalingCarousel-t.build/ScalingCarousel.DependencyMetadataFileList
WriteAuxiliaryFile /Users/admin/builder/spi-builder-workspace/.derivedData/Build/Intermediates.noindex/ScalingCarousel.build/Debug-watchos/ScalingCarousel-t.build/ScalingCarousel.DependencyStaticMetadataFileList (in target 'ScalingCarousel' from project 'ScalingCarousel')
cd /Users/admin/builder/spi-builder-workspace
write-file /Users/admin/builder/spi-builder-workspace/.derivedData/Build/Intermediates.noindex/ScalingCarousel.build/Debug-watchos/ScalingCarousel-t.build/ScalingCarousel.DependencyStaticMetadataFileList
WriteAuxiliaryFile /Users/admin/builder/spi-builder-workspace/.derivedData/Build/Intermediates.noindex/ScalingCarousel.build/Debug-watchos/ScalingCarousel-t.build/ScalingCarousel.modulemap (in target 'ScalingCarousel' from project 'ScalingCarousel')
cd /Users/admin/builder/spi-builder-workspace
write-file /Users/admin/builder/spi-builder-workspace/.derivedData/Build/Intermediates.noindex/ScalingCarousel.build/Debug-watchos/ScalingCarousel-t.build/ScalingCarousel.modulemap
WriteAuxiliaryFile /Users/admin/builder/spi-builder-workspace/.derivedData/Build/Intermediates.noindex/ScalingCarousel.build/Debug-watchos/ScalingCarousel-t.build/Objects-normal/arm64_32/ScalingCarousel-OutputFileMap.json (in target 'ScalingCarousel' from project 'ScalingCarousel')
cd /Users/admin/builder/spi-builder-workspace
write-file /Users/admin/builder/spi-builder-workspace/.derivedData/Build/Intermediates.noindex/ScalingCarousel.build/Debug-watchos/ScalingCarousel-t.build/Objects-normal/arm64_32/ScalingCarousel-OutputFileMap.json
WriteAuxiliaryFile /Users/admin/builder/spi-builder-workspace/.derivedData/Build/Intermediates.noindex/ScalingCarousel.build/Debug-watchos/ScalingCarousel-t.build/Objects-normal/arm64_32/ScalingCarousel.SwiftFileList (in target 'ScalingCarousel' from project 'ScalingCarousel')
cd /Users/admin/builder/spi-builder-workspace
write-file /Users/admin/builder/spi-builder-workspace/.derivedData/Build/Intermediates.noindex/ScalingCarousel.build/Debug-watchos/ScalingCarousel-t.build/Objects-normal/arm64_32/ScalingCarousel.SwiftFileList
WriteAuxiliaryFile /Users/admin/builder/spi-builder-workspace/.derivedData/Build/Intermediates.noindex/ScalingCarousel.build/Debug-watchos/ScalingCarousel-t.build/Objects-normal/arm64_32/ScalingCarousel.LinkFileList (in target 'ScalingCarousel' from project 'ScalingCarousel')
cd /Users/admin/builder/spi-builder-workspace
write-file /Users/admin/builder/spi-builder-workspace/.derivedData/Build/Intermediates.noindex/ScalingCarousel.build/Debug-watchos/ScalingCarousel-t.build/Objects-normal/arm64_32/ScalingCarousel.LinkFileList
WriteAuxiliaryFile /Users/admin/builder/spi-builder-workspace/.derivedData/Build/Intermediates.noindex/ScalingCarousel.build/Debug-watchos/ScalingCarousel-t.build/Objects-normal/arm64_32/ScalingCarousel_const_extract_protocols.json (in target 'ScalingCarousel' from project 'ScalingCarousel')
cd /Users/admin/builder/spi-builder-workspace
write-file /Users/admin/builder/spi-builder-workspace/.derivedData/Build/Intermediates.noindex/ScalingCarousel.build/Debug-watchos/ScalingCarousel-t.build/Objects-normal/arm64_32/ScalingCarousel_const_extract_protocols.json
WriteAuxiliaryFile /Users/admin/builder/spi-builder-workspace/.derivedData/Build/Intermediates.noindex/ScalingCarousel.build/Debug-watchos/ScalingCarousel-t.build/Objects-normal/arm64/ScalingCarousel-OutputFileMap.json (in target 'ScalingCarousel' from project 'ScalingCarousel')
cd /Users/admin/builder/spi-builder-workspace
write-file /Users/admin/builder/spi-builder-workspace/.derivedData/Build/Intermediates.noindex/ScalingCarousel.build/Debug-watchos/ScalingCarousel-t.build/Objects-normal/arm64/ScalingCarousel-OutputFileMap.json
WriteAuxiliaryFile /Users/admin/builder/spi-builder-workspace/.derivedData/Build/Intermediates.noindex/ScalingCarousel.build/Debug-watchos/ScalingCarousel-t.build/Objects-normal/arm64/ScalingCarousel_const_extract_protocols.json (in target 'ScalingCarousel' from project 'ScalingCarousel')
cd /Users/admin/builder/spi-builder-workspace
write-file /Users/admin/builder/spi-builder-workspace/.derivedData/Build/Intermediates.noindex/ScalingCarousel.build/Debug-watchos/ScalingCarousel-t.build/Objects-normal/arm64/ScalingCarousel_const_extract_protocols.json
WriteAuxiliaryFile /Users/admin/builder/spi-builder-workspace/.derivedData/Build/Intermediates.noindex/ScalingCarousel.build/Debug-watchos/ScalingCarousel-t.build/Objects-normal/arm64/ScalingCarousel.SwiftFileList (in target 'ScalingCarousel' from project 'ScalingCarousel')
cd /Users/admin/builder/spi-builder-workspace
write-file /Users/admin/builder/spi-builder-workspace/.derivedData/Build/Intermediates.noindex/ScalingCarousel.build/Debug-watchos/ScalingCarousel-t.build/Objects-normal/arm64/ScalingCarousel.SwiftFileList
WriteAuxiliaryFile /Users/admin/builder/spi-builder-workspace/.derivedData/Build/Intermediates.noindex/ScalingCarousel.build/Debug-watchos/ScalingCarousel-t.build/Objects-normal/arm64_32/ScalingCarousel.SwiftConstValuesFileList (in target 'ScalingCarousel' from project 'ScalingCarousel')
cd /Users/admin/builder/spi-builder-workspace
write-file /Users/admin/builder/spi-builder-workspace/.derivedData/Build/Intermediates.noindex/ScalingCarousel.build/Debug-watchos/ScalingCarousel-t.build/Objects-normal/arm64_32/ScalingCarousel.SwiftConstValuesFileList
WriteAuxiliaryFile /Users/admin/builder/spi-builder-workspace/.derivedData/Build/Intermediates.noindex/ScalingCarousel.build/Debug-watchos/ScalingCarousel-t.build/Objects-normal/arm64/ScalingCarousel.SwiftConstValuesFileList (in target 'ScalingCarousel' from project 'ScalingCarousel')
cd /Users/admin/builder/spi-builder-workspace
write-file /Users/admin/builder/spi-builder-workspace/.derivedData/Build/Intermediates.noindex/ScalingCarousel.build/Debug-watchos/ScalingCarousel-t.build/Objects-normal/arm64/ScalingCarousel.SwiftConstValuesFileList
WriteAuxiliaryFile /Users/admin/builder/spi-builder-workspace/.derivedData/Build/Intermediates.noindex/ScalingCarousel.build/Debug-watchos/ScalingCarousel-t.build/Objects-normal/arm64/ScalingCarousel.LinkFileList (in target 'ScalingCarousel' from project 'ScalingCarousel')
cd /Users/admin/builder/spi-builder-workspace
write-file /Users/admin/builder/spi-builder-workspace/.derivedData/Build/Intermediates.noindex/ScalingCarousel.build/Debug-watchos/ScalingCarousel-t.build/Objects-normal/arm64/ScalingCarousel.LinkFileList
Copy /Users/admin/builder/spi-builder-workspace/.derivedData/Build/Intermediates.noindex/GeneratedModuleMaps-watchos/ScalingCarousel.modulemap /Users/admin/builder/spi-builder-workspace/.derivedData/Build/Intermediates.noindex/ScalingCarousel.build/Debug-watchos/ScalingCarousel-t.build/ScalingCarousel.modulemap (in target 'ScalingCarousel' from project 'ScalingCarousel')
cd /Users/admin/builder/spi-builder-workspace
builtin-copy -exclude .DS_Store -exclude CVS -exclude .svn -exclude .git -exclude .hg -resolve-src-symlinks /Users/admin/builder/spi-builder-workspace/.derivedData/Build/Intermediates.noindex/ScalingCarousel.build/Debug-watchos/ScalingCarousel-t.build/ScalingCarousel.modulemap /Users/admin/builder/spi-builder-workspace/.derivedData/Build/Intermediates.noindex/GeneratedModuleMaps-watchos
SwiftDriver ScalingCarousel normal arm64_32 com.apple.xcode.tools.swift.compiler (in target 'ScalingCarousel' from project 'ScalingCarousel')
cd /Users/admin/builder/spi-builder-workspace/.swiftpm/xcode
builtin-SwiftDriver -- /Applications/Xcode-27.0.0-Release.Candidate.app/Contents/Developer/Toolchains/XcodeDefault.xctoolchain/usr/bin/swiftc -parse-as-library -module-name ScalingCarousel -Onone @/Users/admin/builder/spi-builder-workspace/.derivedData/Build/Intermediates.noindex/ScalingCarousel.build/Debug-watchos/ScalingCarousel-t.build/Objects-normal/arm64_32/ScalingCarousel.SwiftFileList -DSWIFT_PACKAGE -DDEBUG -DSWIFT_MODULE_RESOURCE_BUNDLE_UNAVAILABLE -DXcode -plugin-path /Applications/Xcode-27.0.0-Release.Candidate.app/Contents/Developer/Toolchains/XcodeDefault.xctoolchain/usr/lib/swift/host/plugins/testing -enable-experimental-feature DebugDescriptionMacro -sdk /Applications/Xcode-27.0.0-Release.Candidate.app/Contents/Developer/Platforms/WatchOS.platform/Developer/SDKs/WatchOS27.0.sdk -target arm64_32-apple-watchos9.0 -g -module-cache-path /Users/admin/builder/spi-builder-workspace/.derivedData/ModuleCache.noindex -Xfrontend -serialize-debugging-options -profile-coverage-mapping -profile-generate -enable-testing -index-store-path /Users/admin/builder/spi-builder-workspace/.derivedData/Index.noindex/DataStore -Xcc -D_LIBCPP_HARDENING_MODE\=_LIBCPP_HARDENING_MODE_DEBUG -swift-version 5 -I /Users/admin/builder/spi-builder-workspace/.derivedData/Build/Products/Debug-watchos -Isystem /Applications/Xcode-27.0.0-Release.Candidate.app/Contents/Developer/Platforms/WatchOS.platform/Developer/usr/lib -F /Users/admin/builder/spi-builder-workspace/.derivedData/Build/Products/Debug-watchos -F /Applications/Xcode-27.0.0-Release.Candidate.app/Contents/Developer/Platforms/WatchOS.platform/Developer/Library/Frameworks -F /Applications/Xcode-27.0.0-Release.Candidate.app/Contents/Developer/Platforms/WatchOS.platform/Developer/SDKs/WatchOS27.0.sdk/Developer/Library/Frameworks -c -j10 -enable-batch-mode -incremental -Xcc -ivfsstatcache -Xcc /Users/admin/builder/spi-builder-workspace/.derivedData/SDKStatCaches.noindex/watchos27.0-24R360-e829b21a6f8c9b70876ba0858053c04477534ef55a1706bf4c1112bbb242f0a2.sdkstatcache -output-file-map /Users/admin/builder/spi-builder-workspace/.derivedData/Build/Intermediates.noindex/ScalingCarousel.build/Debug-watchos/ScalingCarousel-t.build/Objects-normal/arm64_32/ScalingCarousel-OutputFileMap.json -save-temps -no-color-diagnostics -explicit-module-build -module-cache-path /Users/admin/builder/spi-builder-workspace/.derivedData/Build/Intermediates.noindex/SwiftExplicitPrecompiledModules -clang-scanner-module-cache-path /Users/admin/builder/spi-builder-workspace/.derivedData/ModuleCache.noindex -sdk-module-cache-path /Users/admin/builder/spi-builder-workspace/.derivedData/SDKExplicitPrecompiledModules -emit-dependencies -emit-module -emit-module-path /Users/admin/builder/spi-builder-workspace/.derivedData/Build/Intermediates.noindex/ScalingCarousel.build/Debug-watchos/ScalingCarousel-t.build/Objects-normal/arm64_32/ScalingCarousel.swiftmodule -serialize-diagnostics -dependency-scan-serialize-diagnostics-path /Users/admin/builder/spi-builder-workspace/.derivedData/Build/Intermediates.noindex/ScalingCarousel.build/Debug-watchos/ScalingCarousel-t.build/Objects-normal/arm64_32/ScalingCarousel-dependency-scan.dia -validate-clang-modules-once -clang-build-session-file /Users/admin/builder/spi-builder-workspace/.derivedData/ModuleCache.noindex/Session.modulevalidation -Xcc -fmodules-prune-interval\=86400 -Xcc -fmodules-prune-after\=345600 -emit-const-values -const-gather-protocols-list /Users/admin/builder/spi-builder-workspace/.derivedData/Build/Intermediates.noindex/ScalingCarousel.build/Debug-watchos/ScalingCarousel-t.build/Objects-normal/arm64_32/ScalingCarousel_const_extract_protocols.json -Xcc -I/Users/admin/builder/spi-builder-workspace/.derivedData/Build/Products/Debug-watchos/include -Xcc -I/Users/admin/builder/spi-builder-workspace/.derivedData/Build/Intermediates.noindex/ScalingCarousel.build/Debug-watchos/ScalingCarousel-t.build/DerivedSources-normal/arm64_32 -Xcc -I/Users/admin/builder/spi-builder-workspace/.derivedData/Build/Intermediates.noindex/ScalingCarousel.build/Debug-watchos/ScalingCarousel-t.build/DerivedSources/arm64_32 -Xcc -I/Users/admin/builder/spi-builder-workspace/.derivedData/Build/Intermediates.noindex/ScalingCarousel.build/Debug-watchos/ScalingCarousel-t.build/DerivedSources -Xcc -DSWIFT_PACKAGE -Xcc -DDEBUG\=1 -emit-objc-header -emit-objc-header-path /Users/admin/builder/spi-builder-workspace/.derivedData/Build/Intermediates.noindex/ScalingCarousel.build/Debug-watchos/ScalingCarousel-t.build/Objects-normal/arm64_32/ScalingCarousel-Swift.h -working-directory /Users/admin/builder/spi-builder-workspace/.swiftpm/xcode -experimental-emit-module-separately -disable-cmo
SwiftDriver ScalingCarousel normal arm64 com.apple.xcode.tools.swift.compiler (in target 'ScalingCarousel' from project 'ScalingCarousel')
cd /Users/admin/builder/spi-builder-workspace/.swiftpm/xcode
builtin-SwiftDriver -- /Applications/Xcode-27.0.0-Release.Candidate.app/Contents/Developer/Toolchains/XcodeDefault.xctoolchain/usr/bin/swiftc -parse-as-library -module-name ScalingCarousel -Onone @/Users/admin/builder/spi-builder-workspace/.derivedData/Build/Intermediates.noindex/ScalingCarousel.build/Debug-watchos/ScalingCarousel-t.build/Objects-normal/arm64/ScalingCarousel.SwiftFileList -DSWIFT_PACKAGE -DDEBUG -DSWIFT_MODULE_RESOURCE_BUNDLE_UNAVAILABLE -DXcode -plugin-path /Applications/Xcode-27.0.0-Release.Candidate.app/Contents/Developer/Toolchains/XcodeDefault.xctoolchain/usr/lib/swift/host/plugins/testing -enable-experimental-feature DebugDescriptionMacro -sdk /Applications/Xcode-27.0.0-Release.Candidate.app/Contents/Developer/Platforms/WatchOS.platform/Developer/SDKs/WatchOS27.0.sdk -target arm64-apple-watchos9.0 -g -module-cache-path /Users/admin/builder/spi-builder-workspace/.derivedData/ModuleCache.noindex -Xfrontend -serialize-debugging-options -profile-coverage-mapping -profile-generate -enable-testing -index-store-path /Users/admin/builder/spi-builder-workspace/.derivedData/Index.noindex/DataStore -Xcc -D_LIBCPP_HARDENING_MODE\=_LIBCPP_HARDENING_MODE_DEBUG -swift-version 5 -I /Users/admin/builder/spi-builder-workspace/.derivedData/Build/Products/Debug-watchos -Isystem /Applications/Xcode-27.0.0-Release.Candidate.app/Contents/Developer/Platforms/WatchOS.platform/Developer/usr/lib -F /Users/admin/builder/spi-builder-workspace/.derivedData/Build/Products/Debug-watchos -F /Applications/Xcode-27.0.0-Release.Candidate.app/Contents/Developer/Platforms/WatchOS.platform/Developer/Library/Frameworks -F /Applications/Xcode-27.0.0-Release.Candidate.app/Contents/Developer/Platforms/WatchOS.platform/Developer/SDKs/WatchOS27.0.sdk/Developer/Library/Frameworks -c -j10 -enable-batch-mode -incremental -Xcc -ivfsstatcache -Xcc /Users/admin/builder/spi-builder-workspace/.derivedData/SDKStatCaches.noindex/watchos27.0-24R360-e829b21a6f8c9b70876ba0858053c04477534ef55a1706bf4c1112bbb242f0a2.sdkstatcache -output-file-map /Users/admin/builder/spi-builder-workspace/.derivedData/Build/Intermediates.noindex/ScalingCarousel.build/Debug-watchos/ScalingCarousel-t.build/Objects-normal/arm64/ScalingCarousel-OutputFileMap.json -save-temps -no-color-diagnostics -explicit-module-build -module-cache-path /Users/admin/builder/spi-builder-workspace/.derivedData/Build/Intermediates.noindex/SwiftExplicitPrecompiledModules -clang-scanner-module-cache-path /Users/admin/builder/spi-builder-workspace/.derivedData/ModuleCache.noindex -sdk-module-cache-path /Users/admin/builder/spi-builder-workspace/.derivedData/SDKExplicitPrecompiledModules -emit-dependencies -emit-module -emit-module-path /Users/admin/builder/spi-builder-workspace/.derivedData/Build/Intermediates.noindex/ScalingCarousel.build/Debug-watchos/ScalingCarousel-t.build/Objects-normal/arm64/ScalingCarousel.swiftmodule -serialize-diagnostics -dependency-scan-serialize-diagnostics-path /Users/admin/builder/spi-builder-workspace/.derivedData/Build/Intermediates.noindex/ScalingCarousel.build/Debug-watchos/ScalingCarousel-t.build/Objects-normal/arm64/ScalingCarousel-dependency-scan.dia -validate-clang-modules-once -clang-build-session-file /Users/admin/builder/spi-builder-workspace/.derivedData/ModuleCache.noindex/Session.modulevalidation -Xcc -fmodules-prune-interval\=86400 -Xcc -fmodules-prune-after\=345600 -emit-const-values -const-gather-protocols-list /Users/admin/builder/spi-builder-workspace/.derivedData/Build/Intermediates.noindex/ScalingCarousel.build/Debug-watchos/ScalingCarousel-t.build/Objects-normal/arm64/ScalingCarousel_const_extract_protocols.json -Xcc -I/Users/admin/builder/spi-builder-workspace/.derivedData/Build/Products/Debug-watchos/include -Xcc -I/Users/admin/builder/spi-builder-workspace/.derivedData/Build/Intermediates.noindex/ScalingCarousel.build/Debug-watchos/ScalingCarousel-t.build/DerivedSources-normal/arm64 -Xcc -I/Users/admin/builder/spi-builder-workspace/.derivedData/Build/Intermediates.noindex/ScalingCarousel.build/Debug-watchos/ScalingCarousel-t.build/DerivedSources/arm64 -Xcc -I/Users/admin/builder/spi-builder-workspace/.derivedData/Build/Intermediates.noindex/ScalingCarousel.build/Debug-watchos/ScalingCarousel-t.build/DerivedSources -Xcc -DSWIFT_PACKAGE -Xcc -DDEBUG\=1 -emit-objc-header -emit-objc-header-path /Users/admin/builder/spi-builder-workspace/.derivedData/Build/Intermediates.noindex/ScalingCarousel.build/Debug-watchos/ScalingCarousel-t.build/Objects-normal/arm64/ScalingCarousel-Swift.h -working-directory /Users/admin/builder/spi-builder-workspace/.swiftpm/xcode -experimental-emit-module-separately -disable-cmo
SwiftExplicitDependencyGeneratePcm arm64_32 /Users/admin/builder/spi-builder-workspace/.derivedData/SDKExplicitPrecompiledModules/ptrcheck-7ELIH9BTIGVKX3UBITM9N72WD.pcm
SwiftExplicitDependencyGeneratePcm arm64_32 /Users/admin/builder/spi-builder-workspace/.derivedData/SDKExplicitPrecompiledModules/_AvailabilityInternal-244WAN3Z1QBT7PIA64EZEFY1R.pcm
SwiftExplicitDependencyGeneratePcm arm64_32 /Users/admin/builder/spi-builder-workspace/.derivedData/SDKExplicitPrecompiledModules/_Builtin_stdbool-A967K8W8YUYEC9SN52KJ7OO88.pcm
SwiftExplicitDependencyGeneratePcm arm64_32 /Users/admin/builder/spi-builder-workspace/.derivedData/SDKExplicitPrecompiledModules/_Builtin_stddef-H44EFHQX6XSS5MZ7QP6YJZ76.pcm
SwiftExplicitDependencyGeneratePcm arm64_32 /Users/admin/builder/spi-builder-workspace/.derivedData/SDKExplicitPrecompiledModules/ptrauth-BFXF358ME5AK535N5A9Z766WU.pcm
SwiftExplicitDependencyGeneratePcm arm64_32 /Users/admin/builder/spi-builder-workspace/.derivedData/SDKExplicitPrecompiledModules/_Builtin_stdarg-D305JG44A2WPI6CJY37X3QJE8.pcm
SwiftExplicitDependencyGeneratePcm arm64_32 /Users/admin/builder/spi-builder-workspace/.derivedData/SDKExplicitPrecompiledModules/_Builtin_float-6KO8O3PEWRCA4WC6PPLOYO6WJ.pcm
SwiftExplicitDependencyGeneratePcm arm64_32 /Users/admin/builder/spi-builder-workspace/.derivedData/SDKExplicitPrecompiledModules/_SwiftConcurrencyShims-6RTBPQ03V7BM9SPRK8SUE055H.pcm
SwiftExplicitDependencyGeneratePcm arm64_32 /Users/admin/builder/spi-builder-workspace/.derivedData/SDKExplicitPrecompiledModules/SwiftShims-9CQQGWTSNTN9EB5NSHDWUJICH.pcm
SwiftExplicitDependencyGeneratePcm arm64_32 /Users/admin/builder/spi-builder-workspace/.derivedData/SDKExplicitPrecompiledModules/DeveloperToolsSupport-DZU5G1OCMNWU0AQRULIFHUJ1Z.pcm
SwiftExplicitDependencyGeneratePcm arm64 /Users/admin/builder/spi-builder-workspace/.derivedData/SDKExplicitPrecompiledModules/SwiftShims-4MXFZPV6FEB0XBYXCGPWAMQGL.pcm
SwiftExplicitDependencyGeneratePcm arm64 /Users/admin/builder/spi-builder-workspace/.derivedData/SDKExplicitPrecompiledModules/_SwiftConcurrencyShims-659N52XSKR5F0QSB880BH2FJR.pcm
SwiftExplicitDependencyGeneratePcm arm64 /Users/admin/builder/spi-builder-workspace/.derivedData/SDKExplicitPrecompiledModules/_Builtin_stdarg-A7UU8LE6MP85SM26YO7PBZNUQ.pcm
SwiftExplicitDependencyGeneratePcm arm64 /Users/admin/builder/spi-builder-workspace/.derivedData/SDKExplicitPrecompiledModules/_Builtin_float-C0CW5Q4HGBQYKE77TC42IAFB5.pcm
SwiftExplicitDependencyGeneratePcm arm64 /Users/admin/builder/spi-builder-workspace/.derivedData/SDKExplicitPrecompiledModules/ptrauth-3TZ9WJCGLYD25HQPWH4968ONX.pcm
SwiftExplicitDependencyGeneratePcm arm64 /Users/admin/builder/spi-builder-workspace/.derivedData/SDKExplicitPrecompiledModules/_Builtin_stddef-1FU30Y8SWFB7OUUHMJQH5J6FM.pcm
SwiftExplicitDependencyGeneratePcm arm64 /Users/admin/builder/spi-builder-workspace/.derivedData/SDKExplicitPrecompiledModules/ptrcheck-AIF0NDOYZ8ORBNHQAQR5NNB8M.pcm
SwiftExplicitDependencyGeneratePcm arm64 /Users/admin/builder/spi-builder-workspace/.derivedData/SDKExplicitPrecompiledModules/DeveloperToolsSupport-E7CNISCB36UE8XQ9IOHK9XDX1.pcm
SwiftExplicitDependencyGeneratePcm arm64 /Users/admin/builder/spi-builder-workspace/.derivedData/SDKExplicitPrecompiledModules/_Builtin_stdbool-83J96QSOFE9VX04AAS6310UAE.pcm
SwiftExplicitDependencyGeneratePcm arm64_32 /Users/admin/builder/spi-builder-workspace/.derivedData/SDKExplicitPrecompiledModules/_DarwinFoundation1-2GWF9RFMPLQW4PDHS3NARVI3G.pcm
SwiftExplicitDependencyGeneratePcm arm64 /Users/admin/builder/spi-builder-workspace/.derivedData/SDKExplicitPrecompiledModules/_AvailabilityInternal-BUNV3UXM65NT37THI4W1AM0SF.pcm
SwiftExplicitDependencyGeneratePcm arm64_32 /Users/admin/builder/spi-builder-workspace/.derivedData/SDKExplicitPrecompiledModules/_Builtin_limits-3VKBU2AFTD65PAJZ5CJ3LHFM2.pcm
SwiftExplicitDependencyGeneratePcm arm64_32 /Users/admin/builder/spi-builder-workspace/.derivedData/SDKExplicitPrecompiledModules/_DarwinFoundation2-9MY8GOSYRO0M9MKNXF6D3MBNK.pcm
SwiftExplicitDependencyGeneratePcm arm64 /Users/admin/builder/spi-builder-workspace/.derivedData/SDKExplicitPrecompiledModules/_DarwinFoundation1-7SPX3MD0HMP55E4OLNCPNDQ53.pcm
SwiftExplicitDependencyGeneratePcm arm64_32 /Users/admin/builder/spi-builder-workspace/.derivedData/SDKExplicitPrecompiledModules/sys_types-8TLLMW08ZJWDGIIPKOYFGHHZW.pcm
SwiftExplicitDependencyGeneratePcm arm64_32 /Users/admin/builder/spi-builder-workspace/.derivedData/SDKExplicitPrecompiledModules/_Builtin_tgmath-23PGCKURCQILXMK0MYZRYDCOU.pcm
SwiftExplicitDependencyGeneratePcm arm64_32 /Users/admin/builder/spi-builder-workspace/.derivedData/SDKExplicitPrecompiledModules/_Builtin_stdint-1HMXWI3V0V4TXHRWZOMZGZ80Y.pcm
SwiftExplicitDependencyGeneratePcm arm64_32 /Users/admin/builder/spi-builder-workspace/.derivedData/SDKExplicitPrecompiledModules/string_h-BFVLUQUSBZWYMLCU9QI7VZALW.pcm
SwiftExplicitDependencyGeneratePcm arm64 /Users/admin/builder/spi-builder-workspace/.derivedData/SDKExplicitPrecompiledModules/_Builtin_limits-9GWPA2B0H20DYUNYHYCWKABJG.pcm
SwiftExplicitDependencyGeneratePcm arm64 /Users/admin/builder/spi-builder-workspace/.derivedData/SDKExplicitPrecompiledModules/_DarwinFoundation2-D0XAPJU49S5E9XMKYOFGSTB1Q.pcm
SwiftExplicitDependencyGeneratePcm arm64_32 /Users/admin/builder/spi-builder-workspace/.derivedData/SDKExplicitPrecompiledModules/_DarwinFoundation3-3DUTYQDQSD9HUAAVY947NMWOI.pcm
SwiftExplicitDependencyGeneratePcm arm64_32 /Users/admin/builder/spi-builder-workspace/.derivedData/SDKExplicitPrecompiledModules/_Builtin_intrinsics-196IIAKDQVU42DLOZP9OQCV76.pcm
SwiftExplicitDependencyGeneratePcm arm64_32 /Users/admin/builder/spi-builder-workspace/.derivedData/SDKExplicitPrecompiledModules/_Builtin_stdatomic-1TY035TURL76BF2U98PZPPZRX.pcm
SwiftExplicitDependencyGeneratePcm arm64 /Users/admin/builder/spi-builder-workspace/.derivedData/SDKExplicitPrecompiledModules/_Builtin_stdint-8XMILLJZEGRN2XG7XZUXZ5RLX.pcm
SwiftExplicitDependencyGeneratePcm arm64 /Users/admin/builder/spi-builder-workspace/.derivedData/SDKExplicitPrecompiledModules/sys_types-2KXQLI78OUCDP779AE68GZJ2.pcm
SwiftExplicitDependencyGeneratePcm arm64 /Users/admin/builder/spi-builder-workspace/.derivedData/SDKExplicitPrecompiledModules/_Builtin_tgmath-8NQ96OZ0YHXEC24JI95P01UF8.pcm
SwiftExplicitDependencyGeneratePcm arm64 /Users/admin/builder/spi-builder-workspace/.derivedData/SDKExplicitPrecompiledModules/string_h-E6PRXK75PHIPCZFWOFCQ3QBMK.pcm
SwiftExplicitDependencyGeneratePcm arm64_32 /Users/admin/builder/spi-builder-workspace/.derivedData/SDKExplicitPrecompiledModules/_Builtin_inttypes-D2KPCR4PEX9AQA33NGLUT5SBR.pcm
SwiftExplicitDependencyGeneratePcm arm64 /Users/admin/builder/spi-builder-workspace/.derivedData/SDKExplicitPrecompiledModules/_Builtin_stdatomic-7JEFA3KBJJJN6TKJWY3OG1VG5.pcm
SwiftExplicitDependencyGeneratePcm arm64 /Users/admin/builder/spi-builder-workspace/.derivedData/SDKExplicitPrecompiledModules/_DarwinFoundation3-B97LRG0E9GON2NUE65TVG81HU.pcm
SwiftExplicitDependencyGeneratePcm arm64 /Users/admin/builder/spi-builder-workspace/.derivedData/SDKExplicitPrecompiledModules/_Builtin_intrinsics-75960HIPCIYA06IUW8FIIPQT.pcm
SwiftExplicitDependencyGeneratePcm arm64_32 /Users/admin/builder/spi-builder-workspace/.derivedData/SDKExplicitPrecompiledModules/Darwin-3FVT1SKLN2ZQ5RVOABMTQBB34.pcm
SwiftExplicitDependencyGeneratePcm arm64 /Users/admin/builder/spi-builder-workspace/.derivedData/SDKExplicitPrecompiledModules/_Builtin_inttypes-3UQSCM7WNM9EK4HZML8TY5J3D.pcm
SwiftExplicitDependencyGeneratePcm arm64_32 /Users/admin/builder/spi-builder-workspace/.derivedData/SDKExplicitPrecompiledModules/simd-21UNWYOBUZI1LVSQ99S1XBLMO.pcm
SwiftExplicitDependencyGeneratePcm arm64 /Users/admin/builder/spi-builder-workspace/.derivedData/SDKExplicitPrecompiledModules/Darwin-3984OXKFNSPE77NT743WK8SEX.pcm
SwiftExplicitDependencyGeneratePcm arm64 /Users/admin/builder/spi-builder-workspace/.derivedData/SDKExplicitPrecompiledModules/simd-EH08NODU6574T74ZKU61VP9BW.pcm
SwiftExplicitDependencyGeneratePcm arm64_32 /Users/admin/builder/spi-builder-workspace/.derivedData/SDKExplicitPrecompiledModules/MachO-56838ZJ0NC1EBAJ0O6O8QMPDX.pcm
SwiftExplicitDependencyGeneratePcm arm64_32 /Users/admin/builder/spi-builder-workspace/.derivedData/SDKExplicitPrecompiledModules/ObjectiveC-6IJNELR2E80E7LUKESVCP2KET.pcm
SwiftExplicitDependencyGeneratePcm arm64_32 /Users/admin/builder/spi-builder-workspace/.derivedData/SDKExplicitPrecompiledModules/os_object-5YWTC6L4756IWSTPGXS5NM0D0.pcm
SwiftExplicitDependencyGeneratePcm arm64 /Users/admin/builder/spi-builder-workspace/.derivedData/SDKExplicitPrecompiledModules/MachO-2U90NNSAQILBNBPS1SA4F8TYP.pcm
SwiftExplicitDependencyGeneratePcm arm64 /Users/admin/builder/spi-builder-workspace/.derivedData/SDKExplicitPrecompiledModules/ObjectiveC-72IVD3VS2RS8Q28D9PIMY0KQP.pcm
SwiftExplicitDependencyGeneratePcm arm64_32 /Users/admin/builder/spi-builder-workspace/.derivedData/SDKExplicitPrecompiledModules/os_workgroup-5JHTPDMNBUNHLJI8LPHKQK1JK.pcm
SwiftExplicitDependencyGeneratePcm arm64 /Users/admin/builder/spi-builder-workspace/.derivedData/SDKExplicitPrecompiledModules/os_object-3SDKD7F87FTZ26OON37DRYT6O.pcm
SwiftExplicitDependencyGeneratePcm arm64_32 /Users/admin/builder/spi-builder-workspace/.derivedData/SDKExplicitPrecompiledModules/Spatial-CWVWNML3T0NXVHZDKVLD3X1YZ.pcm
SwiftExplicitDependencyGeneratePcm arm64_32 /Users/admin/builder/spi-builder-workspace/.derivedData/SDKExplicitPrecompiledModules/Dispatch-2P62F1T4XV63S4P99TUDTOK2Q.pcm
SwiftExplicitDependencyGeneratePcm arm64 /Users/admin/builder/spi-builder-workspace/.derivedData/SDKExplicitPrecompiledModules/os_workgroup-89GG5G7YC2D0ZTK6AZXXQ20DH.pcm
SwiftExplicitDependencyGeneratePcm arm64_32 /Users/admin/builder/spi-builder-workspace/.derivedData/SDKExplicitPrecompiledModules/CoreFoundation-8E6Y4BA3EXYKUGJ24GT9LGV3N.pcm
SwiftExplicitDependencyGeneratePcm arm64_32 /Users/admin/builder/spi-builder-workspace/.derivedData/SDKExplicitPrecompiledModules/XPC-81Y45QFY96XYYFCW2GT6FY8S4.pcm
SwiftExplicitDependencyGeneratePcm arm64 /Users/admin/builder/spi-builder-workspace/.derivedData/SDKExplicitPrecompiledModules/Spatial-44FJGYXFAT2AQAW9Z6T7YS02U.pcm
SwiftExplicitDependencyGeneratePcm arm64 /Users/admin/builder/spi-builder-workspace/.derivedData/SDKExplicitPrecompiledModules/Dispatch-1NLJOVAK60XP0DUB05XA59EIM.pcm
SwiftExplicitDependencyGeneratePcm arm64_32 /Users/admin/builder/spi-builder-workspace/.derivedData/SDKExplicitPrecompiledModules/os-E5IGB442IA6SBB25TTCOLK2OC.pcm
SwiftExplicitDependencyGeneratePcm arm64 /Users/admin/builder/spi-builder-workspace/.derivedData/SDKExplicitPrecompiledModules/CoreFoundation-8T2L24YC5NU7WO6WQJWRY7W08.pcm
SwiftExplicitDependencyGeneratePcm arm64 /Users/admin/builder/spi-builder-workspace/.derivedData/SDKExplicitPrecompiledModules/XPC-40DR0X1DHKGCV4J1IOLFS8MOU.pcm
SwiftExplicitDependencyGeneratePcm arm64_32 /Users/admin/builder/spi-builder-workspace/.derivedData/SDKExplicitPrecompiledModules/Security-D7TOWF88VWF67TB9HAFP5UWB1.pcm
SwiftExplicitDependencyGeneratePcm arm64_32 /Users/admin/builder/spi-builder-workspace/.derivedData/SDKExplicitPrecompiledModules/CoreGraphics-9FDXYX6BKBUT6TJ2VF819E7T5.pcm
SwiftExplicitDependencyGeneratePcm arm64 /Users/admin/builder/spi-builder-workspace/.derivedData/SDKExplicitPrecompiledModules/os-5DIL6Z9LFIGLMZAHM7X2T5435.pcm
SwiftExplicitDependencyGeneratePcm arm64_32 /Users/admin/builder/spi-builder-workspace/.derivedData/SDKExplicitPrecompiledModules/Foundation-BJ2VQGI3OGR34500MEQ1VKHPH.pcm
SwiftExplicitDependencyGeneratePcm arm64 /Users/admin/builder/spi-builder-workspace/.derivedData/SDKExplicitPrecompiledModules/Security-6RZ6YBRU8WCUHRFFRVUK5WKMM.pcm
SwiftExplicitDependencyGeneratePcm arm64 /Users/admin/builder/spi-builder-workspace/.derivedData/SDKExplicitPrecompiledModules/CoreGraphics-DWNZ73GEH98SBJXZ7DEXB420K.pcm
SwiftExplicitDependencyGeneratePcm arm64_32 /Users/admin/builder/spi-builder-workspace/.derivedData/SDKExplicitPrecompiledModules/CoreVideo-2P8HI0403J99LBDPKNFJ5D4DL.pcm
SwiftExplicitDependencyGeneratePcm arm64_32 /Users/admin/builder/spi-builder-workspace/.derivedData/SDKExplicitPrecompiledModules/CoreText-C9X2REPZN2V5BSU4G80FCETDR.pcm
SwiftExplicitDependencyGeneratePcm arm64 /Users/admin/builder/spi-builder-workspace/.derivedData/SDKExplicitPrecompiledModules/Foundation-DLBKUSGXN8QHAT8W0OARR9S8A.pcm
SwiftExplicitDependencyGeneratePcm arm64 /Users/admin/builder/spi-builder-workspace/.derivedData/SDKExplicitPrecompiledModules/CoreVideo-8MRR5MNWUOAW2DBPGUQ8FKK4.pcm
SwiftExplicitDependencyGeneratePcm arm64 /Users/admin/builder/spi-builder-workspace/.derivedData/SDKExplicitPrecompiledModules/CoreText-970YJN6NIYGK1316L35Z0O8QT.pcm
SwiftExplicitDependencyGeneratePcm arm64_32 /Users/admin/builder/spi-builder-workspace/.derivedData/SDKExplicitPrecompiledModules/_LocationEssentials-AQ1OL9QKC3LQLY5CNSRM1HB53.pcm
SwiftExplicitDependencyGeneratePcm arm64_32 /Users/admin/builder/spi-builder-workspace/.derivedData/SDKExplicitPrecompiledModules/Symbols-1H97WMG76HU94F5VGJR19PXFY.pcm
SwiftExplicitDependencyGeneratePcm arm64_32 /Users/admin/builder/spi-builder-workspace/.derivedData/SDKExplicitPrecompiledModules/UIUtilities-9YFVNIMRC5HRVOIARNWHP1E3H.pcm
SwiftExplicitDependencyGeneratePcm arm64_32 /Users/admin/builder/spi-builder-workspace/.derivedData/SDKExplicitPrecompiledModules/CoreTransferable-5D4IR6X37682FPHJ5CBPTKQV6.pcm
SwiftExplicitDependencyGeneratePcm arm64_32 /Users/admin/builder/spi-builder-workspace/.derivedData/SDKExplicitPrecompiledModules/Accessibility-F385OMZ5GYBUY5O4QAJB4NRII.pcm
SwiftExplicitDependencyGeneratePcm arm64_32 /Users/admin/builder/spi-builder-workspace/.derivedData/SDKExplicitPrecompiledModules/UserNotifications-6TBN8TEAKO014N1T2QD926XED.pcm
SwiftExplicitDependencyGeneratePcm arm64_32 /Users/admin/builder/spi-builder-workspace/.derivedData/SDKExplicitPrecompiledModules/OSLog-D9AVFY0KWO7RVBIQ73CBIJVCN.pcm
SwiftExplicitDependencyGeneratePcm arm64_32 /Users/admin/builder/spi-builder-workspace/.derivedData/SDKExplicitPrecompiledModules/QuartzCore-6375NPYACK5NYVHPMC1QQ8MC2.pcm
SwiftExplicitDependencyGeneratePcm arm64_32 /Users/admin/builder/spi-builder-workspace/.derivedData/SDKExplicitPrecompiledModules/UniformTypeIdentifiers-CJZ3NTHPSBH4XWX5EVOG56UZS.pcm
SwiftExplicitDependencyGeneratePcm arm64_32 /Users/admin/builder/spi-builder-workspace/.derivedData/SDKExplicitPrecompiledModules/DataDetection-U9BF7WHFVA6BZGFXXXP272PS.pcm
SwiftExplicitDependencyGeneratePcm arm64_32 /Users/admin/builder/spi-builder-workspace/.derivedData/SDKExplicitPrecompiledModules/CoreLocation-8XU5YMYM4P11RQMYCQAG65ITK.pcm
SwiftExplicitDependencyGeneratePcm arm64 /Users/admin/builder/spi-builder-workspace/.derivedData/SDKExplicitPrecompiledModules/OSLog-B7VGO357Y3GJG35TST7DKDSI3.pcm
SwiftExplicitDependencyGeneratePcm arm64 /Users/admin/builder/spi-builder-workspace/.derivedData/SDKExplicitPrecompiledModules/UniformTypeIdentifiers-8L08Q8DQJV8C4AW84YVGFGTRN.pcm
SwiftExplicitDependencyGeneratePcm arm64 /Users/admin/builder/spi-builder-workspace/.derivedData/SDKExplicitPrecompiledModules/DataDetection-7BNVI1SZW5ISQL5SX4WL2X7I5.pcm
SwiftExplicitDependencyGeneratePcm arm64 /Users/admin/builder/spi-builder-workspace/.derivedData/SDKExplicitPrecompiledModules/QuartzCore-94KFMWNOU7ZLUZNB4T5DLZC9D.pcm
SwiftExplicitDependencyGeneratePcm arm64 /Users/admin/builder/spi-builder-workspace/.derivedData/SDKExplicitPrecompiledModules/CoreTransferable-9PPG3SLJ55T4LITIFYX2M0NOZ.pcm
SwiftExplicitDependencyGeneratePcm arm64 /Users/admin/builder/spi-builder-workspace/.derivedData/SDKExplicitPrecompiledModules/Symbols-3EFABTJ9L5PQDJ7RQCYQWEJMM.pcm
SwiftExplicitDependencyGeneratePcm arm64 /Users/admin/builder/spi-builder-workspace/.derivedData/SDKExplicitPrecompiledModules/UserNotifications-ARAH8MEQ0C2L0FBO39HITJMAO.pcm
SwiftExplicitDependencyGeneratePcm arm64 /Users/admin/builder/spi-builder-workspace/.derivedData/SDKExplicitPrecompiledModules/Accessibility-27QMG6ZQ1NKYTNBYFPM1XKNFC.pcm
SwiftExplicitDependencyGeneratePcm arm64_32 /Users/admin/builder/spi-builder-workspace/.derivedData/SDKExplicitPrecompiledModules/SwiftUICore-3Q7WLRD8MR9R3NGIPUBQCP6F6.pcm
SwiftExplicitDependencyGeneratePcm arm64 /Users/admin/builder/spi-builder-workspace/.derivedData/SDKExplicitPrecompiledModules/_LocationEssentials-5ZZDGDXB6HLQUC72SJW7YJ7MK.pcm
SwiftExplicitDependencyGeneratePcm arm64 /Users/admin/builder/spi-builder-workspace/.derivedData/SDKExplicitPrecompiledModules/UIUtilities-IR7RNW23VAUKYI9MLCS9NL9A.pcm
SwiftExplicitDependencyGeneratePcm arm64_32 /Users/admin/builder/spi-builder-workspace/.derivedData/SDKExplicitPrecompiledModules/CoreMotion-1XGTVTE5PP32UHME8AC63TL6.pcm
SwiftExplicitDependencyGeneratePcm arm64 /Users/admin/builder/spi-builder-workspace/.derivedData/SDKExplicitPrecompiledModules/SwiftUICore-C1DST1IX2Z0PTH5SJJZ1IULRB.pcm
SwiftExplicitDependencyGeneratePcm arm64 /Users/admin/builder/spi-builder-workspace/.derivedData/SDKExplicitPrecompiledModules/CoreLocation-ACKJ9K7ABI14F97Y46Y6SRR17.pcm
SwiftExplicitDependencyGeneratePcm arm64_32 /Users/admin/builder/spi-builder-workspace/.derivedData/SDKExplicitPrecompiledModules/UIKit-6PPV7YPZ89CZPHYAP072QH8B6.pcm
SwiftExplicitDependencyGeneratePcm arm64 /Users/admin/builder/spi-builder-workspace/.derivedData/SDKExplicitPrecompiledModules/CoreMotion-6RD5K48QT1F4L9CATNFD2O7YB.pcm
SwiftExplicitDependencyGeneratePcm arm64 /Users/admin/builder/spi-builder-workspace/.derivedData/SDKExplicitPrecompiledModules/UIKit-27R3P1YMV4C6JLDT661G3MRIA.pcm
SwiftCompile normal arm64_32 Compiling\ ScalingCarouselCell.swift /Users/admin/builder/spi-builder-workspace/Sources/ScalingCarousel/ScalingCarouselCell.swift (in target 'ScalingCarousel' from project 'ScalingCarousel')
SwiftCompile normal arm64_32 /Users/admin/builder/spi-builder-workspace/Sources/ScalingCarousel/ScalingCarouselCell.swift (in target 'ScalingCarousel' from project 'ScalingCarousel')
cd /Users/admin/builder/spi-builder-workspace/.swiftpm/xcode
builtin-SwiftPerFileCompile ScalingCarouselCell.swift
/Users/admin/builder/spi-builder-workspace/Sources/ScalingCarousel/ScalingCarouselCell.swift:41:36: error: 'UIView' is unavailable in watchOS
39 |
40 | // This property should be connected to the main cell subview
41 | @IBOutlet public var mainView: UIView!
| `- error: 'UIView' is unavailable in watchOS
42 |
43 | // MARK: - Overrides
/Applications/Xcode-27.0.0-Release.Candidate.app/Contents/Developer/Platforms/WatchOS.platform/Developer/SDKs/WatchOS27.0.sdk/System/Library/Frameworks/UIKit.framework/Headers/UIView.h:152:12: note: 'UIView' has been explicitly marked unavailable here
150 |
151 | UIKIT_EXTERN API_AVAILABLE(ios(2.0)) API_UNAVAILABLE(watchos) NS_SWIFT_UI_ACTOR
152 | @interface UIView : UIResponder <NSCoding, UIAppearance, UIAppearanceContainer, UIDynamicItem, UITraitEnvironment, UICoordinateSpace, UIFocusItem, UIFocusItemContainer, CALayerDelegate>
| `- note: 'UIView' has been explicitly marked unavailable here
153 |
154 | @property(class, nonatomic, readonly) Class layerClass; // default is [CALayer class]. Used when creating the underlying layer for the view.
SwiftEmitModule normal arm64_32 Emitting\ module\ for\ ScalingCarousel (in target 'ScalingCarousel' from project 'ScalingCarousel')
/Users/admin/builder/spi-builder-workspace/Sources/ScalingCarousel/ScalingCarouselCell.swift:41:36: error: 'UIView' is unavailable in watchOS
39 |
40 | // This property should be connected to the main cell subview
41 | @IBOutlet public var mainView: UIView!
| `- error: 'UIView' is unavailable in watchOS
42 |
43 | // MARK: - Overrides
/Applications/Xcode-27.0.0-Release.Candidate.app/Contents/Developer/Platforms/WatchOS.platform/Developer/SDKs/WatchOS27.0.sdk/System/Library/Frameworks/UIKit.framework/Headers/UIView.h:152:12: note: 'UIView' has been explicitly marked unavailable here
150 |
151 | UIKIT_EXTERN API_AVAILABLE(ios(2.0)) API_UNAVAILABLE(watchos) NS_SWIFT_UI_ACTOR
152 | @interface UIView : UIResponder <NSCoding, UIAppearance, UIAppearanceContainer, UIDynamicItem, UITraitEnvironment, UICoordinateSpace, UIFocusItem, UIFocusItemContainer, CALayerDelegate>
| `- note: 'UIView' has been explicitly marked unavailable here
153 |
154 | @property(class, nonatomic, readonly) Class layerClass; // default is [CALayer class]. Used when creating the underlying layer for the view.
/Users/admin/builder/spi-builder-workspace/Sources/ScalingCarousel/ScalingCarouselCell.swift:21:33: error: 'UICollectionViewCell' is unavailable in watchOS
19 | Collection view cells used with ScalingCarouselView should subclass this type
20 | */
21 | open class ScalingCarouselCell: UICollectionViewCell {
| `- error: 'UICollectionViewCell' is unavailable in watchOS
22 |
23 | // MARK: - Properties (Public)
/Applications/Xcode-27.0.0-Release.Candidate.app/Contents/Developer/Platforms/WatchOS.platform/Developer/SDKs/WatchOS27.0.sdk/System/Library/Frameworks/UIKit.framework/Headers/UICollectionViewCell.h:65:12: note: 'UICollectionViewCell' has been explicitly marked unavailable here
63 |
64 | UIKIT_EXTERN API_AVAILABLE(ios(6.0)) API_UNAVAILABLE(watchos) NS_SWIFT_UI_ACTOR
65 | @interface UICollectionViewCell : UICollectionReusableView
| `- note: 'UICollectionViewCell' has been explicitly marked unavailable here
66 |
67 | /// Returns the current configuration state for the cell.
/Users/admin/builder/spi-builder-workspace/Sources/ScalingCarousel/ScalingCarouselLayout.swift:17:35: error: 'UICollectionViewFlowLayout' is unavailable in watchOS
15 | provide a carousel-style collection view.
16 | */
17 | open class ScalingCarouselLayout: UICollectionViewFlowLayout {
| `- error: 'UICollectionViewFlowLayout' is unavailable in watchOS
18 |
19 | open var inset: CGFloat = 0.0
/Applications/Xcode-27.0.0-Release.Candidate.app/Contents/Developer/Platforms/WatchOS.platform/Developer/SDKs/WatchOS27.0.sdk/System/Library/Frameworks/UIKit.framework/Headers/UICollectionViewFlowLayout.h:46:12: note: 'UICollectionViewFlowLayout' has been explicitly marked unavailable here
44 |
45 | UIKIT_EXTERN API_AVAILABLE(ios(6.0)) API_UNAVAILABLE(watchos) NS_SWIFT_UI_ACTOR
46 | @interface UICollectionViewFlowLayout : UICollectionViewLayout
| `- note: 'UICollectionViewFlowLayout' has been explicitly marked unavailable here
47 |
48 | @property (nonatomic) CGFloat minimumLineSpacing;
/Users/admin/builder/spi-builder-workspace/Sources/ScalingCarousel/ScalingCarouselView.swift:26:31: error: 'UICollectionView' is unavailable in watchOS
24 | // MARK: - Properties (Public)
25 |
26 | open var scrollDirection: UICollectionView.ScrollDirection = .horizontal
| `- error: 'UICollectionView' is unavailable in watchOS
27 |
28 | /// Inset of the main, center cell
/Applications/Xcode-27.0.0-Release.Candidate.app/Contents/Developer/Platforms/WatchOS.platform/Developer/SDKs/WatchOS27.0.sdk/System/Library/Frameworks/UIKit.framework/Headers/UICollectionView.h:362:12: note: 'UICollectionView' has been explicitly marked unavailable here
360 |
361 | UIKIT_EXTERN API_AVAILABLE(ios(6.0)) API_UNAVAILABLE(watchos) NS_SWIFT_UI_ACTOR
362 | @interface UICollectionView : UIScrollView <UIDataSourceTranslating>
| `- note: 'UICollectionView' has been explicitly marked unavailable here
363 |
364 | - (instancetype)initWithFrame:(CGRect)frame collectionViewLayout:(UICollectionViewLayout *)layout NS_DESIGNATED_INITIALIZER;
/Users/admin/builder/spi-builder-workspace/Sources/ScalingCarousel/ScalingCarouselView.swift:40:33: error: 'UICollectionViewCell' is unavailable in watchOS
38 |
39 | /// Returns the current center cell of the carousel if it can be calculated
40 | open var currentCenterCell: UICollectionViewCell? {
| `- error: 'UICollectionViewCell' is unavailable in watchOS
41 |
42 | let lowerBound = inset - 20
/Applications/Xcode-27.0.0-Release.Candidate.app/Contents/Developer/Platforms/WatchOS.platform/Developer/SDKs/WatchOS27.0.sdk/System/Library/Frameworks/UIKit.framework/Headers/UICollectionViewCell.h:65:12: note: 'UICollectionViewCell' has been explicitly marked unavailable here
63 |
64 | UIKIT_EXTERN API_AVAILABLE(ios(6.0)) API_UNAVAILABLE(watchos) NS_SWIFT_UI_ACTOR
65 | @interface UICollectionViewCell : UICollectionReusableView
| `- note: 'UICollectionViewCell' has been explicitly marked unavailable here
66 |
67 | /// Returns the current configuration state for the cell.
/Users/admin/builder/spi-builder-workspace/Sources/ScalingCarousel/ScalingCarouselView.swift:97:42: error: 'UIScrollView' is unavailable in watchOS
95 |
96 | // MARK: - Properties (Private)
97 | fileprivate var invisibleScrollView: UIScrollView!
| `- error: 'UIScrollView' is unavailable in watchOS
98 | fileprivate var invisibleWidthOrHeightConstraint: NSLayoutConstraint?
99 | fileprivate var invisibleLeftOrTopConstraint: NSLayoutConstraint?
/Applications/Xcode-27.0.0-Release.Candidate.app/Contents/Developer/Platforms/WatchOS.platform/Developer/SDKs/WatchOS27.0.sdk/System/Library/Frameworks/UIKit.framework/Headers/UIScrollView.h:87:12: note: 'UIScrollView' has been explicitly marked unavailable here
85 |
86 | UIKIT_EXTERN API_AVAILABLE(ios(2.0)) API_UNAVAILABLE(watchos) NS_SWIFT_UI_ACTOR
87 | @interface UIScrollView : UIView <NSCoding, UIFocusItemScrollableContainer>
| `- note: 'UIScrollView' has been explicitly marked unavailable here
88 |
89 | @property(nonatomic) CGPoint contentOffset; // default CGPointZero
/Users/admin/builder/spi-builder-workspace/Sources/ScalingCarousel/ScalingCarouselView.swift:98:55: error: 'NSLayoutConstraint' is unavailable in watchOS
96 | // MARK: - Properties (Private)
97 | fileprivate var invisibleScrollView: UIScrollView!
98 | fileprivate var invisibleWidthOrHeightConstraint: NSLayoutConstraint?
| `- error: 'NSLayoutConstraint' is unavailable in watchOS
99 | fileprivate var invisibleLeftOrTopConstraint: NSLayoutConstraint?
100 |
/Applications/Xcode-27.0.0-Release.Candidate.app/Contents/Developer/Platforms/WatchOS.platform/Developer/SDKs/WatchOS27.0.sdk/System/Library/Frameworks/UIKit.framework/Headers/NSLayoutConstraint.h:126:12: note: 'NSLayoutConstraint' has been explicitly marked unavailable here
124 |
125 | NSLAYOUTCONSTRAINT_EXTERN API_AVAILABLE(macos(10.7), ios(6.0), tvos(9.0)) API_UNAVAILABLE(watchos) NS_SWIFT_UI_ACTOR
126 | @interface NSLayoutConstraint : NSObject
| `- note: 'NSLayoutConstraint' has been explicitly marked unavailable here
127 |
128 | /* Create an array of constraints using an ASCII-art-like visual format string. The values of the `metrics` dictionary should be NSNumber (or some other type that responds to -doubleValue and returns a double).
/Users/admin/builder/spi-builder-workspace/Sources/ScalingCarousel/ScalingCarouselView.swift:99:51: error: 'NSLayoutConstraint' is unavailable in watchOS
97 | fileprivate var invisibleScrollView: UIScrollView!
98 | fileprivate var invisibleWidthOrHeightConstraint: NSLayoutConstraint?
99 | fileprivate var invisibleLeftOrTopConstraint: NSLayoutConstraint?
| `- error: 'NSLayoutConstraint' is unavailable in watchOS
100 |
101 | // MARK: - Lifecycle
/Applications/Xcode-27.0.0-Release.Candidate.app/Contents/Developer/Platforms/WatchOS.platform/Developer/SDKs/WatchOS27.0.sdk/System/Library/Frameworks/UIKit.framework/Headers/NSLayoutConstraint.h:126:12: note: 'NSLayoutConstraint' has been explicitly marked unavailable here
124 |
125 | NSLAYOUTCONSTRAINT_EXTERN API_AVAILABLE(macos(10.7), ios(6.0), tvos(9.0)) API_UNAVAILABLE(watchos) NS_SWIFT_UI_ACTOR
126 | @interface NSLayoutConstraint : NSObject
| `- note: 'NSLayoutConstraint' has been explicitly marked unavailable here
127 |
128 | /* Create an array of constraints using an ASCII-art-like visual format string. The values of the `metrics` dictionary should be NSNumber (or some other type that responds to -doubleValue and returns a double).
/Users/admin/builder/spi-builder-workspace/Sources/ScalingCarousel/ScalingCarouselView.swift:103:70: error: 'UICollectionViewLayout' is unavailable in watchOS
101 | // MARK: - Lifecycle
102 |
103 | override public init(frame: CGRect, collectionViewLayout layout: UICollectionViewLayout) {
| `- error: 'UICollectionViewLayout' is unavailable in watchOS
104 | super.init(frame: frame, collectionViewLayout: layout)
105 | }
/Applications/Xcode-27.0.0-Release.Candidate.app/Contents/Developer/Platforms/WatchOS.platform/Developer/SDKs/WatchOS27.0.sdk/System/Library/Frameworks/UIKit.framework/Headers/UICollectionViewLayout.h:89:12: note: 'UICollectionViewLayout' has been explicitly marked unavailable here
87 |
88 | UIKIT_EXTERN API_AVAILABLE(ios(6.0)) API_UNAVAILABLE(watchos) NS_SWIFT_UI_ACTOR
89 | @interface UICollectionViewLayout : NSObject <NSCoding>
| `- note: 'UICollectionViewLayout' has been explicitly marked unavailable here
90 |
91 | - (instancetype)init NS_DESIGNATED_INITIALIZER;
/Users/admin/builder/spi-builder-workspace/Sources/ScalingCarousel/ScalingCarouselView.swift:128:81: error: 'UICollectionView' is unavailable in watchOS
126 | }
127 |
128 | override open func scrollToItem(at indexPath: IndexPath, at scrollPosition: UICollectionView.ScrollPosition, animated: Bool) {
| `- error: 'UICollectionView' is unavailable in watchOS
129 | super.scrollToItem(at: indexPath, at: scrollPosition, animated: animated)
130 | var origin = (CGFloat(indexPath.item) * (frame.size.width - (inset * 2)))
/Applications/Xcode-27.0.0-Release.Candidate.app/Contents/Developer/Platforms/WatchOS.platform/Developer/SDKs/WatchOS27.0.sdk/System/Library/Frameworks/UIKit.framework/Headers/UICollectionView.h:362:12: note: 'UICollectionView' has been explicitly marked unavailable here
360 |
361 | UIKIT_EXTERN API_AVAILABLE(ios(6.0)) API_UNAVAILABLE(watchos) NS_SWIFT_UI_ACTOR
362 | @interface UICollectionView : UIScrollView <UIDataSourceTranslating>
| `- note: 'UICollectionView' has been explicitly marked unavailable here
363 |
364 | - (instancetype)initWithFrame:(CGRect)frame collectionViewLayout:(UICollectionViewLayout *)layout NS_DESIGNATED_INITIALIZER;
/Users/admin/builder/spi-builder-workspace/Sources/ScalingCarousel/ScalingCarouselView.swift:18:33: error: 'UICollectionView' is unavailable in watchOS
16 | are scaled as the carousel scrolls.
17 | */
18 | open class ScalingCarouselView: UICollectionView {
| `- error: 'UICollectionView' is unavailable in watchOS
19 |
20 | // MARK: - Properties (Private)
/Applications/Xcode-27.0.0-Release.Candidate.app/Contents/Developer/Platforms/WatchOS.platform/Developer/SDKs/WatchOS27.0.sdk/System/Library/Frameworks/UIKit.framework/Headers/UICollectionView.h:362:12: note: 'UICollectionView' has been explicitly marked unavailable here
360 |
361 | UIKIT_EXTERN API_AVAILABLE(ios(6.0)) API_UNAVAILABLE(watchos) NS_SWIFT_UI_ACTOR
362 | @interface UICollectionView : UIScrollView <UIDataSourceTranslating>
| `- note: 'UICollectionView' has been explicitly marked unavailable here
363 |
364 | - (instancetype)initWithFrame:(CGRect)frame collectionViewLayout:(UICollectionViewLayout *)layout NS_DESIGNATED_INITIALIZER;
/Users/admin/builder/spi-builder-workspace/Sources/ScalingCarousel/ScalingCarouselView.swift:190:47: error: 'UIView' is unavailable in watchOS
188 | fileprivate extension PrivateAPI {
189 |
190 | func addInvisibleScrollView(to superview: UIView?) {
| `- error: 'UIView' is unavailable in watchOS
191 | guard let superview = superview else { return }
192 |
/Applications/Xcode-27.0.0-Release.Candidate.app/Contents/Developer/Platforms/WatchOS.platform/Developer/SDKs/WatchOS27.0.sdk/System/Library/Frameworks/UIKit.framework/Headers/UIView.h:152:12: note: 'UIView' has been explicitly marked unavailable here
150 |
151 | UIKIT_EXTERN API_AVAILABLE(ios(2.0)) API_UNAVAILABLE(watchos) NS_SWIFT_UI_ACTOR
152 | @interface UIView : UIResponder <NSCoding, UIAppearance, UIAppearanceContainer, UIDynamicItem, UITraitEnvironment, UICoordinateSpace, UIFocusItem, UIFocusItemContainer, CALayerDelegate>
| `- note: 'UIView' has been explicitly marked unavailable here
153 |
154 | @property(class, nonatomic, readonly) Class layerClass; // default is [CALayer class]. Used when creating the underlying layer for the view.
/Users/admin/builder/spi-builder-workspace/Sources/ScalingCarousel/ScalingCarouselView.swift:284:51: error: 'UIScrollView' is unavailable in watchOS
282 | extension InvisibleScrollDelegate: UIScrollViewDelegate {
283 |
284 | public func scrollViewDidScroll(_ scrollView: UIScrollView) {
| `- error: 'UIScrollView' is unavailable in watchOS
285 |
286 | /*
/Applications/Xcode-27.0.0-Release.Candidate.app/Contents/Developer/Platforms/WatchOS.platform/Developer/SDKs/WatchOS27.0.sdk/System/Library/Frameworks/UIKit.framework/Headers/UIScrollView.h:87:12: note: 'UIScrollView' has been explicitly marked unavailable here
85 |
86 | UIKIT_EXTERN API_AVAILABLE(ios(2.0)) API_UNAVAILABLE(watchos) NS_SWIFT_UI_ACTOR
87 | @interface UIScrollView : UIView <NSCoding, UIFocusItemScrollableContainer>
| `- note: 'UIScrollView' has been explicitly marked unavailable here
88 |
89 | @property(nonatomic) CGPoint contentOffset; // default CGPointZero
/Users/admin/builder/spi-builder-workspace/Sources/ScalingCarousel/ScalingCarouselView.swift:300:60: error: 'UIScrollView' is unavailable in watchOS
298 | }
299 |
300 | public func scrollViewDidEndDecelerating(_ scrollView: UIScrollView) {
| `- error: 'UIScrollView' is unavailable in watchOS
301 | delegate?.scrollViewDidEndDecelerating?(scrollView)
302 | guard let indexPath = currentCenterCellIndex else { return }
/Applications/Xcode-27.0.0-Release.Candidate.app/Contents/Developer/Platforms/WatchOS.platform/Developer/SDKs/WatchOS27.0.sdk/System/Library/Frameworks/UIKit.framework/Headers/UIScrollView.h:87:12: note: 'UIScrollView' has been explicitly marked unavailable here
85 |
86 | UIKIT_EXTERN API_AVAILABLE(ios(2.0)) API_UNAVAILABLE(watchos) NS_SWIFT_UI_ACTOR
87 | @interface UIScrollView : UIView <NSCoding, UIFocusItemScrollableContainer>
| `- note: 'UIScrollView' has been explicitly marked unavailable here
88 |
89 | @property(nonatomic) CGPoint contentOffset; // default CGPointZero
/Users/admin/builder/spi-builder-workspace/Sources/ScalingCarousel/ScalingCarouselView.swift:282:36: error: 'UIScrollViewDelegate' is unavailable in watchOS
280 | */
281 | private typealias InvisibleScrollDelegate = ScalingCarouselView
282 | extension InvisibleScrollDelegate: UIScrollViewDelegate {
| `- error: 'UIScrollViewDelegate' is unavailable in watchOS
283 |
284 | public func scrollViewDidScroll(_ scrollView: UIScrollView) {
/Applications/Xcode-27.0.0-Release.Candidate.app/Contents/Developer/Platforms/WatchOS.platform/Developer/SDKs/WatchOS27.0.sdk/System/Library/Frameworks/UIKit.framework/Headers/UIScrollView.h:312:11: note: 'UIScrollViewDelegate' has been explicitly marked unavailable here
310 |
311 | API_UNAVAILABLE(watchos) NS_SWIFT_UI_ACTOR
312 | @protocol UIScrollViewDelegate<NSObject>
| `- note: 'UIScrollViewDelegate' has been explicitly marked unavailable here
313 |
314 | @optional
Failed frontend command:
/Applications/Xcode-27.0.0-Release.Candidate.app/Contents/Developer/Toolchains/XcodeDefault.xctoolchain/usr/bin/swift-frontend -frontend -emit-module -experimental-skip-non-inlinable-function-bodies-without-types /Users/admin/builder/spi-builder-workspace/Sources/ScalingCarousel/ScalingCarouselCell.swift /Users/admin/builder/spi-builder-workspace/Sources/ScalingCarousel/ScalingCarouselLayout.swift /Users/admin/builder/spi-builder-workspace/Sources/ScalingCarousel/ScalingCarouselView.swift -target arm64_32-apple-watchos9.0 -disable-cross-import-overlay-search -load-resolved-plugin /Applications/Xcode-27.0.0-Release.Candidate.app/Contents/Developer/Platforms/WatchOS.platform/Developer/usr/lib/swift/host/plugins/libFoundationMacros.dylib\#/Applications/Xcode-27.0.0-Release.Candidate.app/Contents/Developer/Platforms/WatchOS.platform/Developer/usr/bin/swift-plugin-server\#FoundationMacros -load-resolved-plugin /Applications/Xcode-27.0.0-Release.Candidate.app/Contents/Developer/Platforms/WatchOS.platform/Developer/usr/lib/swift/host/plugins/libObservationMacros.dylib\#/Applications/Xcode-27.0.0-Release.Candidate.app/Contents/Developer/Platforms/WatchOS.platform/Developer/usr/bin/swift-plugin-server\#ObservationMacros -load-resolved-plugin /Applications/Xcode-27.0.0-Release.Candidate.app/Contents/Developer/Platforms/WatchOS.platform/Developer/usr/lib/swift/host/plugins/libSwiftMacros.dylib\#/Applications/Xcode-27.0.0-Release.Candidate.app/Contents/Developer/Platforms/WatchOS.platform/Developer/usr/bin/swift-plugin-server\#SwiftMacros -load-resolved-plugin /Applications/Xcode-27.0.0-Release.Candidate.app/Contents/Developer/Platforms/WatchOS.platform/Developer/usr/lib/swift/host/plugins/libSwiftUIMacros.dylib\#/Applications/Xcode-27.0.0-Release.Candidate.app/Contents/Developer/Platforms/WatchOS.platform/Developer/usr/bin/swift-plugin-server\#SwiftUIMacros -disable-implicit-swift-modules -Xcc -fno-implicit-modules -Xcc -fno-implicit-module-maps -explicit-swift-module-map-file /Users/admin/builder/spi-builder-workspace/.derivedData/Build/Intermediates.noindex/ScalingCarousel.build/Debug-watchos/ScalingCarousel-t.build/Objects-normal/arm64_32/ScalingCarousel-dependencies-1.json -enable-objc-interop -sdk /Applications/Xcode-27.0.0-Release.Candidate.app/Contents/Developer/Platforms/WatchOS.platform/Developer/SDKs/WatchOS27.0.sdk -I /Users/admin/builder/spi-builder-workspace/.derivedData/Build/Products/Debug-watchos -Isystem /Applications/Xcode-27.0.0-Release.Candidate.app/Contents/Developer/Platforms/WatchOS.platform/Developer/usr/lib -F /Users/admin/builder/spi-builder-workspace/.derivedData/Build/Products/Debug-watchos -F /Applications/Xcode-27.0.0-Release.Candidate.app/Contents/Developer/Platforms/WatchOS.platform/Developer/Library/Frameworks -F /Applications/Xcode-27.0.0-Release.Candidate.app/Contents/Developer/Platforms/WatchOS.platform/Developer/SDKs/WatchOS27.0.sdk/Developer/Library/Frameworks -module-cache-path /Users/admin/builder/spi-builder-workspace/.derivedData/Build/Intermediates.noindex/SwiftExplicitPrecompiledModules -no-color-diagnostics -Xcc -fno-color-diagnostics -enable-testing -g -debug-info-format\=dwarf -dwarf-version\=4 -profile-generate -profile-coverage-mapping -swift-version 5 -Onone -D SWIFT_PACKAGE -D DEBUG -D SWIFT_MODULE_RESOURCE_BUNDLE_UNAVAILABLE -D Xcode -serialize-debugging-options -enable-experimental-feature DebugDescriptionMacro -empty-abi-descriptor -validate-clang-modules-once -clang-build-session-file /Users/admin/builder/spi-builder-workspace/.derivedData/ModuleCache.noindex/Session.modulevalidation -Xcc -working-directory -Xcc /Users/admin/builder/spi-builder-workspace/.swiftpm/xcode -enable-anonymous-context-mangled-names -file-compilation-dir /Users/admin/builder/spi-builder-workspace/.swiftpm/xcode -Xcc -D_LIBCPP_HARDENING_MODE\=_LIBCPP_HARDENING_MODE_DEBUG -Xcc -ivfsstatcache -Xcc /Users/admin/builder/spi-builder-workspace/.derivedData/SDKStatCaches.noindex/watchos27.0-24R360-e829b21a6f8c9b70876ba0858053c04477534ef55a1706bf4c1112bbb242f0a2.sdkstatcache -Xcc -fmodules-prune-interval\=86400 -Xcc -fmodules-prune-after\=345600 -Xcc -I/Users/admin/builder/spi-builder-workspace/.derivedData/Build/Products/Debug-watchos/include -Xcc -I/Users/admin/builder/spi-builder-workspace/.derivedData/Build/Intermediates.noindex/ScalingCarousel.build/Debug-watchos/ScalingCarousel-t.build/DerivedSources-normal/arm64_32 -Xcc -I/Users/admin/builder/spi-builder-workspace/.derivedData/Build/Intermediates.noindex/ScalingCarousel.build/Debug-watchos/ScalingCarousel-t.build/DerivedSources/arm64_32 -Xcc -I/Users/admin/builder/spi-builder-workspace/.derivedData/Build/Intermediates.noindex/ScalingCarousel.build/Debug-watchos/ScalingCarousel-t.build/DerivedSources -Xcc -DSWIFT_PACKAGE -Xcc -DDEBUG\=1 -no-auto-bridging-header-chaining -module-name ScalingCarousel -const-gather-protocols-file /Users/admin/builder/spi-builder-workspace/.derivedData/Build/Intermediates.noindex/ScalingCarousel.build/Debug-watchos/ScalingCarousel-t.build/Objects-normal/arm64_32/ScalingCarousel_const_extract_protocols.json -disable-clang-spi -clang-target arm64_32-apple-watchos27.0 -target-sdk-version 27.0 -target-sdk-name watchos27.0 -in-process-plugin-server-path /Applications/Xcode-27.0.0-Release.Candidate.app/Contents/Developer/Toolchains/XcodeDefault.xctoolchain/usr/lib/swift/host/libSwiftInProcPluginServer.dylib -emit-module-doc-path /Users/admin/builder/spi-builder-workspace/.derivedData/Build/Intermediates.noindex/ScalingCarousel.build/Debug-watchos/ScalingCarousel-t.build/Objects-normal/arm64_32/ScalingCarousel.swiftdoc -emit-module-source-info-path /Users/admin/builder/spi-builder-workspace/.derivedData/Build/Intermediates.noindex/ScalingCarousel.build/Debug-watchos/ScalingCarousel-t.build/Objects-normal/arm64_32/ScalingCarousel.swiftsourceinfo -emit-objc-header-path /Users/admin/builder/spi-builder-workspace/.derivedData/Build/Intermediates.noindex/ScalingCarousel.build/Debug-watchos/ScalingCarousel-t.build/Objects-normal/arm64_32/ScalingCarousel-Swift.h -serialize-diagnostics-path /Users/admin/builder/spi-builder-workspace/.derivedData/Build/Intermediates.noindex/ScalingCarousel.build/Debug-watchos/ScalingCarousel-t.build/Objects-normal/arm64_32/ScalingCarousel-primary-emit-module.dia -emit-dependencies-path /Users/admin/builder/spi-builder-workspace/.derivedData/Build/Intermediates.noindex/ScalingCarousel.build/Debug-watchos/ScalingCarousel-t.build/Objects-normal/arm64_32/ScalingCarousel-primary-emit-module.d -parse-as-library -o /Users/admin/builder/spi-builder-workspace/.derivedData/Build/Intermediates.noindex/ScalingCarousel.build/Debug-watchos/ScalingCarousel-t.build/Objects-normal/arm64_32/ScalingCarousel.swiftmodule -emit-abi-descriptor-path /Users/admin/builder/spi-builder-workspace/.derivedData/Build/Intermediates.noindex/ScalingCarousel.build/Debug-watchos/ScalingCarousel-t.build/Objects-normal/arm64_32/ScalingCarousel.abi.json
SwiftCompile normal arm64_32 (in target 'ScalingCarousel' from project 'ScalingCarousel')
cd /Users/admin/builder/spi-builder-workspace/.swiftpm/xcode
SwiftCompile normal arm64_32 Compiling\ ScalingCarouselLayout.swift /Users/admin/builder/spi-builder-workspace/Sources/ScalingCarousel/ScalingCarouselLayout.swift (in target 'ScalingCarousel' from project 'ScalingCarousel')
/Users/admin/builder/spi-builder-workspace/Sources/ScalingCarousel/ScalingCarouselLayout.swift:17:35: error: 'UICollectionViewFlowLayout' is unavailable in watchOS
15 | provide a carousel-style collection view.
16 | */
17 | open class ScalingCarouselLayout: UICollectionViewFlowLayout {
| `- error: 'UICollectionViewFlowLayout' is unavailable in watchOS
18 |
19 | open var inset: CGFloat = 0.0
/Applications/Xcode-27.0.0-Release.Candidate.app/Contents/Developer/Platforms/WatchOS.platform/Developer/SDKs/WatchOS27.0.sdk/System/Library/Frameworks/UIKit.framework/Headers/UICollectionViewFlowLayout.h:46:12: note: 'UICollectionViewFlowLayout' has been explicitly marked unavailable here
44 |
45 | UIKIT_EXTERN API_AVAILABLE(ios(6.0)) API_UNAVAILABLE(watchos) NS_SWIFT_UI_ACTOR
46 | @interface UICollectionViewFlowLayout : UICollectionViewLayout
| `- note: 'UICollectionViewFlowLayout' has been explicitly marked unavailable here
47 |
48 | @property (nonatomic) CGFloat minimumLineSpacing;
SwiftCompile normal arm64_32 /Users/admin/builder/spi-builder-workspace/Sources/ScalingCarousel/ScalingCarouselLayout.swift (in target 'ScalingCarousel' from project 'ScalingCarousel')
cd /Users/admin/builder/spi-builder-workspace/.swiftpm/xcode
builtin-SwiftPerFileCompile ScalingCarouselLayout.swift
SwiftCompile normal arm64_32 Compiling\ ScalingCarouselView.swift /Users/admin/builder/spi-builder-workspace/Sources/ScalingCarousel/ScalingCarouselView.swift (in target 'ScalingCarousel' from project 'ScalingCarousel')
/Users/admin/builder/spi-builder-workspace/Sources/ScalingCarousel/ScalingCarouselView.swift:26:31: error: 'UICollectionView' is unavailable in watchOS
24 | // MARK: - Properties (Public)
25 |
26 | open var scrollDirection: UICollectionView.ScrollDirection = .horizontal
| `- error: 'UICollectionView' is unavailable in watchOS
27 |
28 | /// Inset of the main, center cell
/Applications/Xcode-27.0.0-Release.Candidate.app/Contents/Developer/Platforms/WatchOS.platform/Developer/SDKs/WatchOS27.0.sdk/System/Library/Frameworks/UIKit.framework/Headers/UICollectionView.h:362:12: note: 'UICollectionView' has been explicitly marked unavailable here
360 |
361 | UIKIT_EXTERN API_AVAILABLE(ios(6.0)) API_UNAVAILABLE(watchos) NS_SWIFT_UI_ACTOR
362 | @interface UICollectionView : UIScrollView <UIDataSourceTranslating>
| `- note: 'UICollectionView' has been explicitly marked unavailable here
363 |
364 | - (instancetype)initWithFrame:(CGRect)frame collectionViewLayout:(UICollectionViewLayout *)layout NS_DESIGNATED_INITIALIZER;
/Users/admin/builder/spi-builder-workspace/Sources/ScalingCarousel/ScalingCarouselView.swift:40:33: error: 'UICollectionViewCell' is unavailable in watchOS
38 |
39 | /// Returns the current center cell of the carousel if it can be calculated
40 | open var currentCenterCell: UICollectionViewCell? {
| `- error: 'UICollectionViewCell' is unavailable in watchOS
41 |
42 | let lowerBound = inset - 20
/Applications/Xcode-27.0.0-Release.Candidate.app/Contents/Developer/Platforms/WatchOS.platform/Developer/SDKs/WatchOS27.0.sdk/System/Library/Frameworks/UIKit.framework/Headers/UICollectionViewCell.h:65:12: note: 'UICollectionViewCell' has been explicitly marked unavailable here
63 |
64 | UIKIT_EXTERN API_AVAILABLE(ios(6.0)) API_UNAVAILABLE(watchos) NS_SWIFT_UI_ACTOR
65 | @interface UICollectionViewCell : UICollectionReusableView
| `- note: 'UICollectionViewCell' has been explicitly marked unavailable here
66 |
67 | /// Returns the current configuration state for the cell.
/Users/admin/builder/spi-builder-workspace/Sources/ScalingCarousel/ScalingCarouselView.swift:97:42: error: 'UIScrollView' is unavailable in watchOS
95 |
96 | // MARK: - Properties (Private)
97 | fileprivate var invisibleScrollView: UIScrollView!
| `- error: 'UIScrollView' is unavailable in watchOS
98 | fileprivate var invisibleWidthOrHeightConstraint: NSLayoutConstraint?
99 | fileprivate var invisibleLeftOrTopConstraint: NSLayoutConstraint?
/Applications/Xcode-27.0.0-Release.Candidate.app/Contents/Developer/Platforms/WatchOS.platform/Developer/SDKs/WatchOS27.0.sdk/System/Library/Frameworks/UIKit.framework/Headers/UIScrollView.h:87:12: note: 'UIScrollView' has been explicitly marked unavailable here
85 |
86 | UIKIT_EXTERN API_AVAILABLE(ios(2.0)) API_UNAVAILABLE(watchos) NS_SWIFT_UI_ACTOR
87 | @interface UIScrollView : UIView <NSCoding, UIFocusItemScrollableContainer>
| `- note: 'UIScrollView' has been explicitly marked unavailable here
88 |
89 | @property(nonatomic) CGPoint contentOffset; // default CGPointZero
/Users/admin/builder/spi-builder-workspace/Sources/ScalingCarousel/ScalingCarouselView.swift:98:55: error: 'NSLayoutConstraint' is unavailable in watchOS
96 | // MARK: - Properties (Private)
97 | fileprivate var invisibleScrollView: UIScrollView!
98 | fileprivate var invisibleWidthOrHeightConstraint: NSLayoutConstraint?
| `- error: 'NSLayoutConstraint' is unavailable in watchOS
99 | fileprivate var invisibleLeftOrTopConstraint: NSLayoutConstraint?
100 |
/Applications/Xcode-27.0.0-Release.Candidate.app/Contents/Developer/Platforms/WatchOS.platform/Developer/SDKs/WatchOS27.0.sdk/System/Library/Frameworks/UIKit.framework/Headers/NSLayoutConstraint.h:126:12: note: 'NSLayoutConstraint' has been explicitly marked unavailable here
124 |
125 | NSLAYOUTCONSTRAINT_EXTERN API_AVAILABLE(macos(10.7), ios(6.0), tvos(9.0)) API_UNAVAILABLE(watchos) NS_SWIFT_UI_ACTOR
126 | @interface NSLayoutConstraint : NSObject
| `- note: 'NSLayoutConstraint' has been explicitly marked unavailable here
127 |
128 | /* Create an array of constraints using an ASCII-art-like visual format string. The values of the `metrics` dictionary should be NSNumber (or some other type that responds to -doubleValue and returns a double).
/Users/admin/builder/spi-builder-workspace/Sources/ScalingCarousel/ScalingCarouselView.swift:99:51: error: 'NSLayoutConstraint' is unavailable in watchOS
97 | fileprivate var invisibleScrollView: UIScrollView!
98 | fileprivate var invisibleWidthOrHeightConstraint: NSLayoutConstraint?
99 | fileprivate var invisibleLeftOrTopConstraint: NSLayoutConstraint?
| `- error: 'NSLayoutConstraint' is unavailable in watchOS
100 |
101 | // MARK: - Lifecycle
/Applications/Xcode-27.0.0-Release.Candidate.app/Contents/Developer/Platforms/WatchOS.platform/Developer/SDKs/WatchOS27.0.sdk/System/Library/Frameworks/UIKit.framework/Headers/NSLayoutConstraint.h:126:12: note: 'NSLayoutConstraint' has been explicitly marked unavailable here
124 |
125 | NSLAYOUTCONSTRAINT_EXTERN API_AVAILABLE(macos(10.7), ios(6.0), tvos(9.0)) API_UNAVAILABLE(watchos) NS_SWIFT_UI_ACTOR
126 | @interface NSLayoutConstraint : NSObject
| `- note: 'NSLayoutConstraint' has been explicitly marked unavailable here
127 |
128 | /* Create an array of constraints using an ASCII-art-like visual format string. The values of the `metrics` dictionary should be NSNumber (or some other type that responds to -doubleValue and returns a double).
/Users/admin/builder/spi-builder-workspace/Sources/ScalingCarousel/ScalingCarouselView.swift:103:70: error: 'UICollectionViewLayout' is unavailable in watchOS
101 | // MARK: - Lifecycle
102 |
103 | override public init(frame: CGRect, collectionViewLayout layout: UICollectionViewLayout) {
| `- error: 'UICollectionViewLayout' is unavailable in watchOS
104 | super.init(frame: frame, collectionViewLayout: layout)
105 | }
/Applications/Xcode-27.0.0-Release.Candidate.app/Contents/Developer/Platforms/WatchOS.platform/Developer/SDKs/WatchOS27.0.sdk/System/Library/Frameworks/UIKit.framework/Headers/UICollectionViewLayout.h:89:12: note: 'UICollectionViewLayout' has been explicitly marked unavailable here
87 |
88 | UIKIT_EXTERN API_AVAILABLE(ios(6.0)) API_UNAVAILABLE(watchos) NS_SWIFT_UI_ACTOR
89 | @interface UICollectionViewLayout : NSObject <NSCoding>
| `- note: 'UICollectionViewLayout' has been explicitly marked unavailable here
90 |
91 | - (instancetype)init NS_DESIGNATED_INITIALIZER;
/Users/admin/builder/spi-builder-workspace/Sources/ScalingCarousel/ScalingCarouselView.swift:128:81: error: 'UICollectionView' is unavailable in watchOS
126 | }
127 |
128 | override open func scrollToItem(at indexPath: IndexPath, at scrollPosition: UICollectionView.ScrollPosition, animated: Bool) {
| `- error: 'UICollectionView' is unavailable in watchOS
129 | super.scrollToItem(at: indexPath, at: scrollPosition, animated: animated)
130 | var origin = (CGFloat(indexPath.item) * (frame.size.width - (inset * 2)))
/Applications/Xcode-27.0.0-Release.Candidate.app/Contents/Developer/Platforms/WatchOS.platform/Developer/SDKs/WatchOS27.0.sdk/System/Library/Frameworks/UIKit.framework/Headers/UICollectionView.h:362:12: note: 'UICollectionView' has been explicitly marked unavailable here
360 |
361 | UIKIT_EXTERN API_AVAILABLE(ios(6.0)) API_UNAVAILABLE(watchos) NS_SWIFT_UI_ACTOR
362 | @interface UICollectionView : UIScrollView <UIDataSourceTranslating>
| `- note: 'UICollectionView' has been explicitly marked unavailable here
363 |
364 | - (instancetype)initWithFrame:(CGRect)frame collectionViewLayout:(UICollectionViewLayout *)layout NS_DESIGNATED_INITIALIZER;
/Users/admin/builder/spi-builder-workspace/Sources/ScalingCarousel/ScalingCarouselView.swift:18:33: error: 'UICollectionView' is unavailable in watchOS
16 | are scaled as the carousel scrolls.
17 | */
18 | open class ScalingCarouselView: UICollectionView {
| `- error: 'UICollectionView' is unavailable in watchOS
19 |
20 | // MARK: - Properties (Private)
/Applications/Xcode-27.0.0-Release.Candidate.app/Contents/Developer/Platforms/WatchOS.platform/Developer/SDKs/WatchOS27.0.sdk/System/Library/Frameworks/UIKit.framework/Headers/UICollectionView.h:362:12: note: 'UICollectionView' has been explicitly marked unavailable here
360 |
361 | UIKIT_EXTERN API_AVAILABLE(ios(6.0)) API_UNAVAILABLE(watchos) NS_SWIFT_UI_ACTOR
362 | @interface UICollectionView : UIScrollView <UIDataSourceTranslating>
| `- note: 'UICollectionView' has been explicitly marked unavailable here
363 |
364 | - (instancetype)initWithFrame:(CGRect)frame collectionViewLayout:(UICollectionViewLayout *)layout NS_DESIGNATED_INITIALIZER;
/Users/admin/builder/spi-builder-workspace/Sources/ScalingCarousel/ScalingCarouselView.swift:190:47: error: 'UIView' is unavailable in watchOS
188 | fileprivate extension PrivateAPI {
189 |
190 | func addInvisibleScrollView(to superview: UIView?) {
| `- error: 'UIView' is unavailable in watchOS
191 | guard let superview = superview else { return }
192 |
/Applications/Xcode-27.0.0-Release.Candidate.app/Contents/Developer/Platforms/WatchOS.platform/Developer/SDKs/WatchOS27.0.sdk/System/Library/Frameworks/UIKit.framework/Headers/UIView.h:152:12: note: 'UIView' has been explicitly marked unavailable here
150 |
151 | UIKIT_EXTERN API_AVAILABLE(ios(2.0)) API_UNAVAILABLE(watchos) NS_SWIFT_UI_ACTOR
152 | @interface UIView : UIResponder <NSCoding, UIAppearance, UIAppearanceContainer, UIDynamicItem, UITraitEnvironment, UICoordinateSpace, UIFocusItem, UIFocusItemContainer, CALayerDelegate>
| `- note: 'UIView' has been explicitly marked unavailable here
153 |
154 | @property(class, nonatomic, readonly) Class layerClass; // default is [CALayer class]. Used when creating the underlying layer for the view.
/Users/admin/builder/spi-builder-workspace/Sources/ScalingCarousel/ScalingCarouselView.swift:284:51: error: 'UIScrollView' is unavailable in watchOS
282 | extension InvisibleScrollDelegate: UIScrollViewDelegate {
283 |
284 | public func scrollViewDidScroll(_ scrollView: UIScrollView) {
| `- error: 'UIScrollView' is unavailable in watchOS
285 |
286 | /*
/Applications/Xcode-27.0.0-Release.Candidate.app/Contents/Developer/Platforms/WatchOS.platform/Developer/SDKs/WatchOS27.0.sdk/System/Library/Frameworks/UIKit.framework/Headers/UIScrollView.h:87:12: note: 'UIScrollView' has been explicitly marked unavailable here
85 |
86 | UIKIT_EXTERN API_AVAILABLE(ios(2.0)) API_UNAVAILABLE(watchos) NS_SWIFT_UI_ACTOR
87 | @interface UIScrollView : UIView <NSCoding, UIFocusItemScrollableContainer>
| `- note: 'UIScrollView' has been explicitly marked unavailable here
88 |
89 | @property(nonatomic) CGPoint contentOffset; // default CGPointZero
/Users/admin/builder/spi-builder-workspace/Sources/ScalingCarousel/ScalingCarouselView.swift:300:60: error: 'UIScrollView' is unavailable in watchOS
298 | }
299 |
300 | public func scrollViewDidEndDecelerating(_ scrollView: UIScrollView) {
| `- error: 'UIScrollView' is unavailable in watchOS
301 | delegate?.scrollViewDidEndDecelerating?(scrollView)
302 | guard let indexPath = currentCenterCellIndex else { return }
/Applications/Xcode-27.0.0-Release.Candidate.app/Contents/Developer/Platforms/WatchOS.platform/Developer/SDKs/WatchOS27.0.sdk/System/Library/Frameworks/UIKit.framework/Headers/UIScrollView.h:87:12: note: 'UIScrollView' has been explicitly marked unavailable here
85 |
86 | UIKIT_EXTERN API_AVAILABLE(ios(2.0)) API_UNAVAILABLE(watchos) NS_SWIFT_UI_ACTOR
87 | @interface UIScrollView : UIView <NSCoding, UIFocusItemScrollableContainer>
| `- note: 'UIScrollView' has been explicitly marked unavailable here
88 |
89 | @property(nonatomic) CGPoint contentOffset; // default CGPointZero
SwiftCompile normal arm64_32 /Users/admin/builder/spi-builder-workspace/Sources/ScalingCarousel/ScalingCarouselView.swift (in target 'ScalingCarousel' from project 'ScalingCarousel')
cd /Users/admin/builder/spi-builder-workspace/.swiftpm/xcode
builtin-SwiftPerFileCompile ScalingCarouselView.swift
SwiftEmitModule normal arm64 Emitting\ module\ for\ ScalingCarousel (in target 'ScalingCarousel' from project 'ScalingCarousel')
/Users/admin/builder/spi-builder-workspace/Sources/ScalingCarousel/ScalingCarouselCell.swift:41:36: error: 'UIView' is unavailable in watchOS
39 |
40 | // This property should be connected to the main cell subview
41 | @IBOutlet public var mainView: UIView!
| `- error: 'UIView' is unavailable in watchOS
42 |
43 | // MARK: - Overrides
/Applications/Xcode-27.0.0-Release.Candidate.app/Contents/Developer/Platforms/WatchOS.platform/Developer/SDKs/WatchOS27.0.sdk/System/Library/Frameworks/UIKit.framework/Headers/UIView.h:152:12: note: 'UIView' has been explicitly marked unavailable here
150 |
151 | UIKIT_EXTERN API_AVAILABLE(ios(2.0)) API_UNAVAILABLE(watchos) NS_SWIFT_UI_ACTOR
152 | @interface UIView : UIResponder <NSCoding, UIAppearance, UIAppearanceContainer, UIDynamicItem, UITraitEnvironment, UICoordinateSpace, UIFocusItem, UIFocusItemContainer, CALayerDelegate>
| `- note: 'UIView' has been explicitly marked unavailable here
153 |
154 | @property(class, nonatomic, readonly) Class layerClass; // default is [CALayer class]. Used when creating the underlying layer for the view.
/Users/admin/builder/spi-builder-workspace/Sources/ScalingCarousel/ScalingCarouselCell.swift:21:33: error: 'UICollectionViewCell' is unavailable in watchOS
19 | Collection view cells used with ScalingCarouselView should subclass this type
20 | */
21 | open class ScalingCarouselCell: UICollectionViewCell {
| `- error: 'UICollectionViewCell' is unavailable in watchOS
22 |
23 | // MARK: - Properties (Public)
/Applications/Xcode-27.0.0-Release.Candidate.app/Contents/Developer/Platforms/WatchOS.platform/Developer/SDKs/WatchOS27.0.sdk/System/Library/Frameworks/UIKit.framework/Headers/UICollectionViewCell.h:65:12: note: 'UICollectionViewCell' has been explicitly marked unavailable here
63 |
64 | UIKIT_EXTERN API_AVAILABLE(ios(6.0)) API_UNAVAILABLE(watchos) NS_SWIFT_UI_ACTOR
65 | @interface UICollectionViewCell : UICollectionReusableView
| `- note: 'UICollectionViewCell' has been explicitly marked unavailable here
66 |
67 | /// Returns the current configuration state for the cell.
/Users/admin/builder/spi-builder-workspace/Sources/ScalingCarousel/ScalingCarouselLayout.swift:17:35: error: 'UICollectionViewFlowLayout' is unavailable in watchOS
15 | provide a carousel-style collection view.
16 | */
17 | open class ScalingCarouselLayout: UICollectionViewFlowLayout {
| `- error: 'UICollectionViewFlowLayout' is unavailable in watchOS
18 |
19 | open var inset: CGFloat = 0.0
/Applications/Xcode-27.0.0-Release.Candidate.app/Contents/Developer/Platforms/WatchOS.platform/Developer/SDKs/WatchOS27.0.sdk/System/Library/Frameworks/UIKit.framework/Headers/UICollectionViewFlowLayout.h:46:12: note: 'UICollectionViewFlowLayout' has been explicitly marked unavailable here
44 |
45 | UIKIT_EXTERN API_AVAILABLE(ios(6.0)) API_UNAVAILABLE(watchos) NS_SWIFT_UI_ACTOR
46 | @interface UICollectionViewFlowLayout : UICollectionViewLayout
| `- note: 'UICollectionViewFlowLayout' has been explicitly marked unavailable here
47 |
48 | @property (nonatomic) CGFloat minimumLineSpacing;
SwiftCompile normal arm64 (in target 'ScalingCarousel' from project 'ScalingCarousel')
cd /Users/admin/builder/spi-builder-workspace/.swiftpm/xcode
SwiftCompile normal arm64 Compiling\ ScalingCarouselLayout.swift /Users/admin/builder/spi-builder-workspace/Sources/ScalingCarousel/ScalingCarouselLayout.swift (in target 'ScalingCarousel' from project 'ScalingCarousel')
/Users/admin/builder/spi-builder-workspace/Sources/ScalingCarousel/ScalingCarouselLayout.swift:17:35: error: 'UICollectionViewFlowLayout' is unavailable in watchOS
15 | provide a carousel-style collection view.
16 | */
17 | open class ScalingCarouselLayout: UICollectionViewFlowLayout {
| `- error: 'UICollectionViewFlowLayout' is unavailable in watchOS
18 |
19 | open var inset: CGFloat = 0.0
/Applications/Xcode-27.0.0-Release.Candidate.app/Contents/Developer/Platforms/WatchOS.platform/Developer/SDKs/WatchOS27.0.sdk/System/Library/Frameworks/UIKit.framework/Headers/UICollectionViewFlowLayout.h:46:12: note: 'UICollectionViewFlowLayout' has been explicitly marked unavailable here
44 |
45 | UIKIT_EXTERN API_AVAILABLE(ios(6.0)) API_UNAVAILABLE(watchos) NS_SWIFT_UI_ACTOR
46 | @interface UICollectionViewFlowLayout : UICollectionViewLayout
| `- note: 'UICollectionViewFlowLayout' has been explicitly marked unavailable here
47 |
48 | @property (nonatomic) CGFloat minimumLineSpacing;
SwiftCompile normal arm64 /Users/admin/builder/spi-builder-workspace/Sources/ScalingCarousel/ScalingCarouselLayout.swift (in target 'ScalingCarousel' from project 'ScalingCarousel')
cd /Users/admin/builder/spi-builder-workspace/.swiftpm/xcode
builtin-SwiftPerFileCompile ScalingCarouselLayout.swift
SwiftCompile normal arm64 Compiling\ ScalingCarouselView.swift /Users/admin/builder/spi-builder-workspace/Sources/ScalingCarousel/ScalingCarouselView.swift (in target 'ScalingCarousel' from project 'ScalingCarousel')
/Users/admin/builder/spi-builder-workspace/Sources/ScalingCarousel/ScalingCarouselView.swift:26:31: error: 'UICollectionView' is unavailable in watchOS
24 | // MARK: - Properties (Public)
25 |
26 | open var scrollDirection: UICollectionView.ScrollDirection = .horizontal
| `- error: 'UICollectionView' is unavailable in watchOS
27 |
28 | /// Inset of the main, center cell
/Applications/Xcode-27.0.0-Release.Candidate.app/Contents/Developer/Platforms/WatchOS.platform/Developer/SDKs/WatchOS27.0.sdk/System/Library/Frameworks/UIKit.framework/Headers/UICollectionView.h:362:12: note: 'UICollectionView' has been explicitly marked unavailable here
360 |
361 | UIKIT_EXTERN API_AVAILABLE(ios(6.0)) API_UNAVAILABLE(watchos) NS_SWIFT_UI_ACTOR
362 | @interface UICollectionView : UIScrollView <UIDataSourceTranslating>
| `- note: 'UICollectionView' has been explicitly marked unavailable here
363 |
364 | - (instancetype)initWithFrame:(CGRect)frame collectionViewLayout:(UICollectionViewLayout *)layout NS_DESIGNATED_INITIALIZER;
SwiftCompile normal arm64 /Users/admin/builder/spi-builder-workspace/Sources/ScalingCarousel/ScalingCarouselView.swift (in target 'ScalingCarousel' from project 'ScalingCarousel')
cd /Users/admin/builder/spi-builder-workspace/.swiftpm/xcode
builtin-SwiftPerFileCompile ScalingCarouselView.swift
SwiftCompile normal arm64 Compiling\ ScalingCarouselCell.swift /Users/admin/builder/spi-builder-workspace/Sources/ScalingCarousel/ScalingCarouselCell.swift (in target 'ScalingCarousel' from project 'ScalingCarousel')
/Users/admin/builder/spi-builder-workspace/Sources/ScalingCarousel/ScalingCarouselCell.swift:41:36: error: 'UIView' is unavailable in watchOS
39 |
40 | // This property should be connected to the main cell subview
41 | @IBOutlet public var mainView: UIView!
| `- error: 'UIView' is unavailable in watchOS
42 |
43 | // MARK: - Overrides
/Applications/Xcode-27.0.0-Release.Candidate.app/Contents/Developer/Platforms/WatchOS.platform/Developer/SDKs/WatchOS27.0.sdk/System/Library/Frameworks/UIKit.framework/Headers/UIView.h:152:12: note: 'UIView' has been explicitly marked unavailable here
150 |
151 | UIKIT_EXTERN API_AVAILABLE(ios(2.0)) API_UNAVAILABLE(watchos) NS_SWIFT_UI_ACTOR
152 | @interface UIView : UIResponder <NSCoding, UIAppearance, UIAppearanceContainer, UIDynamicItem, UITraitEnvironment, UICoordinateSpace, UIFocusItem, UIFocusItemContainer, CALayerDelegate>
| `- note: 'UIView' has been explicitly marked unavailable here
153 |
154 | @property(class, nonatomic, readonly) Class layerClass; // default is [CALayer class]. Used when creating the underlying layer for the view.
SwiftCompile normal arm64 /Users/admin/builder/spi-builder-workspace/Sources/ScalingCarousel/ScalingCarouselCell.swift (in target 'ScalingCarousel' from project 'ScalingCarousel')
cd /Users/admin/builder/spi-builder-workspace/.swiftpm/xcode
builtin-SwiftPerFileCompile ScalingCarouselCell.swift
PruneExplicitPrecompiledModules /Users/admin/builder/spi-builder-workspace/.derivedData/Build/Intermediates.noindex/SwiftExplicitPrecompiledModules
PruneExplicitPrecompiledModules /Users/admin/builder/spi-builder-workspace/.derivedData/Build/Intermediates.noindex/ExplicitPrecompiledModules
PruneExplicitPrecompiledModules /Users/admin/builder/spi-builder-workspace/.derivedData/SDKExplicitPrecompiledModules
2026-09-20 02:52:00.213 xcodebuild[660:4298] [MT] IDERunDestination: Supported platforms for the buildables in the current scheme is empty.
** BUILD FAILED **
The following build commands failed:
SwiftEmitModule normal arm64_32 Emitting\ module\ for\ ScalingCarousel (in target 'ScalingCarousel' from project 'ScalingCarousel')
SwiftCompile normal arm64_32 (in target 'ScalingCarousel' from project 'ScalingCarousel')
Building workspace ScalingCarousel with scheme ScalingCarousel
(3 failures)
Command line invocation:
/Applications/Xcode-27.0.0-Release.Candidate.app/Contents/Developer/usr/bin/xcodebuild -IDEClonedSourcePackagesDirPathOverride=/Users/admin/builder/spi-builder-workspace/.dependencies -resolvePackageDependencies
Resolve Package Graph
Resolved source packages:
ScalingCarousel: /Users/admin/builder/spi-builder-workspace
resolved source packages: ScalingCarousel
2026-09-20 02:52:06.724 xcodebuild[785:4800] [MT] IDERunDestination: Supported platforms for the buildables in the current scheme is empty.
{
"dependencies" : [
],
"manifest_display_name" : "ScalingCarousel",
"name" : "ScalingCarousel",
"path" : "/Users/admin/builder/spi-builder-workspace",
"platforms" : [
{
"name" : "ios",
"version" : "10.0"
}
],
"products" : [
{
"name" : "ScalingCarousel",
"targets" : [
"ScalingCarousel"
],
"type" : {
"library" : [
"automatic"
]
}
}
],
"targets" : [
{
"c99name" : "ScalingCarouselTests",
"module_type" : "SwiftTarget",
"name" : "ScalingCarouselTests",
"path" : "Tests/ScalingCarouselTests",
"sources" : [
"ScalingCarouselTests.swift",
"XCTestManifests.swift"
],
"target_dependencies" : [
"ScalingCarousel"
],
"type" : "test"
},
{
"c99name" : "ScalingCarousel",
"module_type" : "SwiftTarget",
"name" : "ScalingCarousel",
"path" : "Sources/ScalingCarousel",
"product_memberships" : [
"ScalingCarousel"
],
"sources" : [
"ScalingCarouselCell.swift",
"ScalingCarouselLayout.swift",
"ScalingCarouselView.swift"
],
"type" : "library"
}
],
"tools_version" : "5.3"
}
{
"workspace" : {
"name" : "ScalingCarousel",
"schemes" : [
"ScalingCarousel"
]
}
}
2026-09-20 02:52:07.994 xcodebuild[793:4870] [MT] IDERunDestination: Supported platforms for the buildables in the current scheme is empty.
Running build ...
env DEVELOPER_DIR=/Applications/Xcode-27.0.0-Release.Candidate.app xcrun xcodebuild -IDEClonedSourcePackagesDirPathOverride=$PWD/.dependencies -skipMacroValidation -skipPackagePluginValidation -derivedDataPath $PWD/.derivedData build -scheme ScalingCarousel -destination generic/platform=watchOS
Command line invocation:
/Applications/Xcode-27.0.0-Release.Candidate.app/Contents/Developer/usr/bin/xcodebuild -IDEClonedSourcePackagesDirPathOverride=/Users/admin/builder/spi-builder-workspace/.dependencies -skipMacroValidation -skipPackagePluginValidation -derivedDataPath /Users/admin/builder/spi-builder-workspace/.derivedData build -scheme ScalingCarousel -destination generic/platform=watchOS
Resolve Package Graph
Resolved source packages:
ScalingCarousel: /Users/admin/builder/spi-builder-workspace
ComputePackagePrebuildTargetDependencyGraph
Prepare packages
CreateBuildRequest
SendProjectDescription
CreateBuildOperation
ComputeTargetDependencyGraph
note: Building targets in dependency order
note: Target dependency graph (2 targets)
Target 'ScalingCarousel-product' in project 'ScalingCarousel'
➜ Explicit dependency on target 'ScalingCarousel' in project 'ScalingCarousel'
Target 'ScalingCarousel' in project 'ScalingCarousel' (no dependencies)
GatherProvisioningInputs
CreateBuildDescription
ClangStatCache /Applications/Xcode-27.0.0-Release.Candidate.app/Contents/Developer/Toolchains/XcodeDefault.xctoolchain/usr/bin/clang-stat-cache /Applications/Xcode-27.0.0-Release.Candidate.app/Contents/Developer/Platforms/WatchOS.platform/Developer/SDKs/WatchOS27.0.sdk /Users/admin/builder/spi-builder-workspace/.derivedData/SDKStatCaches.noindex/watchos27.0-24R360-e829b21a6f8c9b70876ba0858053c04477534ef55a1706bf4c1112bbb242f0a2.sdkstatcache
cd /Users/admin/builder/spi-builder-workspace/.swiftpm/xcode
/Applications/Xcode-27.0.0-Release.Candidate.app/Contents/Developer/Toolchains/XcodeDefault.xctoolchain/usr/bin/clang-stat-cache /Applications/Xcode-27.0.0-Release.Candidate.app/Contents/Developer/Platforms/WatchOS.platform/Developer/SDKs/WatchOS27.0.sdk -o /Users/admin/builder/spi-builder-workspace/.derivedData/SDKStatCaches.noindex/watchos27.0-24R360-e829b21a6f8c9b70876ba0858053c04477534ef55a1706bf4c1112bbb242f0a2.sdkstatcache
SwiftDriver ScalingCarousel normal arm64 com.apple.xcode.tools.swift.compiler (in target 'ScalingCarousel' from project 'ScalingCarousel')
cd /Users/admin/builder/spi-builder-workspace/.swiftpm/xcode
builtin-SwiftDriver -- /Applications/Xcode-27.0.0-Release.Candidate.app/Contents/Developer/Toolchains/XcodeDefault.xctoolchain/usr/bin/swiftc -parse-as-library -module-name ScalingCarousel -Onone @/Users/admin/builder/spi-builder-workspace/.derivedData/Build/Intermediates.noindex/ScalingCarousel.build/Debug-watchos/ScalingCarousel-t.build/Objects-normal/arm64/ScalingCarousel.SwiftFileList -DSWIFT_PACKAGE -DDEBUG -DSWIFT_MODULE_RESOURCE_BUNDLE_UNAVAILABLE -DXcode -plugin-path /Applications/Xcode-27.0.0-Release.Candidate.app/Contents/Developer/Toolchains/XcodeDefault.xctoolchain/usr/lib/swift/host/plugins/testing -enable-experimental-feature DebugDescriptionMacro -sdk /Applications/Xcode-27.0.0-Release.Candidate.app/Contents/Developer/Platforms/WatchOS.platform/Developer/SDKs/WatchOS27.0.sdk -target arm64-apple-watchos9.0 -g -module-cache-path /Users/admin/builder/spi-builder-workspace/.derivedData/ModuleCache.noindex -Xfrontend -serialize-debugging-options -profile-coverage-mapping -profile-generate -enable-testing -index-store-path /Users/admin/builder/spi-builder-workspace/.derivedData/Index.noindex/DataStore -Xcc -D_LIBCPP_HARDENING_MODE\=_LIBCPP_HARDENING_MODE_DEBUG -swift-version 5 -I /Users/admin/builder/spi-builder-workspace/.derivedData/Build/Products/Debug-watchos -Isystem /Applications/Xcode-27.0.0-Release.Candidate.app/Contents/Developer/Platforms/WatchOS.platform/Developer/usr/lib -F /Users/admin/builder/spi-builder-workspace/.derivedData/Build/Products/Debug-watchos -F /Applications/Xcode-27.0.0-Release.Candidate.app/Contents/Developer/Platforms/WatchOS.platform/Developer/Library/Frameworks -F /Applications/Xcode-27.0.0-Release.Candidate.app/Contents/Developer/Platforms/WatchOS.platform/Developer/SDKs/WatchOS27.0.sdk/Developer/Library/Frameworks -c -j10 -enable-batch-mode -incremental -Xcc -ivfsstatcache -Xcc /Users/admin/builder/spi-builder-workspace/.derivedData/SDKStatCaches.noindex/watchos27.0-24R360-e829b21a6f8c9b70876ba0858053c04477534ef55a1706bf4c1112bbb242f0a2.sdkstatcache -output-file-map /Users/admin/builder/spi-builder-workspace/.derivedData/Build/Intermediates.noindex/ScalingCarousel.build/Debug-watchos/ScalingCarousel-t.build/Objects-normal/arm64/ScalingCarousel-OutputFileMap.json -save-temps -no-color-diagnostics -explicit-module-build -module-cache-path /Users/admin/builder/spi-builder-workspace/.derivedData/Build/Intermediates.noindex/SwiftExplicitPrecompiledModules -clang-scanner-module-cache-path /Users/admin/builder/spi-builder-workspace/.derivedData/ModuleCache.noindex -sdk-module-cache-path /Users/admin/builder/spi-builder-workspace/.derivedData/SDKExplicitPrecompiledModules -emit-dependencies -emit-module -emit-module-path /Users/admin/builder/spi-builder-workspace/.derivedData/Build/Intermediates.noindex/ScalingCarousel.build/Debug-watchos/ScalingCarousel-t.build/Objects-normal/arm64/ScalingCarousel.swiftmodule -serialize-diagnostics -dependency-scan-serialize-diagnostics-path /Users/admin/builder/spi-builder-workspace/.derivedData/Build/Intermediates.noindex/ScalingCarousel.build/Debug-watchos/ScalingCarousel-t.build/Objects-normal/arm64/ScalingCarousel-dependency-scan.dia -validate-clang-modules-once -clang-build-session-file /Users/admin/builder/spi-builder-workspace/.derivedData/ModuleCache.noindex/Session.modulevalidation -Xcc -fmodules-prune-interval\=86400 -Xcc -fmodules-prune-after\=345600 -emit-const-values -const-gather-protocols-list /Users/admin/builder/spi-builder-workspace/.derivedData/Build/Intermediates.noindex/ScalingCarousel.build/Debug-watchos/ScalingCarousel-t.build/Objects-normal/arm64/ScalingCarousel_const_extract_protocols.json -Xcc -I/Users/admin/builder/spi-builder-workspace/.derivedData/Build/Products/Debug-watchos/include -Xcc -I/Users/admin/builder/spi-builder-workspace/.derivedData/Build/Intermediates.noindex/ScalingCarousel.build/Debug-watchos/ScalingCarousel-t.build/DerivedSources-normal/arm64 -Xcc -I/Users/admin/builder/spi-builder-workspace/.derivedData/Build/Intermediates.noindex/ScalingCarousel.build/Debug-watchos/ScalingCarousel-t.build/DerivedSources/arm64 -Xcc -I/Users/admin/builder/spi-builder-workspace/.derivedData/Build/Intermediates.noindex/ScalingCarousel.build/Debug-watchos/ScalingCarousel-t.build/DerivedSources -Xcc -DSWIFT_PACKAGE -Xcc -DDEBUG\=1 -emit-objc-header -emit-objc-header-path /Users/admin/builder/spi-builder-workspace/.derivedData/Build/Intermediates.noindex/ScalingCarousel.build/Debug-watchos/ScalingCarousel-t.build/Objects-normal/arm64/ScalingCarousel-Swift.h -working-directory /Users/admin/builder/spi-builder-workspace/.swiftpm/xcode -experimental-emit-module-separately -disable-cmo
SwiftDriver ScalingCarousel normal arm64_32 com.apple.xcode.tools.swift.compiler (in target 'ScalingCarousel' from project 'ScalingCarousel')
cd /Users/admin/builder/spi-builder-workspace/.swiftpm/xcode
builtin-SwiftDriver -- /Applications/Xcode-27.0.0-Release.Candidate.app/Contents/Developer/Toolchains/XcodeDefault.xctoolchain/usr/bin/swiftc -parse-as-library -module-name ScalingCarousel -Onone @/Users/admin/builder/spi-builder-workspace/.derivedData/Build/Intermediates.noindex/ScalingCarousel.build/Debug-watchos/ScalingCarousel-t.build/Objects-normal/arm64_32/ScalingCarousel.SwiftFileList -DSWIFT_PACKAGE -DDEBUG -DSWIFT_MODULE_RESOURCE_BUNDLE_UNAVAILABLE -DXcode -plugin-path /Applications/Xcode-27.0.0-Release.Candidate.app/Contents/Developer/Toolchains/XcodeDefault.xctoolchain/usr/lib/swift/host/plugins/testing -enable-experimental-feature DebugDescriptionMacro -sdk /Applications/Xcode-27.0.0-Release.Candidate.app/Contents/Developer/Platforms/WatchOS.platform/Developer/SDKs/WatchOS27.0.sdk -target arm64_32-apple-watchos9.0 -g -module-cache-path /Users/admin/builder/spi-builder-workspace/.derivedData/ModuleCache.noindex -Xfrontend -serialize-debugging-options -profile-coverage-mapping -profile-generate -enable-testing -index-store-path /Users/admin/builder/spi-builder-workspace/.derivedData/Index.noindex/DataStore -Xcc -D_LIBCPP_HARDENING_MODE\=_LIBCPP_HARDENING_MODE_DEBUG -swift-version 5 -I /Users/admin/builder/spi-builder-workspace/.derivedData/Build/Products/Debug-watchos -Isystem /Applications/Xcode-27.0.0-Release.Candidate.app/Contents/Developer/Platforms/WatchOS.platform/Developer/usr/lib -F /Users/admin/builder/spi-builder-workspace/.derivedData/Build/Products/Debug-watchos -F /Applications/Xcode-27.0.0-Release.Candidate.app/Contents/Developer/Platforms/WatchOS.platform/Developer/Library/Frameworks -F /Applications/Xcode-27.0.0-Release.Candidate.app/Contents/Developer/Platforms/WatchOS.platform/Developer/SDKs/WatchOS27.0.sdk/Developer/Library/Frameworks -c -j10 -enable-batch-mode -incremental -Xcc -ivfsstatcache -Xcc /Users/admin/builder/spi-builder-workspace/.derivedData/SDKStatCaches.noindex/watchos27.0-24R360-e829b21a6f8c9b70876ba0858053c04477534ef55a1706bf4c1112bbb242f0a2.sdkstatcache -output-file-map /Users/admin/builder/spi-builder-workspace/.derivedData/Build/Intermediates.noindex/ScalingCarousel.build/Debug-watchos/ScalingCarousel-t.build/Objects-normal/arm64_32/ScalingCarousel-OutputFileMap.json -save-temps -no-color-diagnostics -explicit-module-build -module-cache-path /Users/admin/builder/spi-builder-workspace/.derivedData/Build/Intermediates.noindex/SwiftExplicitPrecompiledModules -clang-scanner-module-cache-path /Users/admin/builder/spi-builder-workspace/.derivedData/ModuleCache.noindex -sdk-module-cache-path /Users/admin/builder/spi-builder-workspace/.derivedData/SDKExplicitPrecompiledModules -emit-dependencies -emit-module -emit-module-path /Users/admin/builder/spi-builder-workspace/.derivedData/Build/Intermediates.noindex/ScalingCarousel.build/Debug-watchos/ScalingCarousel-t.build/Objects-normal/arm64_32/ScalingCarousel.swiftmodule -serialize-diagnostics -dependency-scan-serialize-diagnostics-path /Users/admin/builder/spi-builder-workspace/.derivedData/Build/Intermediates.noindex/ScalingCarousel.build/Debug-watchos/ScalingCarousel-t.build/Objects-normal/arm64_32/ScalingCarousel-dependency-scan.dia -validate-clang-modules-once -clang-build-session-file /Users/admin/builder/spi-builder-workspace/.derivedData/ModuleCache.noindex/Session.modulevalidation -Xcc -fmodules-prune-interval\=86400 -Xcc -fmodules-prune-after\=345600 -emit-const-values -const-gather-protocols-list /Users/admin/builder/spi-builder-workspace/.derivedData/Build/Intermediates.noindex/ScalingCarousel.build/Debug-watchos/ScalingCarousel-t.build/Objects-normal/arm64_32/ScalingCarousel_const_extract_protocols.json -Xcc -I/Users/admin/builder/spi-builder-workspace/.derivedData/Build/Products/Debug-watchos/include -Xcc -I/Users/admin/builder/spi-builder-workspace/.derivedData/Build/Intermediates.noindex/ScalingCarousel.build/Debug-watchos/ScalingCarousel-t.build/DerivedSources-normal/arm64_32 -Xcc -I/Users/admin/builder/spi-builder-workspace/.derivedData/Build/Intermediates.noindex/ScalingCarousel.build/Debug-watchos/ScalingCarousel-t.build/DerivedSources/arm64_32 -Xcc -I/Users/admin/builder/spi-builder-workspace/.derivedData/Build/Intermediates.noindex/ScalingCarousel.build/Debug-watchos/ScalingCarousel-t.build/DerivedSources -Xcc -DSWIFT_PACKAGE -Xcc -DDEBUG\=1 -emit-objc-header -emit-objc-header-path /Users/admin/builder/spi-builder-workspace/.derivedData/Build/Intermediates.noindex/ScalingCarousel.build/Debug-watchos/ScalingCarousel-t.build/Objects-normal/arm64_32/ScalingCarousel-Swift.h -working-directory /Users/admin/builder/spi-builder-workspace/.swiftpm/xcode -experimental-emit-module-separately -disable-cmo
SwiftCompile normal arm64 Compiling\ ScalingCarouselView.swift /Users/admin/builder/spi-builder-workspace/Sources/ScalingCarousel/ScalingCarouselView.swift (in target 'ScalingCarousel' from project 'ScalingCarousel')
/Users/admin/builder/spi-builder-workspace/Sources/ScalingCarousel/ScalingCarouselView.swift:26:31: error: 'UICollectionView' is unavailable in watchOS
24 | // MARK: - Properties (Public)
25 |
26 | open var scrollDirection: UICollectionView.ScrollDirection = .horizontal
| `- error: 'UICollectionView' is unavailable in watchOS
27 |
28 | /// Inset of the main, center cell
/Applications/Xcode-27.0.0-Release.Candidate.app/Contents/Developer/Platforms/WatchOS.platform/Developer/SDKs/WatchOS27.0.sdk/System/Library/Frameworks/UIKit.framework/Headers/UICollectionView.h:362:12: note: 'UICollectionView' has been explicitly marked unavailable here
360 |
361 | UIKIT_EXTERN API_AVAILABLE(ios(6.0)) API_UNAVAILABLE(watchos) NS_SWIFT_UI_ACTOR
362 | @interface UICollectionView : UIScrollView <UIDataSourceTranslating>
| `- note: 'UICollectionView' has been explicitly marked unavailable here
363 |
364 | - (instancetype)initWithFrame:(CGRect)frame collectionViewLayout:(UICollectionViewLayout *)layout NS_DESIGNATED_INITIALIZER;
/Users/admin/builder/spi-builder-workspace/Sources/ScalingCarousel/ScalingCarouselView.swift:40:33: error: 'UICollectionViewCell' is unavailable in watchOS
38 |
39 | /// Returns the current center cell of the carousel if it can be calculated
40 | open var currentCenterCell: UICollectionViewCell? {
| `- error: 'UICollectionViewCell' is unavailable in watchOS
41 |
42 | let lowerBound = inset - 20
/Applications/Xcode-27.0.0-Release.Candidate.app/Contents/Developer/Platforms/WatchOS.platform/Developer/SDKs/WatchOS27.0.sdk/System/Library/Frameworks/UIKit.framework/Headers/UICollectionViewCell.h:65:12: note: 'UICollectionViewCell' has been explicitly marked unavailable here
63 |
64 | UIKIT_EXTERN API_AVAILABLE(ios(6.0)) API_UNAVAILABLE(watchos) NS_SWIFT_UI_ACTOR
65 | @interface UICollectionViewCell : UICollectionReusableView
| `- note: 'UICollectionViewCell' has been explicitly marked unavailable here
66 |
67 | /// Returns the current configuration state for the cell.
/Users/admin/builder/spi-builder-workspace/Sources/ScalingCarousel/ScalingCarouselView.swift:97:42: error: 'UIScrollView' is unavailable in watchOS
95 |
96 | // MARK: - Properties (Private)
97 | fileprivate var invisibleScrollView: UIScrollView!
| `- error: 'UIScrollView' is unavailable in watchOS
98 | fileprivate var invisibleWidthOrHeightConstraint: NSLayoutConstraint?
99 | fileprivate var invisibleLeftOrTopConstraint: NSLayoutConstraint?
/Applications/Xcode-27.0.0-Release.Candidate.app/Contents/Developer/Platforms/WatchOS.platform/Developer/SDKs/WatchOS27.0.sdk/System/Library/Frameworks/UIKit.framework/Headers/UIScrollView.h:87:12: note: 'UIScrollView' has been explicitly marked unavailable here
85 |
86 | UIKIT_EXTERN API_AVAILABLE(ios(2.0)) API_UNAVAILABLE(watchos) NS_SWIFT_UI_ACTOR
87 | @interface UIScrollView : UIView <NSCoding, UIFocusItemScrollableContainer>
| `- note: 'UIScrollView' has been explicitly marked unavailable here
88 |
89 | @property(nonatomic) CGPoint contentOffset; // default CGPointZero
/Users/admin/builder/spi-builder-workspace/Sources/ScalingCarousel/ScalingCarouselView.swift:98:55: error: 'NSLayoutConstraint' is unavailable in watchOS
96 | // MARK: - Properties (Private)
97 | fileprivate var invisibleScrollView: UIScrollView!
98 | fileprivate var invisibleWidthOrHeightConstraint: NSLayoutConstraint?
| `- error: 'NSLayoutConstraint' is unavailable in watchOS
99 | fileprivate var invisibleLeftOrTopConstraint: NSLayoutConstraint?
100 |
/Applications/Xcode-27.0.0-Release.Candidate.app/Contents/Developer/Platforms/WatchOS.platform/Developer/SDKs/WatchOS27.0.sdk/System/Library/Frameworks/UIKit.framework/Headers/NSLayoutConstraint.h:126:12: note: 'NSLayoutConstraint' has been explicitly marked unavailable here
124 |
125 | NSLAYOUTCONSTRAINT_EXTERN API_AVAILABLE(macos(10.7), ios(6.0), tvos(9.0)) API_UNAVAILABLE(watchos) NS_SWIFT_UI_ACTOR
126 | @interface NSLayoutConstraint : NSObject
| `- note: 'NSLayoutConstraint' has been explicitly marked unavailable here
127 |
128 | /* Create an array of constraints using an ASCII-art-like visual format string. The values of the `metrics` dictionary should be NSNumber (or some other type that responds to -doubleValue and returns a double).
/Users/admin/builder/spi-builder-workspace/Sources/ScalingCarousel/ScalingCarouselView.swift:99:51: error: 'NSLayoutConstraint' is unavailable in watchOS
97 | fileprivate var invisibleScrollView: UIScrollView!
98 | fileprivate var invisibleWidthOrHeightConstraint: NSLayoutConstraint?
99 | fileprivate var invisibleLeftOrTopConstraint: NSLayoutConstraint?
| `- error: 'NSLayoutConstraint' is unavailable in watchOS
100 |
101 | // MARK: - Lifecycle
/Applications/Xcode-27.0.0-Release.Candidate.app/Contents/Developer/Platforms/WatchOS.platform/Developer/SDKs/WatchOS27.0.sdk/System/Library/Frameworks/UIKit.framework/Headers/NSLayoutConstraint.h:126:12: note: 'NSLayoutConstraint' has been explicitly marked unavailable here
124 |
125 | NSLAYOUTCONSTRAINT_EXTERN API_AVAILABLE(macos(10.7), ios(6.0), tvos(9.0)) API_UNAVAILABLE(watchos) NS_SWIFT_UI_ACTOR
126 | @interface NSLayoutConstraint : NSObject
| `- note: 'NSLayoutConstraint' has been explicitly marked unavailable here
127 |
128 | /* Create an array of constraints using an ASCII-art-like visual format string. The values of the `metrics` dictionary should be NSNumber (or some other type that responds to -doubleValue and returns a double).
/Users/admin/builder/spi-builder-workspace/Sources/ScalingCarousel/ScalingCarouselView.swift:103:70: error: 'UICollectionViewLayout' is unavailable in watchOS
101 | // MARK: - Lifecycle
102 |
103 | override public init(frame: CGRect, collectionViewLayout layout: UICollectionViewLayout) {
| `- error: 'UICollectionViewLayout' is unavailable in watchOS
104 | super.init(frame: frame, collectionViewLayout: layout)
105 | }
/Applications/Xcode-27.0.0-Release.Candidate.app/Contents/Developer/Platforms/WatchOS.platform/Developer/SDKs/WatchOS27.0.sdk/System/Library/Frameworks/UIKit.framework/Headers/UICollectionViewLayout.h:89:12: note: 'UICollectionViewLayout' has been explicitly marked unavailable here
87 |
88 | UIKIT_EXTERN API_AVAILABLE(ios(6.0)) API_UNAVAILABLE(watchos) NS_SWIFT_UI_ACTOR
89 | @interface UICollectionViewLayout : NSObject <NSCoding>
| `- note: 'UICollectionViewLayout' has been explicitly marked unavailable here
90 |
91 | - (instancetype)init NS_DESIGNATED_INITIALIZER;
/Users/admin/builder/spi-builder-workspace/Sources/ScalingCarousel/ScalingCarouselView.swift:128:81: error: 'UICollectionView' is unavailable in watchOS
126 | }
127 |
128 | override open func scrollToItem(at indexPath: IndexPath, at scrollPosition: UICollectionView.ScrollPosition, animated: Bool) {
| `- error: 'UICollectionView' is unavailable in watchOS
129 | super.scrollToItem(at: indexPath, at: scrollPosition, animated: animated)
130 | var origin = (CGFloat(indexPath.item) * (frame.size.width - (inset * 2)))
/Applications/Xcode-27.0.0-Release.Candidate.app/Contents/Developer/Platforms/WatchOS.platform/Developer/SDKs/WatchOS27.0.sdk/System/Library/Frameworks/UIKit.framework/Headers/UICollectionView.h:362:12: note: 'UICollectionView' has been explicitly marked unavailable here
360 |
361 | UIKIT_EXTERN API_AVAILABLE(ios(6.0)) API_UNAVAILABLE(watchos) NS_SWIFT_UI_ACTOR
362 | @interface UICollectionView : UIScrollView <UIDataSourceTranslating>
| `- note: 'UICollectionView' has been explicitly marked unavailable here
363 |
364 | - (instancetype)initWithFrame:(CGRect)frame collectionViewLayout:(UICollectionViewLayout *)layout NS_DESIGNATED_INITIALIZER;
/Users/admin/builder/spi-builder-workspace/Sources/ScalingCarousel/ScalingCarouselView.swift:18:33: error: 'UICollectionView' is unavailable in watchOS
16 | are scaled as the carousel scrolls.
17 | */
18 | open class ScalingCarouselView: UICollectionView {
| `- error: 'UICollectionView' is unavailable in watchOS
19 |
20 | // MARK: - Properties (Private)
/Applications/Xcode-27.0.0-Release.Candidate.app/Contents/Developer/Platforms/WatchOS.platform/Developer/SDKs/WatchOS27.0.sdk/System/Library/Frameworks/UIKit.framework/Headers/UICollectionView.h:362:12: note: 'UICollectionView' has been explicitly marked unavailable here
360 |
361 | UIKIT_EXTERN API_AVAILABLE(ios(6.0)) API_UNAVAILABLE(watchos) NS_SWIFT_UI_ACTOR
362 | @interface UICollectionView : UIScrollView <UIDataSourceTranslating>
| `- note: 'UICollectionView' has been explicitly marked unavailable here
363 |
364 | - (instancetype)initWithFrame:(CGRect)frame collectionViewLayout:(UICollectionViewLayout *)layout NS_DESIGNATED_INITIALIZER;
SwiftCompile normal arm64 /Users/admin/builder/spi-builder-workspace/Sources/ScalingCarousel/ScalingCarouselView.swift (in target 'ScalingCarousel' from project 'ScalingCarousel')
cd /Users/admin/builder/spi-builder-workspace/.swiftpm/xcode
builtin-SwiftPerFileCompile ScalingCarouselView.swift
/Users/admin/builder/spi-builder-workspace/Sources/ScalingCarousel/ScalingCarouselView.swift:190:47: error: 'UIView' is unavailable in watchOS
188 | fileprivate extension PrivateAPI {
189 |
190 | func addInvisibleScrollView(to superview: UIView?) {
| `- error: 'UIView' is unavailable in watchOS
191 | guard let superview = superview else { return }
192 |
/Applications/Xcode-27.0.0-Release.Candidate.app/Contents/Developer/Platforms/WatchOS.platform/Developer/SDKs/WatchOS27.0.sdk/System/Library/Frameworks/UIKit.framework/Headers/UIView.h:152:12: note: 'UIView' has been explicitly marked unavailable here
150 |
151 | UIKIT_EXTERN API_AVAILABLE(ios(2.0)) API_UNAVAILABLE(watchos) NS_SWIFT_UI_ACTOR
152 | @interface UIView : UIResponder <NSCoding, UIAppearance, UIAppearanceContainer, UIDynamicItem, UITraitEnvironment, UICoordinateSpace, UIFocusItem, UIFocusItemContainer, CALayerDelegate>
| `- note: 'UIView' has been explicitly marked unavailable here
153 |
154 | @property(class, nonatomic, readonly) Class layerClass; // default is [CALayer class]. Used when creating the underlying layer for the view.
/Users/admin/builder/spi-builder-workspace/Sources/ScalingCarousel/ScalingCarouselView.swift:284:51: error: 'UIScrollView' is unavailable in watchOS
282 | extension InvisibleScrollDelegate: UIScrollViewDelegate {
283 |
284 | public func scrollViewDidScroll(_ scrollView: UIScrollView) {
| `- error: 'UIScrollView' is unavailable in watchOS
285 |
286 | /*
/Applications/Xcode-27.0.0-Release.Candidate.app/Contents/Developer/Platforms/WatchOS.platform/Developer/SDKs/WatchOS27.0.sdk/System/Library/Frameworks/UIKit.framework/Headers/UIScrollView.h:87:12: note: 'UIScrollView' has been explicitly marked unavailable here
85 |
86 | UIKIT_EXTERN API_AVAILABLE(ios(2.0)) API_UNAVAILABLE(watchos) NS_SWIFT_UI_ACTOR
87 | @interface UIScrollView : UIView <NSCoding, UIFocusItemScrollableContainer>
| `- note: 'UIScrollView' has been explicitly marked unavailable here
88 |
89 | @property(nonatomic) CGPoint contentOffset; // default CGPointZero
/Users/admin/builder/spi-builder-workspace/Sources/ScalingCarousel/ScalingCarouselView.swift:300:60: error: 'UIScrollView' is unavailable in watchOS
298 | }
299 |
300 | public func scrollViewDidEndDecelerating(_ scrollView: UIScrollView) {
| `- error: 'UIScrollView' is unavailable in watchOS
301 | delegate?.scrollViewDidEndDecelerating?(scrollView)
302 | guard let indexPath = currentCenterCellIndex else { return }
/Applications/Xcode-27.0.0-Release.Candidate.app/Contents/Developer/Platforms/WatchOS.platform/Developer/SDKs/WatchOS27.0.sdk/System/Library/Frameworks/UIKit.framework/Headers/UIScrollView.h:87:12: note: 'UIScrollView' has been explicitly marked unavailable here
85 |
86 | UIKIT_EXTERN API_AVAILABLE(ios(2.0)) API_UNAVAILABLE(watchos) NS_SWIFT_UI_ACTOR
87 | @interface UIScrollView : UIView <NSCoding, UIFocusItemScrollableContainer>
| `- note: 'UIScrollView' has been explicitly marked unavailable here
88 |
89 | @property(nonatomic) CGPoint contentOffset; // default CGPointZero
SwiftCompile normal arm64 Compiling\ ScalingCarouselCell.swift /Users/admin/builder/spi-builder-workspace/Sources/ScalingCarousel/ScalingCarouselCell.swift (in target 'ScalingCarousel' from project 'ScalingCarousel')
SwiftCompile normal arm64 /Users/admin/builder/spi-builder-workspace/Sources/ScalingCarousel/ScalingCarouselCell.swift (in target 'ScalingCarousel' from project 'ScalingCarousel')
cd /Users/admin/builder/spi-builder-workspace/.swiftpm/xcode
builtin-SwiftPerFileCompile ScalingCarouselCell.swift
/Users/admin/builder/spi-builder-workspace/Sources/ScalingCarousel/ScalingCarouselCell.swift:41:36: error: 'UIView' is unavailable in watchOS
39 |
40 | // This property should be connected to the main cell subview
41 | @IBOutlet public var mainView: UIView!
| `- error: 'UIView' is unavailable in watchOS
42 |
43 | // MARK: - Overrides
/Applications/Xcode-27.0.0-Release.Candidate.app/Contents/Developer/Platforms/WatchOS.platform/Developer/SDKs/WatchOS27.0.sdk/System/Library/Frameworks/UIKit.framework/Headers/UIView.h:152:12: note: 'UIView' has been explicitly marked unavailable here
150 |
151 | UIKIT_EXTERN API_AVAILABLE(ios(2.0)) API_UNAVAILABLE(watchos) NS_SWIFT_UI_ACTOR
152 | @interface UIView : UIResponder <NSCoding, UIAppearance, UIAppearanceContainer, UIDynamicItem, UITraitEnvironment, UICoordinateSpace, UIFocusItem, UIFocusItemContainer, CALayerDelegate>
| `- note: 'UIView' has been explicitly marked unavailable here
153 |
154 | @property(class, nonatomic, readonly) Class layerClass; // default is [CALayer class]. Used when creating the underlying layer for the view.
SwiftEmitModule normal arm64 Emitting\ module\ for\ ScalingCarousel (in target 'ScalingCarousel' from project 'ScalingCarousel')
/Users/admin/builder/spi-builder-workspace/Sources/ScalingCarousel/ScalingCarouselCell.swift:41:36: error: 'UIView' is unavailable in watchOS
39 |
40 | // This property should be connected to the main cell subview
41 | @IBOutlet public var mainView: UIView!
| `- error: 'UIView' is unavailable in watchOS
42 |
43 | // MARK: - Overrides
/Applications/Xcode-27.0.0-Release.Candidate.app/Contents/Developer/Platforms/WatchOS.platform/Developer/SDKs/WatchOS27.0.sdk/System/Library/Frameworks/UIKit.framework/Headers/UIView.h:152:12: note: 'UIView' has been explicitly marked unavailable here
150 |
151 | UIKIT_EXTERN API_AVAILABLE(ios(2.0)) API_UNAVAILABLE(watchos) NS_SWIFT_UI_ACTOR
152 | @interface UIView : UIResponder <NSCoding, UIAppearance, UIAppearanceContainer, UIDynamicItem, UITraitEnvironment, UICoordinateSpace, UIFocusItem, UIFocusItemContainer, CALayerDelegate>
| `- note: 'UIView' has been explicitly marked unavailable here
153 |
154 | @property(class, nonatomic, readonly) Class layerClass; // default is [CALayer class]. Used when creating the underlying layer for the view.
/Users/admin/builder/spi-builder-workspace/Sources/ScalingCarousel/ScalingCarouselCell.swift:21:33: error: 'UICollectionViewCell' is unavailable in watchOS
19 | Collection view cells used with ScalingCarouselView should subclass this type
20 | */
21 | open class ScalingCarouselCell: UICollectionViewCell {
| `- error: 'UICollectionViewCell' is unavailable in watchOS
22 |
23 | // MARK: - Properties (Public)
/Applications/Xcode-27.0.0-Release.Candidate.app/Contents/Developer/Platforms/WatchOS.platform/Developer/SDKs/WatchOS27.0.sdk/System/Library/Frameworks/UIKit.framework/Headers/UICollectionViewCell.h:65:12: note: 'UICollectionViewCell' has been explicitly marked unavailable here
63 |
64 | UIKIT_EXTERN API_AVAILABLE(ios(6.0)) API_UNAVAILABLE(watchos) NS_SWIFT_UI_ACTOR
65 | @interface UICollectionViewCell : UICollectionReusableView
| `- note: 'UICollectionViewCell' has been explicitly marked unavailable here
66 |
67 | /// Returns the current configuration state for the cell.
/Users/admin/builder/spi-builder-workspace/Sources/ScalingCarousel/ScalingCarouselLayout.swift:17:35: error: 'UICollectionViewFlowLayout' is unavailable in watchOS
15 | provide a carousel-style collection view.
16 | */
17 | open class ScalingCarouselLayout: UICollectionViewFlowLayout {
| `- error: 'UICollectionViewFlowLayout' is unavailable in watchOS
18 |
19 | open var inset: CGFloat = 0.0
/Applications/Xcode-27.0.0-Release.Candidate.app/Contents/Developer/Platforms/WatchOS.platform/Developer/SDKs/WatchOS27.0.sdk/System/Library/Frameworks/UIKit.framework/Headers/UICollectionViewFlowLayout.h:46:12: note: 'UICollectionViewFlowLayout' has been explicitly marked unavailable here
44 |
45 | UIKIT_EXTERN API_AVAILABLE(ios(6.0)) API_UNAVAILABLE(watchos) NS_SWIFT_UI_ACTOR
46 | @interface UICollectionViewFlowLayout : UICollectionViewLayout
| `- note: 'UICollectionViewFlowLayout' has been explicitly marked unavailable here
47 |
48 | @property (nonatomic) CGFloat minimumLineSpacing;
/Users/admin/builder/spi-builder-workspace/Sources/ScalingCarousel/ScalingCarouselView.swift:26:31: error: 'UICollectionView' is unavailable in watchOS
24 | // MARK: - Properties (Public)
25 |
26 | open var scrollDirection: UICollectionView.ScrollDirection = .horizontal
| `- error: 'UICollectionView' is unavailable in watchOS
27 |
28 | /// Inset of the main, center cell
/Applications/Xcode-27.0.0-Release.Candidate.app/Contents/Developer/Platforms/WatchOS.platform/Developer/SDKs/WatchOS27.0.sdk/System/Library/Frameworks/UIKit.framework/Headers/UICollectionView.h:362:12: note: 'UICollectionView' has been explicitly marked unavailable here
360 |
361 | UIKIT_EXTERN API_AVAILABLE(ios(6.0)) API_UNAVAILABLE(watchos) NS_SWIFT_UI_ACTOR
362 | @interface UICollectionView : UIScrollView <UIDataSourceTranslating>
| `- note: 'UICollectionView' has been explicitly marked unavailable here
363 |
364 | - (instancetype)initWithFrame:(CGRect)frame collectionViewLayout:(UICollectionViewLayout *)layout NS_DESIGNATED_INITIALIZER;
/Users/admin/builder/spi-builder-workspace/Sources/ScalingCarousel/ScalingCarouselView.swift:40:33: error: 'UICollectionViewCell' is unavailable in watchOS
38 |
39 | /// Returns the current center cell of the carousel if it can be calculated
40 | open var currentCenterCell: UICollectionViewCell? {
| `- error: 'UICollectionViewCell' is unavailable in watchOS
41 |
42 | let lowerBound = inset - 20
/Applications/Xcode-27.0.0-Release.Candidate.app/Contents/Developer/Platforms/WatchOS.platform/Developer/SDKs/WatchOS27.0.sdk/System/Library/Frameworks/UIKit.framework/Headers/UICollectionViewCell.h:65:12: note: 'UICollectionViewCell' has been explicitly marked unavailable here
63 |
64 | UIKIT_EXTERN API_AVAILABLE(ios(6.0)) API_UNAVAILABLE(watchos) NS_SWIFT_UI_ACTOR
65 | @interface UICollectionViewCell : UICollectionReusableView
| `- note: 'UICollectionViewCell' has been explicitly marked unavailable here
66 |
67 | /// Returns the current configuration state for the cell.
/Users/admin/builder/spi-builder-workspace/Sources/ScalingCarousel/ScalingCarouselView.swift:97:42: error: 'UIScrollView' is unavailable in watchOS
95 |
96 | // MARK: - Properties (Private)
97 | fileprivate var invisibleScrollView: UIScrollView!
| `- error: 'UIScrollView' is unavailable in watchOS
98 | fileprivate var invisibleWidthOrHeightConstraint: NSLayoutConstraint?
99 | fileprivate var invisibleLeftOrTopConstraint: NSLayoutConstraint?
/Applications/Xcode-27.0.0-Release.Candidate.app/Contents/Developer/Platforms/WatchOS.platform/Developer/SDKs/WatchOS27.0.sdk/System/Library/Frameworks/UIKit.framework/Headers/UIScrollView.h:87:12: note: 'UIScrollView' has been explicitly marked unavailable here
85 |
86 | UIKIT_EXTERN API_AVAILABLE(ios(2.0)) API_UNAVAILABLE(watchos) NS_SWIFT_UI_ACTOR
87 | @interface UIScrollView : UIView <NSCoding, UIFocusItemScrollableContainer>
| `- note: 'UIScrollView' has been explicitly marked unavailable here
88 |
89 | @property(nonatomic) CGPoint contentOffset; // default CGPointZero
/Users/admin/builder/spi-builder-workspace/Sources/ScalingCarousel/ScalingCarouselView.swift:98:55: error: 'NSLayoutConstraint' is unavailable in watchOS
96 | // MARK: - Properties (Private)
97 | fileprivate var invisibleScrollView: UIScrollView!
98 | fileprivate var invisibleWidthOrHeightConstraint: NSLayoutConstraint?
| `- error: 'NSLayoutConstraint' is unavailable in watchOS
99 | fileprivate var invisibleLeftOrTopConstraint: NSLayoutConstraint?
100 |
/Applications/Xcode-27.0.0-Release.Candidate.app/Contents/Developer/Platforms/WatchOS.platform/Developer/SDKs/WatchOS27.0.sdk/System/Library/Frameworks/UIKit.framework/Headers/NSLayoutConstraint.h:126:12: note: 'NSLayoutConstraint' has been explicitly marked unavailable here
124 |
125 | NSLAYOUTCONSTRAINT_EXTERN API_AVAILABLE(macos(10.7), ios(6.0), tvos(9.0)) API_UNAVAILABLE(watchos) NS_SWIFT_UI_ACTOR
126 | @interface NSLayoutConstraint : NSObject
| `- note: 'NSLayoutConstraint' has been explicitly marked unavailable here
127 |
128 | /* Create an array of constraints using an ASCII-art-like visual format string. The values of the `metrics` dictionary should be NSNumber (or some other type that responds to -doubleValue and returns a double).
/Users/admin/builder/spi-builder-workspace/Sources/ScalingCarousel/ScalingCarouselView.swift:99:51: error: 'NSLayoutConstraint' is unavailable in watchOS
97 | fileprivate var invisibleScrollView: UIScrollView!
98 | fileprivate var invisibleWidthOrHeightConstraint: NSLayoutConstraint?
99 | fileprivate var invisibleLeftOrTopConstraint: NSLayoutConstraint?
| `- error: 'NSLayoutConstraint' is unavailable in watchOS
100 |
101 | // MARK: - Lifecycle
/Applications/Xcode-27.0.0-Release.Candidate.app/Contents/Developer/Platforms/WatchOS.platform/Developer/SDKs/WatchOS27.0.sdk/System/Library/Frameworks/UIKit.framework/Headers/NSLayoutConstraint.h:126:12: note: 'NSLayoutConstraint' has been explicitly marked unavailable here
124 |
125 | NSLAYOUTCONSTRAINT_EXTERN API_AVAILABLE(macos(10.7), ios(6.0), tvos(9.0)) API_UNAVAILABLE(watchos) NS_SWIFT_UI_ACTOR
126 | @interface NSLayoutConstraint : NSObject
| `- note: 'NSLayoutConstraint' has been explicitly marked unavailable here
127 |
128 | /* Create an array of constraints using an ASCII-art-like visual format string. The values of the `metrics` dictionary should be NSNumber (or some other type that responds to -doubleValue and returns a double).
/Users/admin/builder/spi-builder-workspace/Sources/ScalingCarousel/ScalingCarouselView.swift:103:70: error: 'UICollectionViewLayout' is unavailable in watchOS
101 | // MARK: - Lifecycle
102 |
103 | override public init(frame: CGRect, collectionViewLayout layout: UICollectionViewLayout) {
| `- error: 'UICollectionViewLayout' is unavailable in watchOS
104 | super.init(frame: frame, collectionViewLayout: layout)
105 | }
/Applications/Xcode-27.0.0-Release.Candidate.app/Contents/Developer/Platforms/WatchOS.platform/Developer/SDKs/WatchOS27.0.sdk/System/Library/Frameworks/UIKit.framework/Headers/UICollectionViewLayout.h:89:12: note: 'UICollectionViewLayout' has been explicitly marked unavailable here
87 |
88 | UIKIT_EXTERN API_AVAILABLE(ios(6.0)) API_UNAVAILABLE(watchos) NS_SWIFT_UI_ACTOR
89 | @interface UICollectionViewLayout : NSObject <NSCoding>
| `- note: 'UICollectionViewLayout' has been explicitly marked unavailable here
90 |
91 | - (instancetype)init NS_DESIGNATED_INITIALIZER;
/Users/admin/builder/spi-builder-workspace/Sources/ScalingCarousel/ScalingCarouselView.swift:128:81: error: 'UICollectionView' is unavailable in watchOS
126 | }
127 |
128 | override open func scrollToItem(at indexPath: IndexPath, at scrollPosition: UICollectionView.ScrollPosition, animated: Bool) {
| `- error: 'UICollectionView' is unavailable in watchOS
129 | super.scrollToItem(at: indexPath, at: scrollPosition, animated: animated)
130 | var origin = (CGFloat(indexPath.item) * (frame.size.width - (inset * 2)))
/Applications/Xcode-27.0.0-Release.Candidate.app/Contents/Developer/Platforms/WatchOS.platform/Developer/SDKs/WatchOS27.0.sdk/System/Library/Frameworks/UIKit.framework/Headers/UICollectionView.h:362:12: note: 'UICollectionView' has been explicitly marked unavailable here
360 |
361 | UIKIT_EXTERN API_AVAILABLE(ios(6.0)) API_UNAVAILABLE(watchos) NS_SWIFT_UI_ACTOR
362 | @interface UICollectionView : UIScrollView <UIDataSourceTranslating>
| `- note: 'UICollectionView' has been explicitly marked unavailable here
363 |
364 | - (instancetype)initWithFrame:(CGRect)frame collectionViewLayout:(UICollectionViewLayout *)layout NS_DESIGNATED_INITIALIZER;
/Users/admin/builder/spi-builder-workspace/Sources/ScalingCarousel/ScalingCarouselView.swift:18:33: error: 'UICollectionView' is unavailable in watchOS
16 | are scaled as the carousel scrolls.
17 | */
18 | open class ScalingCarouselView: UICollectionView {
| `- error: 'UICollectionView' is unavailable in watchOS
19 |
20 | // MARK: - Properties (Private)
/Applications/Xcode-27.0.0-Release.Candidate.app/Contents/Developer/Platforms/WatchOS.platform/Developer/SDKs/WatchOS27.0.sdk/System/Library/Frameworks/UIKit.framework/Headers/UICollectionView.h:362:12: note: 'UICollectionView' has been explicitly marked unavailable here
360 |
361 | UIKIT_EXTERN API_AVAILABLE(ios(6.0)) API_UNAVAILABLE(watchos) NS_SWIFT_UI_ACTOR
362 | @interface UICollectionView : UIScrollView <UIDataSourceTranslating>
| `- note: 'UICollectionView' has been explicitly marked unavailable here
363 |
364 | - (instancetype)initWithFrame:(CGRect)frame collectionViewLayout:(UICollectionViewLayout *)layout NS_DESIGNATED_INITIALIZER;
/Users/admin/builder/spi-builder-workspace/Sources/ScalingCarousel/ScalingCarouselView.swift:190:47: error: 'UIView' is unavailable in watchOS
188 | fileprivate extension PrivateAPI {
189 |
190 | func addInvisibleScrollView(to superview: UIView?) {
| `- error: 'UIView' is unavailable in watchOS
191 | guard let superview = superview else { return }
192 |
/Applications/Xcode-27.0.0-Release.Candidate.app/Contents/Developer/Platforms/WatchOS.platform/Developer/SDKs/WatchOS27.0.sdk/System/Library/Frameworks/UIKit.framework/Headers/UIView.h:152:12: note: 'UIView' has been explicitly marked unavailable here
150 |
151 | UIKIT_EXTERN API_AVAILABLE(ios(2.0)) API_UNAVAILABLE(watchos) NS_SWIFT_UI_ACTOR
152 | @interface UIView : UIResponder <NSCoding, UIAppearance, UIAppearanceContainer, UIDynamicItem, UITraitEnvironment, UICoordinateSpace, UIFocusItem, UIFocusItemContainer, CALayerDelegate>
| `- note: 'UIView' has been explicitly marked unavailable here
153 |
154 | @property(class, nonatomic, readonly) Class layerClass; // default is [CALayer class]. Used when creating the underlying layer for the view.
/Users/admin/builder/spi-builder-workspace/Sources/ScalingCarousel/ScalingCarouselView.swift:284:51: error: 'UIScrollView' is unavailable in watchOS
282 | extension InvisibleScrollDelegate: UIScrollViewDelegate {
283 |
284 | public func scrollViewDidScroll(_ scrollView: UIScrollView) {
| `- error: 'UIScrollView' is unavailable in watchOS
285 |
286 | /*
/Applications/Xcode-27.0.0-Release.Candidate.app/Contents/Developer/Platforms/WatchOS.platform/Developer/SDKs/WatchOS27.0.sdk/System/Library/Frameworks/UIKit.framework/Headers/UIScrollView.h:87:12: note: 'UIScrollView' has been explicitly marked unavailable here
85 |
86 | UIKIT_EXTERN API_AVAILABLE(ios(2.0)) API_UNAVAILABLE(watchos) NS_SWIFT_UI_ACTOR
87 | @interface UIScrollView : UIView <NSCoding, UIFocusItemScrollableContainer>
| `- note: 'UIScrollView' has been explicitly marked unavailable here
88 |
89 | @property(nonatomic) CGPoint contentOffset; // default CGPointZero
/Users/admin/builder/spi-builder-workspace/Sources/ScalingCarousel/ScalingCarouselView.swift:300:60: error: 'UIScrollView' is unavailable in watchOS
298 | }
299 |
300 | public func scrollViewDidEndDecelerating(_ scrollView: UIScrollView) {
| `- error: 'UIScrollView' is unavailable in watchOS
301 | delegate?.scrollViewDidEndDecelerating?(scrollView)
302 | guard let indexPath = currentCenterCellIndex else { return }
/Applications/Xcode-27.0.0-Release.Candidate.app/Contents/Developer/Platforms/WatchOS.platform/Developer/SDKs/WatchOS27.0.sdk/System/Library/Frameworks/UIKit.framework/Headers/UIScrollView.h:87:12: note: 'UIScrollView' has been explicitly marked unavailable here
85 |
86 | UIKIT_EXTERN API_AVAILABLE(ios(2.0)) API_UNAVAILABLE(watchos) NS_SWIFT_UI_ACTOR
87 | @interface UIScrollView : UIView <NSCoding, UIFocusItemScrollableContainer>
| `- note: 'UIScrollView' has been explicitly marked unavailable here
88 |
89 | @property(nonatomic) CGPoint contentOffset; // default CGPointZero
/Users/admin/builder/spi-builder-workspace/Sources/ScalingCarousel/ScalingCarouselView.swift:282:36: error: 'UIScrollViewDelegate' is unavailable in watchOS
280 | */
281 | private typealias InvisibleScrollDelegate = ScalingCarouselView
282 | extension InvisibleScrollDelegate: UIScrollViewDelegate {
| `- error: 'UIScrollViewDelegate' is unavailable in watchOS
283 |
284 | public func scrollViewDidScroll(_ scrollView: UIScrollView) {
/Applications/Xcode-27.0.0-Release.Candidate.app/Contents/Developer/Platforms/WatchOS.platform/Developer/SDKs/WatchOS27.0.sdk/System/Library/Frameworks/UIKit.framework/Headers/UIScrollView.h:312:11: note: 'UIScrollViewDelegate' has been explicitly marked unavailable here
310 |
311 | API_UNAVAILABLE(watchos) NS_SWIFT_UI_ACTOR
312 | @protocol UIScrollViewDelegate<NSObject>
| `- note: 'UIScrollViewDelegate' has been explicitly marked unavailable here
313 |
314 | @optional
Failed frontend command:
/Applications/Xcode-27.0.0-Release.Candidate.app/Contents/Developer/Toolchains/XcodeDefault.xctoolchain/usr/bin/swift-frontend -frontend -emit-module -experimental-skip-non-inlinable-function-bodies-without-types /Users/admin/builder/spi-builder-workspace/Sources/ScalingCarousel/ScalingCarouselCell.swift /Users/admin/builder/spi-builder-workspace/Sources/ScalingCarousel/ScalingCarouselLayout.swift /Users/admin/builder/spi-builder-workspace/Sources/ScalingCarousel/ScalingCarouselView.swift -target arm64-apple-watchos9.0 -disable-cross-import-overlay-search -load-resolved-plugin /Applications/Xcode-27.0.0-Release.Candidate.app/Contents/Developer/Platforms/WatchOS.platform/Developer/usr/lib/swift/host/plugins/libFoundationMacros.dylib\#/Applications/Xcode-27.0.0-Release.Candidate.app/Contents/Developer/Platforms/WatchOS.platform/Developer/usr/bin/swift-plugin-server\#FoundationMacros -load-resolved-plugin /Applications/Xcode-27.0.0-Release.Candidate.app/Contents/Developer/Platforms/WatchOS.platform/Developer/usr/lib/swift/host/plugins/libObservationMacros.dylib\#/Applications/Xcode-27.0.0-Release.Candidate.app/Contents/Developer/Platforms/WatchOS.platform/Developer/usr/bin/swift-plugin-server\#ObservationMacros -load-resolved-plugin /Applications/Xcode-27.0.0-Release.Candidate.app/Contents/Developer/Platforms/WatchOS.platform/Developer/usr/lib/swift/host/plugins/libSwiftMacros.dylib\#/Applications/Xcode-27.0.0-Release.Candidate.app/Contents/Developer/Platforms/WatchOS.platform/Developer/usr/bin/swift-plugin-server\#SwiftMacros -load-resolved-plugin /Applications/Xcode-27.0.0-Release.Candidate.app/Contents/Developer/Platforms/WatchOS.platform/Developer/usr/lib/swift/host/plugins/libSwiftUIMacros.dylib\#/Applications/Xcode-27.0.0-Release.Candidate.app/Contents/Developer/Platforms/WatchOS.platform/Developer/usr/bin/swift-plugin-server\#SwiftUIMacros -disable-implicit-swift-modules -Xcc -fno-implicit-modules -Xcc -fno-implicit-module-maps -explicit-swift-module-map-file /Users/admin/builder/spi-builder-workspace/.derivedData/Build/Intermediates.noindex/ScalingCarousel.build/Debug-watchos/ScalingCarousel-t.build/Objects-normal/arm64/ScalingCarousel-dependencies-2.json -Xllvm -aarch64-use-tbi -enable-objc-interop -stack-check -sdk /Applications/Xcode-27.0.0-Release.Candidate.app/Contents/Developer/Platforms/WatchOS.platform/Developer/SDKs/WatchOS27.0.sdk -I /Users/admin/builder/spi-builder-workspace/.derivedData/Build/Products/Debug-watchos -Isystem /Applications/Xcode-27.0.0-Release.Candidate.app/Contents/Developer/Platforms/WatchOS.platform/Developer/usr/lib -F /Users/admin/builder/spi-builder-workspace/.derivedData/Build/Products/Debug-watchos -F /Applications/Xcode-27.0.0-Release.Candidate.app/Contents/Developer/Platforms/WatchOS.platform/Developer/Library/Frameworks -F /Applications/Xcode-27.0.0-Release.Candidate.app/Contents/Developer/Platforms/WatchOS.platform/Developer/SDKs/WatchOS27.0.sdk/Developer/Library/Frameworks -module-cache-path /Users/admin/builder/spi-builder-workspace/.derivedData/Build/Intermediates.noindex/SwiftExplicitPrecompiledModules -no-color-diagnostics -Xcc -fno-color-diagnostics -enable-testing -g -debug-info-format\=dwarf -dwarf-version\=4 -profile-generate -profile-coverage-mapping -swift-version 5 -Onone -D SWIFT_PACKAGE -D DEBUG -D SWIFT_MODULE_RESOURCE_BUNDLE_UNAVAILABLE -D Xcode -serialize-debugging-options -enable-experimental-feature DebugDescriptionMacro -empty-abi-descriptor -validate-clang-modules-once -clang-build-session-file /Users/admin/builder/spi-builder-workspace/.derivedData/ModuleCache.noindex/Session.modulevalidation -Xcc -working-directory -Xcc /Users/admin/builder/spi-builder-workspace/.swiftpm/xcode -enable-anonymous-context-mangled-names -file-compilation-dir /Users/admin/builder/spi-builder-workspace/.swiftpm/xcode -Xcc -D_LIBCPP_HARDENING_MODE\=_LIBCPP_HARDENING_MODE_DEBUG -Xcc -ivfsstatcache -Xcc /Users/admin/builder/spi-builder-workspace/.derivedData/SDKStatCaches.noindex/watchos27.0-24R360-e829b21a6f8c9b70876ba0858053c04477534ef55a1706bf4c1112bbb242f0a2.sdkstatcache -Xcc -fmodules-prune-interval\=86400 -Xcc -fmodules-prune-after\=345600 -Xcc -I/Users/admin/builder/spi-builder-workspace/.derivedData/Build/Products/Debug-watchos/include -Xcc -I/Users/admin/builder/spi-builder-workspace/.derivedData/Build/Intermediates.noindex/ScalingCarousel.build/Debug-watchos/ScalingCarousel-t.build/DerivedSources-normal/arm64 -Xcc -I/Users/admin/builder/spi-builder-workspace/.derivedData/Build/Intermediates.noindex/ScalingCarousel.build/Debug-watchos/ScalingCarousel-t.build/DerivedSources/arm64 -Xcc -I/Users/admin/builder/spi-builder-workspace/.derivedData/Build/Intermediates.noindex/ScalingCarousel.build/Debug-watchos/ScalingCarousel-t.build/DerivedSources -Xcc -DSWIFT_PACKAGE -Xcc -DDEBUG\=1 -no-auto-bridging-header-chaining -module-name ScalingCarousel -const-gather-protocols-file /Users/admin/builder/spi-builder-workspace/.derivedData/Build/Intermediates.noindex/ScalingCarousel.build/Debug-watchos/ScalingCarousel-t.build/Objects-normal/arm64/ScalingCarousel_const_extract_protocols.json -disable-clang-spi -clang-target arm64-apple-watchos27.0 -target-sdk-version 27.0 -target-sdk-name watchos27.0 -in-process-plugin-server-path /Applications/Xcode-27.0.0-Release.Candidate.app/Contents/Developer/Toolchains/XcodeDefault.xctoolchain/usr/lib/swift/host/libSwiftInProcPluginServer.dylib -emit-module-doc-path /Users/admin/builder/spi-builder-workspace/.derivedData/Build/Intermediates.noindex/ScalingCarousel.build/Debug-watchos/ScalingCarousel-t.build/Objects-normal/arm64/ScalingCarousel.swiftdoc -emit-module-source-info-path /Users/admin/builder/spi-builder-workspace/.derivedData/Build/Intermediates.noindex/ScalingCarousel.build/Debug-watchos/ScalingCarousel-t.build/Objects-normal/arm64/ScalingCarousel.swiftsourceinfo -emit-objc-header-path /Users/admin/builder/spi-builder-workspace/.derivedData/Build/Intermediates.noindex/ScalingCarousel.build/Debug-watchos/ScalingCarousel-t.build/Objects-normal/arm64/ScalingCarousel-Swift.h -serialize-diagnostics-path /Users/admin/builder/spi-builder-workspace/.derivedData/Build/Intermediates.noindex/ScalingCarousel.build/Debug-watchos/ScalingCarousel-t.build/Objects-normal/arm64/ScalingCarousel-primary-emit-module.dia -emit-dependencies-path /Users/admin/builder/spi-builder-workspace/.derivedData/Build/Intermediates.noindex/ScalingCarousel.build/Debug-watchos/ScalingCarousel-t.build/Objects-normal/arm64/ScalingCarousel-primary-emit-module.d -parse-as-library -o /Users/admin/builder/spi-builder-workspace/.derivedData/Build/Intermediates.noindex/ScalingCarousel.build/Debug-watchos/ScalingCarousel-t.build/Objects-normal/arm64/ScalingCarousel.swiftmodule -emit-abi-descriptor-path /Users/admin/builder/spi-builder-workspace/.derivedData/Build/Intermediates.noindex/ScalingCarousel.build/Debug-watchos/ScalingCarousel-t.build/Objects-normal/arm64/ScalingCarousel.abi.json
SwiftCompile normal arm64 (in target 'ScalingCarousel' from project 'ScalingCarousel')
cd /Users/admin/builder/spi-builder-workspace/.swiftpm/xcode
SwiftCompile normal arm64 Compiling\ ScalingCarouselLayout.swift /Users/admin/builder/spi-builder-workspace/Sources/ScalingCarousel/ScalingCarouselLayout.swift (in target 'ScalingCarousel' from project 'ScalingCarousel')
/Users/admin/builder/spi-builder-workspace/Sources/ScalingCarousel/ScalingCarouselLayout.swift:17:35: error: 'UICollectionViewFlowLayout' is unavailable in watchOS
15 | provide a carousel-style collection view.
16 | */
17 | open class ScalingCarouselLayout: UICollectionViewFlowLayout {
| `- error: 'UICollectionViewFlowLayout' is unavailable in watchOS
18 |
19 | open var inset: CGFloat = 0.0
/Applications/Xcode-27.0.0-Release.Candidate.app/Contents/Developer/Platforms/WatchOS.platform/Developer/SDKs/WatchOS27.0.sdk/System/Library/Frameworks/UIKit.framework/Headers/UICollectionViewFlowLayout.h:46:12: note: 'UICollectionViewFlowLayout' has been explicitly marked unavailable here
44 |
45 | UIKIT_EXTERN API_AVAILABLE(ios(6.0)) API_UNAVAILABLE(watchos) NS_SWIFT_UI_ACTOR
46 | @interface UICollectionViewFlowLayout : UICollectionViewLayout
| `- note: 'UICollectionViewFlowLayout' has been explicitly marked unavailable here
47 |
48 | @property (nonatomic) CGFloat minimumLineSpacing;
SwiftCompile normal arm64 /Users/admin/builder/spi-builder-workspace/Sources/ScalingCarousel/ScalingCarouselLayout.swift (in target 'ScalingCarousel' from project 'ScalingCarousel')
cd /Users/admin/builder/spi-builder-workspace/.swiftpm/xcode
builtin-SwiftPerFileCompile ScalingCarouselLayout.swift
SwiftEmitModule normal arm64_32 Emitting\ module\ for\ ScalingCarousel (in target 'ScalingCarousel' from project 'ScalingCarousel')
/Users/admin/builder/spi-builder-workspace/Sources/ScalingCarousel/ScalingCarouselCell.swift:41:36: error: 'UIView' is unavailable in watchOS
39 |
40 | // This property should be connected to the main cell subview
41 | @IBOutlet public var mainView: UIView!
| `- error: 'UIView' is unavailable in watchOS
42 |
43 | // MARK: - Overrides
/Applications/Xcode-27.0.0-Release.Candidate.app/Contents/Developer/Platforms/WatchOS.platform/Developer/SDKs/WatchOS27.0.sdk/System/Library/Frameworks/UIKit.framework/Headers/UIView.h:152:12: note: 'UIView' has been explicitly marked unavailable here
150 |
151 | UIKIT_EXTERN API_AVAILABLE(ios(2.0)) API_UNAVAILABLE(watchos) NS_SWIFT_UI_ACTOR
152 | @interface UIView : UIResponder <NSCoding, UIAppearance, UIAppearanceContainer, UIDynamicItem, UITraitEnvironment, UICoordinateSpace, UIFocusItem, UIFocusItemContainer, CALayerDelegate>
| `- note: 'UIView' has been explicitly marked unavailable here
153 |
154 | @property(class, nonatomic, readonly) Class layerClass; // default is [CALayer class]. Used when creating the underlying layer for the view.
/Users/admin/builder/spi-builder-workspace/Sources/ScalingCarousel/ScalingCarouselCell.swift:21:33: error: 'UICollectionViewCell' is unavailable in watchOS
19 | Collection view cells used with ScalingCarouselView should subclass this type
20 | */
21 | open class ScalingCarouselCell: UICollectionViewCell {
| `- error: 'UICollectionViewCell' is unavailable in watchOS
22 |
23 | // MARK: - Properties (Public)
/Applications/Xcode-27.0.0-Release.Candidate.app/Contents/Developer/Platforms/WatchOS.platform/Developer/SDKs/WatchOS27.0.sdk/System/Library/Frameworks/UIKit.framework/Headers/UICollectionViewCell.h:65:12: note: 'UICollectionViewCell' has been explicitly marked unavailable here
63 |
64 | UIKIT_EXTERN API_AVAILABLE(ios(6.0)) API_UNAVAILABLE(watchos) NS_SWIFT_UI_ACTOR
65 | @interface UICollectionViewCell : UICollectionReusableView
| `- note: 'UICollectionViewCell' has been explicitly marked unavailable here
66 |
67 | /// Returns the current configuration state for the cell.
/Users/admin/builder/spi-builder-workspace/Sources/ScalingCarousel/ScalingCarouselLayout.swift:17:35: error: 'UICollectionViewFlowLayout' is unavailable in watchOS
15 | provide a carousel-style collection view.
16 | */
17 | open class ScalingCarouselLayout: UICollectionViewFlowLayout {
| `- error: 'UICollectionViewFlowLayout' is unavailable in watchOS
18 |
19 | open var inset: CGFloat = 0.0
/Applications/Xcode-27.0.0-Release.Candidate.app/Contents/Developer/Platforms/WatchOS.platform/Developer/SDKs/WatchOS27.0.sdk/System/Library/Frameworks/UIKit.framework/Headers/UICollectionViewFlowLayout.h:46:12: note: 'UICollectionViewFlowLayout' has been explicitly marked unavailable here
44 |
45 | UIKIT_EXTERN API_AVAILABLE(ios(6.0)) API_UNAVAILABLE(watchos) NS_SWIFT_UI_ACTOR
46 | @interface UICollectionViewFlowLayout : UICollectionViewLayout
| `- note: 'UICollectionViewFlowLayout' has been explicitly marked unavailable here
47 |
48 | @property (nonatomic) CGFloat minimumLineSpacing;
/Users/admin/builder/spi-builder-workspace/Sources/ScalingCarousel/ScalingCarouselView.swift:26:31: error: 'UICollectionView' is unavailable in watchOS
24 | // MARK: - Properties (Public)
25 |
26 | open var scrollDirection: UICollectionView.ScrollDirection = .horizontal
| `- error: 'UICollectionView' is unavailable in watchOS
27 |
28 | /// Inset of the main, center cell
/Applications/Xcode-27.0.0-Release.Candidate.app/Contents/Developer/Platforms/WatchOS.platform/Developer/SDKs/WatchOS27.0.sdk/System/Library/Frameworks/UIKit.framework/Headers/UICollectionView.h:362:12: note: 'UICollectionView' has been explicitly marked unavailable here
360 |
361 | UIKIT_EXTERN API_AVAILABLE(ios(6.0)) API_UNAVAILABLE(watchos) NS_SWIFT_UI_ACTOR
362 | @interface UICollectionView : UIScrollView <UIDataSourceTranslating>
| `- note: 'UICollectionView' has been explicitly marked unavailable here
363 |
364 | - (instancetype)initWithFrame:(CGRect)frame collectionViewLayout:(UICollectionViewLayout *)layout NS_DESIGNATED_INITIALIZER;
/Users/admin/builder/spi-builder-workspace/Sources/ScalingCarousel/ScalingCarouselView.swift:40:33: error: 'UICollectionViewCell' is unavailable in watchOS
38 |
39 | /// Returns the current center cell of the carousel if it can be calculated
40 | open var currentCenterCell: UICollectionViewCell? {
| `- error: 'UICollectionViewCell' is unavailable in watchOS
41 |
42 | let lowerBound = inset - 20
/Applications/Xcode-27.0.0-Release.Candidate.app/Contents/Developer/Platforms/WatchOS.platform/Developer/SDKs/WatchOS27.0.sdk/System/Library/Frameworks/UIKit.framework/Headers/UICollectionViewCell.h:65:12: note: 'UICollectionViewCell' has been explicitly marked unavailable here
63 |
64 | UIKIT_EXTERN API_AVAILABLE(ios(6.0)) API_UNAVAILABLE(watchos) NS_SWIFT_UI_ACTOR
65 | @interface UICollectionViewCell : UICollectionReusableView
| `- note: 'UICollectionViewCell' has been explicitly marked unavailable here
66 |
67 | /// Returns the current configuration state for the cell.
/Users/admin/builder/spi-builder-workspace/Sources/ScalingCarousel/ScalingCarouselView.swift:97:42: error: 'UIScrollView' is unavailable in watchOS
95 |
96 | // MARK: - Properties (Private)
97 | fileprivate var invisibleScrollView: UIScrollView!
| `- error: 'UIScrollView' is unavailable in watchOS
98 | fileprivate var invisibleWidthOrHeightConstraint: NSLayoutConstraint?
99 | fileprivate var invisibleLeftOrTopConstraint: NSLayoutConstraint?
/Applications/Xcode-27.0.0-Release.Candidate.app/Contents/Developer/Platforms/WatchOS.platform/Developer/SDKs/WatchOS27.0.sdk/System/Library/Frameworks/UIKit.framework/Headers/UIScrollView.h:87:12: note: 'UIScrollView' has been explicitly marked unavailable here
85 |
86 | UIKIT_EXTERN API_AVAILABLE(ios(2.0)) API_UNAVAILABLE(watchos) NS_SWIFT_UI_ACTOR
87 | @interface UIScrollView : UIView <NSCoding, UIFocusItemScrollableContainer>
| `- note: 'UIScrollView' has been explicitly marked unavailable here
88 |
89 | @property(nonatomic) CGPoint contentOffset; // default CGPointZero
/Users/admin/builder/spi-builder-workspace/Sources/ScalingCarousel/ScalingCarouselView.swift:98:55: error: 'NSLayoutConstraint' is unavailable in watchOS
96 | // MARK: - Properties (Private)
97 | fileprivate var invisibleScrollView: UIScrollView!
98 | fileprivate var invisibleWidthOrHeightConstraint: NSLayoutConstraint?
| `- error: 'NSLayoutConstraint' is unavailable in watchOS
99 | fileprivate var invisibleLeftOrTopConstraint: NSLayoutConstraint?
100 |
/Applications/Xcode-27.0.0-Release.Candidate.app/Contents/Developer/Platforms/WatchOS.platform/Developer/SDKs/WatchOS27.0.sdk/System/Library/Frameworks/UIKit.framework/Headers/NSLayoutConstraint.h:126:12: note: 'NSLayoutConstraint' has been explicitly marked unavailable here
124 |
125 | NSLAYOUTCONSTRAINT_EXTERN API_AVAILABLE(macos(10.7), ios(6.0), tvos(9.0)) API_UNAVAILABLE(watchos) NS_SWIFT_UI_ACTOR
126 | @interface NSLayoutConstraint : NSObject
| `- note: 'NSLayoutConstraint' has been explicitly marked unavailable here
127 |
128 | /* Create an array of constraints using an ASCII-art-like visual format string. The values of the `metrics` dictionary should be NSNumber (or some other type that responds to -doubleValue and returns a double).
/Users/admin/builder/spi-builder-workspace/Sources/ScalingCarousel/ScalingCarouselView.swift:99:51: error: 'NSLayoutConstraint' is unavailable in watchOS
97 | fileprivate var invisibleScrollView: UIScrollView!
98 | fileprivate var invisibleWidthOrHeightConstraint: NSLayoutConstraint?
99 | fileprivate var invisibleLeftOrTopConstraint: NSLayoutConstraint?
| `- error: 'NSLayoutConstraint' is unavailable in watchOS
100 |
101 | // MARK: - Lifecycle
/Applications/Xcode-27.0.0-Release.Candidate.app/Contents/Developer/Platforms/WatchOS.platform/Developer/SDKs/WatchOS27.0.sdk/System/Library/Frameworks/UIKit.framework/Headers/NSLayoutConstraint.h:126:12: note: 'NSLayoutConstraint' has been explicitly marked unavailable here
124 |
125 | NSLAYOUTCONSTRAINT_EXTERN API_AVAILABLE(macos(10.7), ios(6.0), tvos(9.0)) API_UNAVAILABLE(watchos) NS_SWIFT_UI_ACTOR
126 | @interface NSLayoutConstraint : NSObject
| `- note: 'NSLayoutConstraint' has been explicitly marked unavailable here
127 |
128 | /* Create an array of constraints using an ASCII-art-like visual format string. The values of the `metrics` dictionary should be NSNumber (or some other type that responds to -doubleValue and returns a double).
/Users/admin/builder/spi-builder-workspace/Sources/ScalingCarousel/ScalingCarouselView.swift:103:70: error: 'UICollectionViewLayout' is unavailable in watchOS
101 | // MARK: - Lifecycle
102 |
103 | override public init(frame: CGRect, collectionViewLayout layout: UICollectionViewLayout) {
| `- error: 'UICollectionViewLayout' is unavailable in watchOS
104 | super.init(frame: frame, collectionViewLayout: layout)
105 | }
/Applications/Xcode-27.0.0-Release.Candidate.app/Contents/Developer/Platforms/WatchOS.platform/Developer/SDKs/WatchOS27.0.sdk/System/Library/Frameworks/UIKit.framework/Headers/UICollectionViewLayout.h:89:12: note: 'UICollectionViewLayout' has been explicitly marked unavailable here
87 |
88 | UIKIT_EXTERN API_AVAILABLE(ios(6.0)) API_UNAVAILABLE(watchos) NS_SWIFT_UI_ACTOR
89 | @interface UICollectionViewLayout : NSObject <NSCoding>
| `- note: 'UICollectionViewLayout' has been explicitly marked unavailable here
90 |
91 | - (instancetype)init NS_DESIGNATED_INITIALIZER;
/Users/admin/builder/spi-builder-workspace/Sources/ScalingCarousel/ScalingCarouselView.swift:128:81: error: 'UICollectionView' is unavailable in watchOS
126 | }
127 |
128 | override open func scrollToItem(at indexPath: IndexPath, at scrollPosition: UICollectionView.ScrollPosition, animated: Bool) {
| `- error: 'UICollectionView' is unavailable in watchOS
129 | super.scrollToItem(at: indexPath, at: scrollPosition, animated: animated)
130 | var origin = (CGFloat(indexPath.item) * (frame.size.width - (inset * 2)))
/Applications/Xcode-27.0.0-Release.Candidate.app/Contents/Developer/Platforms/WatchOS.platform/Developer/SDKs/WatchOS27.0.sdk/System/Library/Frameworks/UIKit.framework/Headers/UICollectionView.h:362:12: note: 'UICollectionView' has been explicitly marked unavailable here
360 |
361 | UIKIT_EXTERN API_AVAILABLE(ios(6.0)) API_UNAVAILABLE(watchos) NS_SWIFT_UI_ACTOR
362 | @interface UICollectionView : UIScrollView <UIDataSourceTranslating>
| `- note: 'UICollectionView' has been explicitly marked unavailable here
363 |
364 | - (instancetype)initWithFrame:(CGRect)frame collectionViewLayout:(UICollectionViewLayout *)layout NS_DESIGNATED_INITIALIZER;
/Users/admin/builder/spi-builder-workspace/Sources/ScalingCarousel/ScalingCarouselView.swift:18:33: error: 'UICollectionView' is unavailable in watchOS
16 | are scaled as the carousel scrolls.
17 | */
18 | open class ScalingCarouselView: UICollectionView {
| `- error: 'UICollectionView' is unavailable in watchOS
19 |
20 | // MARK: - Properties (Private)
/Applications/Xcode-27.0.0-Release.Candidate.app/Contents/Developer/Platforms/WatchOS.platform/Developer/SDKs/WatchOS27.0.sdk/System/Library/Frameworks/UIKit.framework/Headers/UICollectionView.h:362:12: note: 'UICollectionView' has been explicitly marked unavailable here
360 |
361 | UIKIT_EXTERN API_AVAILABLE(ios(6.0)) API_UNAVAILABLE(watchos) NS_SWIFT_UI_ACTOR
362 | @interface UICollectionView : UIScrollView <UIDataSourceTranslating>
| `- note: 'UICollectionView' has been explicitly marked unavailable here
363 |
364 | - (instancetype)initWithFrame:(CGRect)frame collectionViewLayout:(UICollectionViewLayout *)layout NS_DESIGNATED_INITIALIZER;
/Users/admin/builder/spi-builder-workspace/Sources/ScalingCarousel/ScalingCarouselView.swift:190:47: error: 'UIView' is unavailable in watchOS
188 | fileprivate extension PrivateAPI {
189 |
190 | func addInvisibleScrollView(to superview: UIView?) {
| `- error: 'UIView' is unavailable in watchOS
191 | guard let superview = superview else { return }
192 |
/Applications/Xcode-27.0.0-Release.Candidate.app/Contents/Developer/Platforms/WatchOS.platform/Developer/SDKs/WatchOS27.0.sdk/System/Library/Frameworks/UIKit.framework/Headers/UIView.h:152:12: note: 'UIView' has been explicitly marked unavailable here
150 |
151 | UIKIT_EXTERN API_AVAILABLE(ios(2.0)) API_UNAVAILABLE(watchos) NS_SWIFT_UI_ACTOR
152 | @interface UIView : UIResponder <NSCoding, UIAppearance, UIAppearanceContainer, UIDynamicItem, UITraitEnvironment, UICoordinateSpace, UIFocusItem, UIFocusItemContainer, CALayerDelegate>
| `- note: 'UIView' has been explicitly marked unavailable here
153 |
154 | @property(class, nonatomic, readonly) Class layerClass; // default is [CALayer class]. Used when creating the underlying layer for the view.
/Users/admin/builder/spi-builder-workspace/Sources/ScalingCarousel/ScalingCarouselView.swift:284:51: error: 'UIScrollView' is unavailable in watchOS
282 | extension InvisibleScrollDelegate: UIScrollViewDelegate {
283 |
284 | public func scrollViewDidScroll(_ scrollView: UIScrollView) {
| `- error: 'UIScrollView' is unavailable in watchOS
285 |
286 | /*
/Applications/Xcode-27.0.0-Release.Candidate.app/Contents/Developer/Platforms/WatchOS.platform/Developer/SDKs/WatchOS27.0.sdk/System/Library/Frameworks/UIKit.framework/Headers/UIScrollView.h:87:12: note: 'UIScrollView' has been explicitly marked unavailable here
85 |
86 | UIKIT_EXTERN API_AVAILABLE(ios(2.0)) API_UNAVAILABLE(watchos) NS_SWIFT_UI_ACTOR
87 | @interface UIScrollView : UIView <NSCoding, UIFocusItemScrollableContainer>
| `- note: 'UIScrollView' has been explicitly marked unavailable here
88 |
89 | @property(nonatomic) CGPoint contentOffset; // default CGPointZero
/Users/admin/builder/spi-builder-workspace/Sources/ScalingCarousel/ScalingCarouselView.swift:300:60: error: 'UIScrollView' is unavailable in watchOS
298 | }
299 |
300 | public func scrollViewDidEndDecelerating(_ scrollView: UIScrollView) {
| `- error: 'UIScrollView' is unavailable in watchOS
301 | delegate?.scrollViewDidEndDecelerating?(scrollView)
302 | guard let indexPath = currentCenterCellIndex else { return }
/Applications/Xcode-27.0.0-Release.Candidate.app/Contents/Developer/Platforms/WatchOS.platform/Developer/SDKs/WatchOS27.0.sdk/System/Library/Frameworks/UIKit.framework/Headers/UIScrollView.h:87:12: note: 'UIScrollView' has been explicitly marked unavailable here
85 |
86 | UIKIT_EXTERN API_AVAILABLE(ios(2.0)) API_UNAVAILABLE(watchos) NS_SWIFT_UI_ACTOR
87 | @interface UIScrollView : UIView <NSCoding, UIFocusItemScrollableContainer>
| `- note: 'UIScrollView' has been explicitly marked unavailable here
88 |
89 | @property(nonatomic) CGPoint contentOffset; // default CGPointZero
/Users/admin/builder/spi-builder-workspace/Sources/ScalingCarousel/ScalingCarouselView.swift:282:36: error: 'UIScrollViewDelegate' is unavailable in watchOS
280 | */
281 | private typealias InvisibleScrollDelegate = ScalingCarouselView
282 | extension InvisibleScrollDelegate: UIScrollViewDelegate {
| `- error: 'UIScrollViewDelegate' is unavailable in watchOS
283 |
284 | public func scrollViewDidScroll(_ scrollView: UIScrollView) {
/Applications/Xcode-27.0.0-Release.Candidate.app/Contents/Developer/Platforms/WatchOS.platform/Developer/SDKs/WatchOS27.0.sdk/System/Library/Frameworks/UIKit.framework/Headers/UIScrollView.h:312:11: note: 'UIScrollViewDelegate' has been explicitly marked unavailable here
310 |
311 | API_UNAVAILABLE(watchos) NS_SWIFT_UI_ACTOR
312 | @protocol UIScrollViewDelegate<NSObject>
| `- note: 'UIScrollViewDelegate' has been explicitly marked unavailable here
313 |
314 | @optional
SwiftCompile normal arm64_32 (in target 'ScalingCarousel' from project 'ScalingCarousel')
cd /Users/admin/builder/spi-builder-workspace/.swiftpm/xcode
SwiftCompile normal arm64_32 Compiling\ ScalingCarouselCell.swift /Users/admin/builder/spi-builder-workspace/Sources/ScalingCarousel/ScalingCarouselCell.swift (in target 'ScalingCarousel' from project 'ScalingCarousel')
/Users/admin/builder/spi-builder-workspace/Sources/ScalingCarousel/ScalingCarouselCell.swift:41:36: error: 'UIView' is unavailable in watchOS
39 |
40 | // This property should be connected to the main cell subview
41 | @IBOutlet public var mainView: UIView!
| `- error: 'UIView' is unavailable in watchOS
42 |
43 | // MARK: - Overrides
/Applications/Xcode-27.0.0-Release.Candidate.app/Contents/Developer/Platforms/WatchOS.platform/Developer/SDKs/WatchOS27.0.sdk/System/Library/Frameworks/UIKit.framework/Headers/UIView.h:152:12: note: 'UIView' has been explicitly marked unavailable here
150 |
151 | UIKIT_EXTERN API_AVAILABLE(ios(2.0)) API_UNAVAILABLE(watchos) NS_SWIFT_UI_ACTOR
152 | @interface UIView : UIResponder <NSCoding, UIAppearance, UIAppearanceContainer, UIDynamicItem, UITraitEnvironment, UICoordinateSpace, UIFocusItem, UIFocusItemContainer, CALayerDelegate>
| `- note: 'UIView' has been explicitly marked unavailable here
153 |
154 | @property(class, nonatomic, readonly) Class layerClass; // default is [CALayer class]. Used when creating the underlying layer for the view.
SwiftCompile normal arm64_32 /Users/admin/builder/spi-builder-workspace/Sources/ScalingCarousel/ScalingCarouselCell.swift (in target 'ScalingCarousel' from project 'ScalingCarousel')
cd /Users/admin/builder/spi-builder-workspace/.swiftpm/xcode
builtin-SwiftPerFileCompile ScalingCarouselCell.swift
SwiftCompile normal arm64_32 Compiling\ ScalingCarouselLayout.swift /Users/admin/builder/spi-builder-workspace/Sources/ScalingCarousel/ScalingCarouselLayout.swift (in target 'ScalingCarousel' from project 'ScalingCarousel')
/Users/admin/builder/spi-builder-workspace/Sources/ScalingCarousel/ScalingCarouselLayout.swift:17:35: error: 'UICollectionViewFlowLayout' is unavailable in watchOS
15 | provide a carousel-style collection view.
16 | */
17 | open class ScalingCarouselLayout: UICollectionViewFlowLayout {
| `- error: 'UICollectionViewFlowLayout' is unavailable in watchOS
18 |
19 | open var inset: CGFloat = 0.0
/Applications/Xcode-27.0.0-Release.Candidate.app/Contents/Developer/Platforms/WatchOS.platform/Developer/SDKs/WatchOS27.0.sdk/System/Library/Frameworks/UIKit.framework/Headers/UICollectionViewFlowLayout.h:46:12: note: 'UICollectionViewFlowLayout' has been explicitly marked unavailable here
44 |
45 | UIKIT_EXTERN API_AVAILABLE(ios(6.0)) API_UNAVAILABLE(watchos) NS_SWIFT_UI_ACTOR
46 | @interface UICollectionViewFlowLayout : UICollectionViewLayout
| `- note: 'UICollectionViewFlowLayout' has been explicitly marked unavailable here
47 |
48 | @property (nonatomic) CGFloat minimumLineSpacing;
SwiftCompile normal arm64_32 /Users/admin/builder/spi-builder-workspace/Sources/ScalingCarousel/ScalingCarouselLayout.swift (in target 'ScalingCarousel' from project 'ScalingCarousel')
cd /Users/admin/builder/spi-builder-workspace/.swiftpm/xcode
builtin-SwiftPerFileCompile ScalingCarouselLayout.swift
SwiftCompile normal arm64_32 Compiling\ ScalingCarouselView.swift /Users/admin/builder/spi-builder-workspace/Sources/ScalingCarousel/ScalingCarouselView.swift (in target 'ScalingCarousel' from project 'ScalingCarousel')
/Users/admin/builder/spi-builder-workspace/Sources/ScalingCarousel/ScalingCarouselView.swift:26:31: error: 'UICollectionView' is unavailable in watchOS
24 | // MARK: - Properties (Public)
25 |
26 | open var scrollDirection: UICollectionView.ScrollDirection = .horizontal
| `- error: 'UICollectionView' is unavailable in watchOS
27 |
28 | /// Inset of the main, center cell
/Applications/Xcode-27.0.0-Release.Candidate.app/Contents/Developer/Platforms/WatchOS.platform/Developer/SDKs/WatchOS27.0.sdk/System/Library/Frameworks/UIKit.framework/Headers/UICollectionView.h:362:12: note: 'UICollectionView' has been explicitly marked unavailable here
360 |
361 | UIKIT_EXTERN API_AVAILABLE(ios(6.0)) API_UNAVAILABLE(watchos) NS_SWIFT_UI_ACTOR
362 | @interface UICollectionView : UIScrollView <UIDataSourceTranslating>
| `- note: 'UICollectionView' has been explicitly marked unavailable here
363 |
364 | - (instancetype)initWithFrame:(CGRect)frame collectionViewLayout:(UICollectionViewLayout *)layout NS_DESIGNATED_INITIALIZER;
/Users/admin/builder/spi-builder-workspace/Sources/ScalingCarousel/ScalingCarouselView.swift:40:33: error: 'UICollectionViewCell' is unavailable in watchOS
38 |
39 | /// Returns the current center cell of the carousel if it can be calculated
40 | open var currentCenterCell: UICollectionViewCell? {
| `- error: 'UICollectionViewCell' is unavailable in watchOS
41 |
42 | let lowerBound = inset - 20
/Applications/Xcode-27.0.0-Release.Candidate.app/Contents/Developer/Platforms/WatchOS.platform/Developer/SDKs/WatchOS27.0.sdk/System/Library/Frameworks/UIKit.framework/Headers/UICollectionViewCell.h:65:12: note: 'UICollectionViewCell' has been explicitly marked unavailable here
63 |
64 | UIKIT_EXTERN API_AVAILABLE(ios(6.0)) API_UNAVAILABLE(watchos) NS_SWIFT_UI_ACTOR
65 | @interface UICollectionViewCell : UICollectionReusableView
| `- note: 'UICollectionViewCell' has been explicitly marked unavailable here
66 |
67 | /// Returns the current configuration state for the cell.
/Users/admin/builder/spi-builder-workspace/Sources/ScalingCarousel/ScalingCarouselView.swift:97:42: error: 'UIScrollView' is unavailable in watchOS
95 |
96 | // MARK: - Properties (Private)
97 | fileprivate var invisibleScrollView: UIScrollView!
| `- error: 'UIScrollView' is unavailable in watchOS
98 | fileprivate var invisibleWidthOrHeightConstraint: NSLayoutConstraint?
99 | fileprivate var invisibleLeftOrTopConstraint: NSLayoutConstraint?
/Applications/Xcode-27.0.0-Release.Candidate.app/Contents/Developer/Platforms/WatchOS.platform/Developer/SDKs/WatchOS27.0.sdk/System/Library/Frameworks/UIKit.framework/Headers/UIScrollView.h:87:12: note: 'UIScrollView' has been explicitly marked unavailable here
85 |
86 | UIKIT_EXTERN API_AVAILABLE(ios(2.0)) API_UNAVAILABLE(watchos) NS_SWIFT_UI_ACTOR
87 | @interface UIScrollView : UIView <NSCoding, UIFocusItemScrollableContainer>
| `- note: 'UIScrollView' has been explicitly marked unavailable here
88 |
89 | @property(nonatomic) CGPoint contentOffset; // default CGPointZero
/Users/admin/builder/spi-builder-workspace/Sources/ScalingCarousel/ScalingCarouselView.swift:98:55: error: 'NSLayoutConstraint' is unavailable in watchOS
96 | // MARK: - Properties (Private)
97 | fileprivate var invisibleScrollView: UIScrollView!
98 | fileprivate var invisibleWidthOrHeightConstraint: NSLayoutConstraint?
| `- error: 'NSLayoutConstraint' is unavailable in watchOS
99 | fileprivate var invisibleLeftOrTopConstraint: NSLayoutConstraint?
100 |
/Applications/Xcode-27.0.0-Release.Candidate.app/Contents/Developer/Platforms/WatchOS.platform/Developer/SDKs/WatchOS27.0.sdk/System/Library/Frameworks/UIKit.framework/Headers/NSLayoutConstraint.h:126:12: note: 'NSLayoutConstraint' has been explicitly marked unavailable here
124 |
125 | NSLAYOUTCONSTRAINT_EXTERN API_AVAILABLE(macos(10.7), ios(6.0), tvos(9.0)) API_UNAVAILABLE(watchos) NS_SWIFT_UI_ACTOR
126 | @interface NSLayoutConstraint : NSObject
| `- note: 'NSLayoutConstraint' has been explicitly marked unavailable here
127 |
128 | /* Create an array of constraints using an ASCII-art-like visual format string. The values of the `metrics` dictionary should be NSNumber (or some other type that responds to -doubleValue and returns a double).
/Users/admin/builder/spi-builder-workspace/Sources/ScalingCarousel/ScalingCarouselView.swift:99:51: error: 'NSLayoutConstraint' is unavailable in watchOS
97 | fileprivate var invisibleScrollView: UIScrollView!
98 | fileprivate var invisibleWidthOrHeightConstraint: NSLayoutConstraint?
99 | fileprivate var invisibleLeftOrTopConstraint: NSLayoutConstraint?
| `- error: 'NSLayoutConstraint' is unavailable in watchOS
100 |
101 | // MARK: - Lifecycle
/Applications/Xcode-27.0.0-Release.Candidate.app/Contents/Developer/Platforms/WatchOS.platform/Developer/SDKs/WatchOS27.0.sdk/System/Library/Frameworks/UIKit.framework/Headers/NSLayoutConstraint.h:126:12: note: 'NSLayoutConstraint' has been explicitly marked unavailable here
124 |
125 | NSLAYOUTCONSTRAINT_EXTERN API_AVAILABLE(macos(10.7), ios(6.0), tvos(9.0)) API_UNAVAILABLE(watchos) NS_SWIFT_UI_ACTOR
126 | @interface NSLayoutConstraint : NSObject
| `- note: 'NSLayoutConstraint' has been explicitly marked unavailable here
127 |
128 | /* Create an array of constraints using an ASCII-art-like visual format string. The values of the `metrics` dictionary should be NSNumber (or some other type that responds to -doubleValue and returns a double).
/Users/admin/builder/spi-builder-workspace/Sources/ScalingCarousel/ScalingCarouselView.swift:103:70: error: 'UICollectionViewLayout' is unavailable in watchOS
101 | // MARK: - Lifecycle
102 |
103 | override public init(frame: CGRect, collectionViewLayout layout: UICollectionViewLayout) {
| `- error: 'UICollectionViewLayout' is unavailable in watchOS
104 | super.init(frame: frame, collectionViewLayout: layout)
105 | }
/Applications/Xcode-27.0.0-Release.Candidate.app/Contents/Developer/Platforms/WatchOS.platform/Developer/SDKs/WatchOS27.0.sdk/System/Library/Frameworks/UIKit.framework/Headers/UICollectionViewLayout.h:89:12: note: 'UICollectionViewLayout' has been explicitly marked unavailable here
87 |
88 | UIKIT_EXTERN API_AVAILABLE(ios(6.0)) API_UNAVAILABLE(watchos) NS_SWIFT_UI_ACTOR
89 | @interface UICollectionViewLayout : NSObject <NSCoding>
| `- note: 'UICollectionViewLayout' has been explicitly marked unavailable here
90 |
91 | - (instancetype)init NS_DESIGNATED_INITIALIZER;
/Users/admin/builder/spi-builder-workspace/Sources/ScalingCarousel/ScalingCarouselView.swift:128:81: error: 'UICollectionView' is unavailable in watchOS
126 | }
127 |
128 | override open func scrollToItem(at indexPath: IndexPath, at scrollPosition: UICollectionView.ScrollPosition, animated: Bool) {
| `- error: 'UICollectionView' is unavailable in watchOS
129 | super.scrollToItem(at: indexPath, at: scrollPosition, animated: animated)
130 | var origin = (CGFloat(indexPath.item) * (frame.size.width - (inset * 2)))
/Applications/Xcode-27.0.0-Release.Candidate.app/Contents/Developer/Platforms/WatchOS.platform/Developer/SDKs/WatchOS27.0.sdk/System/Library/Frameworks/UIKit.framework/Headers/UICollectionView.h:362:12: note: 'UICollectionView' has been explicitly marked unavailable here
360 |
361 | UIKIT_EXTERN API_AVAILABLE(ios(6.0)) API_UNAVAILABLE(watchos) NS_SWIFT_UI_ACTOR
362 | @interface UICollectionView : UIScrollView <UIDataSourceTranslating>
| `- note: 'UICollectionView' has been explicitly marked unavailable here
363 |
364 | - (instancetype)initWithFrame:(CGRect)frame collectionViewLayout:(UICollectionViewLayout *)layout NS_DESIGNATED_INITIALIZER;
/Users/admin/builder/spi-builder-workspace/Sources/ScalingCarousel/ScalingCarouselView.swift:18:33: error: 'UICollectionView' is unavailable in watchOS
16 | are scaled as the carousel scrolls.
17 | */
18 | open class ScalingCarouselView: UICollectionView {
| `- error: 'UICollectionView' is unavailable in watchOS
19 |
20 | // MARK: - Properties (Private)
/Applications/Xcode-27.0.0-Release.Candidate.app/Contents/Developer/Platforms/WatchOS.platform/Developer/SDKs/WatchOS27.0.sdk/System/Library/Frameworks/UIKit.framework/Headers/UICollectionView.h:362:12: note: 'UICollectionView' has been explicitly marked unavailable here
360 |
361 | UIKIT_EXTERN API_AVAILABLE(ios(6.0)) API_UNAVAILABLE(watchos) NS_SWIFT_UI_ACTOR
362 | @interface UICollectionView : UIScrollView <UIDataSourceTranslating>
| `- note: 'UICollectionView' has been explicitly marked unavailable here
363 |
364 | - (instancetype)initWithFrame:(CGRect)frame collectionViewLayout:(UICollectionViewLayout *)layout NS_DESIGNATED_INITIALIZER;
/Users/admin/builder/spi-builder-workspace/Sources/ScalingCarousel/ScalingCarouselView.swift:190:47: error: 'UIView' is unavailable in watchOS
188 | fileprivate extension PrivateAPI {
189 |
190 | func addInvisibleScrollView(to superview: UIView?) {
| `- error: 'UIView' is unavailable in watchOS
191 | guard let superview = superview else { return }
192 |
/Applications/Xcode-27.0.0-Release.Candidate.app/Contents/Developer/Platforms/WatchOS.platform/Developer/SDKs/WatchOS27.0.sdk/System/Library/Frameworks/UIKit.framework/Headers/UIView.h:152:12: note: 'UIView' has been explicitly marked unavailable here
150 |
151 | UIKIT_EXTERN API_AVAILABLE(ios(2.0)) API_UNAVAILABLE(watchos) NS_SWIFT_UI_ACTOR
152 | @interface UIView : UIResponder <NSCoding, UIAppearance, UIAppearanceContainer, UIDynamicItem, UITraitEnvironment, UICoordinateSpace, UIFocusItem, UIFocusItemContainer, CALayerDelegate>
| `- note: 'UIView' has been explicitly marked unavailable here
153 |
154 | @property(class, nonatomic, readonly) Class layerClass; // default is [CALayer class]. Used when creating the underlying layer for the view.
/Users/admin/builder/spi-builder-workspace/Sources/ScalingCarousel/ScalingCarouselView.swift:284:51: error: 'UIScrollView' is unavailable in watchOS
282 | extension InvisibleScrollDelegate: UIScrollViewDelegate {
283 |
284 | public func scrollViewDidScroll(_ scrollView: UIScrollView) {
| `- error: 'UIScrollView' is unavailable in watchOS
285 |
286 | /*
/Applications/Xcode-27.0.0-Release.Candidate.app/Contents/Developer/Platforms/WatchOS.platform/Developer/SDKs/WatchOS27.0.sdk/System/Library/Frameworks/UIKit.framework/Headers/UIScrollView.h:87:12: note: 'UIScrollView' has been explicitly marked unavailable here
85 |
86 | UIKIT_EXTERN API_AVAILABLE(ios(2.0)) API_UNAVAILABLE(watchos) NS_SWIFT_UI_ACTOR
87 | @interface UIScrollView : UIView <NSCoding, UIFocusItemScrollableContainer>
| `- note: 'UIScrollView' has been explicitly marked unavailable here
88 |
89 | @property(nonatomic) CGPoint contentOffset; // default CGPointZero
/Users/admin/builder/spi-builder-workspace/Sources/ScalingCarousel/ScalingCarouselView.swift:300:60: error: 'UIScrollView' is unavailable in watchOS
298 | }
299 |
300 | public func scrollViewDidEndDecelerating(_ scrollView: UIScrollView) {
| `- error: 'UIScrollView' is unavailable in watchOS
301 | delegate?.scrollViewDidEndDecelerating?(scrollView)
302 | guard let indexPath = currentCenterCellIndex else { return }
/Applications/Xcode-27.0.0-Release.Candidate.app/Contents/Developer/Platforms/WatchOS.platform/Developer/SDKs/WatchOS27.0.sdk/System/Library/Frameworks/UIKit.framework/Headers/UIScrollView.h:87:12: note: 'UIScrollView' has been explicitly marked unavailable here
85 |
86 | UIKIT_EXTERN API_AVAILABLE(ios(2.0)) API_UNAVAILABLE(watchos) NS_SWIFT_UI_ACTOR
87 | @interface UIScrollView : UIView <NSCoding, UIFocusItemScrollableContainer>
| `- note: 'UIScrollView' has been explicitly marked unavailable here
88 |
89 | @property(nonatomic) CGPoint contentOffset; // default CGPointZero
SwiftCompile normal arm64_32 /Users/admin/builder/spi-builder-workspace/Sources/ScalingCarousel/ScalingCarouselView.swift (in target 'ScalingCarousel' from project 'ScalingCarousel')
cd /Users/admin/builder/spi-builder-workspace/.swiftpm/xcode
builtin-SwiftPerFileCompile ScalingCarouselView.swift
PruneExplicitPrecompiledModules /Users/admin/builder/spi-builder-workspace/.derivedData/SDKExplicitPrecompiledModules
PruneExplicitPrecompiledModules /Users/admin/builder/spi-builder-workspace/.derivedData/Build/Intermediates.noindex/ExplicitPrecompiledModules
PruneExplicitPrecompiledModules /Users/admin/builder/spi-builder-workspace/.derivedData/Build/Intermediates.noindex/SwiftExplicitPrecompiledModules
2026-09-20 02:52:08.980 xcodebuild[794:4894] [MT] IDERunDestination: Supported platforms for the buildables in the current scheme is empty.
** BUILD FAILED **
The following build commands failed:
SwiftEmitModule normal arm64 Emitting\ module\ for\ ScalingCarousel (in target 'ScalingCarousel' from project 'ScalingCarousel')
SwiftCompile normal arm64 (in target 'ScalingCarousel' from project 'ScalingCarousel')
Building workspace ScalingCarousel with scheme ScalingCarousel
(3 failures)
BUILD FAILURE 6.4 watchOS