Build Information
Failed to build avie, reference main (a17295), with Swift 6.1 for Wasm on 29 Jun 2026 07:47:35 UTC.
Build Command
bash -c docker run --pull=always --rm -v "checkouts-53886768-0":/host -w "$PWD" -e JAVA_HOME="/root/.sdkman/candidates/java/current" -e SPI_BUILD="1" -e SPI_PROCESSING="1" registry.gitlab.com/saguaro1/spi-images:wasm-6.1-latest swift build --swift-sdk wasm32-unknown-wasi 2>&1Build Log
========================================
RunAll
========================================
Builder version: 0e64495ecc1688c3b3e031a5ef1348b5c05091ae
Interrupt handler set up.
========================================
Checkout
========================================
Clone URL: https://github.com/shrudge/avie.git
Reference: main
Initialized empty Git repository in /host/spi-builder-workspace/.git/
hint: Using 'master' as the name for the initial branch. This default branch name
hint: is subject to change. To configure the initial branch name to use in all
hint: of your new repositories, which will suppress this warning, call:
hint:
hint: git config --global init.defaultBranch <name>
hint:
hint: Names commonly chosen instead of 'master' are 'main', 'trunk' and
hint: 'development'. The just-created branch can be renamed via this command:
hint:
hint: git branch -m <name>
From https://github.com/shrudge/avie
* branch main -> FETCH_HEAD
* [new branch] main -> origin/main
HEAD is now at a172959 Refactor README.md for improved structure and clarity
Cloned https://github.com/shrudge/avie.git
Revision (git rev-parse @):
a1729591561a3f03d428b91af625504afef63876
SUCCESS checkout https://github.com/shrudge/avie.git at main
========================================
Build
========================================
Selected platform: wasm
Swift version: 6.1
Building package at path: $PWD
https://github.com/shrudge/avie.git
https://github.com/shrudge/avie.git
WARNING: environment variable SUPPRESS_SWIFT_6_FLAGS is not set
Running build ...
bash -c docker run --pull=always --rm -v "checkouts-53886768-0":/host -w "$PWD" -e JAVA_HOME="/root/.sdkman/candidates/java/current" -e SPI_BUILD="1" -e SPI_PROCESSING="1" registry.gitlab.com/saguaro1/spi-images:wasm-6.1-latest swift build --swift-sdk wasm32-unknown-wasi -Xswiftc -Xfrontend -Xswiftc -stats-output-dir -Xswiftc -Xfrontend -Xswiftc .stats -Xswiftc -strict-concurrency=complete -Xswiftc -enable-upcoming-feature -Xswiftc StrictConcurrency -Xswiftc -enable-upcoming-feature -Xswiftc DisableOutwardActorInference -Xswiftc -enable-upcoming-feature -Xswiftc GlobalActorIsolatedTypesUsability -Xswiftc -enable-upcoming-feature -Xswiftc InferSendableFromCaptures 2>&1
wasm-6.1-latest: Pulling from saguaro1/spi-images
Digest: sha256:1ad245dad3d2ae0004e1afbc92334bd39884ed9ca587cf04d0a8d5f640fb02e9
Status: Image is up to date for registry.gitlab.com/saguaro1/spi-images:wasm-6.1-latest
Fetching https://github.com/apple/swift-argument-parser
[1/17949] Fetching swift-argument-parser
Fetched https://github.com/apple/swift-argument-parser from cache (0.72s)
Computing version for https://github.com/apple/swift-argument-parser
Computed https://github.com/apple/swift-argument-parser at 1.8.2 (0.97s)
Creating working copy for https://github.com/apple/swift-argument-parser
Working copy of https://github.com/apple/swift-argument-parser resolved at 1.8.2
[1/1] Compiling plugin AviePlugin
[2/2] Compiling plugin GenerateManual
[3/3] Compiling plugin GenerateDoccReference
Building for debugging...
[3/24] Write sources
[12/24] Write swift-version-24593BA9C3E375BF.txt
[14/35] Emitting module ArgumentParserToolInfo
<unknown>:0: warning: upcoming feature 'InferSendableFromCaptures' is already enabled as of Swift version 6
<unknown>:0: warning: upcoming feature 'GlobalActorIsolatedTypesUsability' is already enabled as of Swift version 6
<unknown>:0: warning: upcoming feature 'DisableOutwardActorInference' is already enabled as of Swift version 6
[15/35] Compiling ArgumentParserToolInfo ToolInfo.swift
<unknown>:0: warning: upcoming feature 'InferSendableFromCaptures' is already enabled as of Swift version 6
<unknown>:0: warning: upcoming feature 'GlobalActorIsolatedTypesUsability' is already enabled as of Swift version 6
<unknown>:0: warning: upcoming feature 'DisableOutwardActorInference' is already enabled as of Swift version 6
[16/36] Compiling AvieCore RuleID.swift
[17/37] Wrapping AST for ArgumentParserToolInfo for debugging
[19/37] Compiling AvieCore Version.swift
[20/84] Compiling AvieCore TargetDeclaration.swift
[21/84] Emitting module AvieCore
[22/84] Compiling AvieCore ResolvedPackage.swift
[23/84] Compiling AvieCore Suppression.swift
[24/84] Compiling AvieCore PackageIdentity.swift
[25/84] Compiling ArgumentParser ArgumentVisibility.swift
[26/84] Compiling ArgumentParser CompletionKind.swift
[27/84] Compiling AvieCore Finding.swift
[28/85] Wrapping AST for AvieCore for debugging
[30/95] Compiling AvieResolver SPMResolver.swift
/host/spi-builder-workspace/Sources/AvieResolver/SPMResolver.swift:83:23: error: cannot find 'Process' in scope
81 | arguments.append(contentsOf: ["show-dependencies", "--format", "json"])
82 |
83 | let process = Process()
| `- error: cannot find 'Process' in scope
84 | // Bug 6 Fix: resolve swift from PATH instead of hardcoding /usr/bin/swift
85 | process.executableURL = URL(fileURLWithPath: SwiftToolFinder.path)
[31/95] Emitting module AvieGraph
[32/95] Compiling AvieResolver SwiftToolFinder.swift
/host/spi-builder-workspace/Sources/AvieResolver/SwiftToolFinder.swift:46:23: error: cannot find 'Process' in scope
44 | guard FileManager.default.fileExists(atPath: executable) else { return nil }
45 |
46 | let process = Process()
| `- error: cannot find 'Process' in scope
47 | process.executableURL = URL(fileURLWithPath: executable)
48 | process.arguments = arguments
[33/95] Compiling AvieResolver BinaryTargetDetector.swift
/host/spi-builder-workspace/Sources/AvieResolver/BinaryTargetDetector.swift:56:9: error: cannot find 'DispatchQueue' in scope
54 | let progressLock = NSLock()
55 |
56 | DispatchQueue.concurrentPerform(iterations: pathsArray.count) { index in
| `- error: cannot find 'DispatchQueue' in scope
57 | let path = pathsArray[index]
58 | let identity = packageMap[path]!
/host/spi-builder-workspace/Sources/AvieResolver/BinaryTargetDetector.swift:90:27: error: cannot find 'Process' in scope
88 |
89 | for attempt in 1...maxAttempts {
90 | let process = Process()
| `- error: cannot find 'Process' in scope
91 | process.executableURL = URL(fileURLWithPath: swiftExecutable)
92 | process.arguments = ["package", "--disable-automatic-resolution", "dump-package"]
/host/spi-builder-workspace/Sources/AvieResolver/BinaryTargetDetector.swift:117:25: error: cannot find 'Thread' in scope
115 | lastError = String(data: errData, encoding: .utf8) ?? "Unknown error"
116 | if attempt < maxAttempts {
117 | Thread.sleep(forTimeInterval: 0.5 * Double(attempt)) // Exponential backoff
| `- error: cannot find 'Thread' in scope
118 | continue
119 | }
/host/spi-builder-workspace/Sources/AvieResolver/BinaryTargetDetector.swift:124:21: error: cannot find 'Thread' in scope
122 | lastError = error.localizedDescription
123 | if attempt < maxAttempts {
124 | Thread.sleep(forTimeInterval: 0.5 * Double(attempt))
| `- error: cannot find 'Thread' in scope
125 | continue
126 | }
[34/95] Emitting module AvieResolver
[35/95] Compiling AvieResolver DependencyTransformer.swift
[36/95] Compiling AvieResolver ManifestReader.swift
/host/spi-builder-workspace/Sources/AvieResolver/ManifestReader.swift:123:23: error: cannot find 'Process' in scope
121 |
122 | public func read() throws -> ManifestData {
123 | let process = Process()
| `- error: cannot find 'Process' in scope
124 | // Bug 6 Fix: resolve swift from PATH
125 | process.executableURL = URL(fileURLWithPath: SwiftToolFinder.path)
[37/95] Compiling AvieResolver SPMDependencyOutput.swift
[38/95] Compiling AvieGraph DependencyGraph.swift
<unknown>:0: warning: upcoming feature 'InferSendableFromCaptures' is already enabled as of Swift version 6
<unknown>:0: warning: upcoming feature 'GlobalActorIsolatedTypesUsability' is already enabled as of Swift version 6
<unknown>:0: warning: upcoming feature 'DisableOutwardActorInference' is already enabled as of Swift version 6
Running build ...
bash -c docker run --pull=always --rm -v "checkouts-53886768-0":/host -w "$PWD" -e JAVA_HOME="/root/.sdkman/candidates/java/current" -e SPI_BUILD="1" -e SPI_PROCESSING="1" registry.gitlab.com/saguaro1/spi-images:wasm-6.1-latest swift build --swift-sdk wasm32-unknown-wasi 2>&1
wasm-6.1-latest: Pulling from saguaro1/spi-images
Digest: sha256:1ad245dad3d2ae0004e1afbc92334bd39884ed9ca587cf04d0a8d5f640fb02e9
Status: Image is up to date for registry.gitlab.com/saguaro1/spi-images:wasm-6.1-latest
[0/1] Planning build
[1/1] Compiling plugin AviePlugin
[2/2] Compiling plugin GenerateManual
[3/3] Compiling plugin GenerateDoccReference
Building for debugging...
[3/15] Write swift-version-24593BA9C3E375BF.txt
[5/26] Compiling AvieCore RuleID.swift
[6/27] Compiling AvieCore Version.swift
[7/27] Compiling AvieCore PackageIdentity.swift
[8/27] Compiling AvieCore ResolvedPackage.swift
[9/27] Compiling AvieCore Suppression.swift
[10/27] Compiling AvieCore TargetDeclaration.swift
[11/27] Compiling AvieCore Finding.swift
[12/27] Compiling AvieCore ConfigurationLoader.swift
[13/27] Compiling AvieCore AvieConfiguration.swift
[14/27] Emitting module AvieCore
[16/37] Compiling AvieResolver SwiftToolFinder.swift
/host/spi-builder-workspace/Sources/AvieResolver/SwiftToolFinder.swift:46:23: error: cannot find 'Process' in scope
44 | guard FileManager.default.fileExists(atPath: executable) else { return nil }
45 |
46 | let process = Process()
| `- error: cannot find 'Process' in scope
47 | process.executableURL = URL(fileURLWithPath: executable)
48 | process.arguments = arguments
[17/37] Compiling AvieResolver SPMResolver.swift
/host/spi-builder-workspace/Sources/AvieResolver/SPMResolver.swift:83:23: error: cannot find 'Process' in scope
81 | arguments.append(contentsOf: ["show-dependencies", "--format", "json"])
82 |
83 | let process = Process()
| `- error: cannot find 'Process' in scope
84 | // Bug 6 Fix: resolve swift from PATH instead of hardcoding /usr/bin/swift
85 | process.executableURL = URL(fileURLWithPath: SwiftToolFinder.path)
[18/37] Compiling AvieGraph DependencyGraph.swift
[19/37] Emitting module AvieGraph
[20/37] Compiling AvieGraph GraphTraversal.swift
[21/38] Compiling AvieResolver DependencyTransformer.swift
[22/38] Compiling AvieResolver SPMDependencyOutput.swift
[23/38] Compiling AvieResolver ManifestReader.swift
/host/spi-builder-workspace/Sources/AvieResolver/ManifestReader.swift:123:23: error: cannot find 'Process' in scope
121 |
122 | public func read() throws -> ManifestData {
123 | let process = Process()
| `- error: cannot find 'Process' in scope
124 | // Bug 6 Fix: resolve swift from PATH
125 | process.executableURL = URL(fileURLWithPath: SwiftToolFinder.path)
[24/38] Emitting module AvieResolver
[25/38] Compiling AvieResolver BinaryTargetDetector.swift
/host/spi-builder-workspace/Sources/AvieResolver/BinaryTargetDetector.swift:56:9: error: cannot find 'DispatchQueue' in scope
54 | let progressLock = NSLock()
55 |
56 | DispatchQueue.concurrentPerform(iterations: pathsArray.count) { index in
| `- error: cannot find 'DispatchQueue' in scope
57 | let path = pathsArray[index]
58 | let identity = packageMap[path]!
/host/spi-builder-workspace/Sources/AvieResolver/BinaryTargetDetector.swift:90:27: error: cannot find 'Process' in scope
88 |
89 | for attempt in 1...maxAttempts {
90 | let process = Process()
| `- error: cannot find 'Process' in scope
91 | process.executableURL = URL(fileURLWithPath: swiftExecutable)
92 | process.arguments = ["package", "--disable-automatic-resolution", "dump-package"]
/host/spi-builder-workspace/Sources/AvieResolver/BinaryTargetDetector.swift:117:25: error: cannot find 'Thread' in scope
115 | lastError = String(data: errData, encoding: .utf8) ?? "Unknown error"
116 | if attempt < maxAttempts {
117 | Thread.sleep(forTimeInterval: 0.5 * Double(attempt)) // Exponential backoff
| `- error: cannot find 'Thread' in scope
118 | continue
119 | }
/host/spi-builder-workspace/Sources/AvieResolver/BinaryTargetDetector.swift:124:21: error: cannot find 'Thread' in scope
122 | lastError = error.localizedDescription
123 | if attempt < maxAttempts {
124 | Thread.sleep(forTimeInterval: 0.5 * Double(attempt))
| `- error: cannot find 'Thread' in scope
125 | continue
126 | }
[26/38] Emitting module ArgumentParserToolInfo
BUILD FAILURE 6.1 wasm