The Swift Package Index logo.Swift Package Index

Build Information

Failed to build FTPropertyWrappers, reference 2.0.0 (553872), with Swift 6.4 for Android on 17 Sep 2026 21:25:26 UTC.

Build Command

bash -c docker run --pull=always --rm -v "checkouts-54344844-0":/host -w "$PWD" -e JAVA_HOME="/root/.sdkman/candidates/java/current" -e SPI_BUILD="1" -e SPI_PROCESSING="1" registry.gitlab.com/saguaro1/spi-images:android-6.4-latest swift build --swift-sdk aarch64-unknown-linux-android28 2>&1

Build Log

========================================
RunAll
========================================
Builder version: 5.1.0
Interrupt handler set up.
========================================
Checkout
========================================
Clone URL: https://github.com/futuredapp/FTPropertyWrappers.git
Reference: 2.0.0
Initialized empty Git repository in /host/spi-builder-workspace/.git/
hint: Using 'master' as the name for the initial branch. This default branch name
hint: is subject to change. To configure the initial branch name to use in all
hint: of your new repositories, which will suppress this warning, call:
hint:
hint: 	git config --global init.defaultBranch <name>
hint:
hint: Names commonly chosen instead of 'master' are 'main', 'trunk' and
hint: 'development'. The just-created branch can be renamed via this command:
hint:
hint: 	git branch -m <name>
From https://github.com/futuredapp/FTPropertyWrappers
 * tag               2.0.0      -> FETCH_HEAD
HEAD is now at 5538726 Merge pull request #43 from futuredapp/housekeep/add-deprecations
Cloned https://github.com/futuredapp/FTPropertyWrappers.git
Revision (git rev-parse @):
553872688413367ab945840143482fc49b4ebaf5
SUCCESS checkout https://github.com/futuredapp/FTPropertyWrappers.git at 2.0.0
========================================
Build
========================================
Selected platform:         android
Swift version:             6.4
Building package at path:  $PWD
https://github.com/futuredapp/FTPropertyWrappers.git
Running build ...
bash -c docker run --pull=always --rm -v "checkouts-54344844-0":/host -w "$PWD" -e JAVA_HOME="/root/.sdkman/candidates/java/current" -e SPI_BUILD="1" -e SPI_PROCESSING="1" registry.gitlab.com/saguaro1/spi-images:android-6.4-latest swift build --swift-sdk aarch64-unknown-linux-android28 2>&1
android-6.4-latest: Pulling from saguaro1/spi-images
Digest: sha256:abadcff584c273feba50641b454858d377ba30b35ea7287a94f45ebd8afd0ea0
Status: Image is up to date for registry.gitlab.com/saguaro1/spi-images:android-6.4-latest
Building for debugging...
[Planning deferred tasks]
error: SwiftCompile normal aarch64 failed with a nonzero exit code. Command line:     cd /host

[28 / 36] FTPropertyWrappers
/host/spi-builder-workspace/Sources/FTPropertyWrappers/GenericPassword.swift:19:24: error: cannot find 'kSecAttrAccount' in scope
 17 |     ///  Once corresponding value stored in keychain, setting this property to `nil` will not have any effect.
 18 |     ///  Delete the item from keychain in order to reset this attribute.
 19 |     @QueryElement(key: kSecAttrAccount) open private(set) var account: String?
    |                        `- error: cannot find 'kSecAttrAccount' in scope
 20 |
 21 |     /// `QueryElement` user visible service. The service is part of the primary key of the keychain item.
/host/spi-builder-workspace/Sources/FTPropertyWrappers/GenericPassword.swift:19:6: error: failed to produce diagnostic for expression; please submit a bug report (https://swift.org/contributing/#reporting-bugs)
 17 |     ///  Once corresponding value stored in keychain, setting this property to `nil` will not have any effect.
 18 |     ///  Delete the item from keychain in order to reset this attribute.
 19 |     @QueryElement(key: kSecAttrAccount) open private(set) var account: String?
    |      `- error: failed to produce diagnostic for expression; please submit a bug report (https://swift.org/contributing/#reporting-bugs)
 20 |
 21 |     /// `QueryElement` user visible service. The service is part of the primary key of the keychain item.
/host/spi-builder-workspace/Sources/FTPropertyWrappers/GenericPassword.swift:25:24: error: cannot find 'kSecAttrService' in scope
 23 |     ///  Once corresponding value stored in keychain, setting this property to `nil` will not have any effect.
 24 |     ///  Delete the item from keychain in order to reset this attribute.
 25 |     @QueryElement(key: kSecAttrService) open private(set) var service: String?
    |                        `- error: cannot find 'kSecAttrService' in scope
 26 |
 27 |     /// Default value for access control attribute. This default value is applied upon saving in case, that
/host/spi-builder-workspace/Sources/FTPropertyWrappers/GenericPassword.swift:25:6: error: failed to produce diagnostic for expression; please submit a bug report (https://swift.org/contributing/#reporting-bugs)
 23 |     ///  Once corresponding value stored in keychain, setting this property to `nil` will not have any effect.
 24 |     ///  Delete the item from keychain in order to reset this attribute.
 25 |     @QueryElement(key: kSecAttrService) open private(set) var service: String?
    |      `- error: failed to produce diagnostic for expression; please submit a bug report (https://swift.org/contributing/#reporting-bugs)
 26 |
 27 |     /// Default value for access control attribute. This default value is applied upon saving in case, that
/host/spi-builder-workspace/Sources/FTPropertyWrappers/GenericPassword.swift:45:102: error: cannot find type 'SecAccessControl' in scope
 43 |     /// the item from keychain in order to reset this attribute.
 44 |     @QueryElement(key: kSecAttrAccessControl,
 45 |                   constraints: [.override(kSecAttrAccessible)]) open private(set) var accessControl: SecAccessControl?
    |                                                                                                      `- error: cannot find type 'SecAccessControl' in scope
 46 |
 47 |     override open var itemClass: CFString { kSecClassGenericPassword }
/host/spi-builder-workspace/Sources/FTPropertyWrappers/GenericPassword.swift:44:24: error: cannot find 'kSecAttrAccessControl' in scope
 42 |     /// Once corresponding value stored in keychain, setting this property to `nil` will not have any effect. Delete
 43 |     /// the item from keychain in order to reset this attribute.
 44 |     @QueryElement(key: kSecAttrAccessControl,
    |                        `- error: cannot find 'kSecAttrAccessControl' in scope
 45 |                   constraints: [.override(kSecAttrAccessible)]) open private(set) var accessControl: SecAccessControl?
 46 |
/host/spi-builder-workspace/Sources/FTPropertyWrappers/GenericPassword.swift:45:43: error: cannot find 'kSecAttrAccessible' in scope
 43 |     /// the item from keychain in order to reset this attribute.
 44 |     @QueryElement(key: kSecAttrAccessControl,
 45 |                   constraints: [.override(kSecAttrAccessible)]) open private(set) var accessControl: SecAccessControl?
    |                                           `- error: cannot find 'kSecAttrAccessible' in scope
 46 |
 47 |     override open var itemClass: CFString { kSecClassGenericPassword }
/host/spi-builder-workspace/Sources/FTPropertyWrappers/Keychain - Support/KeychainTypes.swift:93:15: error: cannot find type 'CFString' in scope
 91 |     ///   - key: Corresponding kSecAttr**** key at keychain query.
 92 |     ///   - constraints: Constraints are result of conditions described in Apple's documentation.
 93 |     init(key: CFString, constraints: [KeychainQueryPresenceConstraint] = []) {
    |               `- error: cannot find type 'CFString' in scope
 94 |         self.key = key as String
 95 |         self.readOnly = false
/host/spi-builder-workspace/Sources/FTPropertyWrappers/Keychain - Support/KeychainTypes.swift:102:23: error: cannot find type 'CFString' in scope
100 |     /// being written into a query.
101 |     /// - Parameter readOnlyKey: Corresponding kSecAttr**** key at keychain query
102 |     init(readOnlyKey: CFString) {
    |                       `- error: cannot find type 'CFString' in scope
103 |         self.key = readOnlyKey as String
104 |         self.readOnly = true
/host/spi-builder-workspace/Sources/FTPropertyWrappers/GenericPassword.swift:44:6: error: failed to produce diagnostic for expression; please submit a bug report (https://swift.org/contributing/#reporting-bugs)
 42 |     /// Once corresponding value stored in keychain, setting this property to `nil` will not have any effect. Delete
 43 |     /// the item from keychain in order to reset this attribute.
 44 |     @QueryElement(key: kSecAttrAccessControl,
    |      `- error: failed to produce diagnostic for expression; please submit a bug report (https://swift.org/contributing/#reporting-bugs)
 45 |                   constraints: [.override(kSecAttrAccessible)]) open private(set) var accessControl: SecAccessControl?
 46 |
/host/spi-builder-workspace/Sources/FTPropertyWrappers/GenericPassword.swift:134:23: error: cannot find type 'CFString' in scope
132 |         refreshPolicy: KeychainDataRefreshPolicy = .onAccess,
133 |         defaultValue: T? = nil,
134 |         accessOption: CFString,
    |                       `- error: cannot find type 'CFString' in scope
135 |         accessFlags: SecAccessControlCreateFlags
136 |     ) {
/host/spi-builder-workspace/Sources/FTPropertyWrappers/GenericPassword.swift:135:22: error: cannot find type 'SecAccessControlCreateFlags' in scope
133 |         defaultValue: T? = nil,
134 |         accessOption: CFString,
135 |         accessFlags: SecAccessControlCreateFlags
    |                      `- error: cannot find type 'SecAccessControlCreateFlags' in scope
136 |     ) {
137 |
/host/spi-builder-workspace/Sources/FTPropertyWrappers/GenericPassword.swift:11:28: error: cannot find type 'CFString' in scope
  9 |     /// Arguments needed in order to create instance of `SecAccessControl`.
 10 |     public struct AccessControlSettings {
 11 |         public let access: CFString
    |                            `- error: cannot find type 'CFString' in scope
 12 |         public let flags: SecAccessControlCreateFlags
 13 |     }
/host/spi-builder-workspace/Sources/FTPropertyWrappers/GenericPassword.swift:12:27: error: cannot find type 'SecAccessControlCreateFlags' in scope
 10 |     public struct AccessControlSettings {
 11 |         public let access: CFString
 12 |         public let flags: SecAccessControlCreateFlags
    |                           `- error: cannot find type 'SecAccessControlCreateFlags' in scope
 13 |     }
 14 |
/host/spi-builder-workspace/Sources/FTPropertyWrappers/GenericPassword.swift:47:34: error: cannot find type 'CFString' in scope
 45 |                   constraints: [.override(kSecAttrAccessible)]) open private(set) var accessControl: SecAccessControl?
 46 |
 47 |     override open var itemClass: CFString { kSecClassGenericPassword }
    |                                  `- error: cannot find type 'CFString' in scope
 48 |
 49 |     override open var primaryKey: Set<CFString> {
/host/spi-builder-workspace/Sources/FTPropertyWrappers/GenericPassword.swift:49:39: error: cannot find type 'CFString' in scope
 47 |     override open var itemClass: CFString { kSecClassGenericPassword }
 48 |
 49 |     override open var primaryKey: Set<CFString> {
    |                                       `- error: cannot find type 'CFString' in scope
 50 |         [ kSecAttrAccount, kSecAttrService ]
 51 |     }
/host/spi-builder-workspace/Sources/FTPropertyWrappers/GenericPassword.swift:157:48: error: cannot find type 'CFString' in scope
155 |     ///   - flags: Access control flags, for more information visit Keychain documentation, since this argument
156 |     ///   is used as-is.
157 |     public func modifyAccess(using accessible: CFString, flags: SecAccessControlCreateFlags) throws {
    |                                                `- error: cannot find type 'CFString' in scope
158 |         var error: Unmanaged<CFError>?
159 |
/host/spi-builder-workspace/Sources/FTPropertyWrappers/GenericPassword.swift:157:65: error: cannot find type 'SecAccessControlCreateFlags' in scope
155 |     ///   - flags: Access control flags, for more information visit Keychain documentation, since this argument
156 |     ///   is used as-is.
157 |     public func modifyAccess(using accessible: CFString, flags: SecAccessControlCreateFlags) throws {
    |                                                                 `- error: cannot find type 'SecAccessControlCreateFlags' in scope
158 |         var error: Unmanaged<CFError>?
159 |
/host/spi-builder-workspace/Sources/FTPropertyWrappers/InternetPassword.swift:13:24: error: cannot find 'kSecAttrServer' in scope
 11 |     ///  Once corresponding value stored in keychain, setting this property to `nil` will not have any effect.
 12 |     ///  Delete the item from keychain in order to reset this attribute.
 13 |     @QueryElement(key: kSecAttrServer) open private(set) var server: String?
    |                        `- error: cannot find 'kSecAttrServer' in scope
 14 |
 15 |     /// `QueryElement` user visible account. Account may be a part of keychain item's primary key.
/host/spi-builder-workspace/Sources/FTPropertyWrappers/InternetPassword.swift:13:6: error: failed to produce diagnostic for expression; please submit a bug report (https://swift.org/contributing/#reporting-bugs)
 11 |     ///  Once corresponding value stored in keychain, setting this property to `nil` will not have any effect.
 12 |     ///  Delete the item from keychain in order to reset this attribute.
 13 |     @QueryElement(key: kSecAttrServer) open private(set) var server: String?
    |      `- error: failed to produce diagnostic for expression; please submit a bug report (https://swift.org/contributing/#reporting-bugs)
 14 |
 15 |     /// `QueryElement` user visible account. Account may be a part of keychain item's primary key.
/host/spi-builder-workspace/Sources/FTPropertyWrappers/InternetPassword.swift:19:24: error: cannot find 'kSecAttrAccount' in scope
 17 |     ///  Once corresponding value stored in keychain, setting this property to `nil` will not have any effect.
 18 |     ///  Delete the item from keychain in order to reset this attribute.
 19 |     @QueryElement(key: kSecAttrAccount) open private(set) var account: String?
    |                        `- error: cannot find 'kSecAttrAccount' in scope
 20 |
 21 |     /// `QueryElement` user visible domain. Domain may be a part of keychain item's primary key.
/host/spi-builder-workspace/Sources/FTPropertyWrappers/InternetPassword.swift:19:6: error: failed to produce diagnostic for expression; please submit a bug report (https://swift.org/contributing/#reporting-bugs)
 17 |     ///  Once corresponding value stored in keychain, setting this property to `nil` will not have any effect.
 18 |     ///  Delete the item from keychain in order to reset this attribute.
 19 |     @QueryElement(key: kSecAttrAccount) open private(set) var account: String?
    |      `- error: failed to produce diagnostic for expression; please submit a bug report (https://swift.org/contributing/#reporting-bugs)
 20 |
 21 |     /// `QueryElement` user visible domain. Domain may be a part of keychain item's primary key.
/host/spi-builder-workspace/Sources/FTPropertyWrappers/InternetPassword.swift:25:24: error: cannot find 'kSecAttrSecurityDomain' in scope
 23 |     ///  Once corresponding value stored in keychain, setting this property to `nil` will not have any effect.
 24 |     ///  Delete the item from keychain in order to reset this attribute.
 25 |     @QueryElement(key: kSecAttrSecurityDomain) open private(set) var domain: String?
    |                        `- error: cannot find 'kSecAttrSecurityDomain' in scope
 26 |
 27 |     /// `QueryElement` user visible protocol. Values of this attribute are listed in Keychain documentation.
/host/spi-builder-workspace/Sources/FTPropertyWrappers/InternetPassword.swift:25:6: error: failed to produce diagnostic for expression; please submit a bug report (https://swift.org/contributing/#reporting-bugs)
 23 |     ///  Once corresponding value stored in keychain, setting this property to `nil` will not have any effect.
 24 |     ///  Delete the item from keychain in order to reset this attribute.
 25 |     @QueryElement(key: kSecAttrSecurityDomain) open private(set) var domain: String?
    |      `- error: failed to produce diagnostic for expression; please submit a bug report (https://swift.org/contributing/#reporting-bugs)
 26 |
 27 |     /// `QueryElement` user visible protocol. Values of this attribute are listed in Keychain documentation.
/host/spi-builder-workspace/Sources/FTPropertyWrappers/InternetPassword.swift:32:75: error: cannot find type 'CFString' in scope
 30 |     ///  Once corresponding value stored in keychain, setting this property to `nil` will not have any effect.
 31 |     ///  Delete the item from keychain in order to reset this attribute.
 32 |     @QueryElement(key: kSecAttrProtocol) open private(set) var aProtocol: CFString?
    |                                                                           `- error: cannot find type 'CFString' in scope
 33 |
 34 |     /// `QueryElement` user visible server-side authentication type. Values of this attribute are listed in
/host/spi-builder-workspace/Sources/FTPropertyWrappers/InternetPassword.swift:32:24: error: cannot find 'kSecAttrProtocol' in scope
 30 |     ///  Once corresponding value stored in keychain, setting this property to `nil` will not have any effect.
 31 |     ///  Delete the item from keychain in order to reset this attribute.
 32 |     @QueryElement(key: kSecAttrProtocol) open private(set) var aProtocol: CFString?
    |                        `- error: cannot find 'kSecAttrProtocol' in scope
 33 |
 34 |     /// `QueryElement` user visible server-side authentication type. Values of this attribute are listed in
/host/spi-builder-workspace/Sources/FTPropertyWrappers/InternetPassword.swift:32:6: error: failed to produce diagnostic for expression; please submit a bug report (https://swift.org/contributing/#reporting-bugs)
 30 |     ///  Once corresponding value stored in keychain, setting this property to `nil` will not have any effect.
 31 |     ///  Delete the item from keychain in order to reset this attribute.
 32 |     @QueryElement(key: kSecAttrProtocol) open private(set) var aProtocol: CFString?
    |      `- error: failed to produce diagnostic for expression; please submit a bug report (https://swift.org/contributing/#reporting-bugs)
 33 |
 34 |     /// `QueryElement` user visible server-side authentication type. Values of this attribute are listed in
/host/spi-builder-workspace/Sources/FTPropertyWrappers/InternetPassword.swift:39:94: error: cannot find type 'CFString' in scope
 37 |     ///  Once corresponding value stored in keychain, setting this property to `nil` will not have any effect.
 38 |     ///  Delete the item from keychain in order to reset this attribute.
 39 |     @QueryElement(key: kSecAttrAuthenticationType) open private(set) var authenticationType: CFString?
    |                                                                                              `- error: cannot find type 'CFString' in scope
 40 |
 41 |     /// `QueryElement` user visible port. Port may be a part of keychain item's primary key.
/host/spi-builder-workspace/Sources/FTPropertyWrappers/InternetPassword.swift:39:24: error: cannot find 'kSecAttrAuthenticationType' in scope
 37 |     ///  Once corresponding value stored in keychain, setting this property to `nil` will not have any effect.
 38 |     ///  Delete the item from keychain in order to reset this attribute.
 39 |     @QueryElement(key: kSecAttrAuthenticationType) open private(set) var authenticationType: CFString?
    |                        `- error: cannot find 'kSecAttrAuthenticationType' in scope
 40 |
 41 |     /// `QueryElement` user visible port. Port may be a part of keychain item's primary key.
/host/spi-builder-workspace/Sources/FTPropertyWrappers/InternetPassword.swift:39:6: error: failed to produce diagnostic for expression; please submit a bug report (https://swift.org/contributing/#reporting-bugs)
 37 |     ///  Once corresponding value stored in keychain, setting this property to `nil` will not have any effect.
 38 |     ///  Delete the item from keychain in order to reset this attribute.
 39 |     @QueryElement(key: kSecAttrAuthenticationType) open private(set) var authenticationType: CFString?
    |      `- error: failed to produce diagnostic for expression; please submit a bug report (https://swift.org/contributing/#reporting-bugs)
 40 |
 41 |     /// `QueryElement` user visible port. Port may be a part of keychain item's primary key.
/host/spi-builder-workspace/Sources/FTPropertyWrappers/InternetPassword.swift:45:24: error: cannot find 'kSecAttrPort' in scope
 43 |     ///  Once corresponding value stored in keychain, setting this property to `nil` will not have any effect.
 44 |     ///  Delete the item from keychain in order to reset this attribute.
 45 |     @QueryElement(key: kSecAttrPort) open private(set) var port: UInt16?
    |                        `- error: cannot find 'kSecAttrPort' in scope
 46 |
 47 |     /// `QueryElement` user visible path. Path may be a part of keychain item's primary key.
/host/spi-builder-workspace/Sources/FTPropertyWrappers/InternetPassword.swift:45:6: error: failed to produce diagnostic for expression; please submit a bug report (https://swift.org/contributing/#reporting-bugs)
 43 |     ///  Once corresponding value stored in keychain, setting this property to `nil` will not have any effect.
 44 |     ///  Delete the item from keychain in order to reset this attribute.
 45 |     @QueryElement(key: kSecAttrPort) open private(set) var port: UInt16?
    |      `- error: failed to produce diagnostic for expression; please submit a bug report (https://swift.org/contributing/#reporting-bugs)
 46 |
 47 |     /// `QueryElement` user visible path. Path may be a part of keychain item's primary key.
/host/spi-builder-workspace/Sources/FTPropertyWrappers/InternetPassword.swift:51:24: error: cannot find 'kSecAttrPath' in scope
 49 |     ///  Once corresponding value stored in keychain, setting this property to `nil` will not have any effect.
 50 |     ///  Delete the item from keychain in order to reset this attribute.
 51 |     @QueryElement(key: kSecAttrPath) open private(set) var path: String?
    |                        `- error: cannot find 'kSecAttrPath' in scope
 52 |
 53 |     override open var itemClass: CFString { kSecClassInternetPassword }
/host/spi-builder-workspace/Sources/FTPropertyWrappers/InternetPassword.swift:51:6: error: failed to produce diagnostic for expression; please submit a bug report (https://swift.org/contributing/#reporting-bugs)
 49 |     ///  Once corresponding value stored in keychain, setting this property to `nil` will not have any effect.
 50 |     ///  Delete the item from keychain in order to reset this attribute.
 51 |     @QueryElement(key: kSecAttrPath) open private(set) var path: String?
    |      `- error: failed to produce diagnostic for expression; please submit a bug report (https://swift.org/contributing/#reporting-bugs)
 52 |
 53 |     override open var itemClass: CFString { kSecClassInternetPassword }
/host/spi-builder-workspace/Sources/FTPropertyWrappers/InternetPassword.swift:88:20: error: cannot find type 'CFString' in scope
 86 |         account: String? = nil,
 87 |         domain: String? = nil,
 88 |         aProtocol: CFString? = nil,
    |                    `- error: cannot find type 'CFString' in scope
 89 |         authenticationType: CFString? = nil,
 90 |         port: UInt16? = nil,
/host/spi-builder-workspace/Sources/FTPropertyWrappers/InternetPassword.swift:89:29: error: cannot find type 'CFString' in scope
 87 |         domain: String? = nil,
 88 |         aProtocol: CFString? = nil,
 89 |         authenticationType: CFString? = nil,
    |                             `- error: cannot find type 'CFString' in scope
 90 |         port: UInt16? = nil,
 91 |         path: String? = nil,
/host/spi-builder-workspace/Sources/FTPropertyWrappers/InternetPassword.swift:53:34: error: cannot find type 'CFString' in scope
 51 |     @QueryElement(key: kSecAttrPath) open private(set) var path: String?
 52 |
 53 |     override open var itemClass: CFString { kSecClassInternetPassword }
    |                                  `- error: cannot find type 'CFString' in scope
 54 |
 55 |     override open var primaryKey: Set<CFString> { [
/host/spi-builder-workspace/Sources/FTPropertyWrappers/InternetPassword.swift:55:39: error: cannot find type 'CFString' in scope
 53 |     override open var itemClass: CFString { kSecClassInternetPassword }
 54 |
 55 |     override open var primaryKey: Set<CFString> { [
    |                                       `- error: cannot find type 'CFString' in scope
 56 |         kSecAttrAccount,
 57 |         kSecAttrServer,
/host/spi-builder-workspace/Sources/FTPropertyWrappers/Keychain - Support/KeychainTypes.swift:46:19: error: cannot find type 'CFString' in scope
 44 |
 45 |     /// When this `QueryElement`'s value is not nil, attribute specified in this constraint is set to nil.
 46 |     case override(CFString)
    |                   `- error: cannot find type 'CFString' in scope
 47 |
 48 |     /// When attribute with this key is present in query, this `Query Element` is removed from the query.
/host/spi-builder-workspace/Sources/FTPropertyWrappers/Keychain - Support/KeychainTypes.swift:49:22: error: cannot find type 'CFString' in scope
 47 |
 48 |     /// When attribute with this key is present in query, this `Query Element` is removed from the query.
 49 |     case overridenBy(CFString)
    |                      `- error: cannot find type 'CFString' in scope
 50 | }
 51 |
/host/spi-builder-workspace/Sources/FTPropertyWrappers/Keychain - Support/KeychainTypes.swift:134:27: error: cannot find type 'OSStatus' in scope
132 |     case accessControllErrorUnknown
133 |     case accessControllError(status: Error)
134 |     case osSecure(status: OSStatus)
    |                           `- error: cannot find type 'OSStatus' in scope
135 |     case osSecureDuplicitItem
136 |     case osSecureNoSuchItem
/host/spi-builder-workspace/Sources/FTPropertyWrappers/Keychain - Support/KeychainTypes.swift:144:31: error: cannot find type 'OSStatus' in scope
142 |     case osSecureInvalidValue
143 |
144 |     init(fromOSStatus status: OSStatus) {
    |                               `- error: cannot find type 'OSStatus' in scope
145 |         switch status {
146 |         case errSecDuplicateItem:
/host/spi-builder-workspace/Sources/FTPropertyWrappers/Keychain - Support/SingleValueKeychainItem.swift:38:24: error: cannot find 'kSecAttrDescription' in scope
 36 |     /// Once corresponding value stored in keychain, setting this property to `nil` will not have any effect.
 37 |     /// Delete the item from keychain in order to reset this attribute.
 38 |     @QueryElement(key: kSecAttrDescription) open var description: String?
    |                        `- error: cannot find 'kSecAttrDescription' in scope
 39 |
 40 |     /// `QueryElement` user editable comment.
/host/spi-builder-workspace/Sources/FTPropertyWrappers/Keychain - Support/SingleValueKeychainItem.swift:38:6: error: failed to produce diagnostic for expression; please submit a bug report (https://swift.org/contributing/#reporting-bugs)
 36 |     /// Once corresponding value stored in keychain, setting this property to `nil` will not have any effect.
 37 |     /// Delete the item from keychain in order to reset this attribute.
 38 |     @QueryElement(key: kSecAttrDescription) open var description: String?
    |      `- error: failed to produce diagnostic for expression; please submit a bug report (https://swift.org/contributing/#reporting-bugs)
 39 |
 40 |     /// `QueryElement` user editable comment.
/host/spi-builder-workspace/Sources/FTPropertyWrappers/Keychain - Support/SingleValueKeychainItem.swift:44:24: error: cannot find 'kSecAttrComment' in scope
 42 |     /// Once corresponding value stored in keychain, setting this property to `nil` will not have any effect.
 43 |     /// Delete the item from keychain in order to reset this attribute.
 44 |     @QueryElement(key: kSecAttrComment) open var comment: String?
    |                        `- error: cannot find 'kSecAttrComment' in scope
 45 |
 46 |     /// `QueryElement` creator identifier.
/host/spi-builder-workspace/Sources/FTPropertyWrappers/Keychain - Support/SingleValueKeychainItem.swift:44:6: error: failed to produce diagnostic for expression; please submit a bug report (https://swift.org/contributing/#reporting-bugs)
 42 |     /// Once corresponding value stored in keychain, setting this property to `nil` will not have any effect.
 43 |     /// Delete the item from keychain in order to reset this attribute.
 44 |     @QueryElement(key: kSecAttrComment) open var comment: String?
    |      `- error: failed to produce diagnostic for expression; please submit a bug report (https://swift.org/contributing/#reporting-bugs)
 45 |
 46 |     /// `QueryElement` creator identifier.
/host/spi-builder-workspace/Sources/FTPropertyWrappers/Keychain - Support/SingleValueKeychainItem.swift:50:59: error: cannot find type 'CFNumber' in scope
 48 |     /// Once corresponding value stored in keychain, setting this property to `nil` will not have any effect.
 49 |     /// Delete the item from keychain in order to reset this attribute.
 50 |     @QueryElement(key: kSecAttrCreator) open var creator: CFNumber?
    |                                                           `- error: cannot find type 'CFNumber' in scope
 51 |
 52 |     /// `QueryElement` type identifier.
/host/spi-builder-workspace/Sources/FTPropertyWrappers/Keychain - Support/SingleValueKeychainItem.swift:50:24: error: cannot find 'kSecAttrCreator' in scope
 48 |     /// Once corresponding value stored in keychain, setting this property to `nil` will not have any effect.
 49 |     /// Delete the item from keychain in order to reset this attribute.
 50 |     @QueryElement(key: kSecAttrCreator) open var creator: CFNumber?
    |                        `- error: cannot find 'kSecAttrCreator' in scope
 51 |
 52 |     /// `QueryElement` type identifier.
/host/spi-builder-workspace/Sources/FTPropertyWrappers/Keychain - Support/SingleValueKeychainItem.swift:50:6: error: failed to produce diagnostic for expression; please submit a bug report (https://swift.org/contributing/#reporting-bugs)
 48 |     /// Once corresponding value stored in keychain, setting this property to `nil` will not have any effect.
 49 |     /// Delete the item from keychain in order to reset this attribute.
 50 |     @QueryElement(key: kSecAttrCreator) open var creator: CFNumber?
    |      `- error: failed to produce diagnostic for expression; please submit a bug report (https://swift.org/contributing/#reporting-bugs)
 51 |
 52 |     /// `QueryElement` type identifier.
/host/spi-builder-workspace/Sources/FTPropertyWrappers/Keychain - Support/SingleValueKeychainItem.swift:56:53: error: cannot find type 'CFNumber' in scope
 54 |     /// Once corresponding value stored in keychain, setting this property to `nil` will not have any effect.
 55 |     /// Delete the item from keychain in order to reset this attribute.
 56 |     @QueryElement(key: kSecAttrType) open var type: CFNumber?
    |                                                     `- error: cannot find type 'CFNumber' in scope
 57 |
 58 |     /// `QueryElement` label. This property may have a default value.
/host/spi-builder-workspace/Sources/FTPropertyWrappers/Keychain - Support/SingleValueKeychainItem.swift:56:24: error: cannot find 'kSecAttrType' in scope
 54 |     /// Once corresponding value stored in keychain, setting this property to `nil` will not have any effect.
 55 |     /// Delete the item from keychain in order to reset this attribute.
 56 |     @QueryElement(key: kSecAttrType) open var type: CFNumber?
    |                        `- error: cannot find 'kSecAttrType' in scope
 57 |
 58 |     /// `QueryElement` label. This property may have a default value.
/host/spi-builder-workspace/Sources/FTPropertyWrappers/Keychain - Support/SingleValueKeychainItem.swift:56:6: error: failed to produce diagnostic for expression; please submit a bug report (https://swift.org/contributing/#reporting-bugs)
 54 |     /// Once corresponding value stored in keychain, setting this property to `nil` will not have any effect.
 55 |     /// Delete the item from keychain in order to reset this attribute.
 56 |     @QueryElement(key: kSecAttrType) open var type: CFNumber?
    |      `- error: failed to produce diagnostic for expression; please submit a bug report (https://swift.org/contributing/#reporting-bugs)
 57 |
 58 |     /// `QueryElement` label. This property may have a default value.
/host/spi-builder-workspace/Sources/FTPropertyWrappers/Keychain - Support/SingleValueKeychainItem.swift:62:24: error: cannot find 'kSecAttrLabel' in scope
 60 |     /// Once corresponding value stored in keychain, setting this property to `nil` will not have any effect.
 61 |     /// Delete the item from keychain in order to reset this attribute.
 62 |     @QueryElement(key: kSecAttrLabel) open var label: String?
    |                        `- error: cannot find 'kSecAttrLabel' in scope
 63 |
 64 |     /// `QueryElement` is invisible indicates, whether this item should be displayed in keychain app.
/host/spi-builder-workspace/Sources/FTPropertyWrappers/Keychain - Support/SingleValueKeychainItem.swift:62:6: error: failed to produce diagnostic for expression; please submit a bug report (https://swift.org/contributing/#reporting-bugs)
 60 |     /// Once corresponding value stored in keychain, setting this property to `nil` will not have any effect.
 61 |     /// Delete the item from keychain in order to reset this attribute.
 62 |     @QueryElement(key: kSecAttrLabel) open var label: String?
    |      `- error: failed to produce diagnostic for expression; please submit a bug report (https://swift.org/contributing/#reporting-bugs)
 63 |
 64 |     /// `QueryElement` is invisible indicates, whether this item should be displayed in keychain app.
/host/spi-builder-workspace/Sources/FTPropertyWrappers/Keychain - Support/SingleValueKeychainItem.swift:68:24: error: cannot find 'kSecAttrIsInvisible' in scope
 66 |     /// Once corresponding value stored in keychain, setting this property to `nil` will not have any effect.
 67 |     /// Delete the item from keychain in order to reset this attribute.
 68 |     @QueryElement(key: kSecAttrIsInvisible) open var isInvisible: Bool?
    |                        `- error: cannot find 'kSecAttrIsInvisible' in scope
 69 |
 70 |     /// `QueryElement` accessible specifies conditions for accessing this item.
/host/spi-builder-workspace/Sources/FTPropertyWrappers/Keychain - Support/SingleValueKeychainItem.swift:68:6: error: failed to produce diagnostic for expression; please submit a bug report (https://swift.org/contributing/#reporting-bugs)
 66 |     /// Once corresponding value stored in keychain, setting this property to `nil` will not have any effect.
 67 |     /// Delete the item from keychain in order to reset this attribute.
 68 |     @QueryElement(key: kSecAttrIsInvisible) open var isInvisible: Bool?
    |      `- error: failed to produce diagnostic for expression; please submit a bug report (https://swift.org/contributing/#reporting-bugs)
 69 |
 70 |     /// `QueryElement` accessible specifies conditions for accessing this item.
/host/spi-builder-workspace/Sources/FTPropertyWrappers/Keychain - Support/SingleValueKeychainItem.swift:74:64: error: cannot find type 'CFString' in scope
 72 |     /// Once corresponding value stored in keychain, setting this property to `nil` will not have any effect.
 73 |     /// Delete the item from keychain in order to reset this attribute.
 74 |     @QueryElement(key: kSecAttrAccessible) open var accesible: CFString?
    |                                                                `- error: cannot find type 'CFString' in scope
 75 |
 76 |     /// Read only `QueryElement` creation date.
/host/spi-builder-workspace/Sources/FTPropertyWrappers/Keychain - Support/SingleValueKeychainItem.swift:74:24: error: cannot find 'kSecAttrAccessible' in scope
 72 |     /// Once corresponding value stored in keychain, setting this property to `nil` will not have any effect.
 73 |     /// Delete the item from keychain in order to reset this attribute.
 74 |     @QueryElement(key: kSecAttrAccessible) open var accesible: CFString?
    |                        `- error: cannot find 'kSecAttrAccessible' in scope
 75 |
 76 |     /// Read only `QueryElement` creation date.
/host/spi-builder-workspace/Sources/FTPropertyWrappers/Keychain - Support/SingleValueKeychainItem.swift:74:6: error: failed to produce diagnostic for expression; please submit a bug report (https://swift.org/contributing/#reporting-bugs)
 72 |     /// Once corresponding value stored in keychain, setting this property to `nil` will not have any effect.
 73 |     /// Delete the item from keychain in order to reset this attribute.
 74 |     @QueryElement(key: kSecAttrAccessible) open var accesible: CFString?
    |      `- error: failed to produce diagnostic for expression; please submit a bug report (https://swift.org/contributing/#reporting-bugs)
 75 |
 76 |     /// Read only `QueryElement` creation date.
/host/spi-builder-workspace/Sources/FTPropertyWrappers/Keychain - Support/SingleValueKeychainItem.swift:80:32: error: cannot find 'kSecAttrCreationDate' in scope
 78 |     /// This read-only attribute is synthesized by the keychain itself. Perform load operation before accessing this
 79 |     /// property to ensure it is up to date.
 80 |     @QueryElement(readOnlyKey: kSecAttrCreationDate) open private(set) var creationDate: Date?
    |                                `- error: cannot find 'kSecAttrCreationDate' in scope
 81 |
 82 |     /// Read only `QueryElement` last modification date.
/host/spi-builder-workspace/Sources/FTPropertyWrappers/Keychain - Support/SingleValueKeychainItem.swift:80:6: error: failed to produce diagnostic for expression; please submit a bug report (https://swift.org/contributing/#reporting-bugs)
 78 |     /// This read-only attribute is synthesized by the keychain itself. Perform load operation before accessing this
 79 |     /// property to ensure it is up to date.
 80 |     @QueryElement(readOnlyKey: kSecAttrCreationDate) open private(set) var creationDate: Date?
    |      `- error: failed to produce diagnostic for expression; please submit a bug report (https://swift.org/contributing/#reporting-bugs)
 81 |
 82 |     /// Read only `QueryElement` last modification date.
/host/spi-builder-workspace/Sources/FTPropertyWrappers/Keychain - Support/SingleValueKeychainItem.swift:86:32: error: cannot find 'kSecAttrModificationDate' in scope
 84 |     /// This read-only attribute is synthesized by the keychain itself. Perform load operation before accessing this
 85 |     /// property to ensure it is up to date.
 86 |     @QueryElement(readOnlyKey: kSecAttrModificationDate) open private(set) var modificationDate: Date?
    |                                `- error: cannot find 'kSecAttrModificationDate' in scope
 87 |
 88 |     /// This property must return value for `kSecClass` key.
/host/spi-builder-workspace/Sources/FTPropertyWrappers/Keychain - Support/SingleValueKeychainItem.swift:86:6: error: failed to produce diagnostic for expression; please submit a bug report (https://swift.org/contributing/#reporting-bugs)
 84 |     /// This read-only attribute is synthesized by the keychain itself. Perform load operation before accessing this
 85 |     /// property to ensure it is up to date.
 86 |     @QueryElement(readOnlyKey: kSecAttrModificationDate) open private(set) var modificationDate: Date?
    |      `- error: failed to produce diagnostic for expression; please submit a bug report (https://swift.org/contributing/#reporting-bugs)
 87 |
 88 |     /// This property must return value for `kSecClass` key.
/host/spi-builder-workspace/Sources/FTPropertyWrappers/Keychain - Support/SingleValueKeychainItem.swift:91:25: error: cannot find type 'CFString' in scope
 89 |     ///  - Warning:
 90 |     /// This property requires override. Do not call this class's implementation.
 91 |     open var itemClass: CFString { fatalError("FTPropertyWrappers SingleValueKeychainItem: error: empty class!") }
    |                         `- error: cannot find type 'CFString' in scope
 92 |
 93 |     /// This property must return set of kSecAttr**** keys which are excluded from value-queries and inserted
/host/spi-builder-workspace/Sources/FTPropertyWrappers/Keychain - Support/SingleValueKeychainItem.swift:97:30: error: cannot find type 'CFString' in scope
 95 |     /// - Warning:
 96 |     /// This property requires override. Do not call this class's implementation.
 97 |     open var primaryKey: Set<CFString> { fatalError("FTPropertyWrappers SingleValueKeychainItem: error: empty keys!") }
    |                              `- error: cannot find type 'CFString' in scope
 98 |
 99 |     /// This method extracts data of each `QueryElement` property in the subclass hiearchy using reflection.
Failed frontend command:
/root/.local/share/swiftly/toolchains/6.4.x-snapshot-2026-09-04/usr/bin/swift-frontend -frontend -emit-module -experimental-skip-non-inlinable-function-bodies-without-types /host/spi-builder-workspace/Sources/FTPropertyWrappers/GenericPassword.swift /host/spi-builder-workspace/Sources/FTPropertyWrappers/InternetPassword.swift /host/spi-builder-workspace/Sources/FTPropertyWrappers/Keychain\ -\ Support/KeychainDecoder.swift /host/spi-builder-workspace/Sources/FTPropertyWrappers/Keychain\ -\ Support/KeychainEncoder.swift /host/spi-builder-workspace/Sources/FTPropertyWrappers/Keychain\ -\ Support/KeychainItemPropertyWrapper.swift /host/spi-builder-workspace/Sources/FTPropertyWrappers/Keychain\ -\ Support/KeychainTypes.swift /host/spi-builder-workspace/Sources/FTPropertyWrappers/Keychain\ -\ Support/SingleValueKeychainItem.swift /host/spi-builder-workspace/Sources/FTPropertyWrappers/Serialized.swift -target aarch64-unknown-linux-android28 -Xllvm -aarch64-use-tbi -disable-objc-interop -sdk /android-ndk/android-ndk-r27d/toolchains/llvm/prebuilt/linux-x86_64/sysroot -sysroot /android-ndk/android-ndk-r27d/toolchains/llvm/prebuilt/linux-x86_64/sysroot -I /host/spi-builder-workspace/.build/out/Products/Debug-android-aarch64 -module-cache-path /host/spi-builder-workspace/.build/out/ModuleCache.noindex -color-diagnostics -Xcc -fcolor-diagnostics -enable-testing -g -debug-info-format\=dwarf -dwarf-version\=4 -swift-version 5 -Onone -D SWIFT_PACKAGE -D DEBUG -D SWIFT_MODULE_RESOURCE_BUNDLE_UNAVAILABLE -D Xcode -serialize-debugging-options -enable-experimental-feature DebugDescriptionMacro -empty-abi-descriptor -external-plugin-path /root/.local/share/swiftly/toolchains/6.4.x-snapshot-2026-09-04/usr/lib/swift/host/plugins/testing\#/root/.local/share/swiftly/toolchains/6.4.x-snapshot-2026-09-04/usr/bin/swift-plugin-server -validate-clang-modules-once -clang-build-session-file /host/spi-builder-workspace/.build/out/ModuleCache.noindex/Session.modulevalidation -Xcc -working-directory -Xcc /host -resource-dir /root/.swiftpm/swift-sdks/swift-6.4.x-DEVELOPMENT-SNAPSHOT-2026-09-04-a_android.artifactbundle/swift-android/swift-resources/usr/lib/swift-aarch64 -enable-anonymous-context-mangled-names -file-compilation-dir /host -Xcc -resource-dir -Xcc /android-ndk/android-ndk-r27d/toolchains/llvm/prebuilt/linux-x86_64/lib/clang/18 -Xcc -fno-omit-frame-pointer -Xcc -D_LIBCPP_HARDENING_MODE\=_LIBCPP_HARDENING_MODE_DEBUG -Xcc -fmodules-prune-interval\=86400 -Xcc -fmodules-prune-after\=345600 -Xcc -I/host/spi-builder-workspace/.build/out/Products/Debug-android-aarch64/include -Xcc -I/host/spi-builder-workspace/.build/out/Intermediates.noindex/FTPropertyWrappers.build/Debug-android-aarch64/FTPropertyWrappers-t.build/DerivedSources-normal/aarch64 -Xcc -I/host/spi-builder-workspace/.build/out/Intermediates.noindex/FTPropertyWrappers.build/Debug-android-aarch64/FTPropertyWrappers-t.build/DerivedSources/aarch64 -Xcc -I/host/spi-builder-workspace/.build/out/Intermediates.noindex/FTPropertyWrappers.build/Debug-android-aarch64/FTPropertyWrappers-t.build/DerivedSources -Xcc -DSWIFT_PACKAGE -Xcc -DDEBUG\=1 -no-auto-bridging-header-chaining -module-name FTPropertyWrappers -const-gather-protocols-file /host/spi-builder-workspace/.build/out/Intermediates.noindex/FTPropertyWrappers.build/Debug-android-aarch64/FTPropertyWrappers-t.build/Objects-normal/aarch64/FTPropertyWrappers_const_extract_protocols.json -in-process-plugin-server-path /root/.local/share/swiftly/toolchains/6.4.x-snapshot-2026-09-04/usr/lib/swift/host/libSwiftInProcPluginServer.so -plugin-path /root/.local/share/swiftly/toolchains/6.4.x-snapshot-2026-09-04/usr/lib/swift/host/plugins -plugin-path /root/.local/share/swiftly/toolchains/6.4.x-snapshot-2026-09-04/usr/local/lib/swift/host/plugins -emit-module-doc-path /host/spi-builder-workspace/.build/out/Intermediates.noindex/FTPropertyWrappers.build/Debug-android-aarch64/FTPropertyWrappers-t.build/Objects-normal/aarch64/Modules/FTPropertyWrappers.swiftdoc -emit-module-source-info-path /host/spi-builder-workspace/.build/out/Intermediates.noindex/FTPropertyWrappers.build/Debug-android-aarch64/FTPropertyWrappers-t.build/Objects-normal/aarch64/Modules/FTPropertyWrappers.swiftsourceinfo -emit-objc-header-path /host/spi-builder-workspace/.build/out/Intermediates.noindex/FTPropertyWrappers.build/Debug-android-aarch64/FTPropertyWrappers-t.build/Objects-normal/aarch64/FTPropertyWrappers-Swift.h -serialize-diagnostics-path /host/spi-builder-workspace/.build/out/Intermediates.noindex/FTPropertyWrappers.build/Debug-android-aarch64/FTPropertyWrappers-t.build/Objects-normal/aarch64/FTPropertyWrappers-primary-emit-module.dia -emit-dependencies-path /host/spi-builder-workspace/.build/out/Intermediates.noindex/FTPropertyWrappers.build/Debug-android-aarch64/FTPropertyWrappers-t.build/Objects-normal/aarch64/FTPropertyWrappers-primary-emit-module.d -parse-as-library -o /host/spi-builder-workspace/.build/out/Intermediates.noindex/FTPropertyWrappers.build/Debug-android-aarch64/FTPropertyWrappers-t.build/Objects-normal/aarch64/Modules/FTPropertyWrappers.swiftmodule
error: Build failed
BUILD FAILURE 6.4 android