Build Information
Failed to build glTFSceneKit, reference 0.0.10 (434ccf), with Swift 6.4 for watchOS using Xcode 27.0 on 21 Sep 2026 04:41:07 UTC.
Build Command
env DEVELOPER_DIR=/Applications/Xcode-27.0.0-Release.Candidate.app xcrun xcodebuild -IDEClonedSourcePackagesDirPathOverride=$PWD/.dependencies -skipMacroValidation -skipPackagePluginValidation -derivedDataPath $PWD/.derivedData build -scheme glTFSceneKit -destination generic/platform=watchOSBuild Log
========================================
RunAll
========================================
Builder version: 5.1.0
Interrupt handler set up.
========================================
Checkout
========================================
Clone URL: https://github.com/sakrist/glTFSceneKit.git
Reference: 0.0.10
Initialized empty Git repository in /Users/admin/builder/spi-builder-workspace/.git/
From https://github.com/sakrist/glTFSceneKit
* tag 0.0.10 -> FETCH_HEAD
HEAD is now at 434ccf3 fixed conversion progress for multithreading; construct nodes tree upfront to fix deadlock issue;
Submodule path 'Draco': checked out '9bdbe49ea00171089bb666692a0ba6476b408545'
Submodule 'Draco' (https://github.com/3d4medical/DracoSwiftPackage.git) registered for path 'Draco'
Cloning into '/Users/admin/builder/spi-builder-workspace/Draco'...
Cloned https://github.com/sakrist/glTFSceneKit.git
Revision (git rev-parse @):
434ccf32da18107bcd419fab6ef4c9a0b21a8d4d
SUCCESS checkout https://github.com/sakrist/glTFSceneKit.git at 0.0.10
========================================
Build
========================================
Selected platform: watchOS
Swift version: 6.4
Building package at path: $PWD
https://github.com/sakrist/glTFSceneKit.git
Command line invocation:
/Applications/Xcode-27.0.0-Release.Candidate.app/Contents/Developer/usr/bin/xcodebuild -IDEClonedSourcePackagesDirPathOverride=/Users/admin/builder/spi-builder-workspace/.dependencies -resolvePackageDependencies
resolved source packages:
{
"dependencies" : [
{
"identity" : "dracoswiftpackage",
"requirement" : {
"range" : [
{
"lower_bound" : "0.0.7",
"upper_bound" : "1.0.0"
}
]
},
"type" : "sourceControl",
"url" : "https://github.com/3d4medical/DracoSwiftPackage.git"
}
],
"manifest_display_name" : "glTFSceneKit",
"name" : "glTFSceneKit",
"path" : "/Users/admin/builder/spi-builder-workspace",
"platforms" : [
],
"products" : [
{
"name" : "glTFSceneKit",
"targets" : [
"glTFSceneKit"
],
"type" : {
"library" : [
"automatic"
]
}
}
],
"targets" : [
{
"c99name" : "glTFSceneKitTests",
"module_type" : "SwiftTarget",
"name" : "glTFSceneKitTests",
"path" : "Tests/glTFSceneKitTests",
"sources" : [
"gltf_scenekitTests.swift"
],
"target_dependencies" : [
"glTFSceneKit"
],
"type" : "test"
},
{
"c99name" : "glTFSceneKit",
"module_type" : "SwiftTarget",
"name" : "glTFSceneKit",
"path" : "Sources/glTFSceneKit",
"product_memberships" : [
"glTFSceneKit"
],
"sources" : [
"GLTF+Animation.swift",
"GLTF+CompressedTexture.swift",
"GLTF+Draco.swift",
"GLTF+Material.swift",
"GLTF+Resources.swift",
"GLTF+SceneKit.swift",
"GLTF/GLTF.swift",
"GLTF/GLTFAccessor.swift",
"GLTF/GLTFAccessorSparse.swift",
"GLTF/GLTFAccessorSparseIndices.swift",
"GLTF/GLTFAccessorSparseValues.swift",
"GLTF/GLTFAnimation.swift",
"GLTF/GLTFAnimationChannel.swift",
"GLTF/GLTFAnimationChannelTarget.swift",
"GLTF/GLTFAnimationSampler.swift",
"GLTF/GLTFAsset.swift",
"GLTF/GLTFBuffer.swift",
"GLTF/GLTFBufferView.swift",
"GLTF/GLTFCamera.swift",
"GLTF/GLTFCameraOrthographic.swift",
"GLTF/GLTFCameraPerspective.swift",
"GLTF/GLTFImage.swift",
"GLTF/GLTFKHRDracoMeshCompressionExtension.swift",
"GLTF/GLTFMaterial.swift",
"GLTF/GLTFMaterialNormalTextureInfo.swift",
"GLTF/GLTFMaterialOcclusionTextureInfo.swift",
"GLTF/GLTFMaterialPBRMetallicRoughness.swift",
"GLTF/GLTFMesh.swift",
"GLTF/GLTFMeshPrimitive.swift",
"GLTF/GLTFNode.swift",
"GLTF/GLTFSampler.swift",
"GLTF/GLTFScene.swift",
"GLTF/GLTFSkin.swift",
"GLTF/GLTFTexture.swift",
"GLTF/GLTFTextureInfo.swift",
"GLTF/JSONCodingKeys.swift",
"GLTF_3D4MCompressedTextureExtension.swift",
"Helper.swift",
"TextureStorageManager.swift"
],
"type" : "library"
}
],
"tools_version" : "4.0"
}
{
"project" : {
"configurations" : [
"Debug",
"Release"
],
"name" : "glTFSceneKit",
"schemes" : [
"glTFSceneKit",
"glTFSceneKit (iOS)"
],
"targets" : [
"glTFSceneKit",
"glTFSceneKit (iOS)",
"glTFSceneKitTests"
]
}
}
{
"workspace" : {
"name" : "glTFSceneKit",
"schemes" : [
"glTFSceneKit"
]
}
}
2026-09-21 00:40:57.121 xcodebuild[628:3863] [MT] IDERunDestination: Supported platforms for the buildables in the current scheme is empty.
Running build ...
env DEVELOPER_DIR=/Applications/Xcode-27.0.0-Release.Candidate.app xcrun xcodebuild -IDEClonedSourcePackagesDirPathOverride=$PWD/.dependencies -skipMacroValidation -skipPackagePluginValidation -derivedDataPath $PWD/.derivedData build -scheme glTFSceneKit -destination generic/platform=watchOS
Command line invocation:
/Applications/Xcode-27.0.0-Release.Candidate.app/Contents/Developer/usr/bin/xcodebuild -IDEClonedSourcePackagesDirPathOverride=/Users/admin/builder/spi-builder-workspace/.dependencies -skipMacroValidation -skipPackagePluginValidation -derivedDataPath /Users/admin/builder/spi-builder-workspace/.derivedData build -scheme glTFSceneKit -destination generic/platform=watchOS
Resolve Package Graph
ignoring declared target(s) 'Draco' in the system packagedependency 'dracoswiftpackage' is not used by any target
Resolve Package Graph
ignoring declared target(s) 'Draco' in the system packagedependency 'dracoswiftpackage' is not used by any target
Resolved source packages:
Draco: https://github.com/3d4medical/DracoSwiftPackage.git @ 0.0.9
glTFSceneKit: /Users/admin/builder/spi-builder-workspace
ComputePackagePrebuildTargetDependencyGraph
Prepare packages
CreateBuildRequest
SendProjectDescription
CreateBuildOperation
ComputeTargetDependencyGraph
note: Building targets in dependency order
note: Target dependency graph (3 targets)
Target 'glTFSceneKit-product' in project 'glTFSceneKit'
➜ Explicit dependency on target 'glTFSceneKit' in project 'glTFSceneKit'
Target 'glTFSceneKit' in project 'glTFSceneKit'
➜ Explicit dependency on target 'Draco' in project 'Draco'
Target 'Draco' in project 'Draco' (no dependencies)
GatherProvisioningInputs
CreateBuildDescription
ExecuteExternalTool /Applications/Xcode-27.0.0-Release.Candidate.app/Contents/Developer/Toolchains/XcodeDefault.xctoolchain/usr/bin/clang -v -E -dM -isysroot /Applications/Xcode-27.0.0-Release.Candidate.app/Contents/Developer/Platforms/WatchOS.platform/Developer/SDKs/WatchOS27.0.sdk -x c -c /dev/null
ExecuteExternalTool /Applications/Xcode-27.0.0-Release.Candidate.app/Contents/Developer/Toolchains/XcodeDefault.xctoolchain/usr/bin/swiftc --version
ExecuteExternalTool /Applications/Xcode-27.0.0-Release.Candidate.app/Contents/Developer/Toolchains/XcodeDefault.xctoolchain/usr/bin/ld -version_details
Build description signature: 610e79516fa64924760070e5dbb90de9
Build description path: /Users/admin/builder/spi-builder-workspace/.derivedData/Build/Intermediates.noindex/XCBuildData/610e79516fa64924760070e5dbb90de9.xcbuilddata
CreateBuildDirectory /Users/admin/builder/spi-builder-workspace/.derivedData/ModuleCache.noindex
cd /Users/admin/builder/spi-builder-workspace/.swiftpm/xcode
builtin-create-build-directory /Users/admin/builder/spi-builder-workspace/.derivedData/ModuleCache.noindex
CreateBuildDirectory /Users/admin/builder/spi-builder-workspace/.derivedData/CompilationCache.noindex
cd /Users/admin/builder/spi-builder-workspace/.swiftpm/xcode
builtin-create-build-directory /Users/admin/builder/spi-builder-workspace/.derivedData/CompilationCache.noindex
CreateBuildDirectory /Users/admin/builder/spi-builder-workspace/.derivedData/SDKExplicitPrecompiledModules
cd /Users/admin/builder/spi-builder-workspace/.swiftpm/xcode
builtin-create-build-directory /Users/admin/builder/spi-builder-workspace/.derivedData/SDKExplicitPrecompiledModules
ClangStatCache /Applications/Xcode-27.0.0-Release.Candidate.app/Contents/Developer/Toolchains/XcodeDefault.xctoolchain/usr/bin/clang-stat-cache /Applications/Xcode-27.0.0-Release.Candidate.app/Contents/Developer/Platforms/WatchOS.platform/Developer/SDKs/WatchOS27.0.sdk /Users/admin/builder/spi-builder-workspace/.derivedData/SDKStatCaches.noindex/watchos27.0-24R360-e829b21a6f8c9b70876ba0858053c04477534ef55a1706bf4c1112bbb242f0a2.sdkstatcache
cd /Users/admin/builder/spi-builder-workspace/.swiftpm/xcode
/Applications/Xcode-27.0.0-Release.Candidate.app/Contents/Developer/Toolchains/XcodeDefault.xctoolchain/usr/bin/clang-stat-cache /Applications/Xcode-27.0.0-Release.Candidate.app/Contents/Developer/Platforms/WatchOS.platform/Developer/SDKs/WatchOS27.0.sdk -o /Users/admin/builder/spi-builder-workspace/.derivedData/SDKStatCaches.noindex/watchos27.0-24R360-e829b21a6f8c9b70876ba0858053c04477534ef55a1706bf4c1112bbb242f0a2.sdkstatcache
CreateBuildDirectory /Users/admin/builder/spi-builder-workspace/.derivedData/Build/Intermediates.noindex
cd /Users/admin/builder/spi-builder-workspace/.swiftpm/xcode
builtin-create-build-directory /Users/admin/builder/spi-builder-workspace/.derivedData/Build/Intermediates.noindex
CreateBuildDirectory /Users/admin/builder/spi-builder-workspace/.derivedData/Build/Products
cd /Users/admin/builder/spi-builder-workspace/.swiftpm/xcode
builtin-create-build-directory /Users/admin/builder/spi-builder-workspace/.derivedData/Build/Products
CreateBuildDirectory /Users/admin/builder/spi-builder-workspace/.derivedData/Build/Intermediates.noindex/PrecompiledHeaders
cd /Users/admin/builder/spi-builder-workspace/.swiftpm/xcode
builtin-create-build-directory /Users/admin/builder/spi-builder-workspace/.derivedData/Build/Intermediates.noindex/PrecompiledHeaders
CreateBuildDirectory /Users/admin/builder/spi-builder-workspace/.derivedData/Build/Intermediates.noindex/SwiftExplicitPrecompiledModules
cd /Users/admin/builder/spi-builder-workspace/.swiftpm/xcode
builtin-create-build-directory /Users/admin/builder/spi-builder-workspace/.derivedData/Build/Intermediates.noindex/SwiftExplicitPrecompiledModules
CreateBuildDirectory /Users/admin/builder/spi-builder-workspace/.derivedData/Build/Intermediates.noindex/ExplicitPrecompiledModules
cd /Users/admin/builder/spi-builder-workspace/.swiftpm/xcode
builtin-create-build-directory /Users/admin/builder/spi-builder-workspace/.derivedData/Build/Intermediates.noindex/ExplicitPrecompiledModules
CreateBuildDirectory /Users/admin/builder/spi-builder-workspace/.derivedData/Build/Intermediates.noindex/EagerLinkingTBDs/Debug-watchos
cd /Users/admin/builder/spi-builder-workspace/.swiftpm/xcode
builtin-create-build-directory /Users/admin/builder/spi-builder-workspace/.derivedData/Build/Intermediates.noindex/EagerLinkingTBDs/Debug-watchos
CreateBuildDirectory /Users/admin/builder/spi-builder-workspace/.derivedData/Build/Products/Debug-watchos
cd /Users/admin/builder/spi-builder-workspace/.swiftpm/xcode
builtin-create-build-directory /Users/admin/builder/spi-builder-workspace/.derivedData/Build/Products/Debug-watchos
CreateBuildDirectory /Users/admin/builder/spi-builder-workspace/.derivedData/Build/Products/Debug-watchos/PackageFrameworks
cd /Users/admin/builder/spi-builder-workspace/.swiftpm/xcode
builtin-create-build-directory /Users/admin/builder/spi-builder-workspace/.derivedData/Build/Products/Debug-watchos/PackageFrameworks
WriteAuxiliaryFile /Users/admin/builder/spi-builder-workspace/.derivedData/Build/Intermediates.noindex/glTFSceneKit.build/Debug-watchos/glTFSceneKit-t.build/glTFSceneKit.DependencyMetadataFileList (in target 'glTFSceneKit' from project 'glTFSceneKit')
cd /Users/admin/builder/spi-builder-workspace
write-file /Users/admin/builder/spi-builder-workspace/.derivedData/Build/Intermediates.noindex/glTFSceneKit.build/Debug-watchos/glTFSceneKit-t.build/glTFSceneKit.DependencyMetadataFileList
WriteAuxiliaryFile /Users/admin/builder/spi-builder-workspace/.derivedData/Build/Intermediates.noindex/glTFSceneKit.build/Debug-watchos/glTFSceneKit-t.build/glTFSceneKit.modulemap (in target 'glTFSceneKit' from project 'glTFSceneKit')
cd /Users/admin/builder/spi-builder-workspace
write-file /Users/admin/builder/spi-builder-workspace/.derivedData/Build/Intermediates.noindex/glTFSceneKit.build/Debug-watchos/glTFSceneKit-t.build/glTFSceneKit.modulemap
WriteAuxiliaryFile /Users/admin/builder/spi-builder-workspace/.derivedData/Build/Intermediates.noindex/glTFSceneKit.build/Debug-watchos/glTFSceneKit-t.build/glTFSceneKit.DependencyStaticMetadataFileList (in target 'glTFSceneKit' from project 'glTFSceneKit')
cd /Users/admin/builder/spi-builder-workspace
write-file /Users/admin/builder/spi-builder-workspace/.derivedData/Build/Intermediates.noindex/glTFSceneKit.build/Debug-watchos/glTFSceneKit-t.build/glTFSceneKit.DependencyStaticMetadataFileList
WriteAuxiliaryFile /Users/admin/builder/spi-builder-workspace/.derivedData/Build/Intermediates.noindex/glTFSceneKit.build/Debug-watchos/glTFSceneKit-t.build/Objects-normal/arm64/glTFSceneKit-OutputFileMap.json (in target 'glTFSceneKit' from project 'glTFSceneKit')
cd /Users/admin/builder/spi-builder-workspace
write-file /Users/admin/builder/spi-builder-workspace/.derivedData/Build/Intermediates.noindex/glTFSceneKit.build/Debug-watchos/glTFSceneKit-t.build/Objects-normal/arm64/glTFSceneKit-OutputFileMap.json
WriteAuxiliaryFile /Users/admin/builder/spi-builder-workspace/.derivedData/Build/Intermediates.noindex/glTFSceneKit.build/Debug-watchos/glTFSceneKit-t.build/Objects-normal/arm64_32/glTFSceneKit.LinkFileList (in target 'glTFSceneKit' from project 'glTFSceneKit')
cd /Users/admin/builder/spi-builder-workspace
write-file /Users/admin/builder/spi-builder-workspace/.derivedData/Build/Intermediates.noindex/glTFSceneKit.build/Debug-watchos/glTFSceneKit-t.build/Objects-normal/arm64_32/glTFSceneKit.LinkFileList
WriteAuxiliaryFile /Users/admin/builder/spi-builder-workspace/.derivedData/Build/Intermediates.noindex/glTFSceneKit.build/Debug-watchos/glTFSceneKit-t.build/Objects-normal/arm64_32/glTFSceneKit-OutputFileMap.json (in target 'glTFSceneKit' from project 'glTFSceneKit')
cd /Users/admin/builder/spi-builder-workspace
write-file /Users/admin/builder/spi-builder-workspace/.derivedData/Build/Intermediates.noindex/glTFSceneKit.build/Debug-watchos/glTFSceneKit-t.build/Objects-normal/arm64_32/glTFSceneKit-OutputFileMap.json
WriteAuxiliaryFile /Users/admin/builder/spi-builder-workspace/.derivedData/Build/Intermediates.noindex/glTFSceneKit.build/Debug-watchos/glTFSceneKit-t.build/Objects-normal/arm64_32/glTFSceneKit.SwiftFileList (in target 'glTFSceneKit' from project 'glTFSceneKit')
cd /Users/admin/builder/spi-builder-workspace
write-file /Users/admin/builder/spi-builder-workspace/.derivedData/Build/Intermediates.noindex/glTFSceneKit.build/Debug-watchos/glTFSceneKit-t.build/Objects-normal/arm64_32/glTFSceneKit.SwiftFileList
WriteAuxiliaryFile /Users/admin/builder/spi-builder-workspace/.derivedData/Build/Intermediates.noindex/glTFSceneKit.build/Debug-watchos/glTFSceneKit-t.build/Objects-normal/arm64/glTFSceneKit_const_extract_protocols.json (in target 'glTFSceneKit' from project 'glTFSceneKit')
cd /Users/admin/builder/spi-builder-workspace
write-file /Users/admin/builder/spi-builder-workspace/.derivedData/Build/Intermediates.noindex/glTFSceneKit.build/Debug-watchos/glTFSceneKit-t.build/Objects-normal/arm64/glTFSceneKit_const_extract_protocols.json
WriteAuxiliaryFile /Users/admin/builder/spi-builder-workspace/.derivedData/Build/Intermediates.noindex/glTFSceneKit.build/Debug-watchos/glTFSceneKit-t.build/Objects-normal/arm64_32/glTFSceneKit_const_extract_protocols.json (in target 'glTFSceneKit' from project 'glTFSceneKit')
cd /Users/admin/builder/spi-builder-workspace
write-file /Users/admin/builder/spi-builder-workspace/.derivedData/Build/Intermediates.noindex/glTFSceneKit.build/Debug-watchos/glTFSceneKit-t.build/Objects-normal/arm64_32/glTFSceneKit_const_extract_protocols.json
WriteAuxiliaryFile /Users/admin/builder/spi-builder-workspace/.derivedData/Build/Intermediates.noindex/glTFSceneKit.build/Debug-watchos/glTFSceneKit-t.build/Objects-normal/arm64_32/glTFSceneKit.SwiftConstValuesFileList (in target 'glTFSceneKit' from project 'glTFSceneKit')
cd /Users/admin/builder/spi-builder-workspace
write-file /Users/admin/builder/spi-builder-workspace/.derivedData/Build/Intermediates.noindex/glTFSceneKit.build/Debug-watchos/glTFSceneKit-t.build/Objects-normal/arm64_32/glTFSceneKit.SwiftConstValuesFileList
WriteAuxiliaryFile /Users/admin/builder/spi-builder-workspace/.derivedData/Build/Intermediates.noindex/glTFSceneKit.build/Debug-watchos/glTFSceneKit-t.build/Objects-normal/arm64/glTFSceneKit.SwiftFileList (in target 'glTFSceneKit' from project 'glTFSceneKit')
cd /Users/admin/builder/spi-builder-workspace
write-file /Users/admin/builder/spi-builder-workspace/.derivedData/Build/Intermediates.noindex/glTFSceneKit.build/Debug-watchos/glTFSceneKit-t.build/Objects-normal/arm64/glTFSceneKit.SwiftFileList
WriteAuxiliaryFile /Users/admin/builder/spi-builder-workspace/.derivedData/Build/Intermediates.noindex/glTFSceneKit.build/Debug-watchos/glTFSceneKit-t.build/Objects-normal/arm64/glTFSceneKit.SwiftConstValuesFileList (in target 'glTFSceneKit' from project 'glTFSceneKit')
cd /Users/admin/builder/spi-builder-workspace
write-file /Users/admin/builder/spi-builder-workspace/.derivedData/Build/Intermediates.noindex/glTFSceneKit.build/Debug-watchos/glTFSceneKit-t.build/Objects-normal/arm64/glTFSceneKit.SwiftConstValuesFileList
WriteAuxiliaryFile /Users/admin/builder/spi-builder-workspace/.derivedData/Build/Intermediates.noindex/glTFSceneKit.build/Debug-watchos/glTFSceneKit-t.build/Objects-normal/arm64/glTFSceneKit.LinkFileList (in target 'glTFSceneKit' from project 'glTFSceneKit')
cd /Users/admin/builder/spi-builder-workspace
write-file /Users/admin/builder/spi-builder-workspace/.derivedData/Build/Intermediates.noindex/glTFSceneKit.build/Debug-watchos/glTFSceneKit-t.build/Objects-normal/arm64/glTFSceneKit.LinkFileList
Copy /Users/admin/builder/spi-builder-workspace/.derivedData/Build/Intermediates.noindex/GeneratedModuleMaps-watchos/glTFSceneKit.modulemap /Users/admin/builder/spi-builder-workspace/.derivedData/Build/Intermediates.noindex/glTFSceneKit.build/Debug-watchos/glTFSceneKit-t.build/glTFSceneKit.modulemap (in target 'glTFSceneKit' from project 'glTFSceneKit')
cd /Users/admin/builder/spi-builder-workspace
builtin-copy -exclude .DS_Store -exclude CVS -exclude .svn -exclude .git -exclude .hg -resolve-src-symlinks /Users/admin/builder/spi-builder-workspace/.derivedData/Build/Intermediates.noindex/glTFSceneKit.build/Debug-watchos/glTFSceneKit-t.build/glTFSceneKit.modulemap /Users/admin/builder/spi-builder-workspace/.derivedData/Build/Intermediates.noindex/GeneratedModuleMaps-watchos
SwiftDriver glTFSceneKit normal arm64 com.apple.xcode.tools.swift.compiler (in target 'glTFSceneKit' from project 'glTFSceneKit')
cd /Users/admin/builder/spi-builder-workspace/.swiftpm/xcode
builtin-SwiftDriver -- /Applications/Xcode-27.0.0-Release.Candidate.app/Contents/Developer/Toolchains/XcodeDefault.xctoolchain/usr/bin/swiftc -parse-as-library -module-name glTFSceneKit -Onone @/Users/admin/builder/spi-builder-workspace/.derivedData/Build/Intermediates.noindex/glTFSceneKit.build/Debug-watchos/glTFSceneKit-t.build/Objects-normal/arm64/glTFSceneKit.SwiftFileList -DSWIFT_PACKAGE -DDEBUG -DSWIFT_MODULE_RESOURCE_BUNDLE_UNAVAILABLE -Xcc -fmodule-map-file\=/Users/admin/builder/spi-builder-workspace/.dependencies/checkouts/DracoSwiftPackage/module.modulemap -DXcode -plugin-path /Applications/Xcode-27.0.0-Release.Candidate.app/Contents/Developer/Toolchains/XcodeDefault.xctoolchain/usr/lib/swift/host/plugins/testing -enable-experimental-feature DebugDescriptionMacro -sdk /Applications/Xcode-27.0.0-Release.Candidate.app/Contents/Developer/Platforms/WatchOS.platform/Developer/SDKs/WatchOS27.0.sdk -target arm64-apple-watchos9.0 -g -module-cache-path /Users/admin/builder/spi-builder-workspace/.derivedData/ModuleCache.noindex -Xfrontend -serialize-debugging-options -profile-coverage-mapping -profile-generate -enable-testing -index-store-path /Users/admin/builder/spi-builder-workspace/.derivedData/Index.noindex/DataStore -Xcc -D_LIBCPP_HARDENING_MODE\=_LIBCPP_HARDENING_MODE_DEBUG -swift-version 4 -I /Users/admin/builder/spi-builder-workspace/.derivedData/Build/Products/Debug-watchos -Isystem /Applications/Xcode-27.0.0-Release.Candidate.app/Contents/Developer/Platforms/WatchOS.platform/Developer/usr/lib -F /Users/admin/builder/spi-builder-workspace/.derivedData/Build/Products/Debug-watchos -F /Applications/Xcode-27.0.0-Release.Candidate.app/Contents/Developer/Platforms/WatchOS.platform/Developer/Library/Frameworks -F /Applications/Xcode-27.0.0-Release.Candidate.app/Contents/Developer/Platforms/WatchOS.platform/Developer/SDKs/WatchOS27.0.sdk/Developer/Library/Frameworks -c -j10 -enable-batch-mode -incremental -Xcc -ivfsstatcache -Xcc /Users/admin/builder/spi-builder-workspace/.derivedData/SDKStatCaches.noindex/watchos27.0-24R360-e829b21a6f8c9b70876ba0858053c04477534ef55a1706bf4c1112bbb242f0a2.sdkstatcache -output-file-map /Users/admin/builder/spi-builder-workspace/.derivedData/Build/Intermediates.noindex/glTFSceneKit.build/Debug-watchos/glTFSceneKit-t.build/Objects-normal/arm64/glTFSceneKit-OutputFileMap.json -save-temps -no-color-diagnostics -emit-dependencies -emit-module -emit-module-path /Users/admin/builder/spi-builder-workspace/.derivedData/Build/Intermediates.noindex/glTFSceneKit.build/Debug-watchos/glTFSceneKit-t.build/Objects-normal/arm64/glTFSceneKit.swiftmodule -serialize-diagnostics -validate-clang-modules-once -clang-build-session-file /Users/admin/builder/spi-builder-workspace/.derivedData/ModuleCache.noindex/Session.modulevalidation -Xcc -fmodules-prune-interval\=86400 -Xcc -fmodules-prune-after\=345600 -emit-const-values -const-gather-protocols-list /Users/admin/builder/spi-builder-workspace/.derivedData/Build/Intermediates.noindex/glTFSceneKit.build/Debug-watchos/glTFSceneKit-t.build/Objects-normal/arm64/glTFSceneKit_const_extract_protocols.json -Xcc -I/Users/admin/builder/spi-builder-workspace/.derivedData/Build/Products/Debug-watchos/include -Xcc -I/Users/admin/builder/spi-builder-workspace/.derivedData/Build/Intermediates.noindex/glTFSceneKit.build/Debug-watchos/glTFSceneKit-t.build/DerivedSources-normal/arm64 -Xcc -I/Users/admin/builder/spi-builder-workspace/.derivedData/Build/Intermediates.noindex/glTFSceneKit.build/Debug-watchos/glTFSceneKit-t.build/DerivedSources/arm64 -Xcc -I/Users/admin/builder/spi-builder-workspace/.derivedData/Build/Intermediates.noindex/glTFSceneKit.build/Debug-watchos/glTFSceneKit-t.build/DerivedSources -Xcc -DSWIFT_PACKAGE -Xcc -DDEBUG\=1 -emit-objc-header -emit-objc-header-path /Users/admin/builder/spi-builder-workspace/.derivedData/Build/Intermediates.noindex/glTFSceneKit.build/Debug-watchos/glTFSceneKit-t.build/Objects-normal/arm64/glTFSceneKit-Swift.h -working-directory /Users/admin/builder/spi-builder-workspace/.swiftpm/xcode -experimental-emit-module-separately -disable-cmo
SwiftDriver glTFSceneKit normal arm64_32 com.apple.xcode.tools.swift.compiler (in target 'glTFSceneKit' from project 'glTFSceneKit')
cd /Users/admin/builder/spi-builder-workspace/.swiftpm/xcode
builtin-SwiftDriver -- /Applications/Xcode-27.0.0-Release.Candidate.app/Contents/Developer/Toolchains/XcodeDefault.xctoolchain/usr/bin/swiftc -parse-as-library -module-name glTFSceneKit -Onone @/Users/admin/builder/spi-builder-workspace/.derivedData/Build/Intermediates.noindex/glTFSceneKit.build/Debug-watchos/glTFSceneKit-t.build/Objects-normal/arm64_32/glTFSceneKit.SwiftFileList -DSWIFT_PACKAGE -DDEBUG -DSWIFT_MODULE_RESOURCE_BUNDLE_UNAVAILABLE -Xcc -fmodule-map-file\=/Users/admin/builder/spi-builder-workspace/.dependencies/checkouts/DracoSwiftPackage/module.modulemap -DXcode -plugin-path /Applications/Xcode-27.0.0-Release.Candidate.app/Contents/Developer/Toolchains/XcodeDefault.xctoolchain/usr/lib/swift/host/plugins/testing -enable-experimental-feature DebugDescriptionMacro -sdk /Applications/Xcode-27.0.0-Release.Candidate.app/Contents/Developer/Platforms/WatchOS.platform/Developer/SDKs/WatchOS27.0.sdk -target arm64_32-apple-watchos9.0 -g -module-cache-path /Users/admin/builder/spi-builder-workspace/.derivedData/ModuleCache.noindex -Xfrontend -serialize-debugging-options -profile-coverage-mapping -profile-generate -enable-testing -index-store-path /Users/admin/builder/spi-builder-workspace/.derivedData/Index.noindex/DataStore -Xcc -D_LIBCPP_HARDENING_MODE\=_LIBCPP_HARDENING_MODE_DEBUG -swift-version 4 -I /Users/admin/builder/spi-builder-workspace/.derivedData/Build/Products/Debug-watchos -Isystem /Applications/Xcode-27.0.0-Release.Candidate.app/Contents/Developer/Platforms/WatchOS.platform/Developer/usr/lib -F /Users/admin/builder/spi-builder-workspace/.derivedData/Build/Products/Debug-watchos -F /Applications/Xcode-27.0.0-Release.Candidate.app/Contents/Developer/Platforms/WatchOS.platform/Developer/Library/Frameworks -F /Applications/Xcode-27.0.0-Release.Candidate.app/Contents/Developer/Platforms/WatchOS.platform/Developer/SDKs/WatchOS27.0.sdk/Developer/Library/Frameworks -c -j10 -enable-batch-mode -incremental -Xcc -ivfsstatcache -Xcc /Users/admin/builder/spi-builder-workspace/.derivedData/SDKStatCaches.noindex/watchos27.0-24R360-e829b21a6f8c9b70876ba0858053c04477534ef55a1706bf4c1112bbb242f0a2.sdkstatcache -output-file-map /Users/admin/builder/spi-builder-workspace/.derivedData/Build/Intermediates.noindex/glTFSceneKit.build/Debug-watchos/glTFSceneKit-t.build/Objects-normal/arm64_32/glTFSceneKit-OutputFileMap.json -save-temps -no-color-diagnostics -emit-dependencies -emit-module -emit-module-path /Users/admin/builder/spi-builder-workspace/.derivedData/Build/Intermediates.noindex/glTFSceneKit.build/Debug-watchos/glTFSceneKit-t.build/Objects-normal/arm64_32/glTFSceneKit.swiftmodule -serialize-diagnostics -validate-clang-modules-once -clang-build-session-file /Users/admin/builder/spi-builder-workspace/.derivedData/ModuleCache.noindex/Session.modulevalidation -Xcc -fmodules-prune-interval\=86400 -Xcc -fmodules-prune-after\=345600 -emit-const-values -const-gather-protocols-list /Users/admin/builder/spi-builder-workspace/.derivedData/Build/Intermediates.noindex/glTFSceneKit.build/Debug-watchos/glTFSceneKit-t.build/Objects-normal/arm64_32/glTFSceneKit_const_extract_protocols.json -Xcc -I/Users/admin/builder/spi-builder-workspace/.derivedData/Build/Products/Debug-watchos/include -Xcc -I/Users/admin/builder/spi-builder-workspace/.derivedData/Build/Intermediates.noindex/glTFSceneKit.build/Debug-watchos/glTFSceneKit-t.build/DerivedSources-normal/arm64_32 -Xcc -I/Users/admin/builder/spi-builder-workspace/.derivedData/Build/Intermediates.noindex/glTFSceneKit.build/Debug-watchos/glTFSceneKit-t.build/DerivedSources/arm64_32 -Xcc -I/Users/admin/builder/spi-builder-workspace/.derivedData/Build/Intermediates.noindex/glTFSceneKit.build/Debug-watchos/glTFSceneKit-t.build/DerivedSources -Xcc -DSWIFT_PACKAGE -Xcc -DDEBUG\=1 -emit-objc-header -emit-objc-header-path /Users/admin/builder/spi-builder-workspace/.derivedData/Build/Intermediates.noindex/glTFSceneKit.build/Debug-watchos/glTFSceneKit-t.build/Objects-normal/arm64_32/glTFSceneKit-Swift.h -working-directory /Users/admin/builder/spi-builder-workspace/.swiftpm/xcode -experimental-emit-module-separately -disable-cmo
SwiftEmitModule normal arm64_32 Emitting\ module\ for\ glTFSceneKit (in target 'glTFSceneKit' from project 'glTFSceneKit')
/Users/admin/builder/spi-builder-workspace/Sources/glTFSceneKit/GLTF+CompressedTexture.swift:91:156: error: cannot find type 'MTLTexture' in scope
89 | }
90 |
91 | fileprivate func _createMetalTexture( _ width:Int, _ height:Int, _ pixelFormat:MTLPixelFormat, _ mipmaps:[Data], _ bppBlock:(Int, Int)->Int) throws -> MTLTexture {
| `- error: cannot find type 'MTLTexture' in scope
92 | var width = width
93 | var height = height
/Users/admin/builder/spi-builder-workspace/Sources/glTFSceneKit/GLTF+CompressedTexture.swift:91:84: error: cannot find type 'MTLPixelFormat' in scope
89 | }
90 |
91 | fileprivate func _createMetalTexture( _ width:Int, _ height:Int, _ pixelFormat:MTLPixelFormat, _ mipmaps:[Data], _ bppBlock:(Int, Int)->Int) throws -> MTLTexture {
| `- error: cannot find type 'MTLPixelFormat' in scope
92 | var width = width
93 | var height = height
/Users/admin/builder/spi-builder-workspace/Sources/glTFSceneKit/GLTF+CompressedTexture.swift:141:26: error: cannot find type 'OSImage' in scope
139 | }
140 |
141 | func _compress(image:OSImage) -> Any? {
| `- error: cannot find type 'OSImage' in scope
142 | #if os(iOS) && !targetEnvironment(simulator)
143 | if #available(iOS 11.0, *) {
/Users/admin/builder/spi-builder-workspace/Sources/glTFSceneKit/GLTF+CompressedTexture.swift:165:126: error: cannot find type 'MTLPixelFormat' in scope
163 |
164 |
165 | fileprivate func _get_bpp_pixelFormat(_ compression:GLTF_3D4MCompressedTextureExtensionCompression) ->((Int, Int)->Int, MTLPixelFormat) {
| `- error: cannot find type 'MTLPixelFormat' in scope
166 | var bytesPerRow:(Int, Int)->Int = {_,_ in return 0 }
167 | var pixelFormat:MTLPixelFormat = .invalid;
/Users/admin/builder/spi-builder-workspace/Sources/glTFSceneKit/GLTF+Material.swift:93:50: error: cannot find type 'OSImage' in scope
91 |
92 | // get image by index
93 | fileprivate func image(byIndex index:Int) -> OSImage? {
| `- error: cannot find type 'OSImage' in scope
94 | if let gltf_image = self.images?[index] {
95 | if let image = try? self.loader.load(gltf:self, resource: gltf_image) {
/Users/admin/builder/spi-builder-workspace/Sources/glTFSceneKit/GLTF+Resources.swift:24:58: error: cannot find type 'OSImage' in scope
22 | func load(gltf: GLTF, resources: Set<GLTFBuffer>, completionHandler: @escaping (Error?) -> Void )
23 |
24 | func load(gltf: GLTF, resource: GLTFImage) throws -> OSImage?
| `- error: cannot find type 'OSImage' in scope
25 | func load(gltf: GLTF, resource: GLTFImage, completionHandler: @escaping (GLTFImage, Error?) -> Void )
26 |
/Users/admin/builder/spi-builder-workspace/Sources/glTFSceneKit/GLTF+Resources.swift:94:63: error: cannot find type 'OSImage' in scope
92 | }
93 |
94 | open func load(gltf: GLTF, resource: GLTFImage) throws -> OSImage? {
| `- error: cannot find type 'OSImage' in scope
95 | if resource.image == nil && resource.uri != nil {
96 | if let imageData = try loadUri(uri: resource.uri!) {
/Users/admin/builder/spi-builder-workspace/Sources/glTFSceneKit/GLTF+Resources.swift:163:22: error: cannot find type 'OSImage' in scope
161 | static var image_associate_key = "image_associate_key"
162 |
163 | public var image:OSImage? {
| `- error: cannot find type 'OSImage' in scope
164 | get { return objc_getAssociatedObject(self, &GLTFImage.image_associate_key) as? OSImage }
165 | set { objc_setAssociatedObject(self, &GLTFImage.image_associate_key, newValue, .OBJC_ASSOCIATION_RETAIN) }
/Users/admin/builder/spi-builder-workspace/Sources/glTFSceneKit/GLTF/JSONCodingKeys.swift:26:5: warning: 'public' modifier is redundant for instance method declared in a public extension
24 | public extension KeyedDecodingContainer {
25 |
26 | public func decode(_ type: Dictionary<String, Any>.Type, forKey key: K) throws -> Dictionary<String, Any> {
| `- warning: 'public' modifier is redundant for instance method declared in a public extension
27 | let container = try self.nestedContainer(keyedBy: JSONCodingKeys.self, forKey: key)
28 | return try container.decode(type)
/Users/admin/builder/spi-builder-workspace/Sources/glTFSceneKit/GLTF/JSONCodingKeys.swift:31:5: warning: 'public' modifier is redundant for instance method declared in a public extension
29 | }
30 |
31 | public func decode(_ type: Array<Any>.Type, forKey key: K) throws -> Array<Any> {
| `- warning: 'public' modifier is redundant for instance method declared in a public extension
32 | var container = try self.nestedUnkeyedContainer(forKey: key)
33 | return try container.decode(type)
/Users/admin/builder/spi-builder-workspace/Sources/glTFSceneKit/GLTF/JSONCodingKeys.swift:37:5: warning: 'public' modifier is redundant for instance method declared in a public extension
35 |
36 |
37 | public func decode(_ type: Dictionary<String, Any>.Type) throws -> Dictionary<String, Any> {
| `- warning: 'public' modifier is redundant for instance method declared in a public extension
38 | var dictionary = Dictionary<String, Any>()
39 |
/Users/admin/builder/spi-builder-workspace/Sources/glTFSceneKit/GLTF/JSONCodingKeys.swift:61:5: warning: 'public' modifier is redundant for instance method declared in a public extension
59 | public extension UnkeyedDecodingContainer {
60 |
61 | public mutating func decode(_ type: Array<Any>.Type) throws -> Array<Any> {
| `- warning: 'public' modifier is redundant for instance method declared in a public extension
62 | var array: [Any] = []
63 | while isAtEnd == false {
/Users/admin/builder/spi-builder-workspace/Sources/glTFSceneKit/GLTF/JSONCodingKeys.swift:79:5: warning: 'public' modifier is redundant for instance method declared in a public extension
77 | }
78 |
79 | public mutating func decode(_ type: Dictionary<String, Any>.Type) throws -> Dictionary<String, Any> {
| `- warning: 'public' modifier is redundant for instance method declared in a public extension
80 | let nestedContainer = try self.nestedContainer(keyedBy: JSONCodingKeys.self)
81 | return try nestedContainer.decode(type)
/Users/admin/builder/spi-builder-workspace/Sources/glTFSceneKit/GLTF/JSONCodingKeys.swift:87:5: warning: 'public' modifier is redundant for instance method declared in a public extension
85 |
86 | public extension KeyedEncodingContainerProtocol where Key == JSONCodingKeys {
87 | public mutating func encode(_ value: Dictionary<String, Any>) throws {
| `- warning: 'public' modifier is redundant for instance method declared in a public extension
88 | try value.forEach({ (key, value) in
89 | let key = JSONCodingKeys(stringValue: key)
/Users/admin/builder/spi-builder-workspace/Sources/glTFSceneKit/GLTF/JSONCodingKeys.swift:115:5: warning: 'public' modifier is redundant for instance method declared in a public extension
113 |
114 | public extension KeyedEncodingContainerProtocol {
115 | public mutating func encode(_ value: Dictionary<String, Any>?, forKey key: Key) throws {
| `- warning: 'public' modifier is redundant for instance method declared in a public extension
116 | if value != nil {
117 | var container = self.nestedContainer(keyedBy: JSONCodingKeys.self, forKey: key)
/Users/admin/builder/spi-builder-workspace/Sources/glTFSceneKit/GLTF/JSONCodingKeys.swift:122:5: warning: 'public' modifier is redundant for instance method declared in a public extension
120 | }
121 |
122 | public mutating func encode(_ value: Array<Any>?, forKey key: Key) throws {
| `- warning: 'public' modifier is redundant for instance method declared in a public extension
123 | if value != nil {
124 | var container = self.nestedUnkeyedContainer(forKey: key)
/Users/admin/builder/spi-builder-workspace/Sources/glTFSceneKit/GLTF/JSONCodingKeys.swift:131:5: warning: 'public' modifier is redundant for instance method declared in a public extension
129 |
130 | public extension UnkeyedEncodingContainer {
131 | public mutating func encode(_ value: Array<Any>) throws {
| `- warning: 'public' modifier is redundant for instance method declared in a public extension
132 | try value.enumerated().forEach({ (index, value) in
133 | switch value {
/Users/admin/builder/spi-builder-workspace/Sources/glTFSceneKit/GLTF/JSONCodingKeys.swift:157:5: warning: 'public' modifier is redundant for instance method declared in a public extension
155 | }
156 |
157 | public mutating func encode(_ value: Dictionary<String, Any>) throws {
| `- warning: 'public' modifier is redundant for instance method declared in a public extension
158 | var nestedContainer = self.nestedContainer(keyedBy: JSONCodingKeys.self)
159 | try nestedContainer.encode(value)
/Users/admin/builder/spi-builder-workspace/Sources/glTFSceneKit/Helper.swift:37:1: warning: extension declares a conformance of imported type 'String' to imported protocol 'Error'; this will not behave correctly if the owners of 'Swift' introduce this conformance in the future
35 |
36 |
37 | extension String: Error {}
| |- warning: extension declares a conformance of imported type 'String' to imported protocol 'Error'; this will not behave correctly if the owners of 'Swift' introduce this conformance in the future
| `- note: add '@retroactive' to silence this warning
38 |
39 | extension SCNMatrix4 {
/Users/admin/builder/spi-builder-workspace/Sources/glTFSceneKit/Helper.swift:157:21: error: cannot find type 'GLKVector2' in scope
155 | }
156 | }
157 | var vec2Array: [GLKVector2] {
| `- error: cannot find type 'GLKVector2' in scope
158 | return withUnsafeBytes {
159 | Array(UnsafeBufferPointer<GLKVector2>(start: $0, count: self.count/MemoryLayout<GLKVector2>.size))
/Users/admin/builder/spi-builder-workspace/Sources/glTFSceneKit/Helper.swift:162:21: error: cannot find type 'GLKVector3' in scope
160 | }
161 | }
162 | var vec3Array: [GLKVector3] {
| `- error: cannot find type 'GLKVector3' in scope
163 | return withUnsafeBytes {
164 | Array(UnsafeBufferPointer<GLKVector3>(start: $0, count: self.count/MemoryLayout<GLKVector3>.size))
/Users/admin/builder/spi-builder-workspace/Sources/glTFSceneKit/Helper.swift:167:21: error: cannot find type 'GLKVector4' in scope
165 | }
166 | }
167 | var vec4Array: [GLKVector4] {
| `- error: cannot find type 'GLKVector4' in scope
168 | return withUnsafeBytes {
169 | Array(UnsafeBufferPointer<GLKVector4>(start: $0, count: self.count/MemoryLayout<GLKVector4>.size))
/Users/admin/builder/spi-builder-workspace/Sources/glTFSceneKit/Helper.swift:172:21: error: cannot find type 'GLKMatrix4' in scope
170 | }
171 | }
172 | var mat4Array: [GLKMatrix4] {
| `- error: cannot find type 'GLKMatrix4' in scope
173 | return withUnsafeBytes {
174 | Array(UnsafeBufferPointer<GLKMatrix4>(start: $0, count: self.count/MemoryLayout<GLKMatrix4>.size))
/Users/admin/builder/spi-builder-workspace/Sources/glTFSceneKit/Helper.swift:182:11: error: cannot find type 'OSImage' in scope
180 | // https://github.com/magicien/GLTFSceneKit/blob/master/Source/Common/GLTFFunctions.swift
181 |
182 | extension OSImage {
| `- error: cannot find type 'OSImage' in scope
183 |
184 | func channels() throws -> [OSImage] {
Failed frontend command:
SwiftCompile normal arm64_32 (in target 'glTFSceneKit' from project 'glTFSceneKit')
cd /Users/admin/builder/spi-builder-workspace/.swiftpm/xcode
/Applications/Xcode-27.0.0-Release.Candidate.app/Contents/Developer/Toolchains/XcodeDefault.xctoolchain/usr/bin/swift-frontend -frontend -emit-module -experimental-skip-non-inlinable-function-bodies-without-types /Users/admin/builder/spi-builder-workspace/Sources/glTFSceneKit/GLTF+Animation.swift /Users/admin/builder/spi-builder-workspace/Sources/glTFSceneKit/GLTF+CompressedTexture.swift /Users/admin/builder/spi-builder-workspace/Sources/glTFSceneKit/GLTF+Draco.swift /Users/admin/builder/spi-builder-workspace/Sources/glTFSceneKit/GLTF+Material.swift /Users/admin/builder/spi-builder-workspace/Sources/glTFSceneKit/GLTF+Resources.swift /Users/admin/builder/spi-builder-workspace/Sources/glTFSceneKit/GLTF+SceneKit.swift /Users/admin/builder/spi-builder-workspace/Sources/glTFSceneKit/GLTF/GLTF.swift /Users/admin/builder/spi-builder-workspace/Sources/glTFSceneKit/GLTF/GLTFAccessor.swift /Users/admin/builder/spi-builder-workspace/Sources/glTFSceneKit/GLTF/GLTFAccessorSparse.swift /Users/admin/builder/spi-builder-workspace/Sources/glTFSceneKit/GLTF/GLTFAccessorSparseIndices.swift /Users/admin/builder/spi-builder-workspace/Sources/glTFSceneKit/GLTF/GLTFAccessorSparseValues.swift /Users/admin/builder/spi-builder-workspace/Sources/glTFSceneKit/GLTF/GLTFAnimation.swift /Users/admin/builder/spi-builder-workspace/Sources/glTFSceneKit/GLTF/GLTFAnimationChannel.swift /Users/admin/builder/spi-builder-workspace/Sources/glTFSceneKit/GLTF/GLTFAnimationChannelTarget.swift /Users/admin/builder/spi-builder-workspace/Sources/glTFSceneKit/GLTF/GLTFAnimationSampler.swift /Users/admin/builder/spi-builder-workspace/Sources/glTFSceneKit/GLTF/GLTFAsset.swift /Users/admin/builder/spi-builder-workspace/Sources/glTFSceneKit/GLTF/GLTFBuffer.swift /Users/admin/builder/spi-builder-workspace/Sources/glTFSceneKit/GLTF/GLTFBufferView.swift /Users/admin/builder/spi-builder-workspace/Sources/glTFSceneKit/GLTF/GLTFCamera.swift /Users/admin/builder/spi-builder-workspace/Sources/glTFSceneKit/GLTF/GLTFCameraOrthographic.swift /Users/admin/builder/spi-builder-workspace/Sources/glTFSceneKit/GLTF/GLTFCameraPerspective.swift /Users/admin/builder/spi-builder-workspace/Sources/glTFSceneKit/GLTF/GLTFImage.swift /Users/admin/builder/spi-builder-workspace/Sources/glTFSceneKit/GLTF/GLTFKHRDracoMeshCompressionExtension.swift /Users/admin/builder/spi-builder-workspace/Sources/glTFSceneKit/GLTF/GLTFMaterial.swift /Users/admin/builder/spi-builder-workspace/Sources/glTFSceneKit/GLTF/GLTFMaterialNormalTextureInfo.swift /Users/admin/builder/spi-builder-workspace/Sources/glTFSceneKit/GLTF/GLTFMaterialOcclusionTextureInfo.swift /Users/admin/builder/spi-builder-workspace/Sources/glTFSceneKit/GLTF/GLTFMaterialPBRMetallicRoughness.swift /Users/admin/builder/spi-builder-workspace/Sources/glTFSceneKit/GLTF/GLTFMesh.swift /Users/admin/builder/spi-builder-workspace/Sources/glTFSceneKit/GLTF/GLTFMeshPrimitive.swift /Users/admin/builder/spi-builder-workspace/Sources/glTFSceneKit/GLTF/GLTFNode.swift /Users/admin/builder/spi-builder-workspace/Sources/glTFSceneKit/GLTF/GLTFSampler.swift /Users/admin/builder/spi-builder-workspace/Sources/glTFSceneKit/GLTF/GLTFScene.swift /Users/admin/builder/spi-builder-workspace/Sources/glTFSceneKit/GLTF/GLTFSkin.swift /Users/admin/builder/spi-builder-workspace/Sources/glTFSceneKit/GLTF/GLTFTexture.swift /Users/admin/builder/spi-builder-workspace/Sources/glTFSceneKit/GLTF/GLTFTextureInfo.swift /Users/admin/builder/spi-builder-workspace/Sources/glTFSceneKit/GLTF/JSONCodingKeys.swift /Users/admin/builder/spi-builder-workspace/Sources/glTFSceneKit/GLTF_3D4MCompressedTextureExtension.swift /Users/admin/builder/spi-builder-workspace/Sources/glTFSceneKit/Helper.swift /Users/admin/builder/spi-builder-workspace/Sources/glTFSceneKit/TextureStorageManager.swift -target arm64_32-apple-watchos9.0 -enable-objc-interop -sdk /Applications/Xcode-27.0.0-Release.Candidate.app/Contents/Developer/Platforms/WatchOS.platform/Developer/SDKs/WatchOS27.0.sdk -I /Users/admin/builder/spi-builder-workspace/.derivedData/Build/Products/Debug-watchos -Isystem /Applications/Xcode-27.0.0-Release.Candidate.app/Contents/Developer/Platforms/WatchOS.platform/Developer/usr/lib -F /Users/admin/builder/spi-builder-workspace/.derivedData/Build/Products/Debug-watchos -F /Applications/Xcode-27.0.0-Release.Candidate.app/Contents/Developer/Platforms/WatchOS.platform/Developer/Library/Frameworks -F /Applications/Xcode-27.0.0-Release.Candidate.app/Contents/Developer/Platforms/WatchOS.platform/Developer/SDKs/WatchOS27.0.sdk/Developer/Library/Frameworks -module-cache-path /Users/admin/builder/spi-builder-workspace/.derivedData/ModuleCache.noindex -no-color-diagnostics -Xcc -fno-color-diagnostics -enable-testing -g -debug-info-format\=dwarf -dwarf-version\=4 -profile-generate -profile-coverage-mapping -swift-version 4 -Onone -D SWIFT_PACKAGE -D DEBUG -D SWIFT_MODULE_RESOURCE_BUNDLE_UNAVAILABLE -D Xcode -serialize-debugging-options -enable-experimental-feature DebugDescriptionMacro -empty-abi-descriptor -plugin-path /Applications/Xcode-27.0.0-Release.Candidate.app/Contents/Developer/Toolchains/XcodeDefault.xctoolchain/usr/lib/swift/host/plugins/testing -validate-clang-modules-once -clang-build-session-file /Users/admin/builder/spi-builder-workspace/.derivedData/ModuleCache.noindex/Session.modulevalidation -Xcc -working-directory -Xcc /Users/admin/builder/spi-builder-workspace/.swiftpm/xcode -enable-anonymous-context-mangled-names -file-compilation-dir /Users/admin/builder/spi-builder-workspace/.swiftpm/xcode -Xcc -fmodule-map-file\=/Users/admin/builder/spi-builder-workspace/.dependencies/checkouts/DracoSwiftPackage/module.modulemap -Xcc -D_LIBCPP_HARDENING_MODE\=_LIBCPP_HARDENING_MODE_DEBUG -Xcc -ivfsstatcache -Xcc /Users/admin/builder/spi-builder-workspace/.derivedData/SDKStatCaches.noindex/watchos27.0-24R360-e829b21a6f8c9b70876ba0858053c04477534ef55a1706bf4c1112bbb242f0a2.sdkstatcache -Xcc -fmodules-prune-interval\=86400 -Xcc -fmodules-prune-after\=345600 -Xcc -I/Users/admin/builder/spi-builder-workspace/.derivedData/Build/Products/Debug-watchos/include -Xcc -I/Users/admin/builder/spi-builder-workspace/.derivedData/Build/Intermediates.noindex/glTFSceneKit.build/Debug-watchos/glTFSceneKit-t.build/DerivedSources-normal/arm64_32 -Xcc -I/Users/admin/builder/spi-builder-workspace/.derivedData/Build/Intermediates.noindex/glTFSceneKit.build/Debug-watchos/glTFSceneKit-t.build/DerivedSources/arm64_32 -Xcc -I/Users/admin/builder/spi-builder-workspace/.derivedData/Build/Intermediates.noindex/glTFSceneKit.build/Debug-watchos/glTFSceneKit-t.build/DerivedSources -Xcc -DSWIFT_PACKAGE -Xcc -DDEBUG\=1 -no-auto-bridging-header-chaining -module-name glTFSceneKit -const-gather-protocols-file /Users/admin/builder/spi-builder-workspace/.derivedData/Build/Intermediates.noindex/glTFSceneKit.build/Debug-watchos/glTFSceneKit-t.build/Objects-normal/arm64_32/glTFSceneKit_const_extract_protocols.json -disable-clang-spi -target-sdk-version 27.0 -target-sdk-name watchos27.0 -external-plugin-path /Applications/Xcode-27.0.0-Release.Candidate.app/Contents/Developer/Platforms/WatchOS.platform/Developer/usr/lib/swift/host/plugins\#/Applications/Xcode-27.0.0-Release.Candidate.app/Contents/Developer/Platforms/WatchOS.platform/Developer/usr/bin/swift-plugin-server -external-plugin-path /Applications/Xcode-27.0.0-Release.Candidate.app/Contents/Developer/Platforms/WatchOS.platform/Developer/usr/local/lib/swift/host/plugins\#/Applications/Xcode-27.0.0-Release.Candidate.app/Contents/Developer/Platforms/WatchOS.platform/Developer/usr/bin/swift-plugin-server -in-process-plugin-server-path /Applications/Xcode-27.0.0-Release.Candidate.app/Contents/Developer/Toolchains/XcodeDefault.xctoolchain/usr/lib/swift/host/libSwiftInProcPluginServer.dylib -plugin-path /Applications/Xcode-27.0.0-Release.Candidate.app/Contents/Developer/Toolchains/XcodeDefault.xctoolchain/usr/lib/swift/host/plugins -plugin-path /Applications/Xcode-27.0.0-Release.Candidate.app/Contents/Developer/Toolchains/XcodeDefault.xctoolchain/usr/local/lib/swift/host/plugins -emit-module-doc-path /Users/admin/builder/spi-builder-workspace/.derivedData/Build/Intermediates.noindex/glTFSceneKit.build/Debug-watchos/glTFSceneKit-t.build/Objects-normal/arm64_32/glTFSceneKit.swiftdoc -emit-module-source-info-path /Users/admin/builder/spi-builder-workspace/.derivedData/Build/Intermediates.noindex/glTFSceneKit.build/Debug-watchos/glTFSceneKit-t.build/Objects-normal/arm64_32/glTFSceneKit.swiftsourceinfo -emit-objc-header-path /Users/admin/builder/spi-builder-workspace/.derivedData/Build/Intermediates.noindex/glTFSceneKit.build/Debug-watchos/glTFSceneKit-t.build/Objects-normal/arm64_32/glTFSceneKit-Swift.h -serialize-diagnostics-path /Users/admin/builder/spi-builder-workspace/.derivedData/Build/Intermediates.noindex/glTFSceneKit.build/Debug-watchos/glTFSceneKit-t.build/Objects-normal/arm64_32/glTFSceneKit-primary-emit-module.dia -emit-dependencies-path /Users/admin/builder/spi-builder-workspace/.derivedData/Build/Intermediates.noindex/glTFSceneKit.build/Debug-watchos/glTFSceneKit-t.build/Objects-normal/arm64_32/glTFSceneKit-primary-emit-module.d -parse-as-library -o /Users/admin/builder/spi-builder-workspace/.derivedData/Build/Intermediates.noindex/glTFSceneKit.build/Debug-watchos/glTFSceneKit-t.build/Objects-normal/arm64_32/glTFSceneKit.swiftmodule -emit-abi-descriptor-path /Users/admin/builder/spi-builder-workspace/.derivedData/Build/Intermediates.noindex/glTFSceneKit.build/Debug-watchos/glTFSceneKit-t.build/Objects-normal/arm64_32/glTFSceneKit.abi.json
SwiftCompile normal arm64_32 Compiling\ GLTFCameraPerspective.swift,\ GLTFImage.swift,\ GLTFKHRDracoMeshCompressionExtension.swift,\ GLTFMaterial.swift /Users/admin/builder/spi-builder-workspace/Sources/glTFSceneKit/GLTF/GLTFCameraPerspective.swift /Users/admin/builder/spi-builder-workspace/Sources/glTFSceneKit/GLTF/GLTFImage.swift /Users/admin/builder/spi-builder-workspace/Sources/glTFSceneKit/GLTF/GLTFKHRDracoMeshCompressionExtension.swift /Users/admin/builder/spi-builder-workspace/Sources/glTFSceneKit/GLTF/GLTFMaterial.swift (in target 'glTFSceneKit' from project 'glTFSceneKit')
SwiftCompile normal arm64_32 /Users/admin/builder/spi-builder-workspace/Sources/glTFSceneKit/GLTF/GLTFCameraPerspective.swift (in target 'glTFSceneKit' from project 'glTFSceneKit')
cd /Users/admin/builder/spi-builder-workspace/.swiftpm/xcode
builtin-SwiftPerFileCompile GLTFCameraPerspective.swift
SwiftCompile normal arm64_32 /Users/admin/builder/spi-builder-workspace/Sources/glTFSceneKit/GLTF/GLTFImage.swift (in target 'glTFSceneKit' from project 'glTFSceneKit')
cd /Users/admin/builder/spi-builder-workspace/.swiftpm/xcode
builtin-SwiftPerFileCompile GLTFImage.swift
SwiftCompile normal arm64_32 /Users/admin/builder/spi-builder-workspace/Sources/glTFSceneKit/GLTF/GLTFKHRDracoMeshCompressionExtension.swift (in target 'glTFSceneKit' from project 'glTFSceneKit')
cd /Users/admin/builder/spi-builder-workspace/.swiftpm/xcode
builtin-SwiftPerFileCompile GLTFKHRDracoMeshCompressionExtension.swift
SwiftCompile normal arm64_32 /Users/admin/builder/spi-builder-workspace/Sources/glTFSceneKit/GLTF/GLTFMaterial.swift (in target 'glTFSceneKit' from project 'glTFSceneKit')
cd /Users/admin/builder/spi-builder-workspace/.swiftpm/xcode
builtin-SwiftPerFileCompile GLTFMaterial.swift
SwiftCompile normal arm64_32 Compiling\ GLTFMaterialNormalTextureInfo.swift,\ GLTFMaterialOcclusionTextureInfo.swift,\ GLTFMaterialPBRMetallicRoughness.swift,\ GLTFMesh.swift /Users/admin/builder/spi-builder-workspace/Sources/glTFSceneKit/GLTF/GLTFMaterialNormalTextureInfo.swift /Users/admin/builder/spi-builder-workspace/Sources/glTFSceneKit/GLTF/GLTFMaterialOcclusionTextureInfo.swift /Users/admin/builder/spi-builder-workspace/Sources/glTFSceneKit/GLTF/GLTFMaterialPBRMetallicRoughness.swift /Users/admin/builder/spi-builder-workspace/Sources/glTFSceneKit/GLTF/GLTFMesh.swift (in target 'glTFSceneKit' from project 'glTFSceneKit')
SwiftCompile normal arm64_32 /Users/admin/builder/spi-builder-workspace/Sources/glTFSceneKit/GLTF/GLTFMaterialNormalTextureInfo.swift (in target 'glTFSceneKit' from project 'glTFSceneKit')
cd /Users/admin/builder/spi-builder-workspace/.swiftpm/xcode
builtin-SwiftPerFileCompile GLTFMaterialNormalTextureInfo.swift
SwiftCompile normal arm64_32 /Users/admin/builder/spi-builder-workspace/Sources/glTFSceneKit/GLTF/GLTFMaterialOcclusionTextureInfo.swift (in target 'glTFSceneKit' from project 'glTFSceneKit')
cd /Users/admin/builder/spi-builder-workspace/.swiftpm/xcode
builtin-SwiftPerFileCompile GLTFMaterialOcclusionTextureInfo.swift
SwiftCompile normal arm64_32 /Users/admin/builder/spi-builder-workspace/Sources/glTFSceneKit/GLTF/GLTFMaterialPBRMetallicRoughness.swift (in target 'glTFSceneKit' from project 'glTFSceneKit')
cd /Users/admin/builder/spi-builder-workspace/.swiftpm/xcode
builtin-SwiftPerFileCompile GLTFMaterialPBRMetallicRoughness.swift
SwiftCompile normal arm64_32 /Users/admin/builder/spi-builder-workspace/Sources/glTFSceneKit/GLTF/GLTFMesh.swift (in target 'glTFSceneKit' from project 'glTFSceneKit')
cd /Users/admin/builder/spi-builder-workspace/.swiftpm/xcode
builtin-SwiftPerFileCompile GLTFMesh.swift
SwiftCompile normal arm64_32 Compiling\ GLTF+Animation.swift,\ GLTF+CompressedTexture.swift,\ GLTF+Draco.swift,\ GLTF+Material.swift /Users/admin/builder/spi-builder-workspace/Sources/glTFSceneKit/GLTF+Animation.swift /Users/admin/builder/spi-builder-workspace/Sources/glTFSceneKit/GLTF+CompressedTexture.swift /Users/admin/builder/spi-builder-workspace/Sources/glTFSceneKit/GLTF+Draco.swift /Users/admin/builder/spi-builder-workspace/Sources/glTFSceneKit/GLTF+Material.swift (in target 'glTFSceneKit' from project 'glTFSceneKit')
SwiftCompile normal arm64_32 /Users/admin/builder/spi-builder-workspace/Sources/glTFSceneKit/GLTF+Animation.swift (in target 'glTFSceneKit' from project 'glTFSceneKit')
cd /Users/admin/builder/spi-builder-workspace/.swiftpm/xcode
builtin-SwiftPerFileCompile GLTF+Animation.swift
SwiftCompile normal arm64_32 /Users/admin/builder/spi-builder-workspace/Sources/glTFSceneKit/GLTF+CompressedTexture.swift (in target 'glTFSceneKit' from project 'glTFSceneKit')
cd /Users/admin/builder/spi-builder-workspace/.swiftpm/xcode
builtin-SwiftPerFileCompile GLTF+CompressedTexture.swift
SwiftCompile normal arm64_32 /Users/admin/builder/spi-builder-workspace/Sources/glTFSceneKit/GLTF+Draco.swift (in target 'glTFSceneKit' from project 'glTFSceneKit')
cd /Users/admin/builder/spi-builder-workspace/.swiftpm/xcode
builtin-SwiftPerFileCompile GLTF+Draco.swift
SwiftCompile normal arm64_32 /Users/admin/builder/spi-builder-workspace/Sources/glTFSceneKit/GLTF+Material.swift (in target 'glTFSceneKit' from project 'glTFSceneKit')
cd /Users/admin/builder/spi-builder-workspace/.swiftpm/xcode
builtin-SwiftPerFileCompile GLTF+Material.swift
/Users/admin/builder/spi-builder-workspace/Sources/glTFSceneKit/GLTF+Animation.swift:33:67: error: cannot find type 'CAAnimationGroup' in scope
31 |
32 | for node in self.cache_nodes! {
33 | let group = node?.value(forUndefinedKey: "group") as? CAAnimationGroup
| `- error: cannot find type 'CAAnimationGroup' in scope
34 | if group != nil && self.animationDuration != 0 {
35 | group?.duration = self.animationDuration
/Users/admin/builder/spi-builder-workspace/Sources/glTFSceneKit/GLTF+Animation.swift:62:27: error: cannot find type 'CAAnimation' in scope
60 | var groupDuration:Double = 0
61 |
62 | var caanimations:[CAAnimation] = [CAAnimation]()
| `- error: cannot find type 'CAAnimation' in scope
63 | if target.path == .weights {
64 | let weightPaths = node.value(forUndefinedKey: "weightPaths") as? [String]
/Applications/Xcode-27.0.0-Release.Candidate.app/Contents/Developer/Platforms/WatchOS.platform/Developer/SDKs/WatchOS27.0.sdk/System/Library/Frameworks/SceneKit.framework/Headers/SCNAnimation.h:18:1: note: interface 'CAAnimation' forward declared here
16 | @end
17 |
18 | @class CAAnimation;
| `- note: interface 'CAAnimation' forward declared here
19 |
20 | NS_ASSUME_NONNULL_BEGIN
/Users/admin/builder/spi-builder-workspace/Sources/glTFSceneKit/GLTF+Animation.swift:62:43: error: cannot find 'CAAnimation' in scope
60 | var groupDuration:Double = 0
61 |
62 | var caanimations:[CAAnimation] = [CAAnimation]()
| `- error: cannot find 'CAAnimation' in scope
63 | if target.path == .weights {
64 | let weightPaths = node.value(forUndefinedKey: "weightPaths") as? [String]
/Applications/Xcode-27.0.0-Release.Candidate.app/Contents/Developer/Platforms/WatchOS.platform/Developer/SDKs/WatchOS27.0.sdk/System/Library/Frameworks/SceneKit.framework/Headers/SCNAnimation.h:18:1: note: interface 'CAAnimation' forward declared here
16 | @end
17 |
18 | @class CAAnimation;
| `- note: interface 'CAAnimation' forward declared here
19 |
20 | NS_ASSUME_NONNULL_BEGIN
/Users/admin/builder/spi-builder-workspace/Sources/glTFSceneKit/GLTF+Animation.swift:62:42: error: cannot call value of non-function type '[Element]'
60 | var groupDuration:Double = 0
61 |
62 | var caanimations:[CAAnimation] = [CAAnimation]()
| `- error: cannot call value of non-function type '[Element]'
63 | if target.path == .weights {
64 | let weightPaths = node.value(forUndefinedKey: "weightPaths") as? [String]
/Users/admin/builder/spi-builder-workspace/Sources/glTFSceneKit/GLTF+Animation.swift:68:34: error: cannot find 'CAKeyframeAnimation' in scope
66 | groupDuration = duration
67 |
68 | var keyAnimations = [CAKeyframeAnimation]()
| `- error: cannot find 'CAKeyframeAnimation' in scope
69 | for path in weightPaths! {
70 | let animation = CAKeyframeAnimation()
/Users/admin/builder/spi-builder-workspace/Sources/glTFSceneKit/GLTF+Animation.swift:68:33: error: cannot call value of non-function type '[Element]'
66 | groupDuration = duration
67 |
68 | var keyAnimations = [CAKeyframeAnimation]()
| `- error: cannot call value of non-function type '[Element]'
69 | for path in weightPaths! {
70 | let animation = CAKeyframeAnimation()
/Users/admin/builder/spi-builder-workspace/Sources/glTFSceneKit/GLTF+Animation.swift:70:33: error: cannot find 'CAKeyframeAnimation' in scope
68 | var keyAnimations = [CAKeyframeAnimation]()
69 | for path in weightPaths! {
70 | let animation = CAKeyframeAnimation()
| `- error: cannot find 'CAKeyframeAnimation' in scope
71 | animation.keyPath = path
72 | animation.keyTimes = keyTimes
/Users/admin/builder/spi-builder-workspace/Sources/glTFSceneKit/GLTF+Animation.swift:97:37: error: cannot find 'CAKeyframeAnimation' in scope
95 |
96 | } else {
97 | let keyFrameAnimation = CAKeyframeAnimation()
| `- error: cannot find 'CAKeyframeAnimation' in scope
98 |
99 | self.animationDuration = max(self.animationDuration, duration)
/Users/admin/builder/spi-builder-workspace/Sources/glTFSceneKit/GLTF+Animation.swift:104:46: error: cannot infer contextual base in reference to member 'infinity'
102 | keyFrameAnimation.keyTimes = keyTimes
103 | keyFrameAnimation.values = values_
104 | keyFrameAnimation.repeatCount = .infinity
| `- error: cannot infer contextual base in reference to member 'infinity'
105 | keyFrameAnimation.duration = duration
106 |
/Users/admin/builder/spi-builder-workspace/Sources/glTFSceneKit/GLTF+Animation.swift:112:84: error: cannot find 'CAAnimationGroup' in scope
110 | }
111 |
112 | let group = (node.value(forUndefinedKey: "group") as? CAAnimationGroup) ?? CAAnimationGroup()
| `- error: cannot find 'CAAnimationGroup' in scope
113 | node.setValue(group, forUndefinedKey: "group")
114 | var animations = group.animations ?? []
/Users/admin/builder/spi-builder-workspace/Sources/glTFSceneKit/GLTF+Animation.swift:112:63: error: cannot find type 'CAAnimationGroup' in scope
110 | }
111 |
112 | let group = (node.value(forUndefinedKey: "group") as? CAAnimationGroup) ?? CAAnimationGroup()
| `- error: cannot find type 'CAAnimationGroup' in scope
113 | node.setValue(group, forUndefinedKey: "group")
114 | var animations = group.animations ?? []
SwiftCompile normal arm64_32 Compiling\ GLTFMeshPrimitive.swift,\ GLTFNode.swift,\ GLTFSampler.swift,\ GLTFScene.swift /Users/admin/builder/spi-builder-workspace/Sources/glTFSceneKit/GLTF/GLTFMeshPrimitive.swift /Users/admin/builder/spi-builder-workspace/Sources/glTFSceneKit/GLTF/GLTFNode.swift /Users/admin/builder/spi-builder-workspace/Sources/glTFSceneKit/GLTF/GLTFSampler.swift /Users/admin/builder/spi-builder-workspace/Sources/glTFSceneKit/GLTF/GLTFScene.swift (in target 'glTFSceneKit' from project 'glTFSceneKit')
SwiftCompile normal arm64_32 /Users/admin/builder/spi-builder-workspace/Sources/glTFSceneKit/GLTF/GLTFMeshPrimitive.swift (in target 'glTFSceneKit' from project 'glTFSceneKit')
cd /Users/admin/builder/spi-builder-workspace/.swiftpm/xcode
builtin-SwiftPerFileCompile GLTFMeshPrimitive.swift
SwiftCompile normal arm64_32 /Users/admin/builder/spi-builder-workspace/Sources/glTFSceneKit/GLTF/GLTFNode.swift (in target 'glTFSceneKit' from project 'glTFSceneKit')
cd /Users/admin/builder/spi-builder-workspace/.swiftpm/xcode
builtin-SwiftPerFileCompile GLTFNode.swift
SwiftCompile normal arm64_32 /Users/admin/builder/spi-builder-workspace/Sources/glTFSceneKit/GLTF/GLTFSampler.swift (in target 'glTFSceneKit' from project 'glTFSceneKit')
cd /Users/admin/builder/spi-builder-workspace/.swiftpm/xcode
builtin-SwiftPerFileCompile GLTFSampler.swift
SwiftCompile normal arm64_32 /Users/admin/builder/spi-builder-workspace/Sources/glTFSceneKit/GLTF/GLTFScene.swift (in target 'glTFSceneKit' from project 'glTFSceneKit')
cd /Users/admin/builder/spi-builder-workspace/.swiftpm/xcode
builtin-SwiftPerFileCompile GLTFScene.swift
SwiftCompile normal arm64_32 Compiling\ GLTFBuffer.swift,\ GLTFBufferView.swift,\ GLTFCamera.swift,\ GLTFCameraOrthographic.swift /Users/admin/builder/spi-builder-workspace/Sources/glTFSceneKit/GLTF/GLTFBuffer.swift /Users/admin/builder/spi-builder-workspace/Sources/glTFSceneKit/GLTF/GLTFBufferView.swift /Users/admin/builder/spi-builder-workspace/Sources/glTFSceneKit/GLTF/GLTFCamera.swift /Users/admin/builder/spi-builder-workspace/Sources/glTFSceneKit/GLTF/GLTFCameraOrthographic.swift (in target 'glTFSceneKit' from project 'glTFSceneKit')
SwiftCompile normal arm64_32 /Users/admin/builder/spi-builder-workspace/Sources/glTFSceneKit/GLTF/GLTFBuffer.swift (in target 'glTFSceneKit' from project 'glTFSceneKit')
cd /Users/admin/builder/spi-builder-workspace/.swiftpm/xcode
builtin-SwiftPerFileCompile GLTFBuffer.swift
SwiftCompile normal arm64_32 /Users/admin/builder/spi-builder-workspace/Sources/glTFSceneKit/GLTF/GLTFBufferView.swift (in target 'glTFSceneKit' from project 'glTFSceneKit')
cd /Users/admin/builder/spi-builder-workspace/.swiftpm/xcode
builtin-SwiftPerFileCompile GLTFBufferView.swift
SwiftCompile normal arm64_32 /Users/admin/builder/spi-builder-workspace/Sources/glTFSceneKit/GLTF/GLTFCamera.swift (in target 'glTFSceneKit' from project 'glTFSceneKit')
cd /Users/admin/builder/spi-builder-workspace/.swiftpm/xcode
builtin-SwiftPerFileCompile GLTFCamera.swift
SwiftCompile normal arm64_32 /Users/admin/builder/spi-builder-workspace/Sources/glTFSceneKit/GLTF/GLTFCameraOrthographic.swift (in target 'glTFSceneKit' from project 'glTFSceneKit')
cd /Users/admin/builder/spi-builder-workspace/.swiftpm/xcode
builtin-SwiftPerFileCompile GLTFCameraOrthographic.swift
SwiftCompile normal arm64_32 Compiling\ GLTF_3D4MCompressedTextureExtension.swift,\ Helper.swift,\ TextureStorageManager.swift /Users/admin/builder/spi-builder-workspace/Sources/glTFSceneKit/GLTF_3D4MCompressedTextureExtension.swift /Users/admin/builder/spi-builder-workspace/Sources/glTFSceneKit/Helper.swift /Users/admin/builder/spi-builder-workspace/Sources/glTFSceneKit/TextureStorageManager.swift (in target 'glTFSceneKit' from project 'glTFSceneKit')
/Users/admin/builder/spi-builder-workspace/Sources/glTFSceneKit/Helper.swift:37:1: warning: extension declares a conformance of imported type 'String' to imported protocol 'Error'; this will not behave correctly if the owners of 'Swift' introduce this conformance in the future
35 |
36 |
37 | extension String: Error {}
| |- warning: extension declares a conformance of imported type 'String' to imported protocol 'Error'; this will not behave correctly if the owners of 'Swift' introduce this conformance in the future
| `- note: add '@retroactive' to silence this warning
38 |
39 | extension SCNMatrix4 {
/Users/admin/builder/spi-builder-workspace/Sources/glTFSceneKit/Helper.swift:157:21: error: cannot find type 'GLKVector2' in scope
155 | }
156 | }
157 | var vec2Array: [GLKVector2] {
| `- error: cannot find type 'GLKVector2' in scope
158 | return withUnsafeBytes {
159 | Array(UnsafeBufferPointer<GLKVector2>(start: $0, count: self.count/MemoryLayout<GLKVector2>.size))
/Users/admin/builder/spi-builder-workspace/Sources/glTFSceneKit/Helper.swift:162:21: error: cannot find type 'GLKVector3' in scope
160 | }
161 | }
162 | var vec3Array: [GLKVector3] {
| `- error: cannot find type 'GLKVector3' in scope
163 | return withUnsafeBytes {
164 | Array(UnsafeBufferPointer<GLKVector3>(start: $0, count: self.count/MemoryLayout<GLKVector3>.size))
/Users/admin/builder/spi-builder-workspace/Sources/glTFSceneKit/Helper.swift:167:21: error: cannot find type 'GLKVector4' in scope
165 | }
166 | }
167 | var vec4Array: [GLKVector4] {
| `- error: cannot find type 'GLKVector4' in scope
168 | return withUnsafeBytes {
169 | Array(UnsafeBufferPointer<GLKVector4>(start: $0, count: self.count/MemoryLayout<GLKVector4>.size))
/Users/admin/builder/spi-builder-workspace/Sources/glTFSceneKit/Helper.swift:172:21: error: cannot find type 'GLKMatrix4' in scope
170 | }
171 | }
172 | var mat4Array: [GLKMatrix4] {
| `- error: cannot find type 'GLKMatrix4' in scope
173 | return withUnsafeBytes {
174 | Array(UnsafeBufferPointer<GLKMatrix4>(start: $0, count: self.count/MemoryLayout<GLKMatrix4>.size))
/Users/admin/builder/spi-builder-workspace/Sources/glTFSceneKit/Helper.swift:182:11: error: cannot find type 'OSImage' in scope
180 | // https://github.com/magicien/GLTFSceneKit/blob/master/Source/Common/GLTFFunctions.swift
181 |
182 | extension OSImage {
| `- error: cannot find type 'OSImage' in scope
183 |
184 | func channels() throws -> [OSImage] {
/Users/admin/builder/spi-builder-workspace/Sources/glTFSceneKit/Helper.swift:159:93: error: cannot find type 'GLKVector2' in scope
157 | var vec2Array: [GLKVector2] {
158 | return withUnsafeBytes {
159 | Array(UnsafeBufferPointer<GLKVector2>(start: $0, count: self.count/MemoryLayout<GLKVector2>.size))
| `- error: cannot find type 'GLKVector2' in scope
160 | }
161 | }
/Users/admin/builder/spi-builder-workspace/Sources/glTFSceneKit/Helper.swift:159:39: error: cannot find type 'GLKVector2' in scope
157 | var vec2Array: [GLKVector2] {
158 | return withUnsafeBytes {
159 | Array(UnsafeBufferPointer<GLKVector2>(start: $0, count: self.count/MemoryLayout<GLKVector2>.size))
| `- error: cannot find type 'GLKVector2' in scope
160 | }
161 | }
/Users/admin/builder/spi-builder-workspace/Sources/glTFSceneKit/Helper.swift:158:16: error: no 'withUnsafeBytes' candidates produce the expected contextual result type '_'
156 | }
157 | var vec2Array: [GLKVector2] {
158 | return withUnsafeBytes {
| `- error: no 'withUnsafeBytes' candidates produce the expected contextual result type '_'
159 | Array(UnsafeBufferPointer<GLKVector2>(start: $0, count: self.count/MemoryLayout<GLKVector2>.size))
160 | }
Foundation.Data.withUnsafeBytes:2:13: note: 'withUnsafeBytes' produces '_', not the expected contextual result type '_'
1 | struct Data {
2 | public func withUnsafeBytes<E, ResultType>(_ body: (UnsafeRawBufferPointer) throws(E) -> ResultType) throws(E) -> ResultType where E : Error, ResultType : ~Copyable}
| |- note: 'withUnsafeBytes' produces '_', not the expected contextual result type '_'
| `- note: 'withUnsafeBytes' produces 'ResultType', not the expected contextual result type '_'
3 |
Foundation.Data.withUnsafeBytes:3:15: note: 'withUnsafeBytes' produces '_', not the expected contextual result type '_'
1 | struct Data {
2 | @available(swift, deprecated: 5, message: "use `withUnsafeBytes<R>(_: (UnsafeRawBufferPointer) throws -> R) rethrows -> R` instead")
3 | public func withUnsafeBytes<ResultType, ContentType>(_ body: (UnsafePointer<ContentType>) throws -> ResultType) rethrows -> ResultType}
| |- note: 'withUnsafeBytes' produces '_', not the expected contextual result type '_'
| `- note: 'withUnsafeBytes' produces 'ResultType', not the expected contextual result type '_'
4 |
/Users/admin/builder/spi-builder-workspace/Sources/glTFSceneKit/Helper.swift:164:93: error: cannot find type 'GLKVector3' in scope
162 | var vec3Array: [GLKVector3] {
163 | return withUnsafeBytes {
164 | Array(UnsafeBufferPointer<GLKVector3>(start: $0, count: self.count/MemoryLayout<GLKVector3>.size))
| `- error: cannot find type 'GLKVector3' in scope
165 | }
166 | }
/Users/admin/builder/spi-builder-workspace/Sources/glTFSceneKit/Helper.swift:164:39: error: cannot find type 'GLKVector3' in scope
162 | var vec3Array: [GLKVector3] {
163 | return withUnsafeBytes {
164 | Array(UnsafeBufferPointer<GLKVector3>(start: $0, count: self.count/MemoryLayout<GLKVector3>.size))
| `- error: cannot find type 'GLKVector3' in scope
165 | }
166 | }
/Users/admin/builder/spi-builder-workspace/Sources/glTFSceneKit/Helper.swift:163:16: error: no 'withUnsafeBytes' candidates produce the expected contextual result type '_'
161 | }
162 | var vec3Array: [GLKVector3] {
163 | return withUnsafeBytes {
| `- error: no 'withUnsafeBytes' candidates produce the expected contextual result type '_'
164 | Array(UnsafeBufferPointer<GLKVector3>(start: $0, count: self.count/MemoryLayout<GLKVector3>.size))
165 | }
Foundation.Data.withUnsafeBytes:2:13: note: 'withUnsafeBytes' produces '_', not the expected contextual result type '_'
1 | struct Data {
2 | public func withUnsafeBytes<E, ResultType>(_ body: (UnsafeRawBufferPointer) throws(E) -> ResultType) throws(E) -> ResultType where E : Error, ResultType : ~Copyable}
| |- note: 'withUnsafeBytes' produces '_', not the expected contextual result type '_'
| `- note: 'withUnsafeBytes' produces 'ResultType', not the expected contextual result type '_'
3 |
Foundation.Data.withUnsafeBytes:3:15: note: 'withUnsafeBytes' produces '_', not the expected contextual result type '_'
1 | struct Data {
2 | @available(swift, deprecated: 5, message: "use `withUnsafeBytes<R>(_: (UnsafeRawBufferPointer) throws -> R) rethrows -> R` instead")
3 | public func withUnsafeBytes<ResultType, ContentType>(_ body: (UnsafePointer<ContentType>) throws -> ResultType) rethrows -> ResultType}
| |- note: 'withUnsafeBytes' produces '_', not the expected contextual result type '_'
| `- note: 'withUnsafeBytes' produces 'ResultType', not the expected contextual result type '_'
4 |
/Users/admin/builder/spi-builder-workspace/Sources/glTFSceneKit/Helper.swift:169:93: error: cannot find type 'GLKVector4' in scope
167 | var vec4Array: [GLKVector4] {
168 | return withUnsafeBytes {
169 | Array(UnsafeBufferPointer<GLKVector4>(start: $0, count: self.count/MemoryLayout<GLKVector4>.size))
| `- error: cannot find type 'GLKVector4' in scope
170 | }
171 | }
/Users/admin/builder/spi-builder-workspace/Sources/glTFSceneKit/Helper.swift:169:39: error: cannot find type 'GLKVector4' in scope
167 | var vec4Array: [GLKVector4] {
168 | return withUnsafeBytes {
169 | Array(UnsafeBufferPointer<GLKVector4>(start: $0, count: self.count/MemoryLayout<GLKVector4>.size))
| `- error: cannot find type 'GLKVector4' in scope
170 | }
171 | }
/Users/admin/builder/spi-builder-workspace/Sources/glTFSceneKit/Helper.swift:168:16: error: no 'withUnsafeBytes' candidates produce the expected contextual result type '_'
166 | }
167 | var vec4Array: [GLKVector4] {
168 | return withUnsafeBytes {
| `- error: no 'withUnsafeBytes' candidates produce the expected contextual result type '_'
169 | Array(UnsafeBufferPointer<GLKVector4>(start: $0, count: self.count/MemoryLayout<GLKVector4>.size))
170 | }
Foundation.Data.withUnsafeBytes:2:13: note: 'withUnsafeBytes' produces '_', not the expected contextual result type '_'
1 | struct Data {
2 | public func withUnsafeBytes<E, ResultType>(_ body: (UnsafeRawBufferPointer) throws(E) -> ResultType) throws(E) -> ResultType where E : Error, ResultType : ~Copyable}
| |- note: 'withUnsafeBytes' produces '_', not the expected contextual result type '_'
| `- note: 'withUnsafeBytes' produces 'ResultType', not the expected contextual result type '_'
3 |
Foundation.Data.withUnsafeBytes:3:15: note: 'withUnsafeBytes' produces '_', not the expected contextual result type '_'
1 | struct Data {
2 | @available(swift, deprecated: 5, message: "use `withUnsafeBytes<R>(_: (UnsafeRawBufferPointer) throws -> R) rethrows -> R` instead")
3 | public func withUnsafeBytes<ResultType, ContentType>(_ body: (UnsafePointer<ContentType>) throws -> ResultType) rethrows -> ResultType}
| |- note: 'withUnsafeBytes' produces '_', not the expected contextual result type '_'
| `- note: 'withUnsafeBytes' produces 'ResultType', not the expected contextual result type '_'
4 |
/Users/admin/builder/spi-builder-workspace/Sources/glTFSceneKit/Helper.swift:174:93: error: cannot find type 'GLKMatrix4' in scope
172 | var mat4Array: [GLKMatrix4] {
173 | return withUnsafeBytes {
174 | Array(UnsafeBufferPointer<GLKMatrix4>(start: $0, count: self.count/MemoryLayout<GLKMatrix4>.size))
| `- error: cannot find type 'GLKMatrix4' in scope
175 | }
176 | }
/Users/admin/builder/spi-builder-workspace/Sources/glTFSceneKit/Helper.swift:174:39: error: cannot find type 'GLKMatrix4' in scope
172 | var mat4Array: [GLKMatrix4] {
173 | return withUnsafeBytes {
174 | Array(UnsafeBufferPointer<GLKMatrix4>(start: $0, count: self.count/MemoryLayout<GLKMatrix4>.size))
| `- error: cannot find type 'GLKMatrix4' in scope
175 | }
176 | }
/Users/admin/builder/spi-builder-workspace/Sources/glTFSceneKit/Helper.swift:173:16: error: no 'withUnsafeBytes' candidates produce the expected contextual result type '_'
171 | }
172 | var mat4Array: [GLKMatrix4] {
173 | return withUnsafeBytes {
| `- error: no 'withUnsafeBytes' candidates produce the expected contextual result type '_'
174 | Array(UnsafeBufferPointer<GLKMatrix4>(start: $0, count: self.count/MemoryLayout<GLKMatrix4>.size))
175 | }
Foundation.Data.withUnsafeBytes:2:13: note: 'withUnsafeBytes' produces '_', not the expected contextual result type '_'
1 | struct Data {
2 | public func withUnsafeBytes<E, ResultType>(_ body: (UnsafeRawBufferPointer) throws(E) -> ResultType) throws(E) -> ResultType where E : Error, ResultType : ~Copyable}
| |- note: 'withUnsafeBytes' produces '_', not the expected contextual result type '_'
| `- note: 'withUnsafeBytes' produces 'ResultType', not the expected contextual result type '_'
3 |
Foundation.Data.withUnsafeBytes:3:15: note: 'withUnsafeBytes' produces '_', not the expected contextual result type '_'
1 | struct Data {
2 | @available(swift, deprecated: 5, message: "use `withUnsafeBytes<R>(_: (UnsafeRawBufferPointer) throws -> R) rethrows -> R` instead")
3 | public func withUnsafeBytes<ResultType, ContentType>(_ body: (UnsafePointer<ContentType>) throws -> ResultType) rethrows -> ResultType}
| |- note: 'withUnsafeBytes' produces '_', not the expected contextual result type '_'
| `- note: 'withUnsafeBytes' produces 'ResultType', not the expected contextual result type '_'
4 |
/Users/admin/builder/spi-builder-workspace/Sources/glTFSceneKit/TextureStorageManager.swift:132:30: error: cannot find 'MTLCreateSystemDefaultDevice' in scope
130 | gltf.loadSampler(sampler:texture.sampler, property: property)
131 |
132 | let device = MTLCreateSystemDefaultDevice()
| `- error: cannot find 'MTLCreateSystemDefaultDevice' in scope
133 | let metalOn = (gltf.renderer?.renderingAPI == .metal || device != nil)
134 |
/Users/admin/builder/spi-builder-workspace/Sources/glTFSceneKit/GLTF+Resources.swift:24:58: error: cannot find type 'OSImage' in scope
22 | func load(gltf: GLTF, resources: Set<GLTFBuffer>, completionHandler: @escaping (Error?) -> Void )
23 |
24 | func load(gltf: GLTF, resource: GLTFImage) throws -> OSImage?
| `- error: cannot find type 'OSImage' in scope
25 | func load(gltf: GLTF, resource: GLTFImage, completionHandler: @escaping (GLTFImage, Error?) -> Void )
26 |
SwiftCompile normal arm64_32 /Users/admin/builder/spi-builder-workspace/Sources/glTFSceneKit/GLTF_3D4MCompressedTextureExtension.swift (in target 'glTFSceneKit' from project 'glTFSceneKit')
cd /Users/admin/builder/spi-builder-workspace/.swiftpm/xcode
builtin-SwiftPerFileCompile GLTF_3D4MCompressedTextureExtension.swift
SwiftCompile normal arm64_32 /Users/admin/builder/spi-builder-workspace/Sources/glTFSceneKit/Helper.swift (in target 'glTFSceneKit' from project 'glTFSceneKit')
cd /Users/admin/builder/spi-builder-workspace/.swiftpm/xcode
builtin-SwiftPerFileCompile Helper.swift
SwiftCompile normal arm64_32 /Users/admin/builder/spi-builder-workspace/Sources/glTFSceneKit/TextureStorageManager.swift (in target 'glTFSceneKit' from project 'glTFSceneKit')
cd /Users/admin/builder/spi-builder-workspace/.swiftpm/xcode
builtin-SwiftPerFileCompile TextureStorageManager.swift
SwiftCompile normal arm64_32 Compiling\ GLTFSkin.swift,\ GLTFTexture.swift,\ GLTFTextureInfo.swift,\ JSONCodingKeys.swift /Users/admin/builder/spi-builder-workspace/Sources/glTFSceneKit/GLTF/GLTFSkin.swift /Users/admin/builder/spi-builder-workspace/Sources/glTFSceneKit/GLTF/GLTFTexture.swift /Users/admin/builder/spi-builder-workspace/Sources/glTFSceneKit/GLTF/GLTFTextureInfo.swift /Users/admin/builder/spi-builder-workspace/Sources/glTFSceneKit/GLTF/JSONCodingKeys.swift (in target 'glTFSceneKit' from project 'glTFSceneKit')
SwiftCompile normal arm64_32 /Users/admin/builder/spi-builder-workspace/Sources/glTFSceneKit/GLTF/GLTFSkin.swift (in target 'glTFSceneKit' from project 'glTFSceneKit')
cd /Users/admin/builder/spi-builder-workspace/.swiftpm/xcode
builtin-SwiftPerFileCompile GLTFSkin.swift
SwiftCompile normal arm64_32 /Users/admin/builder/spi-builder-workspace/Sources/glTFSceneKit/GLTF/GLTFTexture.swift (in target 'glTFSceneKit' from project 'glTFSceneKit')
cd /Users/admin/builder/spi-builder-workspace/.swiftpm/xcode
builtin-SwiftPerFileCompile GLTFTexture.swift
SwiftCompile normal arm64_32 /Users/admin/builder/spi-builder-workspace/Sources/glTFSceneKit/GLTF/GLTFTextureInfo.swift (in target 'glTFSceneKit' from project 'glTFSceneKit')
cd /Users/admin/builder/spi-builder-workspace/.swiftpm/xcode
builtin-SwiftPerFileCompile GLTFTextureInfo.swift
SwiftCompile normal arm64_32 /Users/admin/builder/spi-builder-workspace/Sources/glTFSceneKit/GLTF/JSONCodingKeys.swift (in target 'glTFSceneKit' from project 'glTFSceneKit')
cd /Users/admin/builder/spi-builder-workspace/.swiftpm/xcode
builtin-SwiftPerFileCompile JSONCodingKeys.swift
SwiftCompile normal arm64_32 Compiling\ GLTFAccessorSparse.swift,\ GLTFAccessorSparseIndices.swift,\ GLTFAccessorSparseValues.swift,\ GLTFAnimation.swift /Users/admin/builder/spi-builder-workspace/Sources/glTFSceneKit/GLTF/GLTFAccessorSparse.swift /Users/admin/builder/spi-builder-workspace/Sources/glTFSceneKit/GLTF/GLTFAccessorSparseIndices.swift /Users/admin/builder/spi-builder-workspace/Sources/glTFSceneKit/GLTF/GLTFAccessorSparseValues.swift /Users/admin/builder/spi-builder-workspace/Sources/glTFSceneKit/GLTF/GLTFAnimation.swift (in target 'glTFSceneKit' from project 'glTFSceneKit')
SwiftCompile normal arm64_32 /Users/admin/builder/spi-builder-workspace/Sources/glTFSceneKit/GLTF/GLTFAccessorSparse.swift (in target 'glTFSceneKit' from project 'glTFSceneKit')
cd /Users/admin/builder/spi-builder-workspace/.swiftpm/xcode
builtin-SwiftPerFileCompile GLTFAccessorSparse.swift
SwiftCompile normal arm64_32 /Users/admin/builder/spi-builder-workspace/Sources/glTFSceneKit/GLTF/GLTFAccessorSparseIndices.swift (in target 'glTFSceneKit' from project 'glTFSceneKit')
cd /Users/admin/builder/spi-builder-workspace/.swiftpm/xcode
builtin-SwiftPerFileCompile GLTFAccessorSparseIndices.swift
SwiftCompile normal arm64_32 /Users/admin/builder/spi-builder-workspace/Sources/glTFSceneKit/GLTF/GLTFAccessorSparseValues.swift (in target 'glTFSceneKit' from project 'glTFSceneKit')
cd /Users/admin/builder/spi-builder-workspace/.swiftpm/xcode
builtin-SwiftPerFileCompile GLTFAccessorSparseValues.swift
SwiftCompile normal arm64_32 /Users/admin/builder/spi-builder-workspace/Sources/glTFSceneKit/GLTF/GLTFAnimation.swift (in target 'glTFSceneKit' from project 'glTFSceneKit')
cd /Users/admin/builder/spi-builder-workspace/.swiftpm/xcode
builtin-SwiftPerFileCompile GLTFAnimation.swift
SwiftCompile normal arm64_32 Compiling\ GLTFAnimationChannel.swift,\ GLTFAnimationChannelTarget.swift,\ GLTFAnimationSampler.swift,\ GLTFAsset.swift /Users/admin/builder/spi-builder-workspace/Sources/glTFSceneKit/GLTF/GLTFAnimationChannel.swift /Users/admin/builder/spi-builder-workspace/Sources/glTFSceneKit/GLTF/GLTFAnimationChannelTarget.swift /Users/admin/builder/spi-builder-workspace/Sources/glTFSceneKit/GLTF/GLTFAnimationSampler.swift /Users/admin/builder/spi-builder-workspace/Sources/glTFSceneKit/GLTF/GLTFAsset.swift (in target 'glTFSceneKit' from project 'glTFSceneKit')
SwiftCompile normal arm64_32 /Users/admin/builder/spi-builder-workspace/Sources/glTFSceneKit/GLTF/GLTFAnimationChannel.swift (in target 'glTFSceneKit' from project 'glTFSceneKit')
cd /Users/admin/builder/spi-builder-workspace/.swiftpm/xcode
builtin-SwiftPerFileCompile GLTFAnimationChannel.swift
SwiftCompile normal arm64_32 /Users/admin/builder/spi-builder-workspace/Sources/glTFSceneKit/GLTF/GLTFAnimationChannelTarget.swift (in target 'glTFSceneKit' from project 'glTFSceneKit')
cd /Users/admin/builder/spi-builder-workspace/.swiftpm/xcode
builtin-SwiftPerFileCompile GLTFAnimationChannelTarget.swift
SwiftCompile normal arm64_32 /Users/admin/builder/spi-builder-workspace/Sources/glTFSceneKit/GLTF/GLTFAnimationSampler.swift (in target 'glTFSceneKit' from project 'glTFSceneKit')
cd /Users/admin/builder/spi-builder-workspace/.swiftpm/xcode
builtin-SwiftPerFileCompile GLTFAnimationSampler.swift
SwiftCompile normal arm64_32 /Users/admin/builder/spi-builder-workspace/Sources/glTFSceneKit/GLTF/GLTFAsset.swift (in target 'glTFSceneKit' from project 'glTFSceneKit')
cd /Users/admin/builder/spi-builder-workspace/.swiftpm/xcode
builtin-SwiftPerFileCompile GLTFAsset.swift
SwiftEmitModule normal arm64 Emitting\ module\ for\ glTFSceneKit (in target 'glTFSceneKit' from project 'glTFSceneKit')
SwiftCompile normal arm64 (in target 'glTFSceneKit' from project 'glTFSceneKit')
cd /Users/admin/builder/spi-builder-workspace/.swiftpm/xcode
PruneExplicitPrecompiledModules /Users/admin/builder/spi-builder-workspace/.derivedData/SDKExplicitPrecompiledModules
PruneExplicitPrecompiledModules /Users/admin/builder/spi-builder-workspace/.derivedData/Build/Intermediates.noindex/ExplicitPrecompiledModules
PruneExplicitPrecompiledModules /Users/admin/builder/spi-builder-workspace/.derivedData/Build/Intermediates.noindex/SwiftExplicitPrecompiledModules
2026-09-21 00:40:59.540 xcodebuild[701:4400] [MT] IDERunDestination: Supported platforms for the buildables in the current scheme is empty.
** BUILD FAILED **
The following build commands failed:
SwiftCompile normal arm64_32 (in target 'glTFSceneKit' from project 'glTFSceneKit')
SwiftEmitModule normal arm64_32 Emitting\ module\ for\ glTFSceneKit (in target 'glTFSceneKit' from project 'glTFSceneKit')
Building workspace glTFSceneKit with scheme glTFSceneKit
(3 failures)
Command line invocation:
/Applications/Xcode-27.0.0-Release.Candidate.app/Contents/Developer/usr/bin/xcodebuild -IDEClonedSourcePackagesDirPathOverride=/Users/admin/builder/spi-builder-workspace/.dependencies -resolvePackageDependencies
Resolve Package Graph
ignoring declared target(s) 'Draco' in the system packagedependency 'dracoswiftpackage' is not used by any target
Resolved source packages:
glTFSceneKit: /Users/admin/builder/spi-builder-workspace
Draco: https://github.com/3d4medical/DracoSwiftPackage.git @ 0.0.9
resolved source packages: glTFSceneKit, Draco
2026-09-21 00:41:04.615 xcodebuild[735:4665] [MT] IDERunDestination: Supported platforms for the buildables in the current scheme is empty.
{
"dependencies" : [
{
"identity" : "dracoswiftpackage",
"requirement" : {
"range" : [
{
"lower_bound" : "0.0.7",
"upper_bound" : "1.0.0"
}
]
},
"type" : "sourceControl",
"url" : "https://github.com/3d4medical/DracoSwiftPackage.git"
}
],
"manifest_display_name" : "glTFSceneKit",
"name" : "glTFSceneKit",
"path" : "/Users/admin/builder/spi-builder-workspace",
"platforms" : [
],
"products" : [
{
"name" : "glTFSceneKit",
"targets" : [
"glTFSceneKit"
],
"type" : {
"library" : [
"automatic"
]
}
}
],
"targets" : [
{
"c99name" : "glTFSceneKitTests",
"module_type" : "SwiftTarget",
"name" : "glTFSceneKitTests",
"path" : "Tests/glTFSceneKitTests",
"sources" : [
"gltf_scenekitTests.swift"
],
"target_dependencies" : [
"glTFSceneKit"
],
"type" : "test"
},
{
"c99name" : "glTFSceneKit",
"module_type" : "SwiftTarget",
"name" : "glTFSceneKit",
"path" : "Sources/glTFSceneKit",
"product_memberships" : [
"glTFSceneKit"
],
"sources" : [
"GLTF+Animation.swift",
"GLTF+CompressedTexture.swift",
"GLTF+Draco.swift",
"GLTF+Material.swift",
"GLTF+Resources.swift",
"GLTF+SceneKit.swift",
"GLTF/GLTF.swift",
"GLTF/GLTFAccessor.swift",
"GLTF/GLTFAccessorSparse.swift",
"GLTF/GLTFAccessorSparseIndices.swift",
"GLTF/GLTFAccessorSparseValues.swift",
"GLTF/GLTFAnimation.swift",
"GLTF/GLTFAnimationChannel.swift",
"GLTF/GLTFAnimationChannelTarget.swift",
"GLTF/GLTFAnimationSampler.swift",
"GLTF/GLTFAsset.swift",
"GLTF/GLTFBuffer.swift",
"GLTF/GLTFBufferView.swift",
"GLTF/GLTFCamera.swift",
"GLTF/GLTFCameraOrthographic.swift",
"GLTF/GLTFCameraPerspective.swift",
"GLTF/GLTFImage.swift",
"GLTF/GLTFKHRDracoMeshCompressionExtension.swift",
"GLTF/GLTFMaterial.swift",
"GLTF/GLTFMaterialNormalTextureInfo.swift",
"GLTF/GLTFMaterialOcclusionTextureInfo.swift",
"GLTF/GLTFMaterialPBRMetallicRoughness.swift",
"GLTF/GLTFMesh.swift",
"GLTF/GLTFMeshPrimitive.swift",
"GLTF/GLTFNode.swift",
"GLTF/GLTFSampler.swift",
"GLTF/GLTFScene.swift",
"GLTF/GLTFSkin.swift",
"GLTF/GLTFTexture.swift",
"GLTF/GLTFTextureInfo.swift",
"GLTF/JSONCodingKeys.swift",
"GLTF_3D4MCompressedTextureExtension.swift",
"Helper.swift",
"TextureStorageManager.swift"
],
"type" : "library"
}
],
"tools_version" : "4.0"
}
{
"workspace" : {
"name" : "glTFSceneKit",
"schemes" : [
"glTFSceneKit"
]
}
}
2026-09-21 00:41:05.842 xcodebuild[743:4738] [MT] IDERunDestination: Supported platforms for the buildables in the current scheme is empty.
Running build ...
env DEVELOPER_DIR=/Applications/Xcode-27.0.0-Release.Candidate.app xcrun xcodebuild -IDEClonedSourcePackagesDirPathOverride=$PWD/.dependencies -skipMacroValidation -skipPackagePluginValidation -derivedDataPath $PWD/.derivedData build -scheme glTFSceneKit -destination generic/platform=watchOS
Command line invocation:
/Applications/Xcode-27.0.0-Release.Candidate.app/Contents/Developer/usr/bin/xcodebuild -IDEClonedSourcePackagesDirPathOverride=/Users/admin/builder/spi-builder-workspace/.dependencies -skipMacroValidation -skipPackagePluginValidation -derivedDataPath /Users/admin/builder/spi-builder-workspace/.derivedData build -scheme glTFSceneKit -destination generic/platform=watchOS
Resolve Package Graph
ignoring declared target(s) 'Draco' in the system packagedependency 'dracoswiftpackage' is not used by any target
Resolved source packages:
Draco: https://github.com/3d4medical/DracoSwiftPackage.git @ 0.0.9
glTFSceneKit: /Users/admin/builder/spi-builder-workspace
ComputePackagePrebuildTargetDependencyGraph
Prepare packages
CreateBuildRequest
SendProjectDescription
CreateBuildOperation
ComputeTargetDependencyGraph
note: Building targets in dependency order
note: Target dependency graph (3 targets)
Target 'glTFSceneKit-product' in project 'glTFSceneKit'
➜ Explicit dependency on target 'glTFSceneKit' in project 'glTFSceneKit'
Target 'glTFSceneKit' in project 'glTFSceneKit'
➜ Explicit dependency on target 'Draco' in project 'Draco'
Target 'Draco' in project 'Draco' (no dependencies)
GatherProvisioningInputs
CreateBuildDescription
ClangStatCache /Applications/Xcode-27.0.0-Release.Candidate.app/Contents/Developer/Toolchains/XcodeDefault.xctoolchain/usr/bin/clang-stat-cache /Applications/Xcode-27.0.0-Release.Candidate.app/Contents/Developer/Platforms/WatchOS.platform/Developer/SDKs/WatchOS27.0.sdk /Users/admin/builder/spi-builder-workspace/.derivedData/SDKStatCaches.noindex/watchos27.0-24R360-e829b21a6f8c9b70876ba0858053c04477534ef55a1706bf4c1112bbb242f0a2.sdkstatcache
cd /Users/admin/builder/spi-builder-workspace/.swiftpm/xcode
/Applications/Xcode-27.0.0-Release.Candidate.app/Contents/Developer/Toolchains/XcodeDefault.xctoolchain/usr/bin/clang-stat-cache /Applications/Xcode-27.0.0-Release.Candidate.app/Contents/Developer/Platforms/WatchOS.platform/Developer/SDKs/WatchOS27.0.sdk -o /Users/admin/builder/spi-builder-workspace/.derivedData/SDKStatCaches.noindex/watchos27.0-24R360-e829b21a6f8c9b70876ba0858053c04477534ef55a1706bf4c1112bbb242f0a2.sdkstatcache
SwiftDriver glTFSceneKit normal arm64 com.apple.xcode.tools.swift.compiler (in target 'glTFSceneKit' from project 'glTFSceneKit')
cd /Users/admin/builder/spi-builder-workspace/.swiftpm/xcode
builtin-SwiftDriver -- /Applications/Xcode-27.0.0-Release.Candidate.app/Contents/Developer/Toolchains/XcodeDefault.xctoolchain/usr/bin/swiftc -parse-as-library -module-name glTFSceneKit -Onone @/Users/admin/builder/spi-builder-workspace/.derivedData/Build/Intermediates.noindex/glTFSceneKit.build/Debug-watchos/glTFSceneKit-t.build/Objects-normal/arm64/glTFSceneKit.SwiftFileList -DSWIFT_PACKAGE -DDEBUG -DSWIFT_MODULE_RESOURCE_BUNDLE_UNAVAILABLE -Xcc -fmodule-map-file\=/Users/admin/builder/spi-builder-workspace/.dependencies/checkouts/DracoSwiftPackage/module.modulemap -DXcode -plugin-path /Applications/Xcode-27.0.0-Release.Candidate.app/Contents/Developer/Toolchains/XcodeDefault.xctoolchain/usr/lib/swift/host/plugins/testing -enable-experimental-feature DebugDescriptionMacro -sdk /Applications/Xcode-27.0.0-Release.Candidate.app/Contents/Developer/Platforms/WatchOS.platform/Developer/SDKs/WatchOS27.0.sdk -target arm64-apple-watchos9.0 -g -module-cache-path /Users/admin/builder/spi-builder-workspace/.derivedData/ModuleCache.noindex -Xfrontend -serialize-debugging-options -profile-coverage-mapping -profile-generate -enable-testing -index-store-path /Users/admin/builder/spi-builder-workspace/.derivedData/Index.noindex/DataStore -Xcc -D_LIBCPP_HARDENING_MODE\=_LIBCPP_HARDENING_MODE_DEBUG -swift-version 4 -I /Users/admin/builder/spi-builder-workspace/.derivedData/Build/Products/Debug-watchos -Isystem /Applications/Xcode-27.0.0-Release.Candidate.app/Contents/Developer/Platforms/WatchOS.platform/Developer/usr/lib -F /Users/admin/builder/spi-builder-workspace/.derivedData/Build/Products/Debug-watchos -F /Applications/Xcode-27.0.0-Release.Candidate.app/Contents/Developer/Platforms/WatchOS.platform/Developer/Library/Frameworks -F /Applications/Xcode-27.0.0-Release.Candidate.app/Contents/Developer/Platforms/WatchOS.platform/Developer/SDKs/WatchOS27.0.sdk/Developer/Library/Frameworks -c -j10 -enable-batch-mode -incremental -Xcc -ivfsstatcache -Xcc /Users/admin/builder/spi-builder-workspace/.derivedData/SDKStatCaches.noindex/watchos27.0-24R360-e829b21a6f8c9b70876ba0858053c04477534ef55a1706bf4c1112bbb242f0a2.sdkstatcache -output-file-map /Users/admin/builder/spi-builder-workspace/.derivedData/Build/Intermediates.noindex/glTFSceneKit.build/Debug-watchos/glTFSceneKit-t.build/Objects-normal/arm64/glTFSceneKit-OutputFileMap.json -save-temps -no-color-diagnostics -emit-dependencies -emit-module -emit-module-path /Users/admin/builder/spi-builder-workspace/.derivedData/Build/Intermediates.noindex/glTFSceneKit.build/Debug-watchos/glTFSceneKit-t.build/Objects-normal/arm64/glTFSceneKit.swiftmodule -serialize-diagnostics -validate-clang-modules-once -clang-build-session-file /Users/admin/builder/spi-builder-workspace/.derivedData/ModuleCache.noindex/Session.modulevalidation -Xcc -fmodules-prune-interval\=86400 -Xcc -fmodules-prune-after\=345600 -emit-const-values -const-gather-protocols-list /Users/admin/builder/spi-builder-workspace/.derivedData/Build/Intermediates.noindex/glTFSceneKit.build/Debug-watchos/glTFSceneKit-t.build/Objects-normal/arm64/glTFSceneKit_const_extract_protocols.json -Xcc -I/Users/admin/builder/spi-builder-workspace/.derivedData/Build/Products/Debug-watchos/include -Xcc -I/Users/admin/builder/spi-builder-workspace/.derivedData/Build/Intermediates.noindex/glTFSceneKit.build/Debug-watchos/glTFSceneKit-t.build/DerivedSources-normal/arm64 -Xcc -I/Users/admin/builder/spi-builder-workspace/.derivedData/Build/Intermediates.noindex/glTFSceneKit.build/Debug-watchos/glTFSceneKit-t.build/DerivedSources/arm64 -Xcc -I/Users/admin/builder/spi-builder-workspace/.derivedData/Build/Intermediates.noindex/glTFSceneKit.build/Debug-watchos/glTFSceneKit-t.build/DerivedSources -Xcc -DSWIFT_PACKAGE -Xcc -DDEBUG\=1 -emit-objc-header -emit-objc-header-path /Users/admin/builder/spi-builder-workspace/.derivedData/Build/Intermediates.noindex/glTFSceneKit.build/Debug-watchos/glTFSceneKit-t.build/Objects-normal/arm64/glTFSceneKit-Swift.h -working-directory /Users/admin/builder/spi-builder-workspace/.swiftpm/xcode -experimental-emit-module-separately -disable-cmo
SwiftDriver glTFSceneKit normal arm64_32 com.apple.xcode.tools.swift.compiler (in target 'glTFSceneKit' from project 'glTFSceneKit')
cd /Users/admin/builder/spi-builder-workspace/.swiftpm/xcode
builtin-SwiftDriver -- /Applications/Xcode-27.0.0-Release.Candidate.app/Contents/Developer/Toolchains/XcodeDefault.xctoolchain/usr/bin/swiftc -parse-as-library -module-name glTFSceneKit -Onone @/Users/admin/builder/spi-builder-workspace/.derivedData/Build/Intermediates.noindex/glTFSceneKit.build/Debug-watchos/glTFSceneKit-t.build/Objects-normal/arm64_32/glTFSceneKit.SwiftFileList -DSWIFT_PACKAGE -DDEBUG -DSWIFT_MODULE_RESOURCE_BUNDLE_UNAVAILABLE -Xcc -fmodule-map-file\=/Users/admin/builder/spi-builder-workspace/.dependencies/checkouts/DracoSwiftPackage/module.modulemap -DXcode -plugin-path /Applications/Xcode-27.0.0-Release.Candidate.app/Contents/Developer/Toolchains/XcodeDefault.xctoolchain/usr/lib/swift/host/plugins/testing -enable-experimental-feature DebugDescriptionMacro -sdk /Applications/Xcode-27.0.0-Release.Candidate.app/Contents/Developer/Platforms/WatchOS.platform/Developer/SDKs/WatchOS27.0.sdk -target arm64_32-apple-watchos9.0 -g -module-cache-path /Users/admin/builder/spi-builder-workspace/.derivedData/ModuleCache.noindex -Xfrontend -serialize-debugging-options -profile-coverage-mapping -profile-generate -enable-testing -index-store-path /Users/admin/builder/spi-builder-workspace/.derivedData/Index.noindex/DataStore -Xcc -D_LIBCPP_HARDENING_MODE\=_LIBCPP_HARDENING_MODE_DEBUG -swift-version 4 -I /Users/admin/builder/spi-builder-workspace/.derivedData/Build/Products/Debug-watchos -Isystem /Applications/Xcode-27.0.0-Release.Candidate.app/Contents/Developer/Platforms/WatchOS.platform/Developer/usr/lib -F /Users/admin/builder/spi-builder-workspace/.derivedData/Build/Products/Debug-watchos -F /Applications/Xcode-27.0.0-Release.Candidate.app/Contents/Developer/Platforms/WatchOS.platform/Developer/Library/Frameworks -F /Applications/Xcode-27.0.0-Release.Candidate.app/Contents/Developer/Platforms/WatchOS.platform/Developer/SDKs/WatchOS27.0.sdk/Developer/Library/Frameworks -c -j10 -enable-batch-mode -incremental -Xcc -ivfsstatcache -Xcc /Users/admin/builder/spi-builder-workspace/.derivedData/SDKStatCaches.noindex/watchos27.0-24R360-e829b21a6f8c9b70876ba0858053c04477534ef55a1706bf4c1112bbb242f0a2.sdkstatcache -output-file-map /Users/admin/builder/spi-builder-workspace/.derivedData/Build/Intermediates.noindex/glTFSceneKit.build/Debug-watchos/glTFSceneKit-t.build/Objects-normal/arm64_32/glTFSceneKit-OutputFileMap.json -save-temps -no-color-diagnostics -emit-dependencies -emit-module -emit-module-path /Users/admin/builder/spi-builder-workspace/.derivedData/Build/Intermediates.noindex/glTFSceneKit.build/Debug-watchos/glTFSceneKit-t.build/Objects-normal/arm64_32/glTFSceneKit.swiftmodule -serialize-diagnostics -validate-clang-modules-once -clang-build-session-file /Users/admin/builder/spi-builder-workspace/.derivedData/ModuleCache.noindex/Session.modulevalidation -Xcc -fmodules-prune-interval\=86400 -Xcc -fmodules-prune-after\=345600 -emit-const-values -const-gather-protocols-list /Users/admin/builder/spi-builder-workspace/.derivedData/Build/Intermediates.noindex/glTFSceneKit.build/Debug-watchos/glTFSceneKit-t.build/Objects-normal/arm64_32/glTFSceneKit_const_extract_protocols.json -Xcc -I/Users/admin/builder/spi-builder-workspace/.derivedData/Build/Products/Debug-watchos/include -Xcc -I/Users/admin/builder/spi-builder-workspace/.derivedData/Build/Intermediates.noindex/glTFSceneKit.build/Debug-watchos/glTFSceneKit-t.build/DerivedSources-normal/arm64_32 -Xcc -I/Users/admin/builder/spi-builder-workspace/.derivedData/Build/Intermediates.noindex/glTFSceneKit.build/Debug-watchos/glTFSceneKit-t.build/DerivedSources/arm64_32 -Xcc -I/Users/admin/builder/spi-builder-workspace/.derivedData/Build/Intermediates.noindex/glTFSceneKit.build/Debug-watchos/glTFSceneKit-t.build/DerivedSources -Xcc -DSWIFT_PACKAGE -Xcc -DDEBUG\=1 -emit-objc-header -emit-objc-header-path /Users/admin/builder/spi-builder-workspace/.derivedData/Build/Intermediates.noindex/glTFSceneKit.build/Debug-watchos/glTFSceneKit-t.build/Objects-normal/arm64_32/glTFSceneKit-Swift.h -working-directory /Users/admin/builder/spi-builder-workspace/.swiftpm/xcode -experimental-emit-module-separately -disable-cmo
SwiftEmitModule normal arm64_32 Emitting\ module\ for\ glTFSceneKit (in target 'glTFSceneKit' from project 'glTFSceneKit')
/Users/admin/builder/spi-builder-workspace/Sources/glTFSceneKit/GLTF+CompressedTexture.swift:91:156: error: cannot find type 'MTLTexture' in scope
89 | }
90 |
91 | fileprivate func _createMetalTexture( _ width:Int, _ height:Int, _ pixelFormat:MTLPixelFormat, _ mipmaps:[Data], _ bppBlock:(Int, Int)->Int) throws -> MTLTexture {
| `- error: cannot find type 'MTLTexture' in scope
92 | var width = width
93 | var height = height
/Users/admin/builder/spi-builder-workspace/Sources/glTFSceneKit/GLTF+CompressedTexture.swift:91:84: error: cannot find type 'MTLPixelFormat' in scope
89 | }
90 |
91 | fileprivate func _createMetalTexture( _ width:Int, _ height:Int, _ pixelFormat:MTLPixelFormat, _ mipmaps:[Data], _ bppBlock:(Int, Int)->Int) throws -> MTLTexture {
| `- error: cannot find type 'MTLPixelFormat' in scope
92 | var width = width
93 | var height = height
/Users/admin/builder/spi-builder-workspace/Sources/glTFSceneKit/GLTF+CompressedTexture.swift:141:26: error: cannot find type 'OSImage' in scope
139 | }
140 |
141 | func _compress(image:OSImage) -> Any? {
| `- error: cannot find type 'OSImage' in scope
142 | #if os(iOS) && !targetEnvironment(simulator)
143 | if #available(iOS 11.0, *) {
/Users/admin/builder/spi-builder-workspace/Sources/glTFSceneKit/GLTF+CompressedTexture.swift:165:126: error: cannot find type 'MTLPixelFormat' in scope
163 |
164 |
165 | fileprivate func _get_bpp_pixelFormat(_ compression:GLTF_3D4MCompressedTextureExtensionCompression) ->((Int, Int)->Int, MTLPixelFormat) {
| `- error: cannot find type 'MTLPixelFormat' in scope
166 | var bytesPerRow:(Int, Int)->Int = {_,_ in return 0 }
167 | var pixelFormat:MTLPixelFormat = .invalid;
/Users/admin/builder/spi-builder-workspace/Sources/glTFSceneKit/GLTF+Material.swift:93:50: error: cannot find type 'OSImage' in scope
91 |
92 | // get image by index
93 | fileprivate func image(byIndex index:Int) -> OSImage? {
| `- error: cannot find type 'OSImage' in scope
94 | if let gltf_image = self.images?[index] {
95 | if let image = try? self.loader.load(gltf:self, resource: gltf_image) {
/Users/admin/builder/spi-builder-workspace/Sources/glTFSceneKit/GLTF+Resources.swift:24:58: error: cannot find type 'OSImage' in scope
22 | func load(gltf: GLTF, resources: Set<GLTFBuffer>, completionHandler: @escaping (Error?) -> Void )
23 |
24 | func load(gltf: GLTF, resource: GLTFImage) throws -> OSImage?
| `- error: cannot find type 'OSImage' in scope
25 | func load(gltf: GLTF, resource: GLTFImage, completionHandler: @escaping (GLTFImage, Error?) -> Void )
26 |
/Users/admin/builder/spi-builder-workspace/Sources/glTFSceneKit/GLTF+Resources.swift:94:63: error: cannot find type 'OSImage' in scope
92 | }
93 |
94 | open func load(gltf: GLTF, resource: GLTFImage) throws -> OSImage? {
| `- error: cannot find type 'OSImage' in scope
95 | if resource.image == nil && resource.uri != nil {
96 | if let imageData = try loadUri(uri: resource.uri!) {
/Users/admin/builder/spi-builder-workspace/Sources/glTFSceneKit/GLTF+Resources.swift:163:22: error: cannot find type 'OSImage' in scope
161 | static var image_associate_key = "image_associate_key"
162 |
163 | public var image:OSImage? {
| `- error: cannot find type 'OSImage' in scope
164 | get { return objc_getAssociatedObject(self, &GLTFImage.image_associate_key) as? OSImage }
165 | set { objc_setAssociatedObject(self, &GLTFImage.image_associate_key, newValue, .OBJC_ASSOCIATION_RETAIN) }
/Users/admin/builder/spi-builder-workspace/Sources/glTFSceneKit/GLTF/JSONCodingKeys.swift:26:5: warning: 'public' modifier is redundant for instance method declared in a public extension
24 | public extension KeyedDecodingContainer {
25 |
26 | public func decode(_ type: Dictionary<String, Any>.Type, forKey key: K) throws -> Dictionary<String, Any> {
| `- warning: 'public' modifier is redundant for instance method declared in a public extension
27 | let container = try self.nestedContainer(keyedBy: JSONCodingKeys.self, forKey: key)
28 | return try container.decode(type)
/Users/admin/builder/spi-builder-workspace/Sources/glTFSceneKit/GLTF/JSONCodingKeys.swift:31:5: warning: 'public' modifier is redundant for instance method declared in a public extension
29 | }
30 |
31 | public func decode(_ type: Array<Any>.Type, forKey key: K) throws -> Array<Any> {
| `- warning: 'public' modifier is redundant for instance method declared in a public extension
32 | var container = try self.nestedUnkeyedContainer(forKey: key)
33 | return try container.decode(type)
/Users/admin/builder/spi-builder-workspace/Sources/glTFSceneKit/GLTF/JSONCodingKeys.swift:37:5: warning: 'public' modifier is redundant for instance method declared in a public extension
35 |
36 |
37 | public func decode(_ type: Dictionary<String, Any>.Type) throws -> Dictionary<String, Any> {
| `- warning: 'public' modifier is redundant for instance method declared in a public extension
38 | var dictionary = Dictionary<String, Any>()
39 |
/Users/admin/builder/spi-builder-workspace/Sources/glTFSceneKit/GLTF/JSONCodingKeys.swift:61:5: warning: 'public' modifier is redundant for instance method declared in a public extension
59 | public extension UnkeyedDecodingContainer {
60 |
61 | public mutating func decode(_ type: Array<Any>.Type) throws -> Array<Any> {
| `- warning: 'public' modifier is redundant for instance method declared in a public extension
62 | var array: [Any] = []
63 | while isAtEnd == false {
/Users/admin/builder/spi-builder-workspace/Sources/glTFSceneKit/GLTF/JSONCodingKeys.swift:79:5: warning: 'public' modifier is redundant for instance method declared in a public extension
77 | }
78 |
79 | public mutating func decode(_ type: Dictionary<String, Any>.Type) throws -> Dictionary<String, Any> {
| `- warning: 'public' modifier is redundant for instance method declared in a public extension
80 | let nestedContainer = try self.nestedContainer(keyedBy: JSONCodingKeys.self)
81 | return try nestedContainer.decode(type)
/Users/admin/builder/spi-builder-workspace/Sources/glTFSceneKit/GLTF/JSONCodingKeys.swift:87:5: warning: 'public' modifier is redundant for instance method declared in a public extension
85 |
86 | public extension KeyedEncodingContainerProtocol where Key == JSONCodingKeys {
87 | public mutating func encode(_ value: Dictionary<String, Any>) throws {
| `- warning: 'public' modifier is redundant for instance method declared in a public extension
88 | try value.forEach({ (key, value) in
89 | let key = JSONCodingKeys(stringValue: key)
/Users/admin/builder/spi-builder-workspace/Sources/glTFSceneKit/GLTF/JSONCodingKeys.swift:115:5: warning: 'public' modifier is redundant for instance method declared in a public extension
113 |
114 | public extension KeyedEncodingContainerProtocol {
115 | public mutating func encode(_ value: Dictionary<String, Any>?, forKey key: Key) throws {
| `- warning: 'public' modifier is redundant for instance method declared in a public extension
116 | if value != nil {
117 | var container = self.nestedContainer(keyedBy: JSONCodingKeys.self, forKey: key)
/Users/admin/builder/spi-builder-workspace/Sources/glTFSceneKit/GLTF/JSONCodingKeys.swift:122:5: warning: 'public' modifier is redundant for instance method declared in a public extension
120 | }
121 |
122 | public mutating func encode(_ value: Array<Any>?, forKey key: Key) throws {
| `- warning: 'public' modifier is redundant for instance method declared in a public extension
123 | if value != nil {
124 | var container = self.nestedUnkeyedContainer(forKey: key)
/Users/admin/builder/spi-builder-workspace/Sources/glTFSceneKit/GLTF/JSONCodingKeys.swift:131:5: warning: 'public' modifier is redundant for instance method declared in a public extension
129 |
130 | public extension UnkeyedEncodingContainer {
131 | public mutating func encode(_ value: Array<Any>) throws {
| `- warning: 'public' modifier is redundant for instance method declared in a public extension
132 | try value.enumerated().forEach({ (index, value) in
133 | switch value {
/Users/admin/builder/spi-builder-workspace/Sources/glTFSceneKit/GLTF/JSONCodingKeys.swift:157:5: warning: 'public' modifier is redundant for instance method declared in a public extension
155 | }
156 |
157 | public mutating func encode(_ value: Dictionary<String, Any>) throws {
| `- warning: 'public' modifier is redundant for instance method declared in a public extension
158 | var nestedContainer = self.nestedContainer(keyedBy: JSONCodingKeys.self)
159 | try nestedContainer.encode(value)
/Users/admin/builder/spi-builder-workspace/Sources/glTFSceneKit/Helper.swift:37:1: warning: extension declares a conformance of imported type 'String' to imported protocol 'Error'; this will not behave correctly if the owners of 'Swift' introduce this conformance in the future
35 |
36 |
37 | extension String: Error {}
| |- warning: extension declares a conformance of imported type 'String' to imported protocol 'Error'; this will not behave correctly if the owners of 'Swift' introduce this conformance in the future
| `- note: add '@retroactive' to silence this warning
38 |
39 | extension SCNMatrix4 {
/Users/admin/builder/spi-builder-workspace/Sources/glTFSceneKit/Helper.swift:157:21: error: cannot find type 'GLKVector2' in scope
155 | }
156 | }
157 | var vec2Array: [GLKVector2] {
| `- error: cannot find type 'GLKVector2' in scope
158 | return withUnsafeBytes {
159 | Array(UnsafeBufferPointer<GLKVector2>(start: $0, count: self.count/MemoryLayout<GLKVector2>.size))
/Users/admin/builder/spi-builder-workspace/Sources/glTFSceneKit/Helper.swift:162:21: error: cannot find type 'GLKVector3' in scope
160 | }
161 | }
162 | var vec3Array: [GLKVector3] {
| `- error: cannot find type 'GLKVector3' in scope
163 | return withUnsafeBytes {
164 | Array(UnsafeBufferPointer<GLKVector3>(start: $0, count: self.count/MemoryLayout<GLKVector3>.size))
/Users/admin/builder/spi-builder-workspace/Sources/glTFSceneKit/Helper.swift:167:21: error: cannot find type 'GLKVector4' in scope
165 | }
166 | }
167 | var vec4Array: [GLKVector4] {
| `- error: cannot find type 'GLKVector4' in scope
168 | return withUnsafeBytes {
169 | Array(UnsafeBufferPointer<GLKVector4>(start: $0, count: self.count/MemoryLayout<GLKVector4>.size))
/Users/admin/builder/spi-builder-workspace/Sources/glTFSceneKit/Helper.swift:172:21: error: cannot find type 'GLKMatrix4' in scope
170 | }
171 | }
172 | var mat4Array: [GLKMatrix4] {
| `- error: cannot find type 'GLKMatrix4' in scope
173 | return withUnsafeBytes {
174 | Array(UnsafeBufferPointer<GLKMatrix4>(start: $0, count: self.count/MemoryLayout<GLKMatrix4>.size))
/Users/admin/builder/spi-builder-workspace/Sources/glTFSceneKit/Helper.swift:182:11: error: cannot find type 'OSImage' in scope
180 | // https://github.com/magicien/GLTFSceneKit/blob/master/Source/Common/GLTFFunctions.swift
181 |
182 | extension OSImage {
| `- error: cannot find type 'OSImage' in scope
183 |
184 | func channels() throws -> [OSImage] {
Failed frontend command:
SwiftCompile normal arm64_32 (in target 'glTFSceneKit' from project 'glTFSceneKit')
cd /Users/admin/builder/spi-builder-workspace/.swiftpm/xcode
/Applications/Xcode-27.0.0-Release.Candidate.app/Contents/Developer/Toolchains/XcodeDefault.xctoolchain/usr/bin/swift-frontend -frontend -emit-module -experimental-skip-non-inlinable-function-bodies-without-types /Users/admin/builder/spi-builder-workspace/Sources/glTFSceneKit/GLTF+Animation.swift /Users/admin/builder/spi-builder-workspace/Sources/glTFSceneKit/GLTF+CompressedTexture.swift /Users/admin/builder/spi-builder-workspace/Sources/glTFSceneKit/GLTF+Draco.swift /Users/admin/builder/spi-builder-workspace/Sources/glTFSceneKit/GLTF+Material.swift /Users/admin/builder/spi-builder-workspace/Sources/glTFSceneKit/GLTF+Resources.swift /Users/admin/builder/spi-builder-workspace/Sources/glTFSceneKit/GLTF+SceneKit.swift /Users/admin/builder/spi-builder-workspace/Sources/glTFSceneKit/GLTF/GLTF.swift /Users/admin/builder/spi-builder-workspace/Sources/glTFSceneKit/GLTF/GLTFAccessor.swift /Users/admin/builder/spi-builder-workspace/Sources/glTFSceneKit/GLTF/GLTFAccessorSparse.swift /Users/admin/builder/spi-builder-workspace/Sources/glTFSceneKit/GLTF/GLTFAccessorSparseIndices.swift /Users/admin/builder/spi-builder-workspace/Sources/glTFSceneKit/GLTF/GLTFAccessorSparseValues.swift /Users/admin/builder/spi-builder-workspace/Sources/glTFSceneKit/GLTF/GLTFAnimation.swift /Users/admin/builder/spi-builder-workspace/Sources/glTFSceneKit/GLTF/GLTFAnimationChannel.swift /Users/admin/builder/spi-builder-workspace/Sources/glTFSceneKit/GLTF/GLTFAnimationChannelTarget.swift /Users/admin/builder/spi-builder-workspace/Sources/glTFSceneKit/GLTF/GLTFAnimationSampler.swift /Users/admin/builder/spi-builder-workspace/Sources/glTFSceneKit/GLTF/GLTFAsset.swift /Users/admin/builder/spi-builder-workspace/Sources/glTFSceneKit/GLTF/GLTFBuffer.swift /Users/admin/builder/spi-builder-workspace/Sources/glTFSceneKit/GLTF/GLTFBufferView.swift /Users/admin/builder/spi-builder-workspace/Sources/glTFSceneKit/GLTF/GLTFCamera.swift /Users/admin/builder/spi-builder-workspace/Sources/glTFSceneKit/GLTF/GLTFCameraOrthographic.swift /Users/admin/builder/spi-builder-workspace/Sources/glTFSceneKit/GLTF/GLTFCameraPerspective.swift /Users/admin/builder/spi-builder-workspace/Sources/glTFSceneKit/GLTF/GLTFImage.swift /Users/admin/builder/spi-builder-workspace/Sources/glTFSceneKit/GLTF/GLTFKHRDracoMeshCompressionExtension.swift /Users/admin/builder/spi-builder-workspace/Sources/glTFSceneKit/GLTF/GLTFMaterial.swift /Users/admin/builder/spi-builder-workspace/Sources/glTFSceneKit/GLTF/GLTFMaterialNormalTextureInfo.swift /Users/admin/builder/spi-builder-workspace/Sources/glTFSceneKit/GLTF/GLTFMaterialOcclusionTextureInfo.swift /Users/admin/builder/spi-builder-workspace/Sources/glTFSceneKit/GLTF/GLTFMaterialPBRMetallicRoughness.swift /Users/admin/builder/spi-builder-workspace/Sources/glTFSceneKit/GLTF/GLTFMesh.swift /Users/admin/builder/spi-builder-workspace/Sources/glTFSceneKit/GLTF/GLTFMeshPrimitive.swift /Users/admin/builder/spi-builder-workspace/Sources/glTFSceneKit/GLTF/GLTFNode.swift /Users/admin/builder/spi-builder-workspace/Sources/glTFSceneKit/GLTF/GLTFSampler.swift /Users/admin/builder/spi-builder-workspace/Sources/glTFSceneKit/GLTF/GLTFScene.swift /Users/admin/builder/spi-builder-workspace/Sources/glTFSceneKit/GLTF/GLTFSkin.swift /Users/admin/builder/spi-builder-workspace/Sources/glTFSceneKit/GLTF/GLTFTexture.swift /Users/admin/builder/spi-builder-workspace/Sources/glTFSceneKit/GLTF/GLTFTextureInfo.swift /Users/admin/builder/spi-builder-workspace/Sources/glTFSceneKit/GLTF/JSONCodingKeys.swift /Users/admin/builder/spi-builder-workspace/Sources/glTFSceneKit/GLTF_3D4MCompressedTextureExtension.swift /Users/admin/builder/spi-builder-workspace/Sources/glTFSceneKit/Helper.swift /Users/admin/builder/spi-builder-workspace/Sources/glTFSceneKit/TextureStorageManager.swift -target arm64_32-apple-watchos9.0 -enable-objc-interop -sdk /Applications/Xcode-27.0.0-Release.Candidate.app/Contents/Developer/Platforms/WatchOS.platform/Developer/SDKs/WatchOS27.0.sdk -I /Users/admin/builder/spi-builder-workspace/.derivedData/Build/Products/Debug-watchos -Isystem /Applications/Xcode-27.0.0-Release.Candidate.app/Contents/Developer/Platforms/WatchOS.platform/Developer/usr/lib -F /Users/admin/builder/spi-builder-workspace/.derivedData/Build/Products/Debug-watchos -F /Applications/Xcode-27.0.0-Release.Candidate.app/Contents/Developer/Platforms/WatchOS.platform/Developer/Library/Frameworks -F /Applications/Xcode-27.0.0-Release.Candidate.app/Contents/Developer/Platforms/WatchOS.platform/Developer/SDKs/WatchOS27.0.sdk/Developer/Library/Frameworks -module-cache-path /Users/admin/builder/spi-builder-workspace/.derivedData/ModuleCache.noindex -no-color-diagnostics -Xcc -fno-color-diagnostics -enable-testing -g -debug-info-format\=dwarf -dwarf-version\=4 -profile-generate -profile-coverage-mapping -swift-version 4 -Onone -D SWIFT_PACKAGE -D DEBUG -D SWIFT_MODULE_RESOURCE_BUNDLE_UNAVAILABLE -D Xcode -serialize-debugging-options -enable-experimental-feature DebugDescriptionMacro -empty-abi-descriptor -plugin-path /Applications/Xcode-27.0.0-Release.Candidate.app/Contents/Developer/Toolchains/XcodeDefault.xctoolchain/usr/lib/swift/host/plugins/testing -validate-clang-modules-once -clang-build-session-file /Users/admin/builder/spi-builder-workspace/.derivedData/ModuleCache.noindex/Session.modulevalidation -Xcc -working-directory -Xcc /Users/admin/builder/spi-builder-workspace/.swiftpm/xcode -enable-anonymous-context-mangled-names -file-compilation-dir /Users/admin/builder/spi-builder-workspace/.swiftpm/xcode -Xcc -fmodule-map-file\=/Users/admin/builder/spi-builder-workspace/.dependencies/checkouts/DracoSwiftPackage/module.modulemap -Xcc -D_LIBCPP_HARDENING_MODE\=_LIBCPP_HARDENING_MODE_DEBUG -Xcc -ivfsstatcache -Xcc /Users/admin/builder/spi-builder-workspace/.derivedData/SDKStatCaches.noindex/watchos27.0-24R360-e829b21a6f8c9b70876ba0858053c04477534ef55a1706bf4c1112bbb242f0a2.sdkstatcache -Xcc -fmodules-prune-interval\=86400 -Xcc -fmodules-prune-after\=345600 -Xcc -I/Users/admin/builder/spi-builder-workspace/.derivedData/Build/Products/Debug-watchos/include -Xcc -I/Users/admin/builder/spi-builder-workspace/.derivedData/Build/Intermediates.noindex/glTFSceneKit.build/Debug-watchos/glTFSceneKit-t.build/DerivedSources-normal/arm64_32 -Xcc -I/Users/admin/builder/spi-builder-workspace/.derivedData/Build/Intermediates.noindex/glTFSceneKit.build/Debug-watchos/glTFSceneKit-t.build/DerivedSources/arm64_32 -Xcc -I/Users/admin/builder/spi-builder-workspace/.derivedData/Build/Intermediates.noindex/glTFSceneKit.build/Debug-watchos/glTFSceneKit-t.build/DerivedSources -Xcc -DSWIFT_PACKAGE -Xcc -DDEBUG\=1 -no-auto-bridging-header-chaining -module-name glTFSceneKit -const-gather-protocols-file /Users/admin/builder/spi-builder-workspace/.derivedData/Build/Intermediates.noindex/glTFSceneKit.build/Debug-watchos/glTFSceneKit-t.build/Objects-normal/arm64_32/glTFSceneKit_const_extract_protocols.json -disable-clang-spi -target-sdk-version 27.0 -target-sdk-name watchos27.0 -external-plugin-path /Applications/Xcode-27.0.0-Release.Candidate.app/Contents/Developer/Platforms/WatchOS.platform/Developer/usr/lib/swift/host/plugins\#/Applications/Xcode-27.0.0-Release.Candidate.app/Contents/Developer/Platforms/WatchOS.platform/Developer/usr/bin/swift-plugin-server -external-plugin-path /Applications/Xcode-27.0.0-Release.Candidate.app/Contents/Developer/Platforms/WatchOS.platform/Developer/usr/local/lib/swift/host/plugins\#/Applications/Xcode-27.0.0-Release.Candidate.app/Contents/Developer/Platforms/WatchOS.platform/Developer/usr/bin/swift-plugin-server -in-process-plugin-server-path /Applications/Xcode-27.0.0-Release.Candidate.app/Contents/Developer/Toolchains/XcodeDefault.xctoolchain/usr/lib/swift/host/libSwiftInProcPluginServer.dylib -plugin-path /Applications/Xcode-27.0.0-Release.Candidate.app/Contents/Developer/Toolchains/XcodeDefault.xctoolchain/usr/lib/swift/host/plugins -plugin-path /Applications/Xcode-27.0.0-Release.Candidate.app/Contents/Developer/Toolchains/XcodeDefault.xctoolchain/usr/local/lib/swift/host/plugins -emit-module-doc-path /Users/admin/builder/spi-builder-workspace/.derivedData/Build/Intermediates.noindex/glTFSceneKit.build/Debug-watchos/glTFSceneKit-t.build/Objects-normal/arm64_32/glTFSceneKit.swiftdoc -emit-module-source-info-path /Users/admin/builder/spi-builder-workspace/.derivedData/Build/Intermediates.noindex/glTFSceneKit.build/Debug-watchos/glTFSceneKit-t.build/Objects-normal/arm64_32/glTFSceneKit.swiftsourceinfo -emit-objc-header-path /Users/admin/builder/spi-builder-workspace/.derivedData/Build/Intermediates.noindex/glTFSceneKit.build/Debug-watchos/glTFSceneKit-t.build/Objects-normal/arm64_32/glTFSceneKit-Swift.h -serialize-diagnostics-path /Users/admin/builder/spi-builder-workspace/.derivedData/Build/Intermediates.noindex/glTFSceneKit.build/Debug-watchos/glTFSceneKit-t.build/Objects-normal/arm64_32/glTFSceneKit-primary-emit-module.dia -emit-dependencies-path /Users/admin/builder/spi-builder-workspace/.derivedData/Build/Intermediates.noindex/glTFSceneKit.build/Debug-watchos/glTFSceneKit-t.build/Objects-normal/arm64_32/glTFSceneKit-primary-emit-module.d -parse-as-library -o /Users/admin/builder/spi-builder-workspace/.derivedData/Build/Intermediates.noindex/glTFSceneKit.build/Debug-watchos/glTFSceneKit-t.build/Objects-normal/arm64_32/glTFSceneKit.swiftmodule -emit-abi-descriptor-path /Users/admin/builder/spi-builder-workspace/.derivedData/Build/Intermediates.noindex/glTFSceneKit.build/Debug-watchos/glTFSceneKit-t.build/Objects-normal/arm64_32/glTFSceneKit.abi.json
SwiftCompile normal arm64_32 Compiling\ GLTF+Animation.swift,\ GLTF+CompressedTexture.swift,\ GLTF+Draco.swift,\ GLTF+Material.swift /Users/admin/builder/spi-builder-workspace/Sources/glTFSceneKit/GLTF+Animation.swift /Users/admin/builder/spi-builder-workspace/Sources/glTFSceneKit/GLTF+CompressedTexture.swift /Users/admin/builder/spi-builder-workspace/Sources/glTFSceneKit/GLTF+Draco.swift /Users/admin/builder/spi-builder-workspace/Sources/glTFSceneKit/GLTF+Material.swift (in target 'glTFSceneKit' from project 'glTFSceneKit')
/Users/admin/builder/spi-builder-workspace/Sources/glTFSceneKit/GLTF+Animation.swift:33:67: error: cannot find type 'CAAnimationGroup' in scope
31 |
32 | for node in self.cache_nodes! {
33 | let group = node?.value(forUndefinedKey: "group") as? CAAnimationGroup
| `- error: cannot find type 'CAAnimationGroup' in scope
34 | if group != nil && self.animationDuration != 0 {
35 | group?.duration = self.animationDuration
/Users/admin/builder/spi-builder-workspace/Sources/glTFSceneKit/GLTF+Animation.swift:62:27: error: cannot find type 'CAAnimation' in scope
60 | var groupDuration:Double = 0
61 |
62 | var caanimations:[CAAnimation] = [CAAnimation]()
| `- error: cannot find type 'CAAnimation' in scope
63 | if target.path == .weights {
64 | let weightPaths = node.value(forUndefinedKey: "weightPaths") as? [String]
/Applications/Xcode-27.0.0-Release.Candidate.app/Contents/Developer/Platforms/WatchOS.platform/Developer/SDKs/WatchOS27.0.sdk/System/Library/Frameworks/SceneKit.framework/Headers/SCNAnimation.h:18:1: note: interface 'CAAnimation' forward declared here
16 | @end
17 |
18 | @class CAAnimation;
| `- note: interface 'CAAnimation' forward declared here
19 |
20 | NS_ASSUME_NONNULL_BEGIN
/Users/admin/builder/spi-builder-workspace/Sources/glTFSceneKit/GLTF+Animation.swift:62:43: error: cannot find 'CAAnimation' in scope
60 | var groupDuration:Double = 0
61 |
62 | var caanimations:[CAAnimation] = [CAAnimation]()
| `- error: cannot find 'CAAnimation' in scope
63 | if target.path == .weights {
64 | let weightPaths = node.value(forUndefinedKey: "weightPaths") as? [String]
/Applications/Xcode-27.0.0-Release.Candidate.app/Contents/Developer/Platforms/WatchOS.platform/Developer/SDKs/WatchOS27.0.sdk/System/Library/Frameworks/SceneKit.framework/Headers/SCNAnimation.h:18:1: note: interface 'CAAnimation' forward declared here
16 | @end
17 |
18 | @class CAAnimation;
| `- note: interface 'CAAnimation' forward declared here
19 |
20 | NS_ASSUME_NONNULL_BEGIN
/Users/admin/builder/spi-builder-workspace/Sources/glTFSceneKit/GLTF+Animation.swift:62:42: error: cannot call value of non-function type '[Element]'
60 | var groupDuration:Double = 0
61 |
62 | var caanimations:[CAAnimation] = [CAAnimation]()
| `- error: cannot call value of non-function type '[Element]'
63 | if target.path == .weights {
64 | let weightPaths = node.value(forUndefinedKey: "weightPaths") as? [String]
/Users/admin/builder/spi-builder-workspace/Sources/glTFSceneKit/GLTF+Animation.swift:68:34: error: cannot find 'CAKeyframeAnimation' in scope
66 | groupDuration = duration
67 |
68 | var keyAnimations = [CAKeyframeAnimation]()
| `- error: cannot find 'CAKeyframeAnimation' in scope
69 | for path in weightPaths! {
70 | let animation = CAKeyframeAnimation()
/Users/admin/builder/spi-builder-workspace/Sources/glTFSceneKit/GLTF+Animation.swift:68:33: error: cannot call value of non-function type '[Element]'
66 | groupDuration = duration
67 |
68 | var keyAnimations = [CAKeyframeAnimation]()
| `- error: cannot call value of non-function type '[Element]'
69 | for path in weightPaths! {
70 | let animation = CAKeyframeAnimation()
/Users/admin/builder/spi-builder-workspace/Sources/glTFSceneKit/GLTF+Animation.swift:70:33: error: cannot find 'CAKeyframeAnimation' in scope
68 | var keyAnimations = [CAKeyframeAnimation]()
69 | for path in weightPaths! {
70 | let animation = CAKeyframeAnimation()
| `- error: cannot find 'CAKeyframeAnimation' in scope
71 | animation.keyPath = path
72 | animation.keyTimes = keyTimes
/Users/admin/builder/spi-builder-workspace/Sources/glTFSceneKit/GLTF+Animation.swift:97:37: error: cannot find 'CAKeyframeAnimation' in scope
95 |
96 | } else {
97 | let keyFrameAnimation = CAKeyframeAnimation()
| `- error: cannot find 'CAKeyframeAnimation' in scope
98 |
99 | self.animationDuration = max(self.animationDuration, duration)
/Users/admin/builder/spi-builder-workspace/Sources/glTFSceneKit/GLTF+Animation.swift:104:46: error: cannot infer contextual base in reference to member 'infinity'
102 | keyFrameAnimation.keyTimes = keyTimes
103 | keyFrameAnimation.values = values_
104 | keyFrameAnimation.repeatCount = .infinity
| `- error: cannot infer contextual base in reference to member 'infinity'
105 | keyFrameAnimation.duration = duration
106 |
/Users/admin/builder/spi-builder-workspace/Sources/glTFSceneKit/GLTF+Animation.swift:112:84: error: cannot find 'CAAnimationGroup' in scope
110 | }
111 |
112 | let group = (node.value(forUndefinedKey: "group") as? CAAnimationGroup) ?? CAAnimationGroup()
| `- error: cannot find 'CAAnimationGroup' in scope
113 | node.setValue(group, forUndefinedKey: "group")
114 | var animations = group.animations ?? []
/Users/admin/builder/spi-builder-workspace/Sources/glTFSceneKit/GLTF+Animation.swift:112:63: error: cannot find type 'CAAnimationGroup' in scope
110 | }
111 |
112 | let group = (node.value(forUndefinedKey: "group") as? CAAnimationGroup) ?? CAAnimationGroup()
| `- error: cannot find type 'CAAnimationGroup' in scope
113 | node.setValue(group, forUndefinedKey: "group")
114 | var animations = group.animations ?? []
/Users/admin/builder/spi-builder-workspace/Sources/glTFSceneKit/GLTF+Animation.swift:118:30: error: cannot infer contextual base in reference to member 'infinity'
116 | group.animations = animations
117 | group.duration = groupDuration
118 | group.repeatCount = .infinity
| `- error: cannot infer contextual base in reference to member 'infinity'
119 | node.addAnimation(group, forKey: target.path.rawValue)
120 | }
/Users/admin/builder/spi-builder-workspace/Sources/glTFSceneKit/Helper.swift:157:21: error: cannot find type 'GLKVector2' in scope
155 | }
156 | }
157 | var vec2Array: [GLKVector2] {
| `- error: cannot find type 'GLKVector2' in scope
158 | return withUnsafeBytes {
159 | Array(UnsafeBufferPointer<GLKVector2>(start: $0, count: self.count/MemoryLayout<GLKVector2>.size))
/Users/admin/builder/spi-builder-workspace/Sources/glTFSceneKit/Helper.swift:162:21: error: cannot find type 'GLKVector3' in scope
160 | }
161 | }
162 | var vec3Array: [GLKVector3] {
| `- error: cannot find type 'GLKVector3' in scope
163 | return withUnsafeBytes {
164 | Array(UnsafeBufferPointer<GLKVector3>(start: $0, count: self.count/MemoryLayout<GLKVector3>.size))
/Users/admin/builder/spi-builder-workspace/Sources/glTFSceneKit/GLTF+Animation.swift:156:37: error: cannot find 'SCNVector3FromGLKVector3' in scope
154 | values = data.vec3Array
155 | for i in 0..<values.count {
156 | values[i] = SCNVector3FromGLKVector3(values[i] as! GLKVector3)
| `- error: cannot find 'SCNVector3FromGLKVector3' in scope
157 | }
158 | break
/Users/admin/builder/spi-builder-workspace/Sources/glTFSceneKit/GLTF+Animation.swift:156:76: error: cannot find type 'GLKVector3' in scope
154 | values = data.vec3Array
155 | for i in 0..<values.count {
156 | values[i] = SCNVector3FromGLKVector3(values[i] as! GLKVector3)
| `- error: cannot find type 'GLKVector3' in scope
157 | }
158 | break
/Users/admin/builder/spi-builder-workspace/Sources/glTFSceneKit/Helper.swift:167:21: error: cannot find type 'GLKVector4' in scope
165 | }
166 | }
167 | var vec4Array: [GLKVector4] {
| `- error: cannot find type 'GLKVector4' in scope
168 | return withUnsafeBytes {
169 | Array(UnsafeBufferPointer<GLKVector4>(start: $0, count: self.count/MemoryLayout<GLKVector4>.size))
/Users/admin/builder/spi-builder-workspace/Sources/glTFSceneKit/GLTF+Animation.swift:162:37: error: cannot find 'SCNVector4FromGLKVector4' in scope
160 | values = data.vec4Array
161 | for i in 0..<values.count {
162 | values[i] = SCNVector4FromGLKVector4(values[i] as! GLKVector4)
| `- error: cannot find 'SCNVector4FromGLKVector4' in scope
163 | }
164 | break
/Users/admin/builder/spi-builder-workspace/Sources/glTFSceneKit/GLTF+Animation.swift:162:76: error: cannot find type 'GLKVector4' in scope
160 | values = data.vec4Array
161 | for i in 0..<values.count {
162 | values[i] = SCNVector4FromGLKVector4(values[i] as! GLKVector4)
| `- error: cannot find type 'GLKVector4' in scope
163 | }
164 | break
SwiftCompile normal arm64_32 /Users/admin/builder/spi-builder-workspace/Sources/glTFSceneKit/GLTF+Animation.swift (in target 'glTFSceneKit' from project 'glTFSceneKit')
cd /Users/admin/builder/spi-builder-workspace/.swiftpm/xcode
builtin-SwiftPerFileCompile GLTF+Animation.swift
SwiftCompile normal arm64_32 /Users/admin/builder/spi-builder-workspace/Sources/glTFSceneKit/GLTF+CompressedTexture.swift (in target 'glTFSceneKit' from project 'glTFSceneKit')
cd /Users/admin/builder/spi-builder-workspace/.swiftpm/xcode
builtin-SwiftPerFileCompile GLTF+CompressedTexture.swift
SwiftCompile normal arm64_32 /Users/admin/builder/spi-builder-workspace/Sources/glTFSceneKit/GLTF+Draco.swift (in target 'glTFSceneKit' from project 'glTFSceneKit')
cd /Users/admin/builder/spi-builder-workspace/.swiftpm/xcode
builtin-SwiftPerFileCompile GLTF+Draco.swift
SwiftCompile normal arm64_32 /Users/admin/builder/spi-builder-workspace/Sources/glTFSceneKit/GLTF+Material.swift (in target 'glTFSceneKit' from project 'glTFSceneKit')
cd /Users/admin/builder/spi-builder-workspace/.swiftpm/xcode
builtin-SwiftPerFileCompile GLTF+Material.swift
/Users/admin/builder/spi-builder-workspace/Sources/glTFSceneKit/Helper.swift:172:21: error: cannot find type 'GLKMatrix4' in scope
170 | }
171 | }
172 | var mat4Array: [GLKMatrix4] {
| `- error: cannot find type 'GLKMatrix4' in scope
173 | return withUnsafeBytes {
174 | Array(UnsafeBufferPointer<GLKMatrix4>(start: $0, count: self.count/MemoryLayout<GLKMatrix4>.size))
/Users/admin/builder/spi-builder-workspace/Sources/glTFSceneKit/GLTF+Animation.swift:172:37: error: cannot find 'SCNMatrix4FromGLKMatrix4' in scope
170 | values = data.mat4Array
171 | for i in 0..<values.count {
172 | values[i] = SCNMatrix4FromGLKMatrix4(values[i] as! GLKMatrix4)
| `- error: cannot find 'SCNMatrix4FromGLKMatrix4' in scope
173 | }
174 | break
/Users/admin/builder/spi-builder-workspace/Sources/glTFSceneKit/GLTF+Animation.swift:172:76: error: cannot find type 'GLKMatrix4' in scope
170 | values = data.mat4Array
171 | for i in 0..<values.count {
172 | values[i] = SCNMatrix4FromGLKMatrix4(values[i] as! GLKMatrix4)
| `- error: cannot find type 'GLKMatrix4' in scope
173 | }
174 | break
/Users/admin/builder/spi-builder-workspace/Sources/glTFSceneKit/GLTF+CompressedTexture.swift:91:156: error: cannot find type 'MTLTexture' in scope
89 | }
90 |
91 | fileprivate func _createMetalTexture( _ width:Int, _ height:Int, _ pixelFormat:MTLPixelFormat, _ mipmaps:[Data], _ bppBlock:(Int, Int)->Int) throws -> MTLTexture {
| `- error: cannot find type 'MTLTexture' in scope
92 | var width = width
93 | var height = height
/Users/admin/builder/spi-builder-workspace/Sources/glTFSceneKit/GLTF+CompressedTexture.swift:91:84: error: cannot find type 'MTLPixelFormat' in scope
89 | }
90 |
91 | fileprivate func _createMetalTexture( _ width:Int, _ height:Int, _ pixelFormat:MTLPixelFormat, _ mipmaps:[Data], _ bppBlock:(Int, Int)->Int) throws -> MTLTexture {
| `- error: cannot find type 'MTLPixelFormat' in scope
92 | var width = width
93 | var height = height
/Users/admin/builder/spi-builder-workspace/Sources/glTFSceneKit/GLTF+CompressedTexture.swift:141:26: error: cannot find type 'OSImage' in scope
139 | }
140 |
141 | func _compress(image:OSImage) -> Any? {
| `- error: cannot find type 'OSImage' in scope
142 | #if os(iOS) && !targetEnvironment(simulator)
143 | if #available(iOS 11.0, *) {
/Users/admin/builder/spi-builder-workspace/Sources/glTFSceneKit/GLTF+CompressedTexture.swift:165:126: error: cannot find type 'MTLPixelFormat' in scope
163 |
164 |
165 | fileprivate func _get_bpp_pixelFormat(_ compression:GLTF_3D4MCompressedTextureExtensionCompression) ->((Int, Int)->Int, MTLPixelFormat) {
| `- error: cannot find type 'MTLPixelFormat' in scope
166 | var bytesPerRow:(Int, Int)->Int = {_,_ in return 0 }
167 | var pixelFormat:MTLPixelFormat = .invalid;
/Users/admin/builder/spi-builder-workspace/Sources/glTFSceneKit/GLTF+Resources.swift:24:58: error: cannot find type 'OSImage' in scope
22 | func load(gltf: GLTF, resources: Set<GLTFBuffer>, completionHandler: @escaping (Error?) -> Void )
23 |
24 | func load(gltf: GLTF, resource: GLTFImage) throws -> OSImage?
| `- error: cannot find type 'OSImage' in scope
25 | func load(gltf: GLTF, resource: GLTFImage, completionHandler: @escaping (GLTFImage, Error?) -> Void )
26 |
/Users/admin/builder/spi-builder-workspace/Sources/glTFSceneKit/GLTF+CompressedTexture.swift:70:55: error: cannot convert value of type 'GLTFBuffer' to expected argument type 'GLTFImage'
68 | if let bView = self.bufferViews?[index] {
69 | let buffer_ = self.buffers![bView.buffer]
70 | self.loader.load(gltf:self, resource: buffer_) { (buffer, error) in
| `- error: cannot convert value of type 'GLTFBuffer' to expected argument type 'GLTFImage'
71 | var error_ = error
72 | var textureResult:Any?
/Users/admin/builder/spi-builder-workspace/Sources/glTFSceneKit/GLTF+CompressedTexture.swift:100:33: error: cannot find 'MTLTextureDescriptor' in scope
98 | }
99 |
100 | let textureDescriptor = MTLTextureDescriptor.texture2DDescriptor(pixelFormat: pixelFormat,
| `- error: cannot find 'MTLTextureDescriptor' in scope
101 | width: width,
102 | height: height,
/Users/admin/builder/spi-builder-workspace/Sources/glTFSceneKit/GLTF+CompressedTexture.swift:106:20: error: cannot find type 'MTLDevice' in scope
104 | textureDescriptor.mipmapLevelCount = mipmapsCount
105 |
106 | var device:MTLDevice?
| `- error: cannot find type 'MTLDevice' in scope
107 | #if os(macOS)
108 | device = self.renderer?.device
/Applications/Xcode-27.0.0-Release.Candidate.app/Contents/Developer/Platforms/WatchOS.platform/Developer/SDKs/WatchOS27.0.sdk/System/Library/Frameworks/SceneKit.framework/Headers/SCNMaterialProperty.h:11:1: note: protocol 'MTLDevice' forward declared here
9 | #import <SceneKit/SCNAnimation.h>
10 |
11 | @protocol MTLDevice;
| `- note: protocol 'MTLDevice' forward declared here
12 |
13 | NS_ASSUME_NONNULL_BEGIN
/Users/admin/builder/spi-builder-workspace/Sources/glTFSceneKit/GLTF+CompressedTexture.swift:111:22: error: cannot find 'MTLCreateSystemDefaultDevice' in scope
109 | #endif
110 | if (device == nil) {
111 | device = MTLCreateSystemDefaultDevice()
| `- error: cannot find 'MTLCreateSystemDefaultDevice' in scope
112 | }
113 |
/Users/admin/builder/spi-builder-workspace/Sources/glTFSceneKit/GLTF+CompressedTexture.swift:128:42: error: cannot find 'MTLRegionMake2D' in scope
126 | let bPr = bppBlock(width, height)
127 | data.withUnsafeBytes {
128 | texture?.replace(region: MTLRegionMake2D(0, 0, width, height),
| `- error: cannot find 'MTLRegionMake2D' in scope
129 | mipmapLevel: i,
130 | withBytes: $0,
/Users/admin/builder/spi-builder-workspace/Sources/glTFSceneKit/GLTF+CompressedTexture.swift:167:25: error: cannot find type 'MTLPixelFormat' in scope
165 | fileprivate func _get_bpp_pixelFormat(_ compression:GLTF_3D4MCompressedTextureExtensionCompression) ->((Int, Int)->Int, MTLPixelFormat) {
166 | var bytesPerRow:(Int, Int)->Int = {_,_ in return 0 }
167 | var pixelFormat:MTLPixelFormat = .invalid;
| `- error: cannot find type 'MTLPixelFormat' in scope
168 |
169 |
/Users/admin/builder/spi-builder-workspace/Sources/glTFSceneKit/GLTF+Draco.swift:25:52: error: cannot find 'uncompressDracoData' in scope
23 | }
24 |
25 | let (indicesData, verticies, stride) = uncompressDracoData(data, triangleStrip: triangleStrip)
| `- error: cannot find 'uncompressDracoData' in scope
26 |
27 | let indexSize = MemoryLayout<UInt32>.size;
SwiftCompile normal arm64 Compiling\ GLTFSkin.swift,\ GLTFTexture.swift,\ GLTFTextureInfo.swift,\ JSONCodingKeys.swift /Users/admin/builder/spi-builder-workspace/Sources/glTFSceneKit/GLTF/GLTFSkin.swift /Users/admin/builder/spi-builder-workspace/Sources/glTFSceneKit/GLTF/GLTFTexture.swift /Users/admin/builder/spi-builder-workspace/Sources/glTFSceneKit/GLTF/GLTFTextureInfo.swift /Users/admin/builder/spi-builder-workspace/Sources/glTFSceneKit/GLTF/JSONCodingKeys.swift (in target 'glTFSceneKit' from project 'glTFSceneKit')
SwiftCompile normal arm64 /Users/admin/builder/spi-builder-workspace/Sources/glTFSceneKit/GLTF/GLTFSkin.swift (in target 'glTFSceneKit' from project 'glTFSceneKit')
cd /Users/admin/builder/spi-builder-workspace/.swiftpm/xcode
builtin-SwiftPerFileCompile GLTFSkin.swift
SwiftCompile normal arm64 /Users/admin/builder/spi-builder-workspace/Sources/glTFSceneKit/GLTF/GLTFTexture.swift (in target 'glTFSceneKit' from project 'glTFSceneKit')
cd /Users/admin/builder/spi-builder-workspace/.swiftpm/xcode
builtin-SwiftPerFileCompile GLTFTexture.swift
SwiftCompile normal arm64 /Users/admin/builder/spi-builder-workspace/Sources/glTFSceneKit/GLTF/GLTFTextureInfo.swift (in target 'glTFSceneKit' from project 'glTFSceneKit')
cd /Users/admin/builder/spi-builder-workspace/.swiftpm/xcode
builtin-SwiftPerFileCompile GLTFTextureInfo.swift
SwiftCompile normal arm64 /Users/admin/builder/spi-builder-workspace/Sources/glTFSceneKit/GLTF/JSONCodingKeys.swift (in target 'glTFSceneKit' from project 'glTFSceneKit')
cd /Users/admin/builder/spi-builder-workspace/.swiftpm/xcode
builtin-SwiftPerFileCompile JSONCodingKeys.swift
SwiftEmitModule normal arm64 Emitting\ module\ for\ glTFSceneKit (in target 'glTFSceneKit' from project 'glTFSceneKit')
SwiftCompile normal arm64 (in target 'glTFSceneKit' from project 'glTFSceneKit')
cd /Users/admin/builder/spi-builder-workspace/.swiftpm/xcode
SwiftCompile normal arm64_32 Compiling\ GLTFMaterialNormalTextureInfo.swift,\ GLTFMaterialOcclusionTextureInfo.swift,\ GLTFMaterialPBRMetallicRoughness.swift,\ GLTFMesh.swift /Users/admin/builder/spi-builder-workspace/Sources/glTFSceneKit/GLTF/GLTFMaterialNormalTextureInfo.swift /Users/admin/builder/spi-builder-workspace/Sources/glTFSceneKit/GLTF/GLTFMaterialOcclusionTextureInfo.swift /Users/admin/builder/spi-builder-workspace/Sources/glTFSceneKit/GLTF/GLTFMaterialPBRMetallicRoughness.swift /Users/admin/builder/spi-builder-workspace/Sources/glTFSceneKit/GLTF/GLTFMesh.swift (in target 'glTFSceneKit' from project 'glTFSceneKit')
SwiftCompile normal arm64_32 /Users/admin/builder/spi-builder-workspace/Sources/glTFSceneKit/GLTF/GLTFMaterialNormalTextureInfo.swift (in target 'glTFSceneKit' from project 'glTFSceneKit')
cd /Users/admin/builder/spi-builder-workspace/.swiftpm/xcode
builtin-SwiftPerFileCompile GLTFMaterialNormalTextureInfo.swift
SwiftCompile normal arm64_32 /Users/admin/builder/spi-builder-workspace/Sources/glTFSceneKit/GLTF/GLTFMaterialOcclusionTextureInfo.swift (in target 'glTFSceneKit' from project 'glTFSceneKit')
cd /Users/admin/builder/spi-builder-workspace/.swiftpm/xcode
builtin-SwiftPerFileCompile GLTFMaterialOcclusionTextureInfo.swift
SwiftCompile normal arm64_32 /Users/admin/builder/spi-builder-workspace/Sources/glTFSceneKit/GLTF/GLTFMaterialPBRMetallicRoughness.swift (in target 'glTFSceneKit' from project 'glTFSceneKit')
cd /Users/admin/builder/spi-builder-workspace/.swiftpm/xcode
builtin-SwiftPerFileCompile GLTFMaterialPBRMetallicRoughness.swift
SwiftCompile normal arm64_32 /Users/admin/builder/spi-builder-workspace/Sources/glTFSceneKit/GLTF/GLTFMesh.swift (in target 'glTFSceneKit' from project 'glTFSceneKit')
cd /Users/admin/builder/spi-builder-workspace/.swiftpm/xcode
builtin-SwiftPerFileCompile GLTFMesh.swift
SwiftCompile normal arm64 Compiling\ GLTF+Resources.swift,\ GLTF+SceneKit.swift,\ GLTF.swift,\ GLTFAccessor.swift /Users/admin/builder/spi-builder-workspace/Sources/glTFSceneKit/GLTF+Resources.swift /Users/admin/builder/spi-builder-workspace/Sources/glTFSceneKit/GLTF+SceneKit.swift /Users/admin/builder/spi-builder-workspace/Sources/glTFSceneKit/GLTF/GLTF.swift /Users/admin/builder/spi-builder-workspace/Sources/glTFSceneKit/GLTF/GLTFAccessor.swift (in target 'glTFSceneKit' from project 'glTFSceneKit')
SwiftCompile normal arm64 /Users/admin/builder/spi-builder-workspace/Sources/glTFSceneKit/GLTF+Resources.swift (in target 'glTFSceneKit' from project 'glTFSceneKit')
cd /Users/admin/builder/spi-builder-workspace/.swiftpm/xcode
builtin-SwiftPerFileCompile GLTF+Resources.swift
SwiftCompile normal arm64 /Users/admin/builder/spi-builder-workspace/Sources/glTFSceneKit/GLTF+SceneKit.swift (in target 'glTFSceneKit' from project 'glTFSceneKit')
cd /Users/admin/builder/spi-builder-workspace/.swiftpm/xcode
builtin-SwiftPerFileCompile GLTF+SceneKit.swift
SwiftCompile normal arm64 /Users/admin/builder/spi-builder-workspace/Sources/glTFSceneKit/GLTF/GLTF.swift (in target 'glTFSceneKit' from project 'glTFSceneKit')
cd /Users/admin/builder/spi-builder-workspace/.swiftpm/xcode
builtin-SwiftPerFileCompile GLTF.swift
SwiftCompile normal arm64 /Users/admin/builder/spi-builder-workspace/Sources/glTFSceneKit/GLTF/GLTFAccessor.swift (in target 'glTFSceneKit' from project 'glTFSceneKit')
cd /Users/admin/builder/spi-builder-workspace/.swiftpm/xcode
builtin-SwiftPerFileCompile GLTFAccessor.swift
SwiftCompile normal arm64 Compiling\ GLTFAccessorSparse.swift,\ GLTFAccessorSparseIndices.swift,\ GLTFAccessorSparseValues.swift,\ GLTFAnimation.swift /Users/admin/builder/spi-builder-workspace/Sources/glTFSceneKit/GLTF/GLTFAccessorSparse.swift /Users/admin/builder/spi-builder-workspace/Sources/glTFSceneKit/GLTF/GLTFAccessorSparseIndices.swift /Users/admin/builder/spi-builder-workspace/Sources/glTFSceneKit/GLTF/GLTFAccessorSparseValues.swift /Users/admin/builder/spi-builder-workspace/Sources/glTFSceneKit/GLTF/GLTFAnimation.swift (in target 'glTFSceneKit' from project 'glTFSceneKit')
SwiftCompile normal arm64 /Users/admin/builder/spi-builder-workspace/Sources/glTFSceneKit/GLTF/GLTFAccessorSparse.swift (in target 'glTFSceneKit' from project 'glTFSceneKit')
cd /Users/admin/builder/spi-builder-workspace/.swiftpm/xcode
builtin-SwiftPerFileCompile GLTFAccessorSparse.swift
SwiftCompile normal arm64 /Users/admin/builder/spi-builder-workspace/Sources/glTFSceneKit/GLTF/GLTFAccessorSparseIndices.swift (in target 'glTFSceneKit' from project 'glTFSceneKit')
cd /Users/admin/builder/spi-builder-workspace/.swiftpm/xcode
builtin-SwiftPerFileCompile GLTFAccessorSparseIndices.swift
SwiftCompile normal arm64 /Users/admin/builder/spi-builder-workspace/Sources/glTFSceneKit/GLTF/GLTFAccessorSparseValues.swift (in target 'glTFSceneKit' from project 'glTFSceneKit')
cd /Users/admin/builder/spi-builder-workspace/.swiftpm/xcode
builtin-SwiftPerFileCompile GLTFAccessorSparseValues.swift
SwiftCompile normal arm64 /Users/admin/builder/spi-builder-workspace/Sources/glTFSceneKit/GLTF/GLTFAnimation.swift (in target 'glTFSceneKit' from project 'glTFSceneKit')
cd /Users/admin/builder/spi-builder-workspace/.swiftpm/xcode
builtin-SwiftPerFileCompile GLTFAnimation.swift
SwiftCompile normal arm64 Compiling\ GLTF_3D4MCompressedTextureExtension.swift,\ Helper.swift,\ TextureStorageManager.swift /Users/admin/builder/spi-builder-workspace/Sources/glTFSceneKit/GLTF_3D4MCompressedTextureExtension.swift /Users/admin/builder/spi-builder-workspace/Sources/glTFSceneKit/Helper.swift /Users/admin/builder/spi-builder-workspace/Sources/glTFSceneKit/TextureStorageManager.swift (in target 'glTFSceneKit' from project 'glTFSceneKit')
SwiftCompile normal arm64 /Users/admin/builder/spi-builder-workspace/Sources/glTFSceneKit/GLTF_3D4MCompressedTextureExtension.swift (in target 'glTFSceneKit' from project 'glTFSceneKit')
cd /Users/admin/builder/spi-builder-workspace/.swiftpm/xcode
builtin-SwiftPerFileCompile GLTF_3D4MCompressedTextureExtension.swift
SwiftCompile normal arm64 /Users/admin/builder/spi-builder-workspace/Sources/glTFSceneKit/Helper.swift (in target 'glTFSceneKit' from project 'glTFSceneKit')
cd /Users/admin/builder/spi-builder-workspace/.swiftpm/xcode
builtin-SwiftPerFileCompile Helper.swift
SwiftCompile normal arm64 /Users/admin/builder/spi-builder-workspace/Sources/glTFSceneKit/TextureStorageManager.swift (in target 'glTFSceneKit' from project 'glTFSceneKit')
cd /Users/admin/builder/spi-builder-workspace/.swiftpm/xcode
builtin-SwiftPerFileCompile TextureStorageManager.swift
SwiftCompile normal arm64_32 Compiling\ GLTFCameraPerspective.swift,\ GLTFImage.swift,\ GLTFKHRDracoMeshCompressionExtension.swift,\ GLTFMaterial.swift /Users/admin/builder/spi-builder-workspace/Sources/glTFSceneKit/GLTF/GLTFCameraPerspective.swift /Users/admin/builder/spi-builder-workspace/Sources/glTFSceneKit/GLTF/GLTFImage.swift /Users/admin/builder/spi-builder-workspace/Sources/glTFSceneKit/GLTF/GLTFKHRDracoMeshCompressionExtension.swift /Users/admin/builder/spi-builder-workspace/Sources/glTFSceneKit/GLTF/GLTFMaterial.swift (in target 'glTFSceneKit' from project 'glTFSceneKit')
SwiftCompile normal arm64_32 /Users/admin/builder/spi-builder-workspace/Sources/glTFSceneKit/GLTF/GLTFCameraPerspective.swift (in target 'glTFSceneKit' from project 'glTFSceneKit')
cd /Users/admin/builder/spi-builder-workspace/.swiftpm/xcode
builtin-SwiftPerFileCompile GLTFCameraPerspective.swift
SwiftCompile normal arm64_32 /Users/admin/builder/spi-builder-workspace/Sources/glTFSceneKit/GLTF/GLTFImage.swift (in target 'glTFSceneKit' from project 'glTFSceneKit')
cd /Users/admin/builder/spi-builder-workspace/.swiftpm/xcode
builtin-SwiftPerFileCompile GLTFImage.swift
SwiftCompile normal arm64_32 /Users/admin/builder/spi-builder-workspace/Sources/glTFSceneKit/GLTF/GLTFKHRDracoMeshCompressionExtension.swift (in target 'glTFSceneKit' from project 'glTFSceneKit')
cd /Users/admin/builder/spi-builder-workspace/.swiftpm/xcode
builtin-SwiftPerFileCompile GLTFKHRDracoMeshCompressionExtension.swift
SwiftCompile normal arm64_32 /Users/admin/builder/spi-builder-workspace/Sources/glTFSceneKit/GLTF/GLTFMaterial.swift (in target 'glTFSceneKit' from project 'glTFSceneKit')
cd /Users/admin/builder/spi-builder-workspace/.swiftpm/xcode
builtin-SwiftPerFileCompile GLTFMaterial.swift
SwiftCompile normal arm64 Compiling\ GLTFAnimationChannel.swift,\ GLTFAnimationChannelTarget.swift,\ GLTFAnimationSampler.swift,\ GLTFAsset.swift /Users/admin/builder/spi-builder-workspace/Sources/glTFSceneKit/GLTF/GLTFAnimationChannel.swift /Users/admin/builder/spi-builder-workspace/Sources/glTFSceneKit/GLTF/GLTFAnimationChannelTarget.swift /Users/admin/builder/spi-builder-workspace/Sources/glTFSceneKit/GLTF/GLTFAnimationSampler.swift /Users/admin/builder/spi-builder-workspace/Sources/glTFSceneKit/GLTF/GLTFAsset.swift (in target 'glTFSceneKit' from project 'glTFSceneKit')
SwiftCompile normal arm64 /Users/admin/builder/spi-builder-workspace/Sources/glTFSceneKit/GLTF/GLTFAnimationChannel.swift (in target 'glTFSceneKit' from project 'glTFSceneKit')
cd /Users/admin/builder/spi-builder-workspace/.swiftpm/xcode
builtin-SwiftPerFileCompile GLTFAnimationChannel.swift
SwiftCompile normal arm64 /Users/admin/builder/spi-builder-workspace/Sources/glTFSceneKit/GLTF/GLTFAnimationChannelTarget.swift (in target 'glTFSceneKit' from project 'glTFSceneKit')
cd /Users/admin/builder/spi-builder-workspace/.swiftpm/xcode
builtin-SwiftPerFileCompile GLTFAnimationChannelTarget.swift
SwiftCompile normal arm64 /Users/admin/builder/spi-builder-workspace/Sources/glTFSceneKit/GLTF/GLTFAnimationSampler.swift (in target 'glTFSceneKit' from project 'glTFSceneKit')
cd /Users/admin/builder/spi-builder-workspace/.swiftpm/xcode
builtin-SwiftPerFileCompile GLTFAnimationSampler.swift
SwiftCompile normal arm64 /Users/admin/builder/spi-builder-workspace/Sources/glTFSceneKit/GLTF/GLTFAsset.swift (in target 'glTFSceneKit' from project 'glTFSceneKit')
cd /Users/admin/builder/spi-builder-workspace/.swiftpm/xcode
builtin-SwiftPerFileCompile GLTFAsset.swift
SwiftCompile normal arm64 Compiling\ GLTFBuffer.swift,\ GLTFBufferView.swift,\ GLTFCamera.swift,\ GLTFCameraOrthographic.swift /Users/admin/builder/spi-builder-workspace/Sources/glTFSceneKit/GLTF/GLTFBuffer.swift /Users/admin/builder/spi-builder-workspace/Sources/glTFSceneKit/GLTF/GLTFBufferView.swift /Users/admin/builder/spi-builder-workspace/Sources/glTFSceneKit/GLTF/GLTFCamera.swift /Users/admin/builder/spi-builder-workspace/Sources/glTFSceneKit/GLTF/GLTFCameraOrthographic.swift (in target 'glTFSceneKit' from project 'glTFSceneKit')
SwiftCompile normal arm64 /Users/admin/builder/spi-builder-workspace/Sources/glTFSceneKit/GLTF/GLTFBuffer.swift (in target 'glTFSceneKit' from project 'glTFSceneKit')
cd /Users/admin/builder/spi-builder-workspace/.swiftpm/xcode
builtin-SwiftPerFileCompile GLTFBuffer.swift
SwiftCompile normal arm64 /Users/admin/builder/spi-builder-workspace/Sources/glTFSceneKit/GLTF/GLTFBufferView.swift (in target 'glTFSceneKit' from project 'glTFSceneKit')
cd /Users/admin/builder/spi-builder-workspace/.swiftpm/xcode
builtin-SwiftPerFileCompile GLTFBufferView.swift
SwiftCompile normal arm64 /Users/admin/builder/spi-builder-workspace/Sources/glTFSceneKit/GLTF/GLTFCamera.swift (in target 'glTFSceneKit' from project 'glTFSceneKit')
cd /Users/admin/builder/spi-builder-workspace/.swiftpm/xcode
builtin-SwiftPerFileCompile GLTFCamera.swift
SwiftCompile normal arm64 /Users/admin/builder/spi-builder-workspace/Sources/glTFSceneKit/GLTF/GLTFCameraOrthographic.swift (in target 'glTFSceneKit' from project 'glTFSceneKit')
cd /Users/admin/builder/spi-builder-workspace/.swiftpm/xcode
builtin-SwiftPerFileCompile GLTFCameraOrthographic.swift
PruneExplicitPrecompiledModules /Users/admin/builder/spi-builder-workspace/.derivedData/Build/Intermediates.noindex/ExplicitPrecompiledModules
PruneExplicitPrecompiledModules /Users/admin/builder/spi-builder-workspace/.derivedData/Build/Intermediates.noindex/SwiftExplicitPrecompiledModules
PruneExplicitPrecompiledModules /Users/admin/builder/spi-builder-workspace/.derivedData/SDKExplicitPrecompiledModules
2026-09-21 00:41:06.817 xcodebuild[744:4761] [MT] IDERunDestination: Supported platforms for the buildables in the current scheme is empty.
** BUILD FAILED **
The following build commands failed:
SwiftCompile normal arm64_32 (in target 'glTFSceneKit' from project 'glTFSceneKit')
SwiftEmitModule normal arm64_32 Emitting\ module\ for\ glTFSceneKit (in target 'glTFSceneKit' from project 'glTFSceneKit')
Building workspace glTFSceneKit with scheme glTFSceneKit
(3 failures)
BUILD FAILURE 6.4 watchOS