Build Information
Failed to build IQTextView, reference main (a22900), with Swift 6.1 for Android on 26 Jun 2026 11:30:17 UTC.
Build Command
bash -c docker run --pull=always --rm -v "checkouts-53886769-0":/host -w "$PWD" -e JAVA_HOME="/root/.sdkman/candidates/java/current" -e SPI_BUILD="1" -e SPI_PROCESSING="1" registry.gitlab.com/saguaro1/spi-images:android-6.1-latest swift build --swift-sdk aarch64-unknown-linux-android24 2>&1Build Log
========================================
RunAll
========================================
Builder version: 0e64495ecc1688c3b3e031a5ef1348b5c05091ae
Interrupt handler set up.
========================================
Checkout
========================================
Clone URL: https://github.com/hackiftekhar/IQTextView.git
Reference: main
Initialized empty Git repository in /host/spi-builder-workspace/.git/
hint: Using 'master' as the name for the initial branch. This default branch name
hint: is subject to change. To configure the initial branch name to use in all
hint: of your new repositories, which will suppress this warning, call:
hint:
hint: git config --global init.defaultBranch <name>
hint:
hint: Names commonly chosen instead of 'master' are 'main', 'trunk' and
hint: 'development'. The just-created branch can be renamed via this command:
hint:
hint: git branch -m <name>
From https://github.com/hackiftekhar/IQTextView
* branch main -> FETCH_HEAD
* [new branch] main -> origin/main
HEAD is now at a229007 - Updated dependencies
Cloned https://github.com/hackiftekhar/IQTextView.git
Revision (git rev-parse @):
a22900744a1ef2d08b4949de5eb82a794a6bde98
SUCCESS checkout https://github.com/hackiftekhar/IQTextView.git at main
========================================
Build
========================================
Selected platform: android
Swift version: 6.1
Building package at path: $PWD
https://github.com/hackiftekhar/IQTextView.git
https://github.com/hackiftekhar/IQTextView.git
WARNING: environment variable SUPPRESS_SWIFT_6_FLAGS is not set
Running build ...
bash -c docker run --pull=always --rm -v "checkouts-53886769-0":/host -w "$PWD" -e JAVA_HOME="/root/.sdkman/candidates/java/current" -e SPI_BUILD="1" -e SPI_PROCESSING="1" registry.gitlab.com/saguaro1/spi-images:android-6.1-latest swift build --swift-sdk aarch64-unknown-linux-android24 -Xswiftc -Xfrontend -Xswiftc -stats-output-dir -Xswiftc -Xfrontend -Xswiftc .stats -Xswiftc -strict-concurrency=complete -Xswiftc -enable-upcoming-feature -Xswiftc StrictConcurrency -Xswiftc -enable-upcoming-feature -Xswiftc DisableOutwardActorInference -Xswiftc -enable-upcoming-feature -Xswiftc GlobalActorIsolatedTypesUsability -Xswiftc -enable-upcoming-feature -Xswiftc InferSendableFromCaptures 2>&1
android-6.1-latest: Pulling from saguaro1/spi-images
Digest: sha256:365d9b14669f92fea0572234887def10439445c91d7e524c78a6579ad7294f11
Status: Image is up to date for registry.gitlab.com/saguaro1/spi-images:android-6.1-latest
Fetching https://github.com/hackiftekhar/IQKeyboardToolbar.git
[1/407] Fetching iqkeyboardtoolbar
Fetched https://github.com/hackiftekhar/IQKeyboardToolbar.git from cache (0.41s)
Computing version for https://github.com/hackiftekhar/IQKeyboardToolbar.git
Computed https://github.com/hackiftekhar/IQKeyboardToolbar.git at 1.1.5 (0.66s)
Fetching https://github.com/hackiftekhar/IQKeyboardCore.git
[1/275] Fetching iqkeyboardcore
Fetched https://github.com/hackiftekhar/IQKeyboardCore.git from cache (0.61s)
Computing version for https://github.com/hackiftekhar/IQKeyboardCore.git
Computed https://github.com/hackiftekhar/IQKeyboardCore.git at 1.0.9 (0.85s)
Creating working copy for https://github.com/hackiftekhar/IQKeyboardCore.git
Working copy of https://github.com/hackiftekhar/IQKeyboardCore.git resolved at 1.0.9
Creating working copy for https://github.com/hackiftekhar/IQKeyboardToolbar.git
Working copy of https://github.com/hackiftekhar/IQKeyboardToolbar.git resolved at 1.1.5
Building for debugging...
[0/7] Write sources
[0/7] Copying PrivacyInfo.xcprivacy
[1/7] Write sources
[4/7] Copying PrivacyInfo.xcprivacy
[6/7] Write swift-version-24593BA9C3E375BF.txt
[8/13] Compiling IQKeyboardCore resource_bundle_accessor.swift
/host/spi-builder-workspace/.build/checkouts/IQKeyboardCore/IQKeyboardCore/Classes/IQKeyboardExtended.swift:24:8: error: no such module 'UIKit'
22 | // THE SOFTWARE.
23 |
24 | import UIKit
| `- error: no such module 'UIKit'
25 |
26 | /// Wrapper for IQKeyboardManager compatible types. This type provides an extension point for
[9/13] Compiling IQKeyboardCore UIView+Hierarchy.swift
/host/spi-builder-workspace/.build/checkouts/IQKeyboardCore/IQKeyboardCore/Classes/IQKeyboardExtended.swift:24:8: error: no such module 'UIKit'
22 | // THE SOFTWARE.
23 |
24 | import UIKit
| `- error: no such module 'UIKit'
25 |
26 | /// Wrapper for IQKeyboardManager compatible types. This type provides an extension point for
error: emit-module command failed with exit code 1 (use -v to see invocation)
[10/13] Emitting module IQKeyboardCore
/host/spi-builder-workspace/.build/checkouts/IQKeyboardCore/IQKeyboardCore/Classes/IQKeyboardExtended.swift:24:8: error: no such module 'UIKit'
22 | // THE SOFTWARE.
23 |
24 | import UIKit
| `- error: no such module 'UIKit'
25 |
26 | /// Wrapper for IQKeyboardManager compatible types. This type provides an extension point for
[11/13] Compiling IQKeyboardCore IQKeyboardExtended.swift
/host/spi-builder-workspace/.build/checkouts/IQKeyboardCore/IQKeyboardCore/Classes/IQKeyboardExtended.swift:24:8: error: no such module 'UIKit'
22 | // THE SOFTWARE.
23 |
24 | import UIKit
| `- error: no such module 'UIKit'
25 |
26 | /// Wrapper for IQKeyboardManager compatible types. This type provides an extension point for
[12/13] Compiling IQKeyboardCore IQTextInputView.swift
/host/spi-builder-workspace/.build/checkouts/IQKeyboardCore/IQKeyboardCore/Classes/IQKeyboardExtended.swift:24:8: error: no such module 'UIKit'
22 | // THE SOFTWARE.
23 |
24 | import UIKit
| `- error: no such module 'UIKit'
25 |
26 | /// Wrapper for IQKeyboardManager compatible types. This type provides an extension point for
[13/13] Compiling IQKeyboardCore IQKeyboardConstants.swift
/host/spi-builder-workspace/.build/checkouts/IQKeyboardCore/IQKeyboardCore/Classes/IQKeyboardExtended.swift:24:8: error: no such module 'UIKit'
22 | // THE SOFTWARE.
23 |
24 | import UIKit
| `- error: no such module 'UIKit'
25 |
26 | /// Wrapper for IQKeyboardManager compatible types. This type provides an extension point for
Running build ...
bash -c docker run --pull=always --rm -v "checkouts-53886769-0":/host -w "$PWD" -e JAVA_HOME="/root/.sdkman/candidates/java/current" -e SPI_BUILD="1" -e SPI_PROCESSING="1" registry.gitlab.com/saguaro1/spi-images:android-6.1-latest swift build --swift-sdk aarch64-unknown-linux-android24 2>&1
android-6.1-latest: Pulling from saguaro1/spi-images
Digest: sha256:365d9b14669f92fea0572234887def10439445c91d7e524c78a6579ad7294f11
Status: Image is up to date for registry.gitlab.com/saguaro1/spi-images:android-6.1-latest
[0/1] Planning build
Building for debugging...
[0/1] Write swift-version-24593BA9C3E375BF.txt
[2/7] Compiling IQKeyboardCore resource_bundle_accessor.swift
/host/spi-builder-workspace/.build/checkouts/IQKeyboardCore/IQKeyboardCore/Classes/IQKeyboardExtended.swift:24:8: error: no such module 'UIKit'
22 | // THE SOFTWARE.
23 |
24 | import UIKit
| `- error: no such module 'UIKit'
25 |
26 | /// Wrapper for IQKeyboardManager compatible types. This type provides an extension point for
[3/7] Compiling IQKeyboardCore UIView+Hierarchy.swift
/host/spi-builder-workspace/.build/checkouts/IQKeyboardCore/IQKeyboardCore/Classes/IQKeyboardExtended.swift:24:8: error: no such module 'UIKit'
22 | // THE SOFTWARE.
23 |
24 | import UIKit
| `- error: no such module 'UIKit'
25 |
26 | /// Wrapper for IQKeyboardManager compatible types. This type provides an extension point for
[4/7] Compiling IQKeyboardCore IQTextInputView.swift
/host/spi-builder-workspace/.build/checkouts/IQKeyboardCore/IQKeyboardCore/Classes/IQKeyboardExtended.swift:24:8: error: no such module 'UIKit'
22 | // THE SOFTWARE.
23 |
24 | import UIKit
| `- error: no such module 'UIKit'
25 |
26 | /// Wrapper for IQKeyboardManager compatible types. This type provides an extension point for
error: emit-module command failed with exit code 1 (use -v to see invocation)
[5/7] Emitting module IQKeyboardCore
/host/spi-builder-workspace/.build/checkouts/IQKeyboardCore/IQKeyboardCore/Classes/IQKeyboardExtended.swift:24:8: error: no such module 'UIKit'
22 | // THE SOFTWARE.
23 |
24 | import UIKit
| `- error: no such module 'UIKit'
25 |
26 | /// Wrapper for IQKeyboardManager compatible types. This type provides an extension point for
[6/7] Compiling IQKeyboardCore IQKeyboardExtended.swift
/host/spi-builder-workspace/.build/checkouts/IQKeyboardCore/IQKeyboardCore/Classes/IQKeyboardExtended.swift:24:8: error: no such module 'UIKit'
22 | // THE SOFTWARE.
23 |
24 | import UIKit
| `- error: no such module 'UIKit'
25 |
26 | /// Wrapper for IQKeyboardManager compatible types. This type provides an extension point for
[7/7] Compiling IQKeyboardCore IQKeyboardConstants.swift
/host/spi-builder-workspace/.build/checkouts/IQKeyboardCore/IQKeyboardCore/Classes/IQKeyboardExtended.swift:24:8: error: no such module 'UIKit'
22 | // THE SOFTWARE.
23 |
24 | import UIKit
| `- error: no such module 'UIKit'
25 |
26 | /// Wrapper for IQKeyboardManager compatible types. This type provides an extension point for
BUILD FAILURE 6.1 android