The Swift Package Index logo.Swift Package Index

Build Information

Failed to build Franz, reference 1.0.2 (c859f1), with Swift 6.4 for Wasm on 15 Sep 2026 20:59:13 UTC.

Build Command

bash -c docker run --pull=always --rm -v "checkouts-54344844-1":/host -w "$PWD" -e JAVA_HOME="/root/.sdkman/candidates/java/current" -e SPI_BUILD="1" -e SPI_PROCESSING="1" registry.gitlab.com/saguaro1/spi-images:wasm-6.4-latest swift build --swift-sdk swift-6.4.x-DEVELOPMENT-SNAPSHOT-2026-09-04-a_wasm 2>&1

Build Log

========================================
RunAll
========================================
Builder version: 5.1.0
Interrupt handler set up.
========================================
Checkout
========================================
Clone URL: https://github.com/kellanburket/franz.git
Reference: 1.0.2
Initialized empty Git repository in /host/spi-builder-workspace/.git/
hint: Using 'master' as the name for the initial branch. This default branch name
hint: is subject to change. To configure the initial branch name to use in all
hint: of your new repositories, which will suppress this warning, call:
hint:
hint: 	git config --global init.defaultBranch <name>
hint:
hint: Names commonly chosen instead of 'master' are 'main', 'trunk' and
hint: 'development'. The just-created branch can be renamed via this command:
hint:
hint: 	git branch -m <name>
From https://github.com/kellanburket/franz
 * tag               1.0.2      -> FETCH_HEAD
HEAD is now at c859f1a Update podspec
Cloned https://github.com/kellanburket/franz.git
Revision (git rev-parse @):
c859f1a584ea949000b82d85b301b6bc25fad90e
SUCCESS checkout https://github.com/kellanburket/franz.git at 1.0.2
========================================
Build
========================================
Selected platform:         wasm
Swift version:             6.4
Building package at path:  $PWD
https://github.com/kellanburket/franz.git
Running build ...
bash -c docker run --pull=always --rm -v "checkouts-54344844-1":/host -w "$PWD" -e JAVA_HOME="/root/.sdkman/candidates/java/current" -e SPI_BUILD="1" -e SPI_PROCESSING="1" registry.gitlab.com/saguaro1/spi-images:wasm-6.4-latest swift build --swift-sdk swift-6.4.x-DEVELOPMENT-SNAPSHOT-2026-09-04-a_wasm 2>&1
wasm-6.4-latest: Pulling from saguaro1/spi-images
Digest: sha256:4328fdb43c680d205c1d6761b1e3267aa38277eefdda9ddfb17b6a0f1a77857a
Status: Image is up to date for registry.gitlab.com/saguaro1/spi-images:wasm-6.4-latest
Building for debugging...
[Planning deferred tasks]
error: SwiftCompile normal wasm32 failed with a nonzero exit code. Command line:     cd /host

/host/spi-builder-workspace/Sources/Franz/Broker.swift:70:39: error: cannot find type 'DispatchQueue' in scope
 68 |     private var _readQueues = [Int32: DispatchQueue]()
 69 |
 70 | 	private lazy var _metadataReadQueue: DispatchQueue = {
    |                                       `- error: cannot find type 'DispatchQueue' in scope
 71 |         return DispatchQueue(
 72 |             label: "metadata.read.stream.franz",
/host/spi-builder-workspace/Sources/Franz/Broker.swift:77:43: error: cannot find type 'DispatchQueue' in scope
 75 |     }()
 76 |
 77 |     private lazy var _metadataWriteQueue: DispatchQueue = {
    |                                           `- error: cannot find type 'DispatchQueue' in scope
 78 |         return DispatchQueue(
 79 |             label: "metadata.write.stream.franz",
/host/spi-builder-workspace/Sources/Franz/Broker.swift:84:39: error: cannot find type 'DispatchQueue' in scope
 82 |     }()
 83 |
 84 |     private lazy var _adminReadQueue: DispatchQueue = {
    |                                       `- error: cannot find type 'DispatchQueue' in scope
 85 |         return DispatchQueue(
 86 |             label: "admin.read.stream.franz",
/host/spi-builder-workspace/Sources/Franz/Broker.swift:91:47: error: cannot find type 'DispatchQueue' in scope
 89 |     }()
 90 |
 91 |     private lazy var _groupCoordinationQueue: DispatchQueue = {
    |                                               `- error: cannot find type 'DispatchQueue' in scope
 92 |         return DispatchQueue(
 93 |             label: "group.read.stream.franz",
/host/spi-builder-workspace/Sources/Franz/Broker.swift:68:39: error: cannot find 'DispatchQueue' in scope
 66 |     var port: Int32
 67 |
 68 |     private var _readQueues = [Int32: DispatchQueue]()
    |                                       `- error: cannot find 'DispatchQueue' in scope
 69 |
 70 | 	private lazy var _metadataReadQueue: DispatchQueue = {
/host/spi-builder-workspace/Sources/Franz/Broker.swift:68:31: error: cannot call value of non-function type '[Int32.Type : Value]'
 66 |     var port: Int32
 67 |
 68 |     private var _readQueues = [Int32: DispatchQueue]()
    |                               `- error: cannot call value of non-function type '[Int32.Type : Value]'
 69 |
 70 | 	private lazy var _metadataReadQueue: DispatchQueue = {
/host/spi-builder-workspace/Sources/Franz/Broker.swift:68:31: error: type 'Int32.Type' cannot conform to 'Hashable' [#]8;;https://docs.swift.org/compiler/documentation/diagnostics/protocol-type-non-conformance\ProtocolTypeNonConformance]8;;\]
 66 |     var port: Int32
 67 |
 68 |     private var _readQueues = [Int32: DispatchQueue]()
    |                               |- error: type 'Int32.Type' cannot conform to 'Hashable' [#]8;;https://docs.swift.org/compiler/documentation/diagnostics/protocol-type-non-conformance\ProtocolTypeNonConformance]8;;\]
    |                               |- note: only concrete types such as structs, enums and classes can conform to protocols
    |                               `- note: required by generic struct 'Dictionary' where 'Key' = 'Int32.Type'
 69 |
 70 | 	private lazy var _metadataReadQueue: DispatchQueue = {
/host/spi-builder-workspace/Sources/Franz/Broker.swift:71:16: error: cannot find 'DispatchQueue' in scope
 69 |
 70 | 	private lazy var _metadataReadQueue: DispatchQueue = {
 71 |         return DispatchQueue(
    |                `- error: cannot find 'DispatchQueue' in scope
 72 |             label: "metadata.read.stream.franz",
 73 |             attributes: []
/host/spi-builder-workspace/Sources/Franz/Broker.swift:78:16: error: cannot find 'DispatchQueue' in scope
 76 |
 77 |     private lazy var _metadataWriteQueue: DispatchQueue = {
 78 |         return DispatchQueue(
    |                `- error: cannot find 'DispatchQueue' in scope
 79 |             label: "metadata.write.stream.franz",
 80 |             attributes: []
/host/spi-builder-workspace/Sources/Franz/Broker.swift:85:16: error: cannot find 'DispatchQueue' in scope
 83 |
 84 |     private lazy var _adminReadQueue: DispatchQueue = {
 85 |         return DispatchQueue(
    |                `- error: cannot find 'DispatchQueue' in scope
 86 |             label: "admin.read.stream.franz",
 87 |             attributes: []
/host/spi-builder-workspace/Sources/Franz/Broker.swift:92:16: error: cannot find 'DispatchQueue' in scope
 90 |
 91 |     private lazy var _groupCoordinationQueue: DispatchQueue = {
 92 |         return DispatchQueue(
    |                `- error: cannot find 'DispatchQueue' in scope
 93 |             label: "group.read.stream.franz",
 94 |             attributes: []
/host/spi-builder-workspace/Sources/Franz/Broker.swift:552:69: error: cannot find type 'DispatchQueue' in scope
550 | 	}
551 |
552 |     private func getReadQueue(_ topic: String, partition: Int32) -> DispatchQueue {
    |                                                                     `- error: cannot find type 'DispatchQueue' in scope
553 |         var readQueue: DispatchQueue
554 |         if let pq = _readQueues[partition] {
/host/spi-builder-workspace/Sources/Franz/Cluster.swift:43:29: error: cannot find type 'DispatchQueue' in scope
 41 |     }
 42 |
 43 |     lazy var dispatchQueue: DispatchQueue = {
    |                             `- error: cannot find type 'DispatchQueue' in scope
 44 |         return DispatchQueue(
 45 |             label: "metadata.cluster.read.stream.franz",
/host/spi-builder-workspace/Sources/Franz/Cluster.swift:44:16: error: cannot find 'DispatchQueue' in scope
 42 |
 43 |     lazy var dispatchQueue: DispatchQueue = {
 44 |         return DispatchQueue(
    |                `- error: cannot find 'DispatchQueue' in scope
 45 |             label: "metadata.cluster.read.stream.franz",
 46 |             attributes: []
/host/spi-builder-workspace/Sources/Franz/Connection.swift:101:39: error: cannot find type 'CFReadStream' in scope
 99 |     private var clientId: String
100 |
101 |     private var readStream: Unmanaged<CFReadStream>?
    |                                       `- error: cannot find type 'CFReadStream' in scope
102 |     private var writeStream: Unmanaged<CFWriteStream>?
103 |
/host/spi-builder-workspace/Sources/Franz/Connection.swift:102:40: error: cannot find type 'CFWriteStream' in scope
100 |
101 |     private var readStream: Unmanaged<CFReadStream>?
102 |     private var writeStream: Unmanaged<CFWriteStream>?
    |                                        `- error: cannot find type 'CFWriteStream' in scope
103 |
104 |     private var inputStream: InputStream?
/host/spi-builder-workspace/Sources/Franz/Connection.swift:112:36: error: cannot find type 'DispatchQueue' in scope
110 |     private let responseCorrelationIdSize: Int32 = 4
111 |
112 |     private var _inputStreamQueue: DispatchQueue
    |                                    `- error: cannot find type 'DispatchQueue' in scope
113 |     private var _outputStreamQueue: DispatchQueue
114 |     private var _writeRequestBlocks = [()->()]()
/host/spi-builder-workspace/Sources/Franz/Connection.swift:113:37: error: cannot find type 'DispatchQueue' in scope
111 |
112 |     private var _inputStreamQueue: DispatchQueue
113 |     private var _outputStreamQueue: DispatchQueue
    |                                     `- error: cannot find type 'DispatchQueue' in scope
114 |     private var _writeRequestBlocks = [()->()]()
115 |
/host/spi-builder-workspace/Sources/Franz/Consumer.swift:22:38: error: cannot find 'DispatchSemaphore' in scope
 20 | 	internal var broker: Broker?
 21 | 	internal var membership: GroupMembership?
 22 | 	internal let joinedGroupSemaphore = DispatchSemaphore(value: 0)
    |                                      `- error: cannot find 'DispatchSemaphore' in scope
 23 |
 24 | 	internal init(cluster: Cluster, groupId: String) {
/host/spi-builder-workspace/Sources/Franz/Consumer.swift:39:28: error: cannot find 'DispatchQueue' in scope
 37 | 	}
 38 |
 39 | 	private let listenQueue = DispatchQueue(label: "FranzConsumerListenQueue", attributes: .concurrent)
    |                            `- error: cannot find 'DispatchQueue' in scope
 40 |
 41 | 	var offsetsToCommit = [TopicName: [PartitionId: (Offset, OffsetMetadata?)]]()
/host/spi-builder-workspace/Sources/Franz/Consumer.swift:42:3: error: Objective-C interoperability is disabled
 40 |
 41 | 	var offsetsToCommit = [TopicName: [PartitionId: (Offset, OffsetMetadata?)]]()
 42 | 	@objc private func commitGroupoffsets() {
    |   `- error: Objective-C interoperability is disabled
 43 | 		guard let groupId = self.membership?.group.id, let broker = self.broker else { return }
 44 | 		broker.commitGroupOffset(groupId: groupId, topics: offsetsToCommit, clientId: cluster.clientId)
/host/spi-builder-workspace/Sources/Franz/Consumer.swift:47:3: error: Objective-C interoperability is disabled
 45 | 	}
 46 |
 47 | 	@objc private func sendHeartbeat() {
    |   `- error: Objective-C interoperability is disabled
 48 | 		guard let groupId = self.membership?.group.id,
 49 | 			let generationId = self.membership?.group.generationId,
/host/spi-builder-workspace/Sources/Franz/Crypt/CRC32.swift:145:9: warning: 'Hashable.hashValue' is deprecated as a protocol requirement; conform type 'CRC32' to 'Hashable' by implementing 'hash(into:)' instead [#]8;;https://docs.swift.org/compiler/documentation/diagnostics/deprecated-declaration\DeprecatedDeclaration]8;;\]
143 |     private(set) var crc: UInt32 = 0
144 |
145 |     var hashValue: Int {
    |         `- warning: 'Hashable.hashValue' is deprecated as a protocol requirement; conform type 'CRC32' to 'Hashable' by implementing 'hash(into:)' instead [#]8;;https://docs.swift.org/compiler/documentation/diagnostics/deprecated-declaration\DeprecatedDeclaration]8;;\]
146 |         return Int(crc)
147 |     }
/host/spi-builder-workspace/Sources/Franz/Group.swift:72:2: warning: 'internal(set)' modifier is redundant for an internal property
 70 |
 71 | 	var topics = Set<TopicName>()
 72 | 	internal(set) var assignedPartitions = [TopicName: [PartitionId]]()
    |  `- warning: 'internal(set)' modifier is redundant for an internal property
 73 | }
 74 |
/host/spi-builder-workspace/Sources/Franz/GroupMembershipAPI.swift:411:24: warning: generic parameter 'T' shadows generic parameter from outer scope with the same name; this is an error in the Swift 6 language mode
361 | typealias MemberId = String
362 |
363 | class SyncGroupRequestMessage<T: KafkaMetadata>: KafkaType {
    |                               `- note: 'T' previously declared here
364 |
365 |     private var _groupId: String
    :
409 |
410 |
411 | 	class GroupAssignment<T: KafkaMetadata>: KafkaType {
    |                        `- warning: generic parameter 'T' shadows generic parameter from outer scope with the same name; this is an error in the Swift 6 language mode
412 |
413 | 		let memberId: String
/host/spi-builder-workspace/Sources/Franz/OldConsumers.swift:13:2: error: Objective-C interoperability is disabled
 11 | Base consumer delegate. Used by SimpleConsumer.
 12 | */
 13 | @objc public protocol ConsumerDelegate {
    |  `- error: Objective-C interoperability is disabled
 14 | 	/**
 15 | 	Called when the consumer has consumed a new Message
/host/spi-builder-workspace/Sources/Franz/OldConsumers.swift:31:3: error: Objective-C interoperability is disabled
 29 | 	- Parameter errorDescription:   a description of the error returned from the server
 30 | 	*/
 31 | 	@objc optional func fetchDidFail(
    |   `- error: Objective-C interoperability is disabled
 32 | 		_ topic: String,
 33 | 		partition: Int32,
/host/spi-builder-workspace/Sources/Franz/OldConsumers.swift:49:3: error: Objective-C interoperability is disabled
 47 | 	- Returns:  true if broker should attempt to retry request, false if not
 48 | 	*/
 49 | 	@objc optional func shouldRetryFailedFetch(
    |   `- error: Objective-C interoperability is disabled
 50 | 		_ topic: String,
 51 | 		partition: Int32,
/host/spi-builder-workspace/Sources/Franz/OldConsumers.swift:69:3: error: Objective-C interoperability is disabled
 67 | 	- Parameter partition:  the partition
 68 | 	*/
 69 | 	@objc optional func topicPartitionLeaderNotFound(_ topic: String, partition: Int32)
    |   `- error: Objective-C interoperability is disabled
 70 | }
 71 |
/host/spi-builder-workspace/Sources/Franz/OldConsumers.swift:76:2: error: Objective-C interoperability is disabled
 74 | High-level consumer delegate. Used by HighLevelConsumer.
 75 | */
 76 | @objc public protocol HighLevelConsumerDelegate: ConsumerDelegate {
    |  `- error: Objective-C interoperability is disabled
 77 | 	/**
 78 | 	Called after messages have been pulled for server.
/host/spi-builder-workspace/Sources/Franz/OldConsumers.swift:86:3: error: Objective-C interoperability is disabled
 84 | 	- Returns:  true if offset should be committed, false if otherwise
 85 | 	*/
 86 | 	@objc optional func shouldCommitOffset(_ topic: String, partition: Int32, offset: Int64) -> Bool
    |   `- error: Objective-C interoperability is disabled
 87 |
 88 | 	/**
/host/spi-builder-workspace/Sources/Franz/OldConsumers.swift:97:3: error: Objective-C interoperability is disabled
 95 | 	- Returns:  additional metadata to send with offset commit to server
 96 | 	*/
 97 | 	@objc optional func shouldAttachOffsetMetadata(_ topic: String, partition: Int32, offset: Int64) -> String?
    |   `- error: Objective-C interoperability is disabled
 98 |
 99 | 	/**
/host/spi-builder-workspace/Sources/Franz/OldConsumers.swift:106:3: error: Objective-C interoperability is disabled
104 | 	- Parameter offset: the offset
105 | 	*/
106 | 	@objc optional func offsetDidCommit(_ topic: String, partition: Int32, offset: Int64)
    |   `- error: Objective-C interoperability is disabled
107 |
108 | 	/**
/host/spi-builder-workspace/Sources/Franz/OldConsumers.swift:117:3: error: Objective-C interoperability is disabled
115 | 	- Parameter errorDescription: description of the error
116 | 	*/
117 | 	@objc optional func offsetCommitDidFail(_ topic: String, partition: Int32, offset: Int64, errorId: Int16, errorDescription: String)
    |   `- error: Objective-C interoperability is disabled
118 |
119 | 	/**
/host/spi-builder-workspace/Sources/Franz/OldConsumers.swift:130:3: error: Objective-C interoperability is disabled
128 | 	- Returns: true if offset commit should be retried, false if otherwise
129 | 	*/
130 | 	@objc optional func shouldRetryFailedOffsetCommit(_ topic: String, partition: Int32, offset: Int64, errorId: Int16, errorDescription: String) -> Bool
    |   `- error: Objective-C interoperability is disabled
131 | }
132 |
/host/spi-builder-workspace/Sources/Franz/Variables.swift:11:16: error: cannot find type 'DispatchQueue' in scope
 9 | import Foundation
10 |
11 | var MainQueue: DispatchQueue {
   |                `- error: cannot find type 'DispatchQueue' in scope
12 |     return DispatchQueue.main
13 | }
/host/spi-builder-workspace/Sources/Franz/Variables.swift:15:27: error: cannot find type 'DispatchQueue' in scope
13 | }
14 |
15 | var UserInteractiveQueue: DispatchQueue {
   |                           `- error: cannot find type 'DispatchQueue' in scope
16 |     return DispatchQueue.global(qos: DispatchQoS.QoSClass.userInteractive)
17 | }
/host/spi-builder-workspace/Sources/Franz/Variables.swift:19:25: error: cannot find type 'DispatchQueue' in scope
17 | }
18 |
19 | var UserInitiatedQueue: DispatchQueue {
   |                         `- error: cannot find type 'DispatchQueue' in scope
20 |     return DispatchQueue.global(qos: DispatchQoS.QoSClass.userInitiated)
21 | }
/host/spi-builder-workspace/Sources/Franz/Variables.swift:23:19: error: cannot find type 'DispatchQueue' in scope
21 | }
22 |
23 | var UtilityQueue: DispatchQueue {
   |                   `- error: cannot find type 'DispatchQueue' in scope
24 |     return DispatchQueue.global(qos: DispatchQoS.QoSClass.utility)
25 | }
/host/spi-builder-workspace/Sources/Franz/Variables.swift:27:22: error: cannot find type 'DispatchQueue' in scope
25 | }
26 |
27 | var BackgroundQueue: DispatchQueue {
   |                      `- error: cannot find type 'DispatchQueue' in scope
28 |     return DispatchQueue.global(qos: DispatchQoS.QoSClass.background)
29 | }
[#DeprecatedDeclaration]: <https://docs.swift.org/compiler/documentation/diagnostics/deprecated-declaration>
[#ProtocolTypeNonConformance]: <https://docs.swift.org/compiler/documentation/diagnostics/protocol-type-non-conformance>
Failed frontend command:
/usr/bin/swift-frontend -frontend -emit-module -experimental-skip-non-inlinable-function-bodies-without-types /host/spi-builder-workspace/Sources/Franz/AdminAPI.swift /host/spi-builder-workspace/Sources/Franz/Assignment.swift /host/spi-builder-workspace/Sources/Franz/Broker.swift /host/spi-builder-workspace/Sources/Franz/Cluster.swift /host/spi-builder-workspace/Sources/Franz/Connection.swift /host/spi-builder-workspace/Sources/Franz/Consumer.swift /host/spi-builder-workspace/Sources/Franz/Crypt/CRC32.swift /host/spi-builder-workspace/Sources/Franz/Enumerations.swift /host/spi-builder-workspace/Sources/Franz/FetchAPI.swift /host/spi-builder-workspace/Sources/Franz/Group.swift /host/spi-builder-workspace/Sources/Franz/GroupCoordinatorAPI.swift /host/spi-builder-workspace/Sources/Franz/GroupMembershipAPI.swift /host/spi-builder-workspace/Sources/Franz/KafkaProtocol.swift /host/spi-builder-workspace/Sources/Franz/KafkaRequest.swift /host/spi-builder-workspace/Sources/Franz/KafkaResponse.swift /host/spi-builder-workspace/Sources/Franz/MessageSet.swift /host/spi-builder-workspace/Sources/Franz/MetadataAPI.swift /host/spi-builder-workspace/Sources/Franz/OffsetAPI.swift /host/spi-builder-workspace/Sources/Franz/OffsetCommitAPI.swift /host/spi-builder-workspace/Sources/Franz/OffsetFetchAPI.swift /host/spi-builder-workspace/Sources/Franz/OldConsumers.swift /host/spi-builder-workspace/Sources/Franz/Partition.swift /host/spi-builder-workspace/Sources/Franz/ProduceAPI.swift /host/spi-builder-workspace/Sources/Franz/Topic.swift /host/spi-builder-workspace/Sources/Franz/Variables.swift -target wasm32-unknown-wasip1 -disable-objc-interop -sdk /root/.swiftpm/swift-sdks/swift-6.4.x-DEVELOPMENT-SNAPSHOT-2026-09-04-a_wasm.artifactbundle/swift-6.4.x-DEVELOPMENT-SNAPSHOT-2026-09-04-a_wasm/wasm32-unknown-wasip1/WASI.sdk -sysroot /root/.swiftpm/swift-sdks/swift-6.4.x-DEVELOPMENT-SNAPSHOT-2026-09-04-a_wasm.artifactbundle/swift-6.4.x-DEVELOPMENT-SNAPSHOT-2026-09-04-a_wasm/wasm32-unknown-wasip1/WASI.sdk -I /host/spi-builder-workspace/.build/out/Products/Debug-webassembly-wasm32 -module-cache-path /host/spi-builder-workspace/.build/out/ModuleCache.noindex -color-diagnostics -Xcc -fcolor-diagnostics -enable-testing -g -debug-info-format\=dwarf -dwarf-version\=4 -swift-version 4 -Onone -D SWIFT_PACKAGE -D DEBUG -D SWIFT_MODULE_RESOURCE_BUNDLE_UNAVAILABLE -D Xcode -serialize-debugging-options -enable-experimental-feature DebugDescriptionMacro -empty-abi-descriptor -external-plugin-path /usr/lib/swift/host/plugins/testing\#/usr/bin/swift-plugin-server -validate-clang-modules-once -clang-build-session-file /host/spi-builder-workspace/.build/out/ModuleCache.noindex/Session.modulevalidation -Xcc -working-directory -Xcc /host -resource-dir /root/.swiftpm/swift-sdks/swift-6.4.x-DEVELOPMENT-SNAPSHOT-2026-09-04-a_wasm.artifactbundle/swift-6.4.x-DEVELOPMENT-SNAPSHOT-2026-09-04-a_wasm/wasm32-unknown-wasip1/swift.xctoolchain/usr/lib/swift_static -use-static-resource-dir -enable-anonymous-context-mangled-names -file-compilation-dir /host -Xcc -resource-dir -Xcc /root/.swiftpm/swift-sdks/swift-6.4.x-DEVELOPMENT-SNAPSHOT-2026-09-04-a_wasm.artifactbundle/swift-6.4.x-DEVELOPMENT-SNAPSHOT-2026-09-04-a_wasm/wasm32-unknown-wasip1/swift.xctoolchain/usr/lib/swift_static/clang -Xcc -D_LIBCPP_HARDENING_MODE\=_LIBCPP_HARDENING_MODE_DEBUG -Xcc -fmodules-prune-interval\=86400 -Xcc -fmodules-prune-after\=345600 -Xcc -I/host/spi-builder-workspace/.build/out/Products/Debug-webassembly-wasm32/include -Xcc -I/host/spi-builder-workspace/.build/out/Intermediates.noindex/Franz.build/Debug-webassembly-wasm32/Franz-t.build/DerivedSources-normal/wasm32 -Xcc -I/host/spi-builder-workspace/.build/out/Intermediates.noindex/Franz.build/Debug-webassembly-wasm32/Franz-t.build/DerivedSources/wasm32 -Xcc -I/host/spi-builder-workspace/.build/out/Intermediates.noindex/Franz.build/Debug-webassembly-wasm32/Franz-t.build/DerivedSources -Xcc -DSWIFT_PACKAGE -Xcc -DDEBUG\=1 -no-auto-bridging-header-chaining -module-name Franz -const-gather-protocols-file /host/spi-builder-workspace/.build/out/Intermediates.noindex/Franz.build/Debug-webassembly-wasm32/Franz-t.build/Objects-normal/wasm32/Franz_const_extract_protocols.json -in-process-plugin-server-path /usr/lib/swift/host/libSwiftInProcPluginServer.so -plugin-path /usr/lib/swift/host/plugins -plugin-path /usr/local/lib/swift/host/plugins -emit-module-doc-path /host/spi-builder-workspace/.build/out/Intermediates.noindex/Franz.build/Debug-webassembly-wasm32/Franz-t.build/Objects-normal/wasm32/Modules/Franz.swiftdoc -emit-module-source-info-path /host/spi-builder-workspace/.build/out/Intermediates.noindex/Franz.build/Debug-webassembly-wasm32/Franz-t.build/Objects-normal/wasm32/Modules/Franz.swiftsourceinfo -emit-objc-header-path /host/spi-builder-workspace/.build/out/Intermediates.noindex/Franz.build/Debug-webassembly-wasm32/Franz-t.build/Objects-normal/wasm32/Franz-Swift.h -serialize-diagnostics-path /host/spi-builder-workspace/.build/out/Intermediates.noindex/Franz.build/Debug-webassembly-wasm32/Franz-t.build/Objects-normal/wasm32/Franz-primary-emit-module.dia -emit-dependencies-path /host/spi-builder-workspace/.build/out/Intermediates.noindex/Franz.build/Debug-webassembly-wasm32/Franz-t.build/Objects-normal/wasm32/Franz-primary-emit-module.d -parse-as-library -o /host/spi-builder-workspace/.build/out/Intermediates.noindex/Franz.build/Debug-webassembly-wasm32/Franz-t.build/Objects-normal/wasm32/Modules/Franz.swiftmodule
[27 / 35] Franz
error: Build failed
BUILD FAILURE 6.4 wasm