The Swift Package Index logo.Swift Package Index

Build Information

Failed to build Checkout3DSPackages, reference 3.4.0 (a1aa4d), with Swift 6.1 for tvOS using Xcode 16.3 on 1 Sep 2026 19:05:50 UTC.

Build Command

env DEVELOPER_DIR=/Applications/Xcode-16.3.0.app xcrun xcodebuild -IDEClonedSourcePackagesDirPathOverride=$PWD/.dependencies -skipMacroValidation -skipPackagePluginValidation -derivedDataPath $PWD/.derivedData build -scheme Checkout3DSPackages -destination generic/platform=tvOS

Build Log

========================================
RunAll
========================================
Builder version: 5.0.2
Interrupt handler set up.
========================================
Checkout
========================================
Clone URL: https://github.com/checkout/checkout-3ds-sdk-ios.git
Reference: 3.4.0
Initialized empty Git repository in /Users/admin/builder/spi-builder-workspace/.git/
From https://github.com/checkout/checkout-3ds-sdk-ios
 * tag               3.4.0      -> FETCH_HEAD
HEAD is now at a1aa4de Merge pull request #103 from checkout/releases/3.4.0
Cloned https://github.com/checkout/checkout-3ds-sdk-ios.git
Revision (git rev-parse @):
a1aa4de5d20f570be023c89a850af4bc3c92a5c3
SUCCESS checkout https://github.com/checkout/checkout-3ds-sdk-ios.git at 3.4.0
========================================
Build
========================================
Selected platform:         tvOS
Swift version:             6.1
Building package at path:  $PWD
https://github.com/checkout/checkout-3ds-sdk-ios.git
https://github.com/checkout/checkout-3ds-sdk-ios.git
{
  "dependencies" : [
    {
      "identity" : "joseswift",
      "requirement" : {
        "exact" : [
          "2.4.0"
        ]
      },
      "type" : "sourceControl",
      "url" : "https://github.com/airsidemobile/JOSESwift.git"
    }
  ],
  "manifest_display_name" : "Checkout3DSPackages",
  "name" : "Checkout3DSPackages",
  "path" : "/Users/admin/builder/spi-builder-workspace",
  "platforms" : [
    {
      "name" : "ios",
      "version" : "13.0"
    }
  ],
  "products" : [
    {
      "name" : "Checkout3DSPackages",
      "targets" : [
        "Checkout3DSPackages"
      ],
      "type" : {
        "library" : [
          "automatic"
        ]
      }
    }
  ],
  "swift_languages_versions" : [
    "5"
  ],
  "targets" : [
    {
      "c99name" : "JOSESwiftDynamic",
      "module_type" : "SwiftTarget",
      "name" : "JOSESwiftDynamic",
      "path" : "Dependencies/JOSESwiftDynamic/Sources",
      "product_dependencies" : [
        "JOSESwift"
      ],
      "product_memberships" : [
        "Checkout3DSPackages"
      ],
      "sources" : [
        "JOSESwiftDynamic.swift"
      ],
      "type" : "library"
    },
    {
      "c99name" : "Checkout3DSPackages",
      "module_type" : "SwiftTarget",
      "name" : "Checkout3DSPackages",
      "path" : "Checkout3DSPackages",
      "product_memberships" : [
        "Checkout3DSPackages"
      ],
      "sources" : [
        "dummy.swift"
      ],
      "target_dependencies" : [
        "JOSESwiftDynamic",
        "Checkout3DS"
      ],
      "type" : "library"
    },
    {
      "c99name" : "Checkout3DS",
      "module_type" : "BinaryTarget",
      "name" : "Checkout3DS",
      "path" : "Checkout3DS.xcframework",
      "product_memberships" : [
        "Checkout3DSPackages"
      ],
      "sources" : [
      ],
      "type" : "binary"
    }
  ],
  "tools_version" : "5.10"
}
Command line invocation:
    /Applications/Xcode-16.3.0.app/Contents/Developer/usr/bin/xcodebuild -IDEClonedSourcePackagesDirPathOverride=/Users/admin/builder/spi-builder-workspace/.dependencies -resolvePackageDependencies
Resolve Package Graph
Fetching from https://github.com/airsidemobile/JOSESwift.git
Creating working copy of package ‘JOSESwift’
Checking out 2.4.0 of package ‘JOSESwift’
Resolve Package Graph
Resolved source packages:
  JOSESwift: https://github.com/airsidemobile/JOSESwift.git @ 2.4.0
  Checkout3DSPackages: /Users/admin/builder/spi-builder-workspace
resolved source packages: JOSESwift, Checkout3DSPackages
{
  "dependencies" : [
    {
      "identity" : "joseswift",
      "requirement" : {
        "exact" : [
          "2.4.0"
        ]
      },
      "type" : "sourceControl",
      "url" : "https://github.com/airsidemobile/JOSESwift.git"
    }
  ],
  "manifest_display_name" : "Checkout3DSPackages",
  "name" : "Checkout3DSPackages",
  "path" : "/Users/admin/builder/spi-builder-workspace",
  "platforms" : [
    {
      "name" : "ios",
      "version" : "13.0"
    }
  ],
  "products" : [
    {
      "name" : "Checkout3DSPackages",
      "targets" : [
        "Checkout3DSPackages"
      ],
      "type" : {
        "library" : [
          "automatic"
        ]
      }
    }
  ],
  "swift_languages_versions" : [
    "5"
  ],
  "targets" : [
    {
      "c99name" : "JOSESwiftDynamic",
      "module_type" : "SwiftTarget",
      "name" : "JOSESwiftDynamic",
      "path" : "Dependencies/JOSESwiftDynamic/Sources",
      "product_dependencies" : [
        "JOSESwift"
      ],
      "product_memberships" : [
        "Checkout3DSPackages"
      ],
      "sources" : [
        "JOSESwiftDynamic.swift"
      ],
      "type" : "library"
    },
    {
      "c99name" : "Checkout3DSPackages",
      "module_type" : "SwiftTarget",
      "name" : "Checkout3DSPackages",
      "path" : "Checkout3DSPackages",
      "product_memberships" : [
        "Checkout3DSPackages"
      ],
      "sources" : [
        "dummy.swift"
      ],
      "target_dependencies" : [
        "JOSESwiftDynamic",
        "Checkout3DS"
      ],
      "type" : "library"
    },
    {
      "c99name" : "Checkout3DS",
      "module_type" : "BinaryTarget",
      "name" : "Checkout3DS",
      "path" : "Checkout3DS.xcframework",
      "product_memberships" : [
        "Checkout3DSPackages"
      ],
      "sources" : [
      ],
      "type" : "binary"
    }
  ],
  "tools_version" : "5.10"
}
{
  "workspace" : {
    "name" : "spi-builder-workspace",
    "schemes" : [
      "Checkout3DSPackages"
    ]
  }
}
Running build ...
env DEVELOPER_DIR=/Applications/Xcode-16.3.0.app xcrun xcodebuild -IDEClonedSourcePackagesDirPathOverride=$PWD/.dependencies -skipMacroValidation -skipPackagePluginValidation -derivedDataPath $PWD/.derivedData build -scheme Checkout3DSPackages -destination generic/platform=tvOS OTHER_SWIFT_FLAGS=-stats-output-dir .stats -strict-concurrency=complete -enable-upcoming-feature StrictConcurrency -enable-upcoming-feature DisableOutwardActorInference -enable-upcoming-feature GlobalActorIsolatedTypesUsability -enable-upcoming-feature InferSendableFromCaptures
Command line invocation:
    /Applications/Xcode-16.3.0.app/Contents/Developer/usr/bin/xcodebuild -IDEClonedSourcePackagesDirPathOverride=/Users/admin/builder/spi-builder-workspace/.dependencies -skipMacroValidation -skipPackagePluginValidation -derivedDataPath /Users/admin/builder/spi-builder-workspace/.derivedData build -scheme Checkout3DSPackages -destination generic/platform=tvOS "OTHER_SWIFT_FLAGS=-stats-output-dir .stats -strict-concurrency=complete -enable-upcoming-feature StrictConcurrency -enable-upcoming-feature DisableOutwardActorInference -enable-upcoming-feature GlobalActorIsolatedTypesUsability -enable-upcoming-feature InferSendableFromCaptures"
Build settings from command line:
    OTHER_SWIFT_FLAGS = -stats-output-dir .stats -strict-concurrency=complete -enable-upcoming-feature StrictConcurrency -enable-upcoming-feature DisableOutwardActorInference -enable-upcoming-feature GlobalActorIsolatedTypesUsability -enable-upcoming-feature InferSendableFromCaptures
Resolve Package Graph
Resolve Package Graph
Resolved source packages:
  Checkout3DSPackages: /Users/admin/builder/spi-builder-workspace
  JOSESwift: https://github.com/airsidemobile/JOSESwift.git @ 2.4.0
ComputePackagePrebuildTargetDependencyGraph
Prepare packages
CreateBuildRequest
SendProjectDescription
CreateBuildOperation
ComputeTargetDependencyGraph
note: Building targets in dependency order
note: Target dependency graph (5 targets)
    Target 'Checkout3DSPackages' in project 'Checkout3DSPackages'
        ➜ Explicit dependency on target 'Checkout3DSPackages' in project 'Checkout3DSPackages'
        ➜ Explicit dependency on target 'JOSESwiftDynamic' in project 'Checkout3DSPackages'
        ➜ Explicit dependency on target 'JOSESwift' in project 'JOSESwift'
    Target 'Checkout3DSPackages' in project 'Checkout3DSPackages'
        ➜ Explicit dependency on target 'JOSESwiftDynamic' in project 'Checkout3DSPackages'
        ➜ Explicit dependency on target 'JOSESwift' in project 'JOSESwift'
    Target 'JOSESwiftDynamic' in project 'Checkout3DSPackages'
        ➜ Explicit dependency on target 'JOSESwift' in project 'JOSESwift'
    Target 'JOSESwift' in project 'JOSESwift'
        ➜ Explicit dependency on target 'JOSESwift' in project 'JOSESwift'
    Target 'JOSESwift' in project 'JOSESwift' (no dependencies)
GatherProvisioningInputs
CreateBuildDescription
ExecuteExternalTool /Applications/Xcode-16.3.0.app/Contents/Developer/Toolchains/XcodeDefault.xctoolchain/usr/bin/swiftc --version
ExecuteExternalTool /Applications/Xcode-16.3.0.app/Contents/Developer/Toolchains/XcodeDefault.xctoolchain/usr/bin/clang -v -E -dM -isysroot /Applications/Xcode-16.3.0.app/Contents/Developer/Platforms/AppleTVOS.platform/Developer/SDKs/AppleTVOS18.4.sdk -x c -c /dev/null
ExecuteExternalTool /Applications/Xcode-16.3.0.app/Contents/Developer/Toolchains/XcodeDefault.xctoolchain/usr/bin/ld -version_details
Build description signature: 11d83644b9356680b31ba27512641d2f
Build description path: /Users/admin/builder/spi-builder-workspace/.derivedData/Build/Intermediates.noindex/XCBuildData/11d83644b9356680b31ba27512641d2f.xcbuilddata
ClangStatCache /Applications/Xcode-16.3.0.app/Contents/Developer/Toolchains/XcodeDefault.xctoolchain/usr/bin/clang-stat-cache /Applications/Xcode-16.3.0.app/Contents/Developer/Platforms/AppleTVOS.platform/Developer/SDKs/AppleTVOS18.4.sdk /Users/admin/builder/spi-builder-workspace/.derivedData/SDKStatCaches.noindex/appletvos18.4-22L251-271d326055c85f9856fa135c41255102.sdkstatcache
    cd /Users/admin/builder/spi-builder-workspace/.swiftpm/xcode
    /Applications/Xcode-16.3.0.app/Contents/Developer/Toolchains/XcodeDefault.xctoolchain/usr/bin/clang-stat-cache /Applications/Xcode-16.3.0.app/Contents/Developer/Platforms/AppleTVOS.platform/Developer/SDKs/AppleTVOS18.4.sdk -o /Users/admin/builder/spi-builder-workspace/.derivedData/SDKStatCaches.noindex/appletvos18.4-22L251-271d326055c85f9856fa135c41255102.sdkstatcache
CreateBuildDirectory /Users/admin/builder/spi-builder-workspace/.derivedData/Build/Products
    cd /Users/admin/builder/spi-builder-workspace/.swiftpm/xcode
    builtin-create-build-directory /Users/admin/builder/spi-builder-workspace/.derivedData/Build/Products
CreateBuildDirectory /Users/admin/builder/spi-builder-workspace/.derivedData/Build/Intermediates.noindex
    cd /Users/admin/builder/spi-builder-workspace/.swiftpm/xcode
    builtin-create-build-directory /Users/admin/builder/spi-builder-workspace/.derivedData/Build/Intermediates.noindex
CreateBuildDirectory /Users/admin/builder/spi-builder-workspace/.derivedData/Build/Products/Debug-appletvos
    cd /Users/admin/builder/spi-builder-workspace/.swiftpm/xcode
    builtin-create-build-directory /Users/admin/builder/spi-builder-workspace/.derivedData/Build/Products/Debug-appletvos
CreateBuildDirectory /Users/admin/builder/spi-builder-workspace/.derivedData/Build/Intermediates.noindex/EagerLinkingTBDs/Debug-appletvos
    cd /Users/admin/builder/spi-builder-workspace/.swiftpm/xcode
    builtin-create-build-directory /Users/admin/builder/spi-builder-workspace/.derivedData/Build/Intermediates.noindex/EagerLinkingTBDs/Debug-appletvos
CreateBuildDirectory /Users/admin/builder/spi-builder-workspace/.derivedData/Build/Products/Debug-appletvos/PackageFrameworks
    cd /Users/admin/builder/spi-builder-workspace/.swiftpm/xcode
    builtin-create-build-directory /Users/admin/builder/spi-builder-workspace/.derivedData/Build/Products/Debug-appletvos/PackageFrameworks
WriteAuxiliaryFile /Users/admin/builder/spi-builder-workspace/.derivedData/Build/Intermediates.noindex/JOSESwift.build/Debug-appletvos/JOSESwift.build/JOSESwift.DependencyStaticMetadataFileList (in target 'JOSESwift' from project 'JOSESwift')
    cd /Users/admin/builder/spi-builder-workspace/.dependencies/checkouts/JOSESwift
    write-file /Users/admin/builder/spi-builder-workspace/.derivedData/Build/Intermediates.noindex/JOSESwift.build/Debug-appletvos/JOSESwift.build/JOSESwift.DependencyStaticMetadataFileList
WriteAuxiliaryFile /Users/admin/builder/spi-builder-workspace/.derivedData/Build/Intermediates.noindex/JOSESwift.build/Debug-appletvos/JOSESwift.build/JOSESwift.modulemap (in target 'JOSESwift' from project 'JOSESwift')
    cd /Users/admin/builder/spi-builder-workspace/.dependencies/checkouts/JOSESwift
    write-file /Users/admin/builder/spi-builder-workspace/.derivedData/Build/Intermediates.noindex/JOSESwift.build/Debug-appletvos/JOSESwift.build/JOSESwift.modulemap
WriteAuxiliaryFile /Users/admin/builder/spi-builder-workspace/.derivedData/Build/Intermediates.noindex/JOSESwift.build/Debug-appletvos/JOSESwift.build/JOSESwift.DependencyMetadataFileList (in target 'JOSESwift' from project 'JOSESwift')
    cd /Users/admin/builder/spi-builder-workspace/.dependencies/checkouts/JOSESwift
    write-file /Users/admin/builder/spi-builder-workspace/.derivedData/Build/Intermediates.noindex/JOSESwift.build/Debug-appletvos/JOSESwift.build/JOSESwift.DependencyMetadataFileList
WriteAuxiliaryFile /Users/admin/builder/spi-builder-workspace/.derivedData/Build/Intermediates.noindex/JOSESwift.build/Debug-appletvos/JOSESwift.build/Objects-normal/arm64/JOSESwift_const_extract_protocols.json (in target 'JOSESwift' from project 'JOSESwift')
    cd /Users/admin/builder/spi-builder-workspace/.dependencies/checkouts/JOSESwift
    write-file /Users/admin/builder/spi-builder-workspace/.derivedData/Build/Intermediates.noindex/JOSESwift.build/Debug-appletvos/JOSESwift.build/Objects-normal/arm64/JOSESwift_const_extract_protocols.json
WriteAuxiliaryFile /Users/admin/builder/spi-builder-workspace/.derivedData/Build/Intermediates.noindex/JOSESwift.build/Debug-appletvos/JOSESwift.build/Objects-normal/arm64/JOSESwift-OutputFileMap.json (in target 'JOSESwift' from project 'JOSESwift')
    cd /Users/admin/builder/spi-builder-workspace/.dependencies/checkouts/JOSESwift
    write-file /Users/admin/builder/spi-builder-workspace/.derivedData/Build/Intermediates.noindex/JOSESwift.build/Debug-appletvos/JOSESwift.build/Objects-normal/arm64/JOSESwift-OutputFileMap.json
WriteAuxiliaryFile /Users/admin/builder/spi-builder-workspace/.derivedData/Build/Intermediates.noindex/JOSESwift.build/Debug-appletvos/JOSESwift.build/Objects-normal/arm64/JOSESwift.LinkFileList (in target 'JOSESwift' from project 'JOSESwift')
    cd /Users/admin/builder/spi-builder-workspace/.dependencies/checkouts/JOSESwift
    write-file /Users/admin/builder/spi-builder-workspace/.derivedData/Build/Intermediates.noindex/JOSESwift.build/Debug-appletvos/JOSESwift.build/Objects-normal/arm64/JOSESwift.LinkFileList
WriteAuxiliaryFile /Users/admin/builder/spi-builder-workspace/.derivedData/Build/Intermediates.noindex/JOSESwift.build/Debug-appletvos/JOSESwift.build/Objects-normal/arm64/JOSESwift.SwiftFileList (in target 'JOSESwift' from project 'JOSESwift')
    cd /Users/admin/builder/spi-builder-workspace/.dependencies/checkouts/JOSESwift
    write-file /Users/admin/builder/spi-builder-workspace/.derivedData/Build/Intermediates.noindex/JOSESwift.build/Debug-appletvos/JOSESwift.build/Objects-normal/arm64/JOSESwift.SwiftFileList
WriteAuxiliaryFile /Users/admin/builder/spi-builder-workspace/.derivedData/Build/Intermediates.noindex/JOSESwift.build/Debug-appletvos/JOSESwift.build/Objects-normal/arm64/JOSESwift.SwiftConstValuesFileList (in target 'JOSESwift' from project 'JOSESwift')
    cd /Users/admin/builder/spi-builder-workspace/.dependencies/checkouts/JOSESwift
    write-file /Users/admin/builder/spi-builder-workspace/.derivedData/Build/Intermediates.noindex/JOSESwift.build/Debug-appletvos/JOSESwift.build/Objects-normal/arm64/JOSESwift.SwiftConstValuesFileList
WriteAuxiliaryFile /Users/admin/builder/spi-builder-workspace/.derivedData/Build/Intermediates.noindex/Checkout3DSPackages.build/Debug-appletvos/JOSESwiftDynamic.build/Objects-normal/arm64/JOSESwiftDynamic_const_extract_protocols.json (in target 'JOSESwiftDynamic' from project 'Checkout3DSPackages')
    cd /Users/admin/builder/spi-builder-workspace
    write-file /Users/admin/builder/spi-builder-workspace/.derivedData/Build/Intermediates.noindex/Checkout3DSPackages.build/Debug-appletvos/JOSESwiftDynamic.build/Objects-normal/arm64/JOSESwiftDynamic_const_extract_protocols.json
WriteAuxiliaryFile /Users/admin/builder/spi-builder-workspace/.derivedData/Build/Intermediates.noindex/Checkout3DSPackages.build/Debug-appletvos/JOSESwiftDynamic.build/Objects-normal/arm64/JOSESwiftDynamic.SwiftFileList (in target 'JOSESwiftDynamic' from project 'Checkout3DSPackages')
    cd /Users/admin/builder/spi-builder-workspace
    write-file /Users/admin/builder/spi-builder-workspace/.derivedData/Build/Intermediates.noindex/Checkout3DSPackages.build/Debug-appletvos/JOSESwiftDynamic.build/Objects-normal/arm64/JOSESwiftDynamic.SwiftFileList
WriteAuxiliaryFile /Users/admin/builder/spi-builder-workspace/.derivedData/Build/Intermediates.noindex/Checkout3DSPackages.build/Debug-appletvos/JOSESwiftDynamic.build/Objects-normal/arm64/JOSESwiftDynamic.SwiftConstValuesFileList (in target 'JOSESwiftDynamic' from project 'Checkout3DSPackages')
    cd /Users/admin/builder/spi-builder-workspace
    write-file /Users/admin/builder/spi-builder-workspace/.derivedData/Build/Intermediates.noindex/Checkout3DSPackages.build/Debug-appletvos/JOSESwiftDynamic.build/Objects-normal/arm64/JOSESwiftDynamic.SwiftConstValuesFileList
WriteAuxiliaryFile /Users/admin/builder/spi-builder-workspace/.derivedData/Build/Intermediates.noindex/Checkout3DSPackages.build/Debug-appletvos/JOSESwiftDynamic.build/Objects-normal/arm64/JOSESwiftDynamic.LinkFileList (in target 'JOSESwiftDynamic' from project 'Checkout3DSPackages')
    cd /Users/admin/builder/spi-builder-workspace
    write-file /Users/admin/builder/spi-builder-workspace/.derivedData/Build/Intermediates.noindex/Checkout3DSPackages.build/Debug-appletvos/JOSESwiftDynamic.build/Objects-normal/arm64/JOSESwiftDynamic.LinkFileList
WriteAuxiliaryFile /Users/admin/builder/spi-builder-workspace/.derivedData/Build/Intermediates.noindex/Checkout3DSPackages.build/Debug-appletvos/JOSESwiftDynamic.build/Objects-normal/arm64/JOSESwiftDynamic-OutputFileMap.json (in target 'JOSESwiftDynamic' from project 'Checkout3DSPackages')
    cd /Users/admin/builder/spi-builder-workspace
    write-file /Users/admin/builder/spi-builder-workspace/.derivedData/Build/Intermediates.noindex/Checkout3DSPackages.build/Debug-appletvos/JOSESwiftDynamic.build/Objects-normal/arm64/JOSESwiftDynamic-OutputFileMap.json
WriteAuxiliaryFile /Users/admin/builder/spi-builder-workspace/.derivedData/Build/Intermediates.noindex/Checkout3DSPackages.build/Debug-appletvos/JOSESwiftDynamic.build/JOSESwiftDynamic.modulemap (in target 'JOSESwiftDynamic' from project 'Checkout3DSPackages')
    cd /Users/admin/builder/spi-builder-workspace
    write-file /Users/admin/builder/spi-builder-workspace/.derivedData/Build/Intermediates.noindex/Checkout3DSPackages.build/Debug-appletvos/JOSESwiftDynamic.build/JOSESwiftDynamic.modulemap
WriteAuxiliaryFile /Users/admin/builder/spi-builder-workspace/.derivedData/Build/Intermediates.noindex/Checkout3DSPackages.build/Debug-appletvos/JOSESwiftDynamic.build/JOSESwiftDynamic.DependencyMetadataFileList (in target 'JOSESwiftDynamic' from project 'Checkout3DSPackages')
    cd /Users/admin/builder/spi-builder-workspace
    write-file /Users/admin/builder/spi-builder-workspace/.derivedData/Build/Intermediates.noindex/Checkout3DSPackages.build/Debug-appletvos/JOSESwiftDynamic.build/JOSESwiftDynamic.DependencyMetadataFileList
WriteAuxiliaryFile /Users/admin/builder/spi-builder-workspace/.derivedData/Build/Intermediates.noindex/Checkout3DSPackages.build/Debug-appletvos/JOSESwiftDynamic.build/JOSESwiftDynamic.DependencyStaticMetadataFileList (in target 'JOSESwiftDynamic' from project 'Checkout3DSPackages')
    cd /Users/admin/builder/spi-builder-workspace
    write-file /Users/admin/builder/spi-builder-workspace/.derivedData/Build/Intermediates.noindex/Checkout3DSPackages.build/Debug-appletvos/JOSESwiftDynamic.build/JOSESwiftDynamic.DependencyStaticMetadataFileList
Copy /Users/admin/builder/spi-builder-workspace/.derivedData/Build/Intermediates.noindex/GeneratedModuleMaps-appletvos/JOSESwift.modulemap /Users/admin/builder/spi-builder-workspace/.derivedData/Build/Intermediates.noindex/JOSESwift.build/Debug-appletvos/JOSESwift.build/JOSESwift.modulemap (in target 'JOSESwift' from project 'JOSESwift')
    cd /Users/admin/builder/spi-builder-workspace/.dependencies/checkouts/JOSESwift
    builtin-copy -exclude .DS_Store -exclude CVS -exclude .svn -exclude .git -exclude .hg -resolve-src-symlinks /Users/admin/builder/spi-builder-workspace/.derivedData/Build/Intermediates.noindex/JOSESwift.build/Debug-appletvos/JOSESwift.build/JOSESwift.modulemap /Users/admin/builder/spi-builder-workspace/.derivedData/Build/Intermediates.noindex/GeneratedModuleMaps-appletvos
WriteAuxiliaryFile /Users/admin/builder/spi-builder-workspace/.derivedData/Build/Intermediates.noindex/Checkout3DSPackages.build/Debug-appletvos/Checkout3DSPackages.build/Objects-normal/arm64/Checkout3DSPackages_const_extract_protocols.json (in target 'Checkout3DSPackages' from project 'Checkout3DSPackages')
    cd /Users/admin/builder/spi-builder-workspace
    write-file /Users/admin/builder/spi-builder-workspace/.derivedData/Build/Intermediates.noindex/Checkout3DSPackages.build/Debug-appletvos/Checkout3DSPackages.build/Objects-normal/arm64/Checkout3DSPackages_const_extract_protocols.json
WriteAuxiliaryFile /Users/admin/builder/spi-builder-workspace/.derivedData/Build/Intermediates.noindex/Checkout3DSPackages.build/Debug-appletvos/Checkout3DSPackages.build/Objects-normal/arm64/Checkout3DSPackages.SwiftFileList (in target 'Checkout3DSPackages' from project 'Checkout3DSPackages')
    cd /Users/admin/builder/spi-builder-workspace
    write-file /Users/admin/builder/spi-builder-workspace/.derivedData/Build/Intermediates.noindex/Checkout3DSPackages.build/Debug-appletvos/Checkout3DSPackages.build/Objects-normal/arm64/Checkout3DSPackages.SwiftFileList
WriteAuxiliaryFile /Users/admin/builder/spi-builder-workspace/.derivedData/Build/Intermediates.noindex/Checkout3DSPackages.build/Debug-appletvos/Checkout3DSPackages.build/Objects-normal/arm64/Checkout3DSPackages.SwiftConstValuesFileList (in target 'Checkout3DSPackages' from project 'Checkout3DSPackages')
    cd /Users/admin/builder/spi-builder-workspace
    write-file /Users/admin/builder/spi-builder-workspace/.derivedData/Build/Intermediates.noindex/Checkout3DSPackages.build/Debug-appletvos/Checkout3DSPackages.build/Objects-normal/arm64/Checkout3DSPackages.SwiftConstValuesFileList
WriteAuxiliaryFile /Users/admin/builder/spi-builder-workspace/.derivedData/Build/Intermediates.noindex/Checkout3DSPackages.build/Debug-appletvos/Checkout3DSPackages.build/Objects-normal/arm64/Checkout3DSPackages.LinkFileList (in target 'Checkout3DSPackages' from project 'Checkout3DSPackages')
    cd /Users/admin/builder/spi-builder-workspace
    write-file /Users/admin/builder/spi-builder-workspace/.derivedData/Build/Intermediates.noindex/Checkout3DSPackages.build/Debug-appletvos/Checkout3DSPackages.build/Objects-normal/arm64/Checkout3DSPackages.LinkFileList
WriteAuxiliaryFile /Users/admin/builder/spi-builder-workspace/.derivedData/Build/Intermediates.noindex/Checkout3DSPackages.build/Debug-appletvos/Checkout3DSPackages.build/Objects-normal/arm64/Checkout3DSPackages-OutputFileMap.json (in target 'Checkout3DSPackages' from project 'Checkout3DSPackages')
    cd /Users/admin/builder/spi-builder-workspace
    write-file /Users/admin/builder/spi-builder-workspace/.derivedData/Build/Intermediates.noindex/Checkout3DSPackages.build/Debug-appletvos/Checkout3DSPackages.build/Objects-normal/arm64/Checkout3DSPackages-OutputFileMap.json
WriteAuxiliaryFile /Users/admin/builder/spi-builder-workspace/.derivedData/Build/Intermediates.noindex/Checkout3DSPackages.build/Debug-appletvos/Checkout3DSPackages.build/Checkout3DSPackages.modulemap (in target 'Checkout3DSPackages' from project 'Checkout3DSPackages')
    cd /Users/admin/builder/spi-builder-workspace
    write-file /Users/admin/builder/spi-builder-workspace/.derivedData/Build/Intermediates.noindex/Checkout3DSPackages.build/Debug-appletvos/Checkout3DSPackages.build/Checkout3DSPackages.modulemap
Copy /Users/admin/builder/spi-builder-workspace/.derivedData/Build/Intermediates.noindex/GeneratedModuleMaps-appletvos/JOSESwiftDynamic.modulemap /Users/admin/builder/spi-builder-workspace/.derivedData/Build/Intermediates.noindex/Checkout3DSPackages.build/Debug-appletvos/JOSESwiftDynamic.build/JOSESwiftDynamic.modulemap (in target 'JOSESwiftDynamic' from project 'Checkout3DSPackages')
    cd /Users/admin/builder/spi-builder-workspace
    builtin-copy -exclude .DS_Store -exclude CVS -exclude .svn -exclude .git -exclude .hg -resolve-src-symlinks /Users/admin/builder/spi-builder-workspace/.derivedData/Build/Intermediates.noindex/Checkout3DSPackages.build/Debug-appletvos/JOSESwiftDynamic.build/JOSESwiftDynamic.modulemap /Users/admin/builder/spi-builder-workspace/.derivedData/Build/Intermediates.noindex/GeneratedModuleMaps-appletvos
WriteAuxiliaryFile /Users/admin/builder/spi-builder-workspace/.derivedData/Build/Intermediates.noindex/Checkout3DSPackages.build/Debug-appletvos/Checkout3DSPackages.build/Checkout3DSPackages.DependencyStaticMetadataFileList (in target 'Checkout3DSPackages' from project 'Checkout3DSPackages')
    cd /Users/admin/builder/spi-builder-workspace
    write-file /Users/admin/builder/spi-builder-workspace/.derivedData/Build/Intermediates.noindex/Checkout3DSPackages.build/Debug-appletvos/Checkout3DSPackages.build/Checkout3DSPackages.DependencyStaticMetadataFileList
WriteAuxiliaryFile /Users/admin/builder/spi-builder-workspace/.derivedData/Build/Intermediates.noindex/Checkout3DSPackages.build/Debug-appletvos/Checkout3DSPackages.build/Checkout3DSPackages.DependencyMetadataFileList (in target 'Checkout3DSPackages' from project 'Checkout3DSPackages')
    cd /Users/admin/builder/spi-builder-workspace
    write-file /Users/admin/builder/spi-builder-workspace/.derivedData/Build/Intermediates.noindex/Checkout3DSPackages.build/Debug-appletvos/Checkout3DSPackages.build/Checkout3DSPackages.DependencyMetadataFileList
Copy /Users/admin/builder/spi-builder-workspace/.derivedData/Build/Intermediates.noindex/GeneratedModuleMaps-appletvos/Checkout3DSPackages.modulemap /Users/admin/builder/spi-builder-workspace/.derivedData/Build/Intermediates.noindex/Checkout3DSPackages.build/Debug-appletvos/Checkout3DSPackages.build/Checkout3DSPackages.modulemap (in target 'Checkout3DSPackages' from project 'Checkout3DSPackages')
    cd /Users/admin/builder/spi-builder-workspace
    builtin-copy -exclude .DS_Store -exclude CVS -exclude .svn -exclude .git -exclude .hg -resolve-src-symlinks /Users/admin/builder/spi-builder-workspace/.derivedData/Build/Intermediates.noindex/Checkout3DSPackages.build/Debug-appletvos/Checkout3DSPackages.build/Checkout3DSPackages.modulemap /Users/admin/builder/spi-builder-workspace/.derivedData/Build/Intermediates.noindex/GeneratedModuleMaps-appletvos
SwiftDriver JOSESwift normal arm64 com.apple.xcode.tools.swift.compiler (in target 'JOSESwift' from project 'JOSESwift')
    cd /Users/admin/builder/spi-builder-workspace/.swiftpm/xcode
    builtin-SwiftDriver -- /Applications/Xcode-16.3.0.app/Contents/Developer/Toolchains/XcodeDefault.xctoolchain/usr/bin/swiftc -module-name JOSESwift -Onone -enforce-exclusivity\=checked @/Users/admin/builder/spi-builder-workspace/.derivedData/Build/Intermediates.noindex/JOSESwift.build/Debug-appletvos/JOSESwift.build/Objects-normal/arm64/JOSESwift.SwiftFileList -DSWIFT_PACKAGE -DDEBUG -stats-output-dir .stats -strict-concurrency\=complete -enable-upcoming-feature StrictConcurrency -enable-upcoming-feature DisableOutwardActorInference -enable-upcoming-feature GlobalActorIsolatedTypesUsability -enable-upcoming-feature InferSendableFromCaptures -plugin-path /Applications/Xcode-16.3.0.app/Contents/Developer/Toolchains/XcodeDefault.xctoolchain/usr/lib/swift/host/plugins/testing -enable-experimental-feature DebugDescriptionMacro -sdk /Applications/Xcode-16.3.0.app/Contents/Developer/Platforms/AppleTVOS.platform/Developer/SDKs/AppleTVOS18.4.sdk -target arm64-apple-tvos12.0 -g -module-cache-path /Users/admin/builder/spi-builder-workspace/.derivedData/ModuleCache.noindex -Xfrontend -serialize-debugging-options -enable-testing -suppress-warnings -index-store-path /Users/admin/builder/spi-builder-workspace/.derivedData/Index.noindex/DataStore -swift-version 5 -I /Users/admin/builder/spi-builder-workspace/.derivedData/Build/Products/Debug-appletvos -I /Applications/Xcode-16.3.0.app/Contents/Developer/Platforms/AppleTVOS.platform/Developer/usr/lib -F /Users/admin/builder/spi-builder-workspace/.derivedData/Build/Products/Debug-appletvos -F /Applications/Xcode-16.3.0.app/Contents/Developer/Platforms/AppleTVOS.platform/Developer/Library/Frameworks -F /Applications/Xcode-16.3.0.app/Contents/Developer/Platforms/AppleTVOS.platform/Developer/SDKs/AppleTVOS18.4.sdk/Developer/Library/Frameworks -c -j10 -enable-batch-mode -incremental -Xcc -ivfsstatcache -Xcc /Users/admin/builder/spi-builder-workspace/.derivedData/SDKStatCaches.noindex/appletvos18.4-22L251-271d326055c85f9856fa135c41255102.sdkstatcache -output-file-map /Users/admin/builder/spi-builder-workspace/.derivedData/Build/Intermediates.noindex/JOSESwift.build/Debug-appletvos/JOSESwift.build/Objects-normal/arm64/JOSESwift-OutputFileMap.json -use-frontend-parseable-output -save-temps -no-color-diagnostics -serialize-diagnostics -emit-dependencies -emit-module -emit-module-path /Users/admin/builder/spi-builder-workspace/.derivedData/Build/Intermediates.noindex/JOSESwift.build/Debug-appletvos/JOSESwift.build/Objects-normal/arm64/JOSESwift.swiftmodule -validate-clang-modules-once -clang-build-session-file /Users/admin/builder/spi-builder-workspace/.derivedData/ModuleCache.noindex/Session.modulevalidation -Xcc -I/Users/admin/builder/spi-builder-workspace/.derivedData/Build/Intermediates.noindex/JOSESwift.build/Debug-appletvos/JOSESwift.build/swift-overrides.hmap -emit-const-values -Xfrontend -const-gather-protocols-file -Xfrontend /Users/admin/builder/spi-builder-workspace/.derivedData/Build/Intermediates.noindex/JOSESwift.build/Debug-appletvos/JOSESwift.build/Objects-normal/arm64/JOSESwift_const_extract_protocols.json -Xcc -I/Users/admin/builder/spi-builder-workspace/.derivedData/Build/Products/Debug-appletvos/include -Xcc -I/Users/admin/builder/spi-builder-workspace/.derivedData/Build/Intermediates.noindex/JOSESwift.build/Debug-appletvos/JOSESwift.build/DerivedSources-normal/arm64 -Xcc -I/Users/admin/builder/spi-builder-workspace/.derivedData/Build/Intermediates.noindex/JOSESwift.build/Debug-appletvos/JOSESwift.build/DerivedSources/arm64 -Xcc -I/Users/admin/builder/spi-builder-workspace/.derivedData/Build/Intermediates.noindex/JOSESwift.build/Debug-appletvos/JOSESwift.build/DerivedSources -Xcc -DSWIFT_PACKAGE -Xcc -DDEBUG\=1 -emit-objc-header -emit-objc-header-path /Users/admin/builder/spi-builder-workspace/.derivedData/Build/Intermediates.noindex/JOSESwift.build/Debug-appletvos/JOSESwift.build/Objects-normal/arm64/JOSESwift-Swift.h -working-directory /Users/admin/builder/spi-builder-workspace/.swiftpm/xcode -experimental-emit-module-separately -disable-cmo
SwiftCompile normal arm64 Compiling\ Decrypter.swift,\ Deserializer.swift,\ DirectEncryptionMode.swift,\ ECKeyCodable.swift,\ ECKeys.swift,\ ECSigner.swift /Users/admin/builder/spi-builder-workspace/.dependencies/checkouts/JOSESwift/JOSESwift/Sources/Decrypter.swift /Users/admin/builder/spi-builder-workspace/.dependencies/checkouts/JOSESwift/JOSESwift/Sources/Deserializer.swift /Users/admin/builder/spi-builder-workspace/.dependencies/checkouts/JOSESwift/JOSESwift/Sources/DirectEncryptionMode.swift /Users/admin/builder/spi-builder-workspace/.dependencies/checkouts/JOSESwift/JOSESwift/Sources/ECKeyCodable.swift /Users/admin/builder/spi-builder-workspace/.dependencies/checkouts/JOSESwift/JOSESwift/Sources/ECKeys.swift /Users/admin/builder/spi-builder-workspace/.dependencies/checkouts/JOSESwift/JOSESwift/Sources/ECSigner.swift (in target 'JOSESwift' from project 'JOSESwift')
SwiftCompile normal arm64 /Users/admin/builder/spi-builder-workspace/.dependencies/checkouts/JOSESwift/JOSESwift/Sources/Decrypter.swift (in target 'JOSESwift' from project 'JOSESwift')
    cd /Users/admin/builder/spi-builder-workspace/.swiftpm/xcode

SwiftCompile normal arm64 /Users/admin/builder/spi-builder-workspace/.dependencies/checkouts/JOSESwift/JOSESwift/Sources/Deserializer.swift (in target 'JOSESwift' from project 'JOSESwift')
    cd /Users/admin/builder/spi-builder-workspace/.swiftpm/xcode

SwiftCompile normal arm64 /Users/admin/builder/spi-builder-workspace/.dependencies/checkouts/JOSESwift/JOSESwift/Sources/DirectEncryptionMode.swift (in target 'JOSESwift' from project 'JOSESwift')
    cd /Users/admin/builder/spi-builder-workspace/.swiftpm/xcode

SwiftCompile normal arm64 /Users/admin/builder/spi-builder-workspace/.dependencies/checkouts/JOSESwift/JOSESwift/Sources/ECKeyCodable.swift (in target 'JOSESwift' from project 'JOSESwift')
    cd /Users/admin/builder/spi-builder-workspace/.swiftpm/xcode

SwiftCompile normal arm64 /Users/admin/builder/spi-builder-workspace/.dependencies/checkouts/JOSESwift/JOSESwift/Sources/ECKeys.swift (in target 'JOSESwift' from project 'JOSESwift')
    cd /Users/admin/builder/spi-builder-workspace/.swiftpm/xcode

SwiftCompile normal arm64 /Users/admin/builder/spi-builder-workspace/.dependencies/checkouts/JOSESwift/JOSESwift/Sources/ECSigner.swift (in target 'JOSESwift' from project 'JOSESwift')
    cd /Users/admin/builder/spi-builder-workspace/.swiftpm/xcode

SwiftCompile normal arm64 Compiling\ JWKSetCodable.swift,\ JWS.swift,\ JWSHeader.swift,\ KeyManagementMode.swift,\ Payload.swift /Users/admin/builder/spi-builder-workspace/.dependencies/checkouts/JOSESwift/JOSESwift/Sources/JWKSetCodable.swift /Users/admin/builder/spi-builder-workspace/.dependencies/checkouts/JOSESwift/JOSESwift/Sources/JWS.swift /Users/admin/builder/spi-builder-workspace/.dependencies/checkouts/JOSESwift/JOSESwift/Sources/JWSHeader.swift /Users/admin/builder/spi-builder-workspace/.dependencies/checkouts/JOSESwift/JOSESwift/Sources/KeyManagementMode.swift /Users/admin/builder/spi-builder-workspace/.dependencies/checkouts/JOSESwift/JOSESwift/Sources/Payload.swift (in target 'JOSESwift' from project 'JOSESwift')
SwiftCompile normal arm64 /Users/admin/builder/spi-builder-workspace/.dependencies/checkouts/JOSESwift/JOSESwift/Sources/JWKSetCodable.swift (in target 'JOSESwift' from project 'JOSESwift')
    cd /Users/admin/builder/spi-builder-workspace/.swiftpm/xcode

SwiftCompile normal arm64 /Users/admin/builder/spi-builder-workspace/.dependencies/checkouts/JOSESwift/JOSESwift/Sources/JWS.swift (in target 'JOSESwift' from project 'JOSESwift')
    cd /Users/admin/builder/spi-builder-workspace/.swiftpm/xcode

SwiftCompile normal arm64 /Users/admin/builder/spi-builder-workspace/.dependencies/checkouts/JOSESwift/JOSESwift/Sources/JWSHeader.swift (in target 'JOSESwift' from project 'JOSESwift')
    cd /Users/admin/builder/spi-builder-workspace/.swiftpm/xcode

SwiftCompile normal arm64 /Users/admin/builder/spi-builder-workspace/.dependencies/checkouts/JOSESwift/JOSESwift/Sources/KeyManagementMode.swift (in target 'JOSESwift' from project 'JOSESwift')
    cd /Users/admin/builder/spi-builder-workspace/.swiftpm/xcode

SwiftCompile normal arm64 /Users/admin/builder/spi-builder-workspace/.dependencies/checkouts/JOSESwift/JOSESwift/Sources/Payload.swift (in target 'JOSESwift' from project 'JOSESwift')
    cd /Users/admin/builder/spi-builder-workspace/.swiftpm/xcode

SwiftCompile normal arm64 Compiling\ Serializer.swift,\ Signer.swift,\ SymmetricKeyCodable.swift,\ SymmetricKeys.swift,\ Verifier.swift /Users/admin/builder/spi-builder-workspace/.dependencies/checkouts/JOSESwift/JOSESwift/Sources/Serializer.swift /Users/admin/builder/spi-builder-workspace/.dependencies/checkouts/JOSESwift/JOSESwift/Sources/Signer.swift /Users/admin/builder/spi-builder-workspace/.dependencies/checkouts/JOSESwift/JOSESwift/Sources/SymmetricKeyCodable.swift /Users/admin/builder/spi-builder-workspace/.dependencies/checkouts/JOSESwift/JOSESwift/Sources/SymmetricKeys.swift /Users/admin/builder/spi-builder-workspace/.dependencies/checkouts/JOSESwift/JOSESwift/Sources/Verifier.swift (in target 'JOSESwift' from project 'JOSESwift')
SwiftCompile normal arm64 /Users/admin/builder/spi-builder-workspace/.dependencies/checkouts/JOSESwift/JOSESwift/Sources/Serializer.swift (in target 'JOSESwift' from project 'JOSESwift')
    cd /Users/admin/builder/spi-builder-workspace/.swiftpm/xcode

SwiftCompile normal arm64 /Users/admin/builder/spi-builder-workspace/.dependencies/checkouts/JOSESwift/JOSESwift/Sources/Signer.swift (in target 'JOSESwift' from project 'JOSESwift')
    cd /Users/admin/builder/spi-builder-workspace/.swiftpm/xcode

SwiftCompile normal arm64 /Users/admin/builder/spi-builder-workspace/.dependencies/checkouts/JOSESwift/JOSESwift/Sources/SymmetricKeyCodable.swift (in target 'JOSESwift' from project 'JOSESwift')
    cd /Users/admin/builder/spi-builder-workspace/.swiftpm/xcode

SwiftCompile normal arm64 /Users/admin/builder/spi-builder-workspace/.dependencies/checkouts/JOSESwift/JOSESwift/Sources/SymmetricKeys.swift (in target 'JOSESwift' from project 'JOSESwift')
    cd /Users/admin/builder/spi-builder-workspace/.swiftpm/xcode

SwiftCompile normal arm64 /Users/admin/builder/spi-builder-workspace/.dependencies/checkouts/JOSESwift/JOSESwift/Sources/Verifier.swift (in target 'JOSESwift' from project 'JOSESwift')
    cd /Users/admin/builder/spi-builder-workspace/.swiftpm/xcode

SwiftCompile normal arm64 Compiling\ JWE.swift,\ JWEHeader.swift,\ JWK.swift,\ JWKExtensions.swift,\ JWKParameters.swift,\ JWKSet.swift /Users/admin/builder/spi-builder-workspace/.dependencies/checkouts/JOSESwift/JOSESwift/Sources/JWE.swift /Users/admin/builder/spi-builder-workspace/.dependencies/checkouts/JOSESwift/JOSESwift/Sources/JWEHeader.swift /Users/admin/builder/spi-builder-workspace/.dependencies/checkouts/JOSESwift/JOSESwift/Sources/JWK.swift /Users/admin/builder/spi-builder-workspace/.dependencies/checkouts/JOSESwift/JOSESwift/Sources/JWKExtensions.swift /Users/admin/builder/spi-builder-workspace/.dependencies/checkouts/JOSESwift/JOSESwift/Sources/JWKParameters.swift /Users/admin/builder/spi-builder-workspace/.dependencies/checkouts/JOSESwift/JOSESwift/Sources/JWKSet.swift (in target 'JOSESwift' from project 'JOSESwift')
SwiftCompile normal arm64 /Users/admin/builder/spi-builder-workspace/.dependencies/checkouts/JOSESwift/JOSESwift/Sources/JWE.swift (in target 'JOSESwift' from project 'JOSESwift')
    cd /Users/admin/builder/spi-builder-workspace/.swiftpm/xcode

SwiftCompile normal arm64 /Users/admin/builder/spi-builder-workspace/.dependencies/checkouts/JOSESwift/JOSESwift/Sources/JWEHeader.swift (in target 'JOSESwift' from project 'JOSESwift')
    cd /Users/admin/builder/spi-builder-workspace/.swiftpm/xcode

SwiftCompile normal arm64 /Users/admin/builder/spi-builder-workspace/.dependencies/checkouts/JOSESwift/JOSESwift/Sources/JWK.swift (in target 'JOSESwift' from project 'JOSESwift')
    cd /Users/admin/builder/spi-builder-workspace/.swiftpm/xcode

SwiftCompile normal arm64 /Users/admin/builder/spi-builder-workspace/.dependencies/checkouts/JOSESwift/JOSESwift/Sources/JWKExtensions.swift (in target 'JOSESwift' from project 'JOSESwift')
    cd /Users/admin/builder/spi-builder-workspace/.swiftpm/xcode

SwiftCompile normal arm64 /Users/admin/builder/spi-builder-workspace/.dependencies/checkouts/JOSESwift/JOSESwift/Sources/JWKParameters.swift (in target 'JOSESwift' from project 'JOSESwift')
    cd /Users/admin/builder/spi-builder-workspace/.swiftpm/xcode

SwiftCompile normal arm64 /Users/admin/builder/spi-builder-workspace/.dependencies/checkouts/JOSESwift/JOSESwift/Sources/JWKSet.swift (in target 'JOSESwift' from project 'JOSESwift')
    cd /Users/admin/builder/spi-builder-workspace/.swiftpm/xcode

SwiftCompile normal arm64 Compiling\ ECVerifier.swift,\ Encrypter.swift,\ HMACSigner.swift,\ HMACVerifier.swift,\ JOSEHeader.swift,\ JOSESwiftError.swift /Users/admin/builder/spi-builder-workspace/.dependencies/checkouts/JOSESwift/JOSESwift/Sources/ECVerifier.swift /Users/admin/builder/spi-builder-workspace/.dependencies/checkouts/JOSESwift/JOSESwift/Sources/Encrypter.swift /Users/admin/builder/spi-builder-workspace/.dependencies/checkouts/JOSESwift/JOSESwift/Sources/HMACSigner.swift /Users/admin/builder/spi-builder-workspace/.dependencies/checkouts/JOSESwift/JOSESwift/Sources/HMACVerifier.swift /Users/admin/builder/spi-builder-workspace/.dependencies/checkouts/JOSESwift/JOSESwift/Sources/JOSEHeader.swift /Users/admin/builder/spi-builder-workspace/.dependencies/checkouts/JOSESwift/JOSESwift/Sources/JOSESwiftError.swift (in target 'JOSESwift' from project 'JOSESwift')
SwiftCompile normal arm64 /Users/admin/builder/spi-builder-workspace/.dependencies/checkouts/JOSESwift/JOSESwift/Sources/ECVerifier.swift (in target 'JOSESwift' from project 'JOSESwift')
    cd /Users/admin/builder/spi-builder-workspace/.swiftpm/xcode

SwiftCompile normal arm64 /Users/admin/builder/spi-builder-workspace/.dependencies/checkouts/JOSESwift/JOSESwift/Sources/Encrypter.swift (in target 'JOSESwift' from project 'JOSESwift')
    cd /Users/admin/builder/spi-builder-workspace/.swiftpm/xcode

SwiftCompile normal arm64 /Users/admin/builder/spi-builder-workspace/.dependencies/checkouts/JOSESwift/JOSESwift/Sources/HMACSigner.swift (in target 'JOSESwift' from project 'JOSESwift')
    cd /Users/admin/builder/spi-builder-workspace/.swiftpm/xcode

SwiftCompile normal arm64 /Users/admin/builder/spi-builder-workspace/.dependencies/checkouts/JOSESwift/JOSESwift/Sources/HMACVerifier.swift (in target 'JOSESwift' from project 'JOSESwift')
    cd /Users/admin/builder/spi-builder-workspace/.swiftpm/xcode

SwiftCompile normal arm64 /Users/admin/builder/spi-builder-workspace/.dependencies/checkouts/JOSESwift/JOSESwift/Sources/JOSEHeader.swift (in target 'JOSESwift' from project 'JOSESwift')
    cd /Users/admin/builder/spi-builder-workspace/.swiftpm/xcode

SwiftCompile normal arm64 /Users/admin/builder/spi-builder-workspace/.dependencies/checkouts/JOSESwift/JOSESwift/Sources/JOSESwiftError.swift (in target 'JOSESwift' from project 'JOSESwift')
    cd /Users/admin/builder/spi-builder-workspace/.swiftpm/xcode

SwiftCompile normal arm64 Compiling\ DeflateWrapper.swift,\ Compressor.swift,\ ContentEncryption.swift,\ AES.swift,\ DataECPrivateKey.swift,\ DataECPublicKey.swift /Users/admin/builder/spi-builder-workspace/.dependencies/checkouts/JOSESwift/JOSESwift/Sources/CompressionImplementation/DeflateWrapper.swift /Users/admin/builder/spi-builder-workspace/.dependencies/checkouts/JOSESwift/JOSESwift/Sources/Compressor.swift /Users/admin/builder/spi-builder-workspace/.dependencies/checkouts/JOSESwift/JOSESwift/Sources/ContentEncryption.swift /Users/admin/builder/spi-builder-workspace/.dependencies/checkouts/JOSESwift/JOSESwift/Sources/CryptoImplementation/AES.swift /Users/admin/builder/spi-builder-workspace/.dependencies/checkouts/JOSESwift/JOSESwift/Sources/CryptoImplementation/DataECPrivateKey.swift /Users/admin/builder/spi-builder-workspace/.dependencies/checkouts/JOSESwift/JOSESwift/Sources/CryptoImplementation/DataECPublicKey.swift (in target 'JOSESwift' from project 'JOSESwift')
SwiftCompile normal arm64 /Users/admin/builder/spi-builder-workspace/.dependencies/checkouts/JOSESwift/JOSESwift/Sources/CompressionImplementation/DeflateWrapper.swift (in target 'JOSESwift' from project 'JOSESwift')
    cd /Users/admin/builder/spi-builder-workspace/.swiftpm/xcode

SwiftCompile normal arm64 /Users/admin/builder/spi-builder-workspace/.dependencies/checkouts/JOSESwift/JOSESwift/Sources/Compressor.swift (in target 'JOSESwift' from project 'JOSESwift')
    cd /Users/admin/builder/spi-builder-workspace/.swiftpm/xcode

SwiftCompile normal arm64 /Users/admin/builder/spi-builder-workspace/.dependencies/checkouts/JOSESwift/JOSESwift/Sources/ContentEncryption.swift (in target 'JOSESwift' from project 'JOSESwift')
    cd /Users/admin/builder/spi-builder-workspace/.swiftpm/xcode

SwiftCompile normal arm64 /Users/admin/builder/spi-builder-workspace/.dependencies/checkouts/JOSESwift/JOSESwift/Sources/CryptoImplementation/AES.swift (in target 'JOSESwift' from project 'JOSESwift')
    cd /Users/admin/builder/spi-builder-workspace/.swiftpm/xcode

SwiftCompile normal arm64 /Users/admin/builder/spi-builder-workspace/.dependencies/checkouts/JOSESwift/JOSESwift/Sources/CryptoImplementation/DataECPrivateKey.swift (in target 'JOSESwift' from project 'JOSESwift')
    cd /Users/admin/builder/spi-builder-workspace/.swiftpm/xcode

SwiftCompile normal arm64 /Users/admin/builder/spi-builder-workspace/.dependencies/checkouts/JOSESwift/JOSESwift/Sources/CryptoImplementation/DataECPublicKey.swift (in target 'JOSESwift' from project 'JOSESwift')
    cd /Users/admin/builder/spi-builder-workspace/.swiftpm/xcode

SwiftCompile normal arm64 Compiling\ SecKeyECPublicKey.swift,\ SecKeyRSAPublicKey.swift,\ SecureRandom.swift,\ Thumbprint.swift,\ DataConvertible.swift,\ DataExtensions.swift /Users/admin/builder/spi-builder-workspace/.dependencies/checkouts/JOSESwift/JOSESwift/Sources/CryptoImplementation/SecKeyECPublicKey.swift /Users/admin/builder/spi-builder-workspace/.dependencies/checkouts/JOSESwift/JOSESwift/Sources/CryptoImplementation/SecKeyRSAPublicKey.swift /Users/admin/builder/spi-builder-workspace/.dependencies/checkouts/JOSESwift/JOSESwift/Sources/CryptoImplementation/SecureRandom.swift /Users/admin/builder/spi-builder-workspace/.dependencies/checkouts/JOSESwift/JOSESwift/Sources/CryptoImplementation/Thumbprint.swift /Users/admin/builder/spi-builder-workspace/.dependencies/checkouts/JOSESwift/JOSESwift/Sources/DataConvertible.swift /Users/admin/builder/spi-builder-workspace/.dependencies/checkouts/JOSESwift/JOSESwift/Sources/DataExtensions.swift (in target 'JOSESwift' from project 'JOSESwift')
SwiftCompile normal arm64 /Users/admin/builder/spi-builder-workspace/.dependencies/checkouts/JOSESwift/JOSESwift/Sources/CryptoImplementation/SecKeyECPublicKey.swift (in target 'JOSESwift' from project 'JOSESwift')
    cd /Users/admin/builder/spi-builder-workspace/.swiftpm/xcode

SwiftCompile normal arm64 /Users/admin/builder/spi-builder-workspace/.dependencies/checkouts/JOSESwift/JOSESwift/Sources/CryptoImplementation/SecKeyRSAPublicKey.swift (in target 'JOSESwift' from project 'JOSESwift')
    cd /Users/admin/builder/spi-builder-workspace/.swiftpm/xcode

SwiftCompile normal arm64 /Users/admin/builder/spi-builder-workspace/.dependencies/checkouts/JOSESwift/JOSESwift/Sources/CryptoImplementation/SecureRandom.swift (in target 'JOSESwift' from project 'JOSESwift')
    cd /Users/admin/builder/spi-builder-workspace/.swiftpm/xcode

SwiftCompile normal arm64 /Users/admin/builder/spi-builder-workspace/.dependencies/checkouts/JOSESwift/JOSESwift/Sources/CryptoImplementation/Thumbprint.swift (in target 'JOSESwift' from project 'JOSESwift')
    cd /Users/admin/builder/spi-builder-workspace/.swiftpm/xcode

SwiftCompile normal arm64 /Users/admin/builder/spi-builder-workspace/.dependencies/checkouts/JOSESwift/JOSESwift/Sources/DataConvertible.swift (in target 'JOSESwift' from project 'JOSESwift')
    cd /Users/admin/builder/spi-builder-workspace/.swiftpm/xcode

SwiftCompile normal arm64 /Users/admin/builder/spi-builder-workspace/.dependencies/checkouts/JOSESwift/JOSESwift/Sources/DataExtensions.swift (in target 'JOSESwift' from project 'JOSESwift')
    cd /Users/admin/builder/spi-builder-workspace/.swiftpm/xcode

SwiftCompile normal arm64 Compiling\ DataRSAPublicKey.swift,\ DataSymmetricKey.swift,\ EC.swift,\ HMAC.swift,\ RSA.swift,\ SecKeyECPrivateKey.swift /Users/admin/builder/spi-builder-workspace/.dependencies/checkouts/JOSESwift/JOSESwift/Sources/CryptoImplementation/DataRSAPublicKey.swift /Users/admin/builder/spi-builder-workspace/.dependencies/checkouts/JOSESwift/JOSESwift/Sources/CryptoImplementation/DataSymmetricKey.swift /Users/admin/builder/spi-builder-workspace/.dependencies/checkouts/JOSESwift/JOSESwift/Sources/CryptoImplementation/EC.swift /Users/admin/builder/spi-builder-workspace/.dependencies/checkouts/JOSESwift/JOSESwift/Sources/CryptoImplementation/HMAC.swift /Users/admin/builder/spi-builder-workspace/.dependencies/checkouts/JOSESwift/JOSESwift/Sources/CryptoImplementation/RSA.swift /Users/admin/builder/spi-builder-workspace/.dependencies/checkouts/JOSESwift/JOSESwift/Sources/CryptoImplementation/SecKeyECPrivateKey.swift (in target 'JOSESwift' from project 'JOSESwift')
SwiftCompile normal arm64 /Users/admin/builder/spi-builder-workspace/.dependencies/checkouts/JOSESwift/JOSESwift/Sources/CryptoImplementation/DataRSAPublicKey.swift (in target 'JOSESwift' from project 'JOSESwift')
    cd /Users/admin/builder/spi-builder-workspace/.swiftpm/xcode

SwiftCompile normal arm64 /Users/admin/builder/spi-builder-workspace/.dependencies/checkouts/JOSESwift/JOSESwift/Sources/CryptoImplementation/DataSymmetricKey.swift (in target 'JOSESwift' from project 'JOSESwift')
    cd /Users/admin/builder/spi-builder-workspace/.swiftpm/xcode

SwiftCompile normal arm64 /Users/admin/builder/spi-builder-workspace/.dependencies/checkouts/JOSESwift/JOSESwift/Sources/CryptoImplementation/EC.swift (in target 'JOSESwift' from project 'JOSESwift')
    cd /Users/admin/builder/spi-builder-workspace/.swiftpm/xcode

SwiftCompile normal arm64 /Users/admin/builder/spi-builder-workspace/.dependencies/checkouts/JOSESwift/JOSESwift/Sources/CryptoImplementation/HMAC.swift (in target 'JOSESwift' from project 'JOSESwift')
    cd /Users/admin/builder/spi-builder-workspace/.swiftpm/xcode

SwiftCompile normal arm64 /Users/admin/builder/spi-builder-workspace/.dependencies/checkouts/JOSESwift/JOSESwift/Sources/CryptoImplementation/RSA.swift (in target 'JOSESwift' from project 'JOSESwift')
    cd /Users/admin/builder/spi-builder-workspace/.swiftpm/xcode

SwiftCompile normal arm64 /Users/admin/builder/spi-builder-workspace/.dependencies/checkouts/JOSESwift/JOSESwift/Sources/CryptoImplementation/SecKeyECPrivateKey.swift (in target 'JOSESwift' from project 'JOSESwift')
    cd /Users/admin/builder/spi-builder-workspace/.swiftpm/xcode

SwiftEmitModule normal arm64 Emitting\ module\ for\ JOSESwift (in target 'JOSESwift' from project 'JOSESwift')
Failed frontend command:
/Applications/Xcode-16.3.0.app/Contents/Developer/Toolchains/XcodeDefault.xctoolchain/usr/bin/swift-frontend -frontend -emit-module -experimental-skip-non-inlinable-function-bodies-without-types /Users/admin/builder/spi-builder-workspace/.dependencies/checkouts/JOSESwift/JOSESwift/Sources/AESCBCEncryption.swift /Users/admin/builder/spi-builder-workspace/.dependencies/checkouts/JOSESwift/JOSESwift/Sources/AESKeyWrappingMode.swift /Users/admin/builder/spi-builder-workspace/.dependencies/checkouts/JOSESwift/JOSESwift/Sources/ASN1DEREncoding.swift /Users/admin/builder/spi-builder-workspace/.dependencies/checkouts/JOSESwift/JOSESwift/Sources/ASN1DERParsing.swift /Users/admin/builder/spi-builder-workspace/.dependencies/checkouts/JOSESwift/JOSESwift/Sources/AlgorithmExtensions.swift /Users/admin/builder/spi-builder-workspace/.dependencies/checkouts/JOSESwift/JOSESwift/Sources/Algorithms.swift /Users/admin/builder/spi-builder-workspace/.dependencies/checkouts/JOSESwift/JOSESwift/Sources/CompressionImplementation/DeflateWrapper.swift /Users/admin/builder/spi-builder-workspace/.dependencies/checkouts/JOSESwift/JOSESwift/Sources/Compressor.swift /Users/admin/builder/spi-builder-workspace/.dependencies/checkouts/JOSESwift/JOSESwift/Sources/ContentEncryption.swift /Users/admin/builder/spi-builder-workspace/.dependencies/checkouts/JOSESwift/JOSESwift/Sources/CryptoImplementation/AES.swift /Users/admin/builder/spi-builder-workspace/.dependencies/checkouts/JOSESwift/JOSESwift/Sources/CryptoImplementation/DataECPrivateKey.swift /Users/admin/builder/spi-builder-workspace/.dependencies/checkouts/JOSESwift/JOSESwift/Sources/CryptoImplementation/DataECPublicKey.swift /Users/admin/builder/spi-builder-workspace/.dependencies/checkouts/JOSESwift/JOSESwift/Sources/CryptoImplementation/DataRSAPublicKey.swift /Users/admin/builder/spi-builder-workspace/.dependencies/checkouts/JOSESwift/JOSESwift/Sources/CryptoImplementation/DataSymmetricKey.swift /Users/admin/builder/spi-builder-workspace/.dependencies/checkouts/JOSESwift/JOSESwift/Sources/CryptoImplementation/EC.swift /Users/admin/builder/spi-builder-workspace/.dependencies/checkouts/JOSESwift/JOSESwift/Sources/CryptoImplementation/HMAC.swift /Users/admin/builder/spi-builder-workspace/.dependencies/checkouts/JOSESwift/JOSESwift/Sources/CryptoImplementation/RSA.swift /Users/admin/builder/spi-builder-workspace/.dependencies/checkouts/JOSESwift/JOSESwift/Sources/CryptoImplementation/SecKeyECPrivateKey.swift /Users/admin/builder/spi-builder-workspace/.dependencies/checkouts/JOSESwift/JOSESwift/Sources/CryptoImplementation/SecKeyECPublicKey.swift /Users/admin/builder/spi-builder-workspace/.dependencies/checkouts/JOSESwift/JOSESwift/Sources/CryptoImplementation/SecKeyRSAPublicKey.swift /Users/admin/builder/spi-builder-workspace/.dependencies/checkouts/JOSESwift/JOSESwift/Sources/CryptoImplementation/SecureRandom.swift /Users/admin/builder/spi-builder-workspace/.dependencies/checkouts/JOSESwift/JOSESwift/Sources/CryptoImplementation/Thumbprint.swift /Users/admin/builder/spi-builder-workspace/.dependencies/checkouts/JOSESwift/JOSESwift/Sources/DataConvertible.swift /Users/admin/builder/spi-builder-workspace/.dependencies/checkouts/JOSESwift/JOSESwift/Sources/DataExtensions.swift /Users/admin/builder/spi-builder-workspace/.dependencies/checkouts/JOSESwift/JOSESwift/Sources/Decrypter.swift /Users/admin/builder/spi-builder-workspace/.dependencies/checkouts/JOSESwift/JOSESwift/Sources/Deserializer.swift /Users/admin/builder/spi-builder-workspace/.dependencies/checkouts/JOSESwift/JOSESwift/Sources/DirectEncryptionMode.swift /Users/admin/builder/spi-builder-workspace/.dependencies/checkouts/JOSESwift/JOSESwift/Sources/ECKeyCodable.swift /Users/admin/builder/spi-builder-workspace/.dependencies/checkouts/JOSESwift/JOSESwift/Sources/ECKeys.swift /Users/admin/builder/spi-builder-workspace/.dependencies/checkouts/JOSESwift/JOSESwift/Sources/ECSigner.swift /Users/admin/builder/spi-builder-workspace/.dependencies/checkouts/JOSESwift/JOSESwift/Sources/ECVerifier.swift /Users/admin/builder/spi-builder-workspace/.dependencies/checkouts/JOSESwift/JOSESwift/Sources/Encrypter.swift /Users/admin/builder/spi-builder-workspace/.dependencies/checkouts/JOSESwift/JOSESwift/Sources/HMACSigner.swift /Users/admin/builder/spi-builder-workspace/.dependencies/checkouts/JOSESwift/JOSESwift/Sources/HMACVerifier.swift /Users/admin/builder/spi-builder-workspace/.dependencies/checkouts/JOSESwift/JOSESwift/Sources/JOSEHeader.swift /Users/admin/builder/spi-builder-workspace/.dependencies/checkouts/JOSESwift/JOSESwift/Sources/JOSESwiftError.swift /Users/admin/builder/spi-builder-workspace/.dependencies/checkouts/JOSESwift/JOSESwift/Sources/JWE.swift /Users/admin/builder/spi-builder-workspace/.dependencies/checkouts/JOSESwift/JOSESwift/Sources/JWEHeader.swift /Users/admin/builder/spi-builder-workspace/.dependencies/checkouts/JOSESwift/JOSESwift/Sources/JWK.swift /Users/admin/builder/spi-builder-workspace/.dependencies/checkouts/JOSESwift/JOSESwift/Sources/JWKExtensions.swift /Users/admin/builder/spi-builder-workspace/.dependencies/checkouts/JOSESwift/JOSESwift/Sources/JWKParameters.swift /Users/admin/builder/spi-builder-workspace/.dependencies/checkouts/JOSESwift/JOSESwift/Sources/JWKSet.swift /Users/admin/builder/spi-builder-workspace/.dependencies/checkouts/JOSESwift/JOSESwift/Sources/JWKSetCodable.swift /Users/admin/builder/spi-builder-workspace/.dependencies/checkouts/JOSESwift/JOSESwift/Sources/JWS.swift /Users/admin/builder/spi-builder-workspace/.dependencies/checkouts/JOSESwift/JOSESwift/Sources/JWSHeader.swift /Users/admin/builder/spi-builder-workspace/.dependencies/checkouts/JOSESwift/JOSESwift/Sources/KeyManagementMode.swift /Users/admin/builder/spi-builder-workspace/.dependencies/checkouts/JOSESwift/JOSESwift/Sources/Payload.swift /Users/admin/builder/spi-builder-workspace/.dependencies/checkouts/JOSESwift/JOSESwift/Sources/RSAKeyCodable.swift /Users/admin/builder/spi-builder-workspace/.dependencies/checkouts/JOSESwift/JOSESwift/Sources/RSAKeyEncryptionMode.swift /Users/admin/builder/spi-builder-workspace/.dependencies/checkouts/JOSESwift/JOSESwift/Sources/RSAKeys.swift /Users/admin/builder/spi-builder-workspace/.dependencies/checkouts/JOSESwift/JOSESwift/Sources/RSASigner.swift /Users/admin/builder/spi-builder-workspace/.dependencies/checkouts/JOSESwift/JOSESwift/Sources/RSAVerifier.swift /Users/admin/builder/spi-builder-workspace/.dependencies/checkouts/JOSESwift/JOSESwift/Sources/Serializer.swift /Users/admin/builder/spi-builder-workspace/.dependencies/checkouts/JOSESwift/JOSESwift/Sources/Signer.swift /Users/admin/builder/spi-builder-workspace/.dependencies/checkouts/JOSESwift/JOSESwift/Sources/SymmetricKeyCodable.swift /Users/admin/builder/spi-builder-workspace/.dependencies/checkouts/JOSESwift/JOSESwift/Sources/SymmetricKeys.swift /Users/admin/builder/spi-builder-workspace/.dependencies/checkouts/JOSESwift/JOSESwift/Sources/Verifier.swift -target arm64-apple-tvos12.0 -Xllvm -aarch64-use-tbi -enable-objc-interop -sdk /Applications/Xcode-16.3.0.app/Contents/Developer/Platforms/AppleTVOS.platform/Developer/SDKs/AppleTVOS18.4.sdk -I /Users/admin/builder/spi-builder-workspace/.derivedData/Build/Products/Debug-appletvos -I /Applications/Xcode-16.3.0.app/Contents/Developer/Platforms/AppleTVOS.platform/Developer/usr/lib -F /Users/admin/builder/spi-builder-workspace/.derivedData/Build/Products/Debug-appletvos -F /Applications/Xcode-16.3.0.app/Contents/Developer/Platforms/AppleTVOS.platform/Developer/Library/Frameworks -F /Applications/Xcode-16.3.0.app/Contents/Developer/Platforms/AppleTVOS.platform/Developer/SDKs/AppleTVOS18.4.sdk/Developer/Library/Frameworks -no-color-diagnostics -enable-testing -g -debug-info-format\=dwarf -dwarf-version\=4 -module-cache-path /Users/admin/builder/spi-builder-workspace/.derivedData/ModuleCache.noindex -suppress-warnings -swift-version 5 -enforce-exclusivity\=checked -stats-output-dir /Users/admin/builder/spi-builder-workspace/.swiftpm/xcode/.stats -Onone -D SWIFT_PACKAGE -D DEBUG -serialize-debugging-options -const-gather-protocols-file /Users/admin/builder/spi-builder-workspace/.derivedData/Build/Intermediates.noindex/JOSESwift.build/Debug-appletvos/JOSESwift.build/Objects-normal/arm64/JOSESwift_const_extract_protocols.json -enable-upcoming-feature StrictConcurrency -enable-upcoming-feature DisableOutwardActorInference -enable-upcoming-feature GlobalActorIsolatedTypesUsability -enable-upcoming-feature InferSendableFromCaptures -enable-experimental-feature DebugDescriptionMacro -strict-concurrency\=complete -empty-abi-descriptor -plugin-path /Applications/Xcode-16.3.0.app/Contents/Developer/Toolchains/XcodeDefault.xctoolchain/usr/lib/swift/host/plugins/testing -validate-clang-modules-once -clang-build-session-file /Users/admin/builder/spi-builder-workspace/.derivedData/ModuleCache.noindex/Session.modulevalidation -Xcc -working-directory -Xcc /Users/admin/builder/spi-builder-workspace/.swiftpm/xcode -resource-dir /Applications/Xcode-16.3.0.app/Contents/Developer/Toolchains/XcodeDefault.xctoolchain/usr/lib/swift -enable-anonymous-context-mangled-names -file-compilation-dir /Users/admin/builder/spi-builder-workspace/.swiftpm/xcode -Xcc -ivfsstatcache -Xcc /Users/admin/builder/spi-builder-workspace/.derivedData/SDKStatCaches.noindex/appletvos18.4-22L251-271d326055c85f9856fa135c41255102.sdkstatcache -Xcc -I/Users/admin/builder/spi-builder-workspace/.derivedData/Build/Intermediates.noindex/JOSESwift.build/Debug-appletvos/JOSESwift.build/swift-overrides.hmap -Xcc -I/Users/admin/builder/spi-builder-workspace/.derivedData/Build/Products/Debug-appletvos/include -Xcc -I/Users/admin/builder/spi-builder-workspace/.derivedData/Build/Intermediates.noindex/JOSESwift.build/Debug-appletvos/JOSESwift.build/DerivedSources-normal/arm64 -Xcc -I/Users/admin/builder/spi-builder-workspace/.derivedData/Build/Intermediates.noindex/JOSESwift.build/Debug-appletvos/JOSESwift.build/DerivedSources/arm64 -Xcc -I/Users/admin/builder/spi-builder-workspace/.derivedData/Build/Intermediates.noindex/JOSESwift.build/Debug-appletvos/JOSESwift.build/DerivedSources -Xcc -DSWIFT_PACKAGE -Xcc -DDEBUG\=1 -module-name JOSESwift -frontend-parseable-output -disable-clang-spi -target-sdk-version 18.4 -target-sdk-name appletvos18.4 -external-plugin-path /Applications/Xcode-16.3.0.app/Contents/Developer/Platforms/AppleTVOS.platform/Developer/usr/lib/swift/host/plugins\#/Applications/Xcode-16.3.0.app/Contents/Developer/Platforms/AppleTVOS.platform/Developer/usr/bin/swift-plugin-server -external-plugin-path /Applications/Xcode-16.3.0.app/Contents/Developer/Platforms/AppleTVOS.platform/Developer/usr/local/lib/swift/host/plugins\#/Applications/Xcode-16.3.0.app/Contents/Developer/Platforms/AppleTVOS.platform/Developer/usr/bin/swift-plugin-server -in-process-plugin-server-path /Applications/Xcode-16.3.0.app/Contents/Developer/Toolchains/XcodeDefault.xctoolchain/usr/lib/swift/host/libSwiftInProcPluginServer.dylib -plugin-path /Applications/Xcode-16.3.0.app/Contents/Developer/Toolchains/XcodeDefault.xctoolchain/usr/lib/swift/host/plugins -plugin-path /Applications/Xcode-16.3.0.app/Contents/Developer/Toolchains/XcodeDefault.xctoolchain/usr/local/lib/swift/host/plugins -emit-module-doc-path /Users/admin/builder/spi-builder-workspace/.derivedData/Build/Intermediates.noindex/JOSESwift.build/Debug-appletvos/JOSESwift.build/Objects-normal/arm64/JOSESwift.swiftdoc -emit-module-source-info-path /Users/admin/builder/spi-builder-workspace/.derivedData/Build/Intermediates.noindex/JOSESwift.build/Debug-appletvos/JOSESwift.build/Objects-normal/arm64/JOSESwift.swiftsourceinfo -emit-objc-header-path /Users/admin/builder/spi-builder-workspace/.derivedData/Build/Intermediates.noindex/JOSESwift.build/Debug-appletvos/JOSESwift.build/Objects-normal/arm64/JOSESwift-Swift.h -serialize-diagnostics-path /Users/admin/builder/spi-builder-workspace/.derivedData/Build/Intermediates.noindex/JOSESwift.build/Debug-appletvos/JOSESwift.build/Objects-normal/arm64/JOSESwift-master-emit-module.dia -emit-dependencies-path /Users/admin/builder/spi-builder-workspace/.derivedData/Build/Intermediates.noindex/JOSESwift.build/Debug-appletvos/JOSESwift.build/Objects-normal/arm64/JOSESwift-master-emit-module.d -o /Users/admin/builder/spi-builder-workspace/.derivedData/Build/Intermediates.noindex/JOSESwift.build/Debug-appletvos/JOSESwift.build/Objects-normal/arm64/JOSESwift.swiftmodule -emit-abi-descriptor-path /Users/admin/builder/spi-builder-workspace/.derivedData/Build/Intermediates.noindex/JOSESwift.build/Debug-appletvos/JOSESwift.build/Objects-normal/arm64/JOSESwift.abi.json
EmitSwiftModule normal arm64 (in target 'JOSESwift' from project 'JOSESwift')
    cd /Users/admin/builder/spi-builder-workspace/.swiftpm/xcode

/Users/admin/builder/spi-builder-workspace/.dependencies/checkouts/JOSESwift/JOSESwift/Sources/CryptoImplementation/EC.swift:27:8: error: no such module 'LocalAuthentication'
import LocalAuthentication
       ^
SwiftCompile normal arm64 Compiling\ RSAKeyCodable.swift,\ RSAKeyEncryptionMode.swift,\ RSAKeys.swift,\ RSASigner.swift,\ RSAVerifier.swift /Users/admin/builder/spi-builder-workspace/.dependencies/checkouts/JOSESwift/JOSESwift/Sources/RSAKeyCodable.swift /Users/admin/builder/spi-builder-workspace/.dependencies/checkouts/JOSESwift/JOSESwift/Sources/RSAKeyEncryptionMode.swift /Users/admin/builder/spi-builder-workspace/.dependencies/checkouts/JOSESwift/JOSESwift/Sources/RSAKeys.swift /Users/admin/builder/spi-builder-workspace/.dependencies/checkouts/JOSESwift/JOSESwift/Sources/RSASigner.swift /Users/admin/builder/spi-builder-workspace/.dependencies/checkouts/JOSESwift/JOSESwift/Sources/RSAVerifier.swift (in target 'JOSESwift' from project 'JOSESwift')
SwiftCompile normal arm64 /Users/admin/builder/spi-builder-workspace/.dependencies/checkouts/JOSESwift/JOSESwift/Sources/RSAKeyCodable.swift (in target 'JOSESwift' from project 'JOSESwift')
    cd /Users/admin/builder/spi-builder-workspace/.swiftpm/xcode

SwiftCompile normal arm64 /Users/admin/builder/spi-builder-workspace/.dependencies/checkouts/JOSESwift/JOSESwift/Sources/RSAKeyEncryptionMode.swift (in target 'JOSESwift' from project 'JOSESwift')
    cd /Users/admin/builder/spi-builder-workspace/.swiftpm/xcode

SwiftCompile normal arm64 /Users/admin/builder/spi-builder-workspace/.dependencies/checkouts/JOSESwift/JOSESwift/Sources/RSAKeys.swift (in target 'JOSESwift' from project 'JOSESwift')
    cd /Users/admin/builder/spi-builder-workspace/.swiftpm/xcode

SwiftCompile normal arm64 /Users/admin/builder/spi-builder-workspace/.dependencies/checkouts/JOSESwift/JOSESwift/Sources/RSASigner.swift (in target 'JOSESwift' from project 'JOSESwift')
    cd /Users/admin/builder/spi-builder-workspace/.swiftpm/xcode

SwiftCompile normal arm64 /Users/admin/builder/spi-builder-workspace/.dependencies/checkouts/JOSESwift/JOSESwift/Sources/RSAVerifier.swift (in target 'JOSESwift' from project 'JOSESwift')
    cd /Users/admin/builder/spi-builder-workspace/.swiftpm/xcode

SwiftCompile normal arm64 Compiling\ AESCBCEncryption.swift,\ AESKeyWrappingMode.swift,\ ASN1DEREncoding.swift,\ ASN1DERParsing.swift,\ AlgorithmExtensions.swift,\ Algorithms.swift /Users/admin/builder/spi-builder-workspace/.dependencies/checkouts/JOSESwift/JOSESwift/Sources/AESCBCEncryption.swift /Users/admin/builder/spi-builder-workspace/.dependencies/checkouts/JOSESwift/JOSESwift/Sources/AESKeyWrappingMode.swift /Users/admin/builder/spi-builder-workspace/.dependencies/checkouts/JOSESwift/JOSESwift/Sources/ASN1DEREncoding.swift /Users/admin/builder/spi-builder-workspace/.dependencies/checkouts/JOSESwift/JOSESwift/Sources/ASN1DERParsing.swift /Users/admin/builder/spi-builder-workspace/.dependencies/checkouts/JOSESwift/JOSESwift/Sources/AlgorithmExtensions.swift /Users/admin/builder/spi-builder-workspace/.dependencies/checkouts/JOSESwift/JOSESwift/Sources/Algorithms.swift (in target 'JOSESwift' from project 'JOSESwift')
Command SwiftCompile failed with a nonzero exit code
** BUILD FAILED **
The following build commands failed:
	SwiftEmitModule normal arm64 Emitting\ module\ for\ JOSESwift (in target 'JOSESwift' from project 'JOSESwift')
	EmitSwiftModule normal arm64 (in target 'JOSESwift' from project 'JOSESwift')
	SwiftCompile normal arm64 Compiling\ AESCBCEncryption.swift,\ AESKeyWrappingMode.swift,\ ASN1DEREncoding.swift,\ ASN1DERParsing.swift,\ AlgorithmExtensions.swift,\ Algorithms.swift /Users/admin/builder/spi-builder-workspace/.dependencies/checkouts/JOSESwift/JOSESwift/Sources/AESCBCEncryption.swift /Users/admin/builder/spi-builder-workspace/.dependencies/checkouts/JOSESwift/JOSESwift/Sources/AESKeyWrappingMode.swift /Users/admin/builder/spi-builder-workspace/.dependencies/checkouts/JOSESwift/JOSESwift/Sources/ASN1DEREncoding.swift /Users/admin/builder/spi-builder-workspace/.dependencies/checkouts/JOSESwift/JOSESwift/Sources/ASN1DERParsing.swift /Users/admin/builder/spi-builder-workspace/.dependencies/checkouts/JOSESwift/JOSESwift/Sources/AlgorithmExtensions.swift /Users/admin/builder/spi-builder-workspace/.dependencies/checkouts/JOSESwift/JOSESwift/Sources/Algorithms.swift (in target 'JOSESwift' from project 'JOSESwift')
	Building workspace spi-builder-workspace with scheme Checkout3DSPackages
(4 failures)
Command line invocation:
    /Applications/Xcode-16.3.0.app/Contents/Developer/usr/bin/xcodebuild -IDEClonedSourcePackagesDirPathOverride=/Users/admin/builder/spi-builder-workspace/.dependencies -resolvePackageDependencies
Resolve Package Graph
Resolved source packages:
  Checkout3DSPackages: /Users/admin/builder/spi-builder-workspace
  JOSESwift: https://github.com/airsidemobile/JOSESwift.git @ 2.4.0
resolved source packages: Checkout3DSPackages, JOSESwift
{
  "dependencies" : [
    {
      "identity" : "joseswift",
      "requirement" : {
        "exact" : [
          "2.4.0"
        ]
      },
      "type" : "sourceControl",
      "url" : "https://github.com/airsidemobile/JOSESwift.git"
    }
  ],
  "manifest_display_name" : "Checkout3DSPackages",
  "name" : "Checkout3DSPackages",
  "path" : "/Users/admin/builder/spi-builder-workspace",
  "platforms" : [
    {
      "name" : "ios",
      "version" : "13.0"
    }
  ],
  "products" : [
    {
      "name" : "Checkout3DSPackages",
      "targets" : [
        "Checkout3DSPackages"
      ],
      "type" : {
        "library" : [
          "automatic"
        ]
      }
    }
  ],
  "swift_languages_versions" : [
    "5"
  ],
  "targets" : [
    {
      "c99name" : "JOSESwiftDynamic",
      "module_type" : "SwiftTarget",
      "name" : "JOSESwiftDynamic",
      "path" : "Dependencies/JOSESwiftDynamic/Sources",
      "product_dependencies" : [
        "JOSESwift"
      ],
      "product_memberships" : [
        "Checkout3DSPackages"
      ],
      "sources" : [
        "JOSESwiftDynamic.swift"
      ],
      "type" : "library"
    },
    {
      "c99name" : "Checkout3DSPackages",
      "module_type" : "SwiftTarget",
      "name" : "Checkout3DSPackages",
      "path" : "Checkout3DSPackages",
      "product_memberships" : [
        "Checkout3DSPackages"
      ],
      "sources" : [
        "dummy.swift"
      ],
      "target_dependencies" : [
        "JOSESwiftDynamic",
        "Checkout3DS"
      ],
      "type" : "library"
    },
    {
      "c99name" : "Checkout3DS",
      "module_type" : "BinaryTarget",
      "name" : "Checkout3DS",
      "path" : "Checkout3DS.xcframework",
      "product_memberships" : [
        "Checkout3DSPackages"
      ],
      "sources" : [
      ],
      "type" : "binary"
    }
  ],
  "tools_version" : "5.10"
}
{
  "workspace" : {
    "name" : "spi-builder-workspace",
    "schemes" : [
      "Checkout3DSPackages"
    ]
  }
}
Running build ...
env DEVELOPER_DIR=/Applications/Xcode-16.3.0.app xcrun xcodebuild -IDEClonedSourcePackagesDirPathOverride=$PWD/.dependencies -skipMacroValidation -skipPackagePluginValidation -derivedDataPath $PWD/.derivedData build -scheme Checkout3DSPackages -destination generic/platform=tvOS
Command line invocation:
    /Applications/Xcode-16.3.0.app/Contents/Developer/usr/bin/xcodebuild -IDEClonedSourcePackagesDirPathOverride=/Users/admin/builder/spi-builder-workspace/.dependencies -skipMacroValidation -skipPackagePluginValidation -derivedDataPath /Users/admin/builder/spi-builder-workspace/.derivedData build -scheme Checkout3DSPackages -destination generic/platform=tvOS
Resolve Package Graph
Resolved source packages:
  Checkout3DSPackages: /Users/admin/builder/spi-builder-workspace
  JOSESwift: https://github.com/airsidemobile/JOSESwift.git @ 2.4.0
ComputePackagePrebuildTargetDependencyGraph
Prepare packages
CreateBuildRequest
SendProjectDescription
CreateBuildOperation
ComputeTargetDependencyGraph
note: Building targets in dependency order
note: Target dependency graph (5 targets)
    Target 'Checkout3DSPackages' in project 'Checkout3DSPackages'
        ➜ Explicit dependency on target 'Checkout3DSPackages' in project 'Checkout3DSPackages'
        ➜ Explicit dependency on target 'JOSESwiftDynamic' in project 'Checkout3DSPackages'
        ➜ Explicit dependency on target 'JOSESwift' in project 'JOSESwift'
    Target 'Checkout3DSPackages' in project 'Checkout3DSPackages'
        ➜ Explicit dependency on target 'JOSESwiftDynamic' in project 'Checkout3DSPackages'
        ➜ Explicit dependency on target 'JOSESwift' in project 'JOSESwift'
    Target 'JOSESwiftDynamic' in project 'Checkout3DSPackages'
        ➜ Explicit dependency on target 'JOSESwift' in project 'JOSESwift'
    Target 'JOSESwift' in project 'JOSESwift'
        ➜ Explicit dependency on target 'JOSESwift' in project 'JOSESwift'
    Target 'JOSESwift' in project 'JOSESwift' (no dependencies)
GatherProvisioningInputs
CreateBuildDescription
ExecuteExternalTool /Applications/Xcode-16.3.0.app/Contents/Developer/Toolchains/XcodeDefault.xctoolchain/usr/bin/swiftc --version
ExecuteExternalTool /Applications/Xcode-16.3.0.app/Contents/Developer/Toolchains/XcodeDefault.xctoolchain/usr/bin/clang -v -E -dM -isysroot /Applications/Xcode-16.3.0.app/Contents/Developer/Platforms/AppleTVOS.platform/Developer/SDKs/AppleTVOS18.4.sdk -x c -c /dev/null
ExecuteExternalTool /Applications/Xcode-16.3.0.app/Contents/Developer/Toolchains/XcodeDefault.xctoolchain/usr/bin/ld -version_details
Build description signature: 1c6ef1ce172f2a7b20c1f95a65f883cc
Build description path: /Users/admin/builder/spi-builder-workspace/.derivedData/Build/Intermediates.noindex/XCBuildData/1c6ef1ce172f2a7b20c1f95a65f883cc.xcbuilddata
ClangStatCache /Applications/Xcode-16.3.0.app/Contents/Developer/Toolchains/XcodeDefault.xctoolchain/usr/bin/clang-stat-cache /Applications/Xcode-16.3.0.app/Contents/Developer/Platforms/AppleTVOS.platform/Developer/SDKs/AppleTVOS18.4.sdk /Users/admin/builder/spi-builder-workspace/.derivedData/SDKStatCaches.noindex/appletvos18.4-22L251-271d326055c85f9856fa135c41255102.sdkstatcache
    cd /Users/admin/builder/spi-builder-workspace/.swiftpm/xcode
    /Applications/Xcode-16.3.0.app/Contents/Developer/Toolchains/XcodeDefault.xctoolchain/usr/bin/clang-stat-cache /Applications/Xcode-16.3.0.app/Contents/Developer/Platforms/AppleTVOS.platform/Developer/SDKs/AppleTVOS18.4.sdk -o /Users/admin/builder/spi-builder-workspace/.derivedData/SDKStatCaches.noindex/appletvos18.4-22L251-271d326055c85f9856fa135c41255102.sdkstatcache
SwiftDriver JOSESwift normal arm64 com.apple.xcode.tools.swift.compiler (in target 'JOSESwift' from project 'JOSESwift')
    cd /Users/admin/builder/spi-builder-workspace/.swiftpm/xcode
    builtin-SwiftDriver -- /Applications/Xcode-16.3.0.app/Contents/Developer/Toolchains/XcodeDefault.xctoolchain/usr/bin/swiftc -module-name JOSESwift -Onone -enforce-exclusivity\=checked @/Users/admin/builder/spi-builder-workspace/.derivedData/Build/Intermediates.noindex/JOSESwift.build/Debug-appletvos/JOSESwift.build/Objects-normal/arm64/JOSESwift.SwiftFileList -DSWIFT_PACKAGE -DDEBUG -DXcode -plugin-path /Applications/Xcode-16.3.0.app/Contents/Developer/Toolchains/XcodeDefault.xctoolchain/usr/lib/swift/host/plugins/testing -enable-experimental-feature DebugDescriptionMacro -sdk /Applications/Xcode-16.3.0.app/Contents/Developer/Platforms/AppleTVOS.platform/Developer/SDKs/AppleTVOS18.4.sdk -target arm64-apple-tvos12.0 -g -module-cache-path /Users/admin/builder/spi-builder-workspace/.derivedData/ModuleCache.noindex -Xfrontend -serialize-debugging-options -enable-testing -suppress-warnings -index-store-path /Users/admin/builder/spi-builder-workspace/.derivedData/Index.noindex/DataStore -swift-version 5 -I /Users/admin/builder/spi-builder-workspace/.derivedData/Build/Products/Debug-appletvos -I /Applications/Xcode-16.3.0.app/Contents/Developer/Platforms/AppleTVOS.platform/Developer/usr/lib -F /Users/admin/builder/spi-builder-workspace/.derivedData/Build/Products/Debug-appletvos -F /Applications/Xcode-16.3.0.app/Contents/Developer/Platforms/AppleTVOS.platform/Developer/Library/Frameworks -F /Applications/Xcode-16.3.0.app/Contents/Developer/Platforms/AppleTVOS.platform/Developer/SDKs/AppleTVOS18.4.sdk/Developer/Library/Frameworks -c -j10 -enable-batch-mode -incremental -Xcc -ivfsstatcache -Xcc /Users/admin/builder/spi-builder-workspace/.derivedData/SDKStatCaches.noindex/appletvos18.4-22L251-271d326055c85f9856fa135c41255102.sdkstatcache -output-file-map /Users/admin/builder/spi-builder-workspace/.derivedData/Build/Intermediates.noindex/JOSESwift.build/Debug-appletvos/JOSESwift.build/Objects-normal/arm64/JOSESwift-OutputFileMap.json -use-frontend-parseable-output -save-temps -no-color-diagnostics -serialize-diagnostics -emit-dependencies -emit-module -emit-module-path /Users/admin/builder/spi-builder-workspace/.derivedData/Build/Intermediates.noindex/JOSESwift.build/Debug-appletvos/JOSESwift.build/Objects-normal/arm64/JOSESwift.swiftmodule -validate-clang-modules-once -clang-build-session-file /Users/admin/builder/spi-builder-workspace/.derivedData/ModuleCache.noindex/Session.modulevalidation -Xcc -I/Users/admin/builder/spi-builder-workspace/.derivedData/Build/Intermediates.noindex/JOSESwift.build/Debug-appletvos/JOSESwift.build/swift-overrides.hmap -emit-const-values -Xfrontend -const-gather-protocols-file -Xfrontend /Users/admin/builder/spi-builder-workspace/.derivedData/Build/Intermediates.noindex/JOSESwift.build/Debug-appletvos/JOSESwift.build/Objects-normal/arm64/JOSESwift_const_extract_protocols.json -Xcc -I/Users/admin/builder/spi-builder-workspace/.derivedData/Build/Products/Debug-appletvos/include -Xcc -I/Users/admin/builder/spi-builder-workspace/.derivedData/Build/Intermediates.noindex/JOSESwift.build/Debug-appletvos/JOSESwift.build/DerivedSources-normal/arm64 -Xcc -I/Users/admin/builder/spi-builder-workspace/.derivedData/Build/Intermediates.noindex/JOSESwift.build/Debug-appletvos/JOSESwift.build/DerivedSources/arm64 -Xcc -I/Users/admin/builder/spi-builder-workspace/.derivedData/Build/Intermediates.noindex/JOSESwift.build/Debug-appletvos/JOSESwift.build/DerivedSources -Xcc -DSWIFT_PACKAGE -Xcc -DDEBUG\=1 -emit-objc-header -emit-objc-header-path /Users/admin/builder/spi-builder-workspace/.derivedData/Build/Intermediates.noindex/JOSESwift.build/Debug-appletvos/JOSESwift.build/Objects-normal/arm64/JOSESwift-Swift.h -working-directory /Users/admin/builder/spi-builder-workspace/.swiftpm/xcode -experimental-emit-module-separately -disable-cmo
SwiftCompile normal arm64 Compiling\ Decrypter.swift,\ Deserializer.swift,\ DirectEncryptionMode.swift,\ ECKeyCodable.swift,\ ECKeys.swift,\ ECSigner.swift /Users/admin/builder/spi-builder-workspace/.dependencies/checkouts/JOSESwift/JOSESwift/Sources/Decrypter.swift /Users/admin/builder/spi-builder-workspace/.dependencies/checkouts/JOSESwift/JOSESwift/Sources/Deserializer.swift /Users/admin/builder/spi-builder-workspace/.dependencies/checkouts/JOSESwift/JOSESwift/Sources/DirectEncryptionMode.swift /Users/admin/builder/spi-builder-workspace/.dependencies/checkouts/JOSESwift/JOSESwift/Sources/ECKeyCodable.swift /Users/admin/builder/spi-builder-workspace/.dependencies/checkouts/JOSESwift/JOSESwift/Sources/ECKeys.swift /Users/admin/builder/spi-builder-workspace/.dependencies/checkouts/JOSESwift/JOSESwift/Sources/ECSigner.swift (in target 'JOSESwift' from project 'JOSESwift')
SwiftCompile normal arm64 /Users/admin/builder/spi-builder-workspace/.dependencies/checkouts/JOSESwift/JOSESwift/Sources/Decrypter.swift (in target 'JOSESwift' from project 'JOSESwift')
    cd /Users/admin/builder/spi-builder-workspace/.swiftpm/xcode

/Users/admin/builder/spi-builder-workspace/.dependencies/checkouts/JOSESwift/JOSESwift/Sources/CryptoImplementation/EC.swift:27:8: error: no such module 'LocalAuthentication'
import LocalAuthentication
       ^
SwiftCompile normal arm64 /Users/admin/builder/spi-builder-workspace/.dependencies/checkouts/JOSESwift/JOSESwift/Sources/Deserializer.swift (in target 'JOSESwift' from project 'JOSESwift')
    cd /Users/admin/builder/spi-builder-workspace/.swiftpm/xcode

/Users/admin/builder/spi-builder-workspace/.dependencies/checkouts/JOSESwift/JOSESwift/Sources/CryptoImplementation/EC.swift:27:8: error: no such module 'LocalAuthentication'
import LocalAuthentication
       ^
SwiftCompile normal arm64 /Users/admin/builder/spi-builder-workspace/.dependencies/checkouts/JOSESwift/JOSESwift/Sources/DirectEncryptionMode.swift (in target 'JOSESwift' from project 'JOSESwift')
    cd /Users/admin/builder/spi-builder-workspace/.swiftpm/xcode

/Users/admin/builder/spi-builder-workspace/.dependencies/checkouts/JOSESwift/JOSESwift/Sources/CryptoImplementation/EC.swift:27:8: error: no such module 'LocalAuthentication'
import LocalAuthentication
       ^
SwiftCompile normal arm64 /Users/admin/builder/spi-builder-workspace/.dependencies/checkouts/JOSESwift/JOSESwift/Sources/ECKeyCodable.swift (in target 'JOSESwift' from project 'JOSESwift')
    cd /Users/admin/builder/spi-builder-workspace/.swiftpm/xcode

/Users/admin/builder/spi-builder-workspace/.dependencies/checkouts/JOSESwift/JOSESwift/Sources/CryptoImplementation/EC.swift:27:8: error: no such module 'LocalAuthentication'
import LocalAuthentication
       ^
SwiftCompile normal arm64 /Users/admin/builder/spi-builder-workspace/.dependencies/checkouts/JOSESwift/JOSESwift/Sources/ECKeys.swift (in target 'JOSESwift' from project 'JOSESwift')
    cd /Users/admin/builder/spi-builder-workspace/.swiftpm/xcode

/Users/admin/builder/spi-builder-workspace/.dependencies/checkouts/JOSESwift/JOSESwift/Sources/CryptoImplementation/EC.swift:27:8: error: no such module 'LocalAuthentication'
import LocalAuthentication
       ^
SwiftCompile normal arm64 /Users/admin/builder/spi-builder-workspace/.dependencies/checkouts/JOSESwift/JOSESwift/Sources/ECSigner.swift (in target 'JOSESwift' from project 'JOSESwift')
    cd /Users/admin/builder/spi-builder-workspace/.swiftpm/xcode

/Users/admin/builder/spi-builder-workspace/.dependencies/checkouts/JOSESwift/JOSESwift/Sources/CryptoImplementation/EC.swift:27:8: error: no such module 'LocalAuthentication'
import LocalAuthentication
       ^
SwiftCompile normal arm64 Compiling\ DataRSAPublicKey.swift,\ DataSymmetricKey.swift,\ EC.swift,\ HMAC.swift,\ RSA.swift,\ SecKeyECPrivateKey.swift /Users/admin/builder/spi-builder-workspace/.dependencies/checkouts/JOSESwift/JOSESwift/Sources/CryptoImplementation/DataRSAPublicKey.swift /Users/admin/builder/spi-builder-workspace/.dependencies/checkouts/JOSESwift/JOSESwift/Sources/CryptoImplementation/DataSymmetricKey.swift /Users/admin/builder/spi-builder-workspace/.dependencies/checkouts/JOSESwift/JOSESwift/Sources/CryptoImplementation/EC.swift /Users/admin/builder/spi-builder-workspace/.dependencies/checkouts/JOSESwift/JOSESwift/Sources/CryptoImplementation/HMAC.swift /Users/admin/builder/spi-builder-workspace/.dependencies/checkouts/JOSESwift/JOSESwift/Sources/CryptoImplementation/RSA.swift /Users/admin/builder/spi-builder-workspace/.dependencies/checkouts/JOSESwift/JOSESwift/Sources/CryptoImplementation/SecKeyECPrivateKey.swift (in target 'JOSESwift' from project 'JOSESwift')
SwiftCompile normal arm64 /Users/admin/builder/spi-builder-workspace/.dependencies/checkouts/JOSESwift/JOSESwift/Sources/CryptoImplementation/DataRSAPublicKey.swift (in target 'JOSESwift' from project 'JOSESwift')
    cd /Users/admin/builder/spi-builder-workspace/.swiftpm/xcode

SwiftCompile normal arm64 /Users/admin/builder/spi-builder-workspace/.dependencies/checkouts/JOSESwift/JOSESwift/Sources/CryptoImplementation/DataSymmetricKey.swift (in target 'JOSESwift' from project 'JOSESwift')
    cd /Users/admin/builder/spi-builder-workspace/.swiftpm/xcode

SwiftCompile normal arm64 /Users/admin/builder/spi-builder-workspace/.dependencies/checkouts/JOSESwift/JOSESwift/Sources/CryptoImplementation/EC.swift (in target 'JOSESwift' from project 'JOSESwift')
    cd /Users/admin/builder/spi-builder-workspace/.swiftpm/xcode

/Users/admin/builder/spi-builder-workspace/.dependencies/checkouts/JOSESwift/JOSESwift/Sources/CryptoImplementation/EC.swift:27:8: error: no such module 'LocalAuthentication'
import LocalAuthentication
       ^
SwiftCompile normal arm64 /Users/admin/builder/spi-builder-workspace/.dependencies/checkouts/JOSESwift/JOSESwift/Sources/CryptoImplementation/HMAC.swift (in target 'JOSESwift' from project 'JOSESwift')
    cd /Users/admin/builder/spi-builder-workspace/.swiftpm/xcode

SwiftCompile normal arm64 /Users/admin/builder/spi-builder-workspace/.dependencies/checkouts/JOSESwift/JOSESwift/Sources/CryptoImplementation/RSA.swift (in target 'JOSESwift' from project 'JOSESwift')
    cd /Users/admin/builder/spi-builder-workspace/.swiftpm/xcode

SwiftCompile normal arm64 /Users/admin/builder/spi-builder-workspace/.dependencies/checkouts/JOSESwift/JOSESwift/Sources/CryptoImplementation/SecKeyECPrivateKey.swift (in target 'JOSESwift' from project 'JOSESwift')
    cd /Users/admin/builder/spi-builder-workspace/.swiftpm/xcode

SwiftCompile normal arm64 Compiling\ ECVerifier.swift,\ Encrypter.swift,\ HMACSigner.swift,\ HMACVerifier.swift,\ JOSEHeader.swift,\ JOSESwiftError.swift /Users/admin/builder/spi-builder-workspace/.dependencies/checkouts/JOSESwift/JOSESwift/Sources/ECVerifier.swift /Users/admin/builder/spi-builder-workspace/.dependencies/checkouts/JOSESwift/JOSESwift/Sources/Encrypter.swift /Users/admin/builder/spi-builder-workspace/.dependencies/checkouts/JOSESwift/JOSESwift/Sources/HMACSigner.swift /Users/admin/builder/spi-builder-workspace/.dependencies/checkouts/JOSESwift/JOSESwift/Sources/HMACVerifier.swift /Users/admin/builder/spi-builder-workspace/.dependencies/checkouts/JOSESwift/JOSESwift/Sources/JOSEHeader.swift /Users/admin/builder/spi-builder-workspace/.dependencies/checkouts/JOSESwift/JOSESwift/Sources/JOSESwiftError.swift (in target 'JOSESwift' from project 'JOSESwift')
Failed frontend command:
/Applications/Xcode-16.3.0.app/Contents/Developer/Toolchains/XcodeDefault.xctoolchain/usr/bin/swift-frontend -frontend -c /Users/admin/builder/spi-builder-workspace/.dependencies/checkouts/JOSESwift/JOSESwift/Sources/AESCBCEncryption.swift /Users/admin/builder/spi-builder-workspace/.dependencies/checkouts/JOSESwift/JOSESwift/Sources/AESKeyWrappingMode.swift /Users/admin/builder/spi-builder-workspace/.dependencies/checkouts/JOSESwift/JOSESwift/Sources/ASN1DEREncoding.swift /Users/admin/builder/spi-builder-workspace/.dependencies/checkouts/JOSESwift/JOSESwift/Sources/ASN1DERParsing.swift /Users/admin/builder/spi-builder-workspace/.dependencies/checkouts/JOSESwift/JOSESwift/Sources/AlgorithmExtensions.swift /Users/admin/builder/spi-builder-workspace/.dependencies/checkouts/JOSESwift/JOSESwift/Sources/Algorithms.swift /Users/admin/builder/spi-builder-workspace/.dependencies/checkouts/JOSESwift/JOSESwift/Sources/CompressionImplementation/DeflateWrapper.swift /Users/admin/builder/spi-builder-workspace/.dependencies/checkouts/JOSESwift/JOSESwift/Sources/Compressor.swift /Users/admin/builder/spi-builder-workspace/.dependencies/checkouts/JOSESwift/JOSESwift/Sources/ContentEncryption.swift /Users/admin/builder/spi-builder-workspace/.dependencies/checkouts/JOSESwift/JOSESwift/Sources/CryptoImplementation/AES.swift /Users/admin/builder/spi-builder-workspace/.dependencies/checkouts/JOSESwift/JOSESwift/Sources/CryptoImplementation/DataECPrivateKey.swift /Users/admin/builder/spi-builder-workspace/.dependencies/checkouts/JOSESwift/JOSESwift/Sources/CryptoImplementation/DataECPublicKey.swift /Users/admin/builder/spi-builder-workspace/.dependencies/checkouts/JOSESwift/JOSESwift/Sources/CryptoImplementation/DataRSAPublicKey.swift /Users/admin/builder/spi-builder-workspace/.dependencies/checkouts/JOSESwift/JOSESwift/Sources/CryptoImplementation/DataSymmetricKey.swift /Users/admin/builder/spi-builder-workspace/.dependencies/checkouts/JOSESwift/JOSESwift/Sources/CryptoImplementation/EC.swift /Users/admin/builder/spi-builder-workspace/.dependencies/checkouts/JOSESwift/JOSESwift/Sources/CryptoImplementation/HMAC.swift /Users/admin/builder/spi-builder-workspace/.dependencies/checkouts/JOSESwift/JOSESwift/Sources/CryptoImplementation/RSA.swift /Users/admin/builder/spi-builder-workspace/.dependencies/checkouts/JOSESwift/JOSESwift/Sources/CryptoImplementation/SecKeyECPrivateKey.swift /Users/admin/builder/spi-builder-workspace/.dependencies/checkouts/JOSESwift/JOSESwift/Sources/CryptoImplementation/SecKeyECPublicKey.swift /Users/admin/builder/spi-builder-workspace/.dependencies/checkouts/JOSESwift/JOSESwift/Sources/CryptoImplementation/SecKeyRSAPublicKey.swift /Users/admin/builder/spi-builder-workspace/.dependencies/checkouts/JOSESwift/JOSESwift/Sources/CryptoImplementation/SecureRandom.swift /Users/admin/builder/spi-builder-workspace/.dependencies/checkouts/JOSESwift/JOSESwift/Sources/CryptoImplementation/Thumbprint.swift /Users/admin/builder/spi-builder-workspace/.dependencies/checkouts/JOSESwift/JOSESwift/Sources/DataConvertible.swift /Users/admin/builder/spi-builder-workspace/.dependencies/checkouts/JOSESwift/JOSESwift/Sources/DataExtensions.swift /Users/admin/builder/spi-builder-workspace/.dependencies/checkouts/JOSESwift/JOSESwift/Sources/Decrypter.swift /Users/admin/builder/spi-builder-workspace/.dependencies/checkouts/JOSESwift/JOSESwift/Sources/Deserializer.swift /Users/admin/builder/spi-builder-workspace/.dependencies/checkouts/JOSESwift/JOSESwift/Sources/DirectEncryptionMode.swift /Users/admin/builder/spi-builder-workspace/.dependencies/checkouts/JOSESwift/JOSESwift/Sources/ECKeyCodable.swift /Users/admin/builder/spi-builder-workspace/.dependencies/checkouts/JOSESwift/JOSESwift/Sources/ECKeys.swift /Users/admin/builder/spi-builder-workspace/.dependencies/checkouts/JOSESwift/JOSESwift/Sources/ECSigner.swift -primary-file /Users/admin/builder/spi-builder-workspace/.dependencies/checkouts/JOSESwift/JOSESwift/Sources/ECVerifier.swift -primary-file /Users/admin/builder/spi-builder-workspace/.dependencies/checkouts/JOSESwift/JOSESwift/Sources/Encrypter.swift -primary-file /Users/admin/builder/spi-builder-workspace/.dependencies/checkouts/JOSESwift/JOSESwift/Sources/HMACSigner.swift -primary-file /Users/admin/builder/spi-builder-workspace/.dependencies/checkouts/JOSESwift/JOSESwift/Sources/HMACVerifier.swift -primary-file /Users/admin/builder/spi-builder-workspace/.dependencies/checkouts/JOSESwift/JOSESwift/Sources/JOSEHeader.swift -primary-file /Users/admin/builder/spi-builder-workspace/.dependencies/checkouts/JOSESwift/JOSESwift/Sources/JOSESwiftError.swift /Users/admin/builder/spi-builder-workspace/.dependencies/checkouts/JOSESwift/JOSESwift/Sources/JWE.swift /Users/admin/builder/spi-builder-workspace/.dependencies/checkouts/JOSESwift/JOSESwift/Sources/JWEHeader.swift /Users/admin/builder/spi-builder-workspace/.dependencies/checkouts/JOSESwift/JOSESwift/Sources/JWK.swift /Users/admin/builder/spi-builder-workspace/.dependencies/checkouts/JOSESwift/JOSESwift/Sources/JWKExtensions.swift /Users/admin/builder/spi-builder-workspace/.dependencies/checkouts/JOSESwift/JOSESwift/Sources/JWKParameters.swift /Users/admin/builder/spi-builder-workspace/.dependencies/checkouts/JOSESwift/JOSESwift/Sources/JWKSet.swift /Users/admin/builder/spi-builder-workspace/.dependencies/checkouts/JOSESwift/JOSESwift/Sources/JWKSetCodable.swift /Users/admin/builder/spi-builder-workspace/.dependencies/checkouts/JOSESwift/JOSESwift/Sources/JWS.swift /Users/admin/builder/spi-builder-workspace/.dependencies/checkouts/JOSESwift/JOSESwift/Sources/JWSHeader.swift /Users/admin/builder/spi-builder-workspace/.dependencies/checkouts/JOSESwift/JOSESwift/Sources/KeyManagementMode.swift /Users/admin/builder/spi-builder-workspace/.dependencies/checkouts/JOSESwift/JOSESwift/Sources/Payload.swift /Users/admin/builder/spi-builder-workspace/.dependencies/checkouts/JOSESwift/JOSESwift/Sources/RSAKeyCodable.swift /Users/admin/builder/spi-builder-workspace/.dependencies/checkouts/JOSESwift/JOSESwift/Sources/RSAKeyEncryptionMode.swift /Users/admin/builder/spi-builder-workspace/.dependencies/checkouts/JOSESwift/JOSESwift/Sources/RSAKeys.swift /Users/admin/builder/spi-builder-workspace/.dependencies/checkouts/JOSESwift/JOSESwift/Sources/RSASigner.swift /Users/admin/builder/spi-builder-workspace/.dependencies/checkouts/JOSESwift/JOSESwift/Sources/RSAVerifier.swift /Users/admin/builder/spi-builder-workspace/.dependencies/checkouts/JOSESwift/JOSESwift/Sources/Serializer.swift /Users/admin/builder/spi-builder-workspace/.dependencies/checkouts/JOSESwift/JOSESwift/Sources/Signer.swift /Users/admin/builder/spi-builder-workspace/.dependencies/checkouts/JOSESwift/JOSESwift/Sources/SymmetricKeyCodable.swift /Users/admin/builder/spi-builder-workspace/.dependencies/checkouts/JOSESwift/JOSESwift/Sources/SymmetricKeys.swift /Users/admin/builder/spi-builder-workspace/.dependencies/checkouts/JOSESwift/JOSESwift/Sources/Verifier.swift -supplementary-output-file-map /Users/admin/builder/spi-builder-workspace/.derivedData/Build/Intermediates.noindex/JOSESwift.build/Debug-appletvos/JOSESwift.build/Objects-normal/arm64/supplementaryOutputs-6 -target arm64-apple-tvos12.0 -Xllvm -aarch64-use-tbi -enable-objc-interop -sdk /Applications/Xcode-16.3.0.app/Contents/Developer/Platforms/AppleTVOS.platform/Developer/SDKs/AppleTVOS18.4.sdk -I /Users/admin/builder/spi-builder-workspace/.derivedData/Build/Products/Debug-appletvos -I /Applications/Xcode-16.3.0.app/Contents/Developer/Platforms/AppleTVOS.platform/Developer/usr/lib -F /Users/admin/builder/spi-builder-workspace/.derivedData/Build/Products/Debug-appletvos -F /Applications/Xcode-16.3.0.app/Contents/Developer/Platforms/AppleTVOS.platform/Developer/Library/Frameworks -F /Applications/Xcode-16.3.0.app/Contents/Developer/Platforms/AppleTVOS.platform/Developer/SDKs/AppleTVOS18.4.sdk/Developer/Library/Frameworks -no-color-diagnostics -enable-testing -g -debug-info-format\=dwarf -dwarf-version\=4 -module-cache-path /Users/admin/builder/spi-builder-workspace/.derivedData/ModuleCache.noindex -suppress-warnings -swift-version 5 -enforce-exclusivity\=checked -Onone -D SWIFT_PACKAGE -D DEBUG -D Xcode -serialize-debugging-options -const-gather-protocols-file /Users/admin/builder/spi-builder-workspace/.derivedData/Build/Intermediates.noindex/JOSESwift.build/Debug-appletvos/JOSESwift.build/Objects-normal/arm64/JOSESwift_const_extract_protocols.json -enable-experimental-feature DebugDescriptionMacro -empty-abi-descriptor -plugin-path /Applications/Xcode-16.3.0.app/Contents/Developer/Toolchains/XcodeDefault.xctoolchain/usr/lib/swift/host/plugins/testing -validate-clang-modules-once -clang-build-session-file /Users/admin/builder/spi-builder-workspace/.derivedData/ModuleCache.noindex/Session.modulevalidation -Xcc -working-directory -Xcc /Users/admin/builder/spi-builder-workspace/.swiftpm/xcode -resource-dir /Applications/Xcode-16.3.0.app/Contents/Developer/Toolchains/XcodeDefault.xctoolchain/usr/lib/swift -enable-anonymous-context-mangled-names -file-compilation-dir /Users/admin/builder/spi-builder-workspace/.swiftpm/xcode -Xcc -ivfsstatcache -Xcc /Users/admin/builder/spi-builder-workspace/.derivedData/SDKStatCaches.noindex/appletvos18.4-22L251-271d326055c85f9856fa135c41255102.sdkstatcache -Xcc -I/Users/admin/builder/spi-builder-workspace/.derivedData/Build/Intermediates.noindex/JOSESwift.build/Debug-appletvos/JOSESwift.build/swift-overrides.hmap -Xcc -I/Users/admin/builder/spi-builder-workspace/.derivedData/Build/Products/Debug-appletvos/include -Xcc -I/Users/admin/builder/spi-builder-workspace/.derivedData/Build/Intermediates.noindex/JOSESwift.build/Debug-appletvos/JOSESwift.build/DerivedSources-normal/arm64 -Xcc -I/Users/admin/builder/spi-builder-workspace/.derivedData/Build/Intermediates.noindex/JOSESwift.build/Debug-appletvos/JOSESwift.build/DerivedSources/arm64 -Xcc -I/Users/admin/builder/spi-builder-workspace/.derivedData/Build/Intermediates.noindex/JOSESwift.build/Debug-appletvos/JOSESwift.build/DerivedSources -Xcc -DSWIFT_PACKAGE -Xcc -DDEBUG\=1 -module-name JOSESwift -frontend-parseable-output -disable-clang-spi -target-sdk-version 18.4 -target-sdk-name appletvos18.4 -external-plugin-path /Applications/Xcode-16.3.0.app/Contents/Developer/Platforms/AppleTVOS.platform/Developer/usr/lib/swift/host/plugins\#/Applications/Xcode-16.3.0.app/Contents/Developer/Platforms/AppleTVOS.platform/Developer/usr/bin/swift-plugin-server -external-plugin-path /Applications/Xcode-16.3.0.app/Contents/Developer/Platforms/AppleTVOS.platform/Developer/usr/local/lib/swift/host/plugins\#/Applications/Xcode-16.3.0.app/Contents/Developer/Platforms/AppleTVOS.platform/Developer/usr/bin/swift-plugin-server -in-process-plugin-server-path /Applications/Xcode-16.3.0.app/Contents/Developer/Toolchains/XcodeDefault.xctoolchain/usr/lib/swift/host/libSwiftInProcPluginServer.dylib -plugin-path /Applications/Xcode-16.3.0.app/Contents/Developer/Toolchains/XcodeDefault.xctoolchain/usr/lib/swift/host/plugins -plugin-path /Applications/Xcode-16.3.0.app/Contents/Developer/Toolchains/XcodeDefault.xctoolchain/usr/local/lib/swift/host/plugins -o /Users/admin/builder/spi-builder-workspace/.derivedData/Build/Intermediates.noindex/JOSESwift.build/Debug-appletvos/JOSESwift.build/Objects-normal/arm64/ECVerifier.o -o /Users/admin/builder/spi-builder-workspace/.derivedData/Build/Intermediates.noindex/JOSESwift.build/Debug-appletvos/JOSESwift.build/Objects-normal/arm64/Encrypter.o -o /Users/admin/builder/spi-builder-workspace/.derivedData/Build/Intermediates.noindex/JOSESwift.build/Debug-appletvos/JOSESwift.build/Objects-normal/arm64/HMACSigner.o -o /Users/admin/builder/spi-builder-workspace/.derivedData/Build/Intermediates.noindex/JOSESwift.build/Debug-appletvos/JOSESwift.build/Objects-normal/arm64/HMACVerifier.o -o /Users/admin/builder/spi-builder-workspace/.derivedData/Build/Intermediates.noindex/JOSESwift.build/Debug-appletvos/JOSESwift.build/Objects-normal/arm64/JOSEHeader.o -o /Users/admin/builder/spi-builder-workspace/.derivedData/Build/Intermediates.noindex/JOSESwift.build/Debug-appletvos/JOSESwift.build/Objects-normal/arm64/JOSESwiftError.o -index-unit-output-path /JOSESwift.build/Debug-appletvos/JOSESwift.build/Objects-normal/arm64/ECVerifier.o -index-unit-output-path /JOSESwift.build/Debug-appletvos/JOSESwift.build/Objects-normal/arm64/Encrypter.o -index-unit-output-path /JOSESwift.build/Debug-appletvos/JOSESwift.build/Objects-normal/arm64/HMACSigner.o -index-unit-output-path /JOSESwift.build/Debug-appletvos/JOSESwift.build/Objects-normal/arm64/HMACVerifier.o -index-unit-output-path /JOSESwift.build/Debug-appletvos/JOSESwift.build/Objects-normal/arm64/JOSEHeader.o -index-unit-output-path /JOSESwift.build/Debug-appletvos/JOSESwift.build/Objects-normal/arm64/JOSESwiftError.o -index-store-path /Users/admin/builder/spi-builder-workspace/.derivedData/Index.noindex/DataStore -index-system-modules
SwiftCompile normal arm64 /Users/admin/builder/spi-builder-workspace/.dependencies/checkouts/JOSESwift/JOSESwift/Sources/ECVerifier.swift (in target 'JOSESwift' from project 'JOSESwift')
    cd /Users/admin/builder/spi-builder-workspace/.swiftpm/xcode

/Users/admin/builder/spi-builder-workspace/.dependencies/checkouts/JOSESwift/JOSESwift/Sources/CryptoImplementation/EC.swift:27:8: error: no such module 'LocalAuthentication'
import LocalAuthentication
       ^
SwiftCompile normal arm64 /Users/admin/builder/spi-builder-workspace/.dependencies/checkouts/JOSESwift/JOSESwift/Sources/Encrypter.swift (in target 'JOSESwift' from project 'JOSESwift')
    cd /Users/admin/builder/spi-builder-workspace/.swiftpm/xcode

/Users/admin/builder/spi-builder-workspace/.dependencies/checkouts/JOSESwift/JOSESwift/Sources/CryptoImplementation/EC.swift:27:8: error: no such module 'LocalAuthentication'
import LocalAuthentication
       ^
SwiftCompile normal arm64 /Users/admin/builder/spi-builder-workspace/.dependencies/checkouts/JOSESwift/JOSESwift/Sources/HMACSigner.swift (in target 'JOSESwift' from project 'JOSESwift')
    cd /Users/admin/builder/spi-builder-workspace/.swiftpm/xcode

/Users/admin/builder/spi-builder-workspace/.dependencies/checkouts/JOSESwift/JOSESwift/Sources/CryptoImplementation/EC.swift:27:8: error: no such module 'LocalAuthentication'
import LocalAuthentication
       ^
SwiftCompile normal arm64 /Users/admin/builder/spi-builder-workspace/.dependencies/checkouts/JOSESwift/JOSESwift/Sources/HMACVerifier.swift (in target 'JOSESwift' from project 'JOSESwift')
    cd /Users/admin/builder/spi-builder-workspace/.swiftpm/xcode

/Users/admin/builder/spi-builder-workspace/.dependencies/checkouts/JOSESwift/JOSESwift/Sources/CryptoImplementation/EC.swift:27:8: error: no such module 'LocalAuthentication'
import LocalAuthentication
       ^
SwiftCompile normal arm64 /Users/admin/builder/spi-builder-workspace/.dependencies/checkouts/JOSESwift/JOSESwift/Sources/JOSEHeader.swift (in target 'JOSESwift' from project 'JOSESwift')
    cd /Users/admin/builder/spi-builder-workspace/.swiftpm/xcode

/Users/admin/builder/spi-builder-workspace/.dependencies/checkouts/JOSESwift/JOSESwift/Sources/CryptoImplementation/EC.swift:27:8: error: no such module 'LocalAuthentication'
import LocalAuthentication
       ^
SwiftCompile normal arm64 /Users/admin/builder/spi-builder-workspace/.dependencies/checkouts/JOSESwift/JOSESwift/Sources/JOSESwiftError.swift (in target 'JOSESwift' from project 'JOSESwift')
    cd /Users/admin/builder/spi-builder-workspace/.swiftpm/xcode

/Users/admin/builder/spi-builder-workspace/.dependencies/checkouts/JOSESwift/JOSESwift/Sources/CryptoImplementation/EC.swift:27:8: error: no such module 'LocalAuthentication'
import LocalAuthentication
       ^
SwiftCompile normal arm64 Compiling\ SecKeyECPublicKey.swift,\ SecKeyRSAPublicKey.swift,\ SecureRandom.swift,\ Thumbprint.swift,\ DataConvertible.swift,\ DataExtensions.swift /Users/admin/builder/spi-builder-workspace/.dependencies/checkouts/JOSESwift/JOSESwift/Sources/CryptoImplementation/SecKeyECPublicKey.swift /Users/admin/builder/spi-builder-workspace/.dependencies/checkouts/JOSESwift/JOSESwift/Sources/CryptoImplementation/SecKeyRSAPublicKey.swift /Users/admin/builder/spi-builder-workspace/.dependencies/checkouts/JOSESwift/JOSESwift/Sources/CryptoImplementation/SecureRandom.swift /Users/admin/builder/spi-builder-workspace/.dependencies/checkouts/JOSESwift/JOSESwift/Sources/CryptoImplementation/Thumbprint.swift /Users/admin/builder/spi-builder-workspace/.dependencies/checkouts/JOSESwift/JOSESwift/Sources/DataConvertible.swift /Users/admin/builder/spi-builder-workspace/.dependencies/checkouts/JOSESwift/JOSESwift/Sources/DataExtensions.swift (in target 'JOSESwift' from project 'JOSESwift')
SwiftCompile normal arm64 /Users/admin/builder/spi-builder-workspace/.dependencies/checkouts/JOSESwift/JOSESwift/Sources/CryptoImplementation/SecKeyECPublicKey.swift (in target 'JOSESwift' from project 'JOSESwift')
    cd /Users/admin/builder/spi-builder-workspace/.swiftpm/xcode

/Users/admin/builder/spi-builder-workspace/.dependencies/checkouts/JOSESwift/JOSESwift/Sources/CryptoImplementation/EC.swift:27:8: error: no such module 'LocalAuthentication'
import LocalAuthentication
       ^
SwiftCompile normal arm64 /Users/admin/builder/spi-builder-workspace/.dependencies/checkouts/JOSESwift/JOSESwift/Sources/CryptoImplementation/SecKeyRSAPublicKey.swift (in target 'JOSESwift' from project 'JOSESwift')
    cd /Users/admin/builder/spi-builder-workspace/.swiftpm/xcode

/Users/admin/builder/spi-builder-workspace/.dependencies/checkouts/JOSESwift/JOSESwift/Sources/CryptoImplementation/EC.swift:27:8: error: no such module 'LocalAuthentication'
import LocalAuthentication
       ^
SwiftCompile normal arm64 /Users/admin/builder/spi-builder-workspace/.dependencies/checkouts/JOSESwift/JOSESwift/Sources/CryptoImplementation/SecureRandom.swift (in target 'JOSESwift' from project 'JOSESwift')
    cd /Users/admin/builder/spi-builder-workspace/.swiftpm/xcode

/Users/admin/builder/spi-builder-workspace/.dependencies/checkouts/JOSESwift/JOSESwift/Sources/CryptoImplementation/EC.swift:27:8: error: no such module 'LocalAuthentication'
import LocalAuthentication
       ^
SwiftCompile normal arm64 /Users/admin/builder/spi-builder-workspace/.dependencies/checkouts/JOSESwift/JOSESwift/Sources/CryptoImplementation/Thumbprint.swift (in target 'JOSESwift' from project 'JOSESwift')
    cd /Users/admin/builder/spi-builder-workspace/.swiftpm/xcode

/Users/admin/builder/spi-builder-workspace/.dependencies/checkouts/JOSESwift/JOSESwift/Sources/CryptoImplementation/EC.swift:27:8: error: no such module 'LocalAuthentication'
import LocalAuthentication
       ^
SwiftCompile normal arm64 /Users/admin/builder/spi-builder-workspace/.dependencies/checkouts/JOSESwift/JOSESwift/Sources/DataConvertible.swift (in target 'JOSESwift' from project 'JOSESwift')
    cd /Users/admin/builder/spi-builder-workspace/.swiftpm/xcode

/Users/admin/builder/spi-builder-workspace/.dependencies/checkouts/JOSESwift/JOSESwift/Sources/CryptoImplementation/EC.swift:27:8: error: no such module 'LocalAuthentication'
import LocalAuthentication
       ^
SwiftCompile normal arm64 /Users/admin/builder/spi-builder-workspace/.dependencies/checkouts/JOSESwift/JOSESwift/Sources/DataExtensions.swift (in target 'JOSESwift' from project 'JOSESwift')
    cd /Users/admin/builder/spi-builder-workspace/.swiftpm/xcode

/Users/admin/builder/spi-builder-workspace/.dependencies/checkouts/JOSESwift/JOSESwift/Sources/CryptoImplementation/EC.swift:27:8: error: no such module 'LocalAuthentication'
import LocalAuthentication
       ^
SwiftCompile normal arm64 Compiling\ DeflateWrapper.swift,\ Compressor.swift,\ ContentEncryption.swift,\ AES.swift,\ DataECPrivateKey.swift,\ DataECPublicKey.swift /Users/admin/builder/spi-builder-workspace/.dependencies/checkouts/JOSESwift/JOSESwift/Sources/CompressionImplementation/DeflateWrapper.swift /Users/admin/builder/spi-builder-workspace/.dependencies/checkouts/JOSESwift/JOSESwift/Sources/Compressor.swift /Users/admin/builder/spi-builder-workspace/.dependencies/checkouts/JOSESwift/JOSESwift/Sources/ContentEncryption.swift /Users/admin/builder/spi-builder-workspace/.dependencies/checkouts/JOSESwift/JOSESwift/Sources/CryptoImplementation/AES.swift /Users/admin/builder/spi-builder-workspace/.dependencies/checkouts/JOSESwift/JOSESwift/Sources/CryptoImplementation/DataECPrivateKey.swift /Users/admin/builder/spi-builder-workspace/.dependencies/checkouts/JOSESwift/JOSESwift/Sources/CryptoImplementation/DataECPublicKey.swift (in target 'JOSESwift' from project 'JOSESwift')
SwiftCompile normal arm64 /Users/admin/builder/spi-builder-workspace/.dependencies/checkouts/JOSESwift/JOSESwift/Sources/CompressionImplementation/DeflateWrapper.swift (in target 'JOSESwift' from project 'JOSESwift')
    cd /Users/admin/builder/spi-builder-workspace/.swiftpm/xcode

/Users/admin/builder/spi-builder-workspace/.dependencies/checkouts/JOSESwift/JOSESwift/Sources/CryptoImplementation/EC.swift:27:8: error: no such module 'LocalAuthentication'
import LocalAuthentication
       ^
SwiftCompile normal arm64 /Users/admin/builder/spi-builder-workspace/.dependencies/checkouts/JOSESwift/JOSESwift/Sources/Compressor.swift (in target 'JOSESwift' from project 'JOSESwift')
    cd /Users/admin/builder/spi-builder-workspace/.swiftpm/xcode

/Users/admin/builder/spi-builder-workspace/.dependencies/checkouts/JOSESwift/JOSESwift/Sources/CryptoImplementation/EC.swift:27:8: error: no such module 'LocalAuthentication'
import LocalAuthentication
       ^
SwiftCompile normal arm64 /Users/admin/builder/spi-builder-workspace/.dependencies/checkouts/JOSESwift/JOSESwift/Sources/ContentEncryption.swift (in target 'JOSESwift' from project 'JOSESwift')
    cd /Users/admin/builder/spi-builder-workspace/.swiftpm/xcode

/Users/admin/builder/spi-builder-workspace/.dependencies/checkouts/JOSESwift/JOSESwift/Sources/CryptoImplementation/EC.swift:27:8: error: no such module 'LocalAuthentication'
import LocalAuthentication
       ^
SwiftCompile normal arm64 /Users/admin/builder/spi-builder-workspace/.dependencies/checkouts/JOSESwift/JOSESwift/Sources/CryptoImplementation/AES.swift (in target 'JOSESwift' from project 'JOSESwift')
    cd /Users/admin/builder/spi-builder-workspace/.swiftpm/xcode

/Users/admin/builder/spi-builder-workspace/.dependencies/checkouts/JOSESwift/JOSESwift/Sources/CryptoImplementation/EC.swift:27:8: error: no such module 'LocalAuthentication'
import LocalAuthentication
       ^
SwiftCompile normal arm64 /Users/admin/builder/spi-builder-workspace/.dependencies/checkouts/JOSESwift/JOSESwift/Sources/CryptoImplementation/DataECPrivateKey.swift (in target 'JOSESwift' from project 'JOSESwift')
    cd /Users/admin/builder/spi-builder-workspace/.swiftpm/xcode

/Users/admin/builder/spi-builder-workspace/.dependencies/checkouts/JOSESwift/JOSESwift/Sources/CryptoImplementation/EC.swift:27:8: error: no such module 'LocalAuthentication'
import LocalAuthentication
       ^
SwiftCompile normal arm64 /Users/admin/builder/spi-builder-workspace/.dependencies/checkouts/JOSESwift/JOSESwift/Sources/CryptoImplementation/DataECPublicKey.swift (in target 'JOSESwift' from project 'JOSESwift')
    cd /Users/admin/builder/spi-builder-workspace/.swiftpm/xcode

/Users/admin/builder/spi-builder-workspace/.dependencies/checkouts/JOSESwift/JOSESwift/Sources/CryptoImplementation/EC.swift:27:8: error: no such module 'LocalAuthentication'
import LocalAuthentication
       ^
SwiftCompile normal arm64 Compiling\ AESCBCEncryption.swift,\ AESKeyWrappingMode.swift,\ ASN1DEREncoding.swift,\ ASN1DERParsing.swift,\ AlgorithmExtensions.swift,\ Algorithms.swift /Users/admin/builder/spi-builder-workspace/.dependencies/checkouts/JOSESwift/JOSESwift/Sources/AESCBCEncryption.swift /Users/admin/builder/spi-builder-workspace/.dependencies/checkouts/JOSESwift/JOSESwift/Sources/AESKeyWrappingMode.swift /Users/admin/builder/spi-builder-workspace/.dependencies/checkouts/JOSESwift/JOSESwift/Sources/ASN1DEREncoding.swift /Users/admin/builder/spi-builder-workspace/.dependencies/checkouts/JOSESwift/JOSESwift/Sources/ASN1DERParsing.swift /Users/admin/builder/spi-builder-workspace/.dependencies/checkouts/JOSESwift/JOSESwift/Sources/AlgorithmExtensions.swift /Users/admin/builder/spi-builder-workspace/.dependencies/checkouts/JOSESwift/JOSESwift/Sources/Algorithms.swift (in target 'JOSESwift' from project 'JOSESwift')
Failed frontend command:
/Applications/Xcode-16.3.0.app/Contents/Developer/Toolchains/XcodeDefault.xctoolchain/usr/bin/swift-frontend -frontend -c -primary-file /Users/admin/builder/spi-builder-workspace/.dependencies/checkouts/JOSESwift/JOSESwift/Sources/AESCBCEncryption.swift -primary-file /Users/admin/builder/spi-builder-workspace/.dependencies/checkouts/JOSESwift/JOSESwift/Sources/AESKeyWrappingMode.swift -primary-file /Users/admin/builder/spi-builder-workspace/.dependencies/checkouts/JOSESwift/JOSESwift/Sources/ASN1DEREncoding.swift -primary-file /Users/admin/builder/spi-builder-workspace/.dependencies/checkouts/JOSESwift/JOSESwift/Sources/ASN1DERParsing.swift -primary-file /Users/admin/builder/spi-builder-workspace/.dependencies/checkouts/JOSESwift/JOSESwift/Sources/AlgorithmExtensions.swift -primary-file /Users/admin/builder/spi-builder-workspace/.dependencies/checkouts/JOSESwift/JOSESwift/Sources/Algorithms.swift /Users/admin/builder/spi-builder-workspace/.dependencies/checkouts/JOSESwift/JOSESwift/Sources/CompressionImplementation/DeflateWrapper.swift /Users/admin/builder/spi-builder-workspace/.dependencies/checkouts/JOSESwift/JOSESwift/Sources/Compressor.swift /Users/admin/builder/spi-builder-workspace/.dependencies/checkouts/JOSESwift/JOSESwift/Sources/ContentEncryption.swift /Users/admin/builder/spi-builder-workspace/.dependencies/checkouts/JOSESwift/JOSESwift/Sources/CryptoImplementation/AES.swift /Users/admin/builder/spi-builder-workspace/.dependencies/checkouts/JOSESwift/JOSESwift/Sources/CryptoImplementation/DataECPrivateKey.swift /Users/admin/builder/spi-builder-workspace/.dependencies/checkouts/JOSESwift/JOSESwift/Sources/CryptoImplementation/DataECPublicKey.swift /Users/admin/builder/spi-builder-workspace/.dependencies/checkouts/JOSESwift/JOSESwift/Sources/CryptoImplementation/DataRSAPublicKey.swift /Users/admin/builder/spi-builder-workspace/.dependencies/checkouts/JOSESwift/JOSESwift/Sources/CryptoImplementation/DataSymmetricKey.swift /Users/admin/builder/spi-builder-workspace/.dependencies/checkouts/JOSESwift/JOSESwift/Sources/CryptoImplementation/EC.swift /Users/admin/builder/spi-builder-workspace/.dependencies/checkouts/JOSESwift/JOSESwift/Sources/CryptoImplementation/HMAC.swift /Users/admin/builder/spi-builder-workspace/.dependencies/checkouts/JOSESwift/JOSESwift/Sources/CryptoImplementation/RSA.swift /Users/admin/builder/spi-builder-workspace/.dependencies/checkouts/JOSESwift/JOSESwift/Sources/CryptoImplementation/SecKeyECPrivateKey.swift /Users/admin/builder/spi-builder-workspace/.dependencies/checkouts/JOSESwift/JOSESwift/Sources/CryptoImplementation/SecKeyECPublicKey.swift /Users/admin/builder/spi-builder-workspace/.dependencies/checkouts/JOSESwift/JOSESwift/Sources/CryptoImplementation/SecKeyRSAPublicKey.swift /Users/admin/builder/spi-builder-workspace/.dependencies/checkouts/JOSESwift/JOSESwift/Sources/CryptoImplementation/SecureRandom.swift /Users/admin/builder/spi-builder-workspace/.dependencies/checkouts/JOSESwift/JOSESwift/Sources/CryptoImplementation/Thumbprint.swift /Users/admin/builder/spi-builder-workspace/.dependencies/checkouts/JOSESwift/JOSESwift/Sources/DataConvertible.swift /Users/admin/builder/spi-builder-workspace/.dependencies/checkouts/JOSESwift/JOSESwift/Sources/DataExtensions.swift /Users/admin/builder/spi-builder-workspace/.dependencies/checkouts/JOSESwift/JOSESwift/Sources/Decrypter.swift /Users/admin/builder/spi-builder-workspace/.dependencies/checkouts/JOSESwift/JOSESwift/Sources/Deserializer.swift /Users/admin/builder/spi-builder-workspace/.dependencies/checkouts/JOSESwift/JOSESwift/Sources/DirectEncryptionMode.swift /Users/admin/builder/spi-builder-workspace/.dependencies/checkouts/JOSESwift/JOSESwift/Sources/ECKeyCodable.swift /Users/admin/builder/spi-builder-workspace/.dependencies/checkouts/JOSESwift/JOSESwift/Sources/ECKeys.swift /Users/admin/builder/spi-builder-workspace/.dependencies/checkouts/JOSESwift/JOSESwift/Sources/ECSigner.swift /Users/admin/builder/spi-builder-workspace/.dependencies/checkouts/JOSESwift/JOSESwift/Sources/ECVerifier.swift /Users/admin/builder/spi-builder-workspace/.dependencies/checkouts/JOSESwift/JOSESwift/Sources/Encrypter.swift /Users/admin/builder/spi-builder-workspace/.dependencies/checkouts/JOSESwift/JOSESwift/Sources/HMACSigner.swift /Users/admin/builder/spi-builder-workspace/.dependencies/checkouts/JOSESwift/JOSESwift/Sources/HMACVerifier.swift /Users/admin/builder/spi-builder-workspace/.dependencies/checkouts/JOSESwift/JOSESwift/Sources/JOSEHeader.swift /Users/admin/builder/spi-builder-workspace/.dependencies/checkouts/JOSESwift/JOSESwift/Sources/JOSESwiftError.swift /Users/admin/builder/spi-builder-workspace/.dependencies/checkouts/JOSESwift/JOSESwift/Sources/JWE.swift /Users/admin/builder/spi-builder-workspace/.dependencies/checkouts/JOSESwift/JOSESwift/Sources/JWEHeader.swift /Users/admin/builder/spi-builder-workspace/.dependencies/checkouts/JOSESwift/JOSESwift/Sources/JWK.swift /Users/admin/builder/spi-builder-workspace/.dependencies/checkouts/JOSESwift/JOSESwift/Sources/JWKExtensions.swift /Users/admin/builder/spi-builder-workspace/.dependencies/checkouts/JOSESwift/JOSESwift/Sources/JWKParameters.swift /Users/admin/builder/spi-builder-workspace/.dependencies/checkouts/JOSESwift/JOSESwift/Sources/JWKSet.swift /Users/admin/builder/spi-builder-workspace/.dependencies/checkouts/JOSESwift/JOSESwift/Sources/JWKSetCodable.swift /Users/admin/builder/spi-builder-workspace/.dependencies/checkouts/JOSESwift/JOSESwift/Sources/JWS.swift /Users/admin/builder/spi-builder-workspace/.dependencies/checkouts/JOSESwift/JOSESwift/Sources/JWSHeader.swift /Users/admin/builder/spi-builder-workspace/.dependencies/checkouts/JOSESwift/JOSESwift/Sources/KeyManagementMode.swift /Users/admin/builder/spi-builder-workspace/.dependencies/checkouts/JOSESwift/JOSESwift/Sources/Payload.swift /Users/admin/builder/spi-builder-workspace/.dependencies/checkouts/JOSESwift/JOSESwift/Sources/RSAKeyCodable.swift /Users/admin/builder/spi-builder-workspace/.dependencies/checkouts/JOSESwift/JOSESwift/Sources/RSAKeyEncryptionMode.swift /Users/admin/builder/spi-builder-workspace/.dependencies/checkouts/JOSESwift/JOSESwift/Sources/RSAKeys.swift /Users/admin/builder/spi-builder-workspace/.dependencies/checkouts/JOSESwift/JOSESwift/Sources/RSASigner.swift /Users/admin/builder/spi-builder-workspace/.dependencies/checkouts/JOSESwift/JOSESwift/Sources/RSAVerifier.swift /Users/admin/builder/spi-builder-workspace/.dependencies/checkouts/JOSESwift/JOSESwift/Sources/Serializer.swift /Users/admin/builder/spi-builder-workspace/.dependencies/checkouts/JOSESwift/JOSESwift/Sources/Signer.swift /Users/admin/builder/spi-builder-workspace/.dependencies/checkouts/JOSESwift/JOSESwift/Sources/SymmetricKeyCodable.swift /Users/admin/builder/spi-builder-workspace/.dependencies/checkouts/JOSESwift/JOSESwift/Sources/SymmetricKeys.swift /Users/admin/builder/spi-builder-workspace/.dependencies/checkouts/JOSESwift/JOSESwift/Sources/Verifier.swift -supplementary-output-file-map /Users/admin/builder/spi-builder-workspace/.derivedData/Build/Intermediates.noindex/JOSESwift.build/Debug-appletvos/JOSESwift.build/Objects-normal/arm64/supplementaryOutputs-1 -target arm64-apple-tvos12.0 -Xllvm -aarch64-use-tbi -enable-objc-interop -sdk /Applications/Xcode-16.3.0.app/Contents/Developer/Platforms/AppleTVOS.platform/Developer/SDKs/AppleTVOS18.4.sdk -I /Users/admin/builder/spi-builder-workspace/.derivedData/Build/Products/Debug-appletvos -I /Applications/Xcode-16.3.0.app/Contents/Developer/Platforms/AppleTVOS.platform/Developer/usr/lib -F /Users/admin/builder/spi-builder-workspace/.derivedData/Build/Products/Debug-appletvos -F /Applications/Xcode-16.3.0.app/Contents/Developer/Platforms/AppleTVOS.platform/Developer/Library/Frameworks -F /Applications/Xcode-16.3.0.app/Contents/Developer/Platforms/AppleTVOS.platform/Developer/SDKs/AppleTVOS18.4.sdk/Developer/Library/Frameworks -no-color-diagnostics -enable-testing -g -debug-info-format\=dwarf -dwarf-version\=4 -module-cache-path /Users/admin/builder/spi-builder-workspace/.derivedData/ModuleCache.noindex -suppress-warnings -swift-version 5 -enforce-exclusivity\=checked -Onone -D SWIFT_PACKAGE -D DEBUG -D Xcode -serialize-debugging-options -const-gather-protocols-file /Users/admin/builder/spi-builder-workspace/.derivedData/Build/Intermediates.noindex/JOSESwift.build/Debug-appletvos/JOSESwift.build/Objects-normal/arm64/JOSESwift_const_extract_protocols.json -enable-experimental-feature DebugDescriptionMacro -empty-abi-descriptor -plugin-path /Applications/Xcode-16.3.0.app/Contents/Developer/Toolchains/XcodeDefault.xctoolchain/usr/lib/swift/host/plugins/testing -validate-clang-modules-once -clang-build-session-file /Users/admin/builder/spi-builder-workspace/.derivedData/ModuleCache.noindex/Session.modulevalidation -Xcc -working-directory -Xcc /Users/admin/builder/spi-builder-workspace/.swiftpm/xcode -resource-dir /Applications/Xcode-16.3.0.app/Contents/Developer/Toolchains/XcodeDefault.xctoolchain/usr/lib/swift -enable-anonymous-context-mangled-names -file-compilation-dir /Users/admin/builder/spi-builder-workspace/.swiftpm/xcode -Xcc -ivfsstatcache -Xcc /Users/admin/builder/spi-builder-workspace/.derivedData/SDKStatCaches.noindex/appletvos18.4-22L251-271d326055c85f9856fa135c41255102.sdkstatcache -Xcc -I/Users/admin/builder/spi-builder-workspace/.derivedData/Build/Intermediates.noindex/JOSESwift.build/Debug-appletvos/JOSESwift.build/swift-overrides.hmap -Xcc -I/Users/admin/builder/spi-builder-workspace/.derivedData/Build/Products/Debug-appletvos/include -Xcc -I/Users/admin/builder/spi-builder-workspace/.derivedData/Build/Intermediates.noindex/JOSESwift.build/Debug-appletvos/JOSESwift.build/DerivedSources-normal/arm64 -Xcc -I/Users/admin/builder/spi-builder-workspace/.derivedData/Build/Intermediates.noindex/JOSESwift.build/Debug-appletvos/JOSESwift.build/DerivedSources/arm64 -Xcc -I/Users/admin/builder/spi-builder-workspace/.derivedData/Build/Intermediates.noindex/JOSESwift.build/Debug-appletvos/JOSESwift.build/DerivedSources -Xcc -DSWIFT_PACKAGE -Xcc -DDEBUG\=1 -module-name JOSESwift -frontend-parseable-output -disable-clang-spi -target-sdk-version 18.4 -target-sdk-name appletvos18.4 -external-plugin-path /Applications/Xcode-16.3.0.app/Contents/Developer/Platforms/AppleTVOS.platform/Developer/usr/lib/swift/host/plugins\#/Applications/Xcode-16.3.0.app/Contents/Developer/Platforms/AppleTVOS.platform/Developer/usr/bin/swift-plugin-server -external-plugin-path /Applications/Xcode-16.3.0.app/Contents/Developer/Platforms/AppleTVOS.platform/Developer/usr/local/lib/swift/host/plugins\#/Applications/Xcode-16.3.0.app/Contents/Developer/Platforms/AppleTVOS.platform/Developer/usr/bin/swift-plugin-server -in-process-plugin-server-path /Applications/Xcode-16.3.0.app/Contents/Developer/Toolchains/XcodeDefault.xctoolchain/usr/lib/swift/host/libSwiftInProcPluginServer.dylib -plugin-path /Applications/Xcode-16.3.0.app/Contents/Developer/Toolchains/XcodeDefault.xctoolchain/usr/lib/swift/host/plugins -plugin-path /Applications/Xcode-16.3.0.app/Contents/Developer/Toolchains/XcodeDefault.xctoolchain/usr/local/lib/swift/host/plugins -o /Users/admin/builder/spi-builder-workspace/.derivedData/Build/Intermediates.noindex/JOSESwift.build/Debug-appletvos/JOSESwift.build/Objects-normal/arm64/AESCBCEncryption.o -o /Users/admin/builder/spi-builder-workspace/.derivedData/Build/Intermediates.noindex/JOSESwift.build/Debug-appletvos/JOSESwift.build/Objects-normal/arm64/AESKeyWrappingMode.o -o /Users/admin/builder/spi-builder-workspace/.derivedData/Build/Intermediates.noindex/JOSESwift.build/Debug-appletvos/JOSESwift.build/Objects-normal/arm64/ASN1DEREncoding.o -o /Users/admin/builder/spi-builder-workspace/.derivedData/Build/Intermediates.noindex/JOSESwift.build/Debug-appletvos/JOSESwift.build/Objects-normal/arm64/ASN1DERParsing.o -o /Users/admin/builder/spi-builder-workspace/.derivedData/Build/Intermediates.noindex/JOSESwift.build/Debug-appletvos/JOSESwift.build/Objects-normal/arm64/AlgorithmExtensions.o -o /Users/admin/builder/spi-builder-workspace/.derivedData/Build/Intermediates.noindex/JOSESwift.build/Debug-appletvos/JOSESwift.build/Objects-normal/arm64/Algorithms.o -index-unit-output-path /JOSESwift.build/Debug-appletvos/JOSESwift.build/Objects-normal/arm64/AESCBCEncryption.o -index-unit-output-path /JOSESwift.build/Debug-appletvos/JOSESwift.build/Objects-normal/arm64/AESKeyWrappingMode.o -index-unit-output-path /JOSESwift.build/Debug-appletvos/JOSESwift.build/Objects-normal/arm64/ASN1DEREncoding.o -index-unit-output-path /JOSESwift.build/Debug-appletvos/JOSESwift.build/Objects-normal/arm64/ASN1DERParsing.o -index-unit-output-path /JOSESwift.build/Debug-appletvos/JOSESwift.build/Objects-normal/arm64/AlgorithmExtensions.o -index-unit-output-path /JOSESwift.build/Debug-appletvos/JOSESwift.build/Objects-normal/arm64/Algorithms.o -index-store-path /Users/admin/builder/spi-builder-workspace/.derivedData/Index.noindex/DataStore -index-system-modules
SwiftCompile normal arm64 /Users/admin/builder/spi-builder-workspace/.dependencies/checkouts/JOSESwift/JOSESwift/Sources/AESCBCEncryption.swift (in target 'JOSESwift' from project 'JOSESwift')
    cd /Users/admin/builder/spi-builder-workspace/.swiftpm/xcode

/Users/admin/builder/spi-builder-workspace/.dependencies/checkouts/JOSESwift/JOSESwift/Sources/CryptoImplementation/EC.swift:27:8: error: no such module 'LocalAuthentication'
import LocalAuthentication
       ^
SwiftCompile normal arm64 /Users/admin/builder/spi-builder-workspace/.dependencies/checkouts/JOSESwift/JOSESwift/Sources/AESKeyWrappingMode.swift (in target 'JOSESwift' from project 'JOSESwift')
    cd /Users/admin/builder/spi-builder-workspace/.swiftpm/xcode

/Users/admin/builder/spi-builder-workspace/.dependencies/checkouts/JOSESwift/JOSESwift/Sources/CryptoImplementation/EC.swift:27:8: error: no such module 'LocalAuthentication'
import LocalAuthentication
       ^
SwiftCompile normal arm64 /Users/admin/builder/spi-builder-workspace/.dependencies/checkouts/JOSESwift/JOSESwift/Sources/ASN1DEREncoding.swift (in target 'JOSESwift' from project 'JOSESwift')
    cd /Users/admin/builder/spi-builder-workspace/.swiftpm/xcode

/Users/admin/builder/spi-builder-workspace/.dependencies/checkouts/JOSESwift/JOSESwift/Sources/CryptoImplementation/EC.swift:27:8: error: no such module 'LocalAuthentication'
import LocalAuthentication
       ^
SwiftCompile normal arm64 /Users/admin/builder/spi-builder-workspace/.dependencies/checkouts/JOSESwift/JOSESwift/Sources/ASN1DERParsing.swift (in target 'JOSESwift' from project 'JOSESwift')
    cd /Users/admin/builder/spi-builder-workspace/.swiftpm/xcode

/Users/admin/builder/spi-builder-workspace/.dependencies/checkouts/JOSESwift/JOSESwift/Sources/CryptoImplementation/EC.swift:27:8: error: no such module 'LocalAuthentication'
import LocalAuthentication
       ^
SwiftCompile normal arm64 /Users/admin/builder/spi-builder-workspace/.dependencies/checkouts/JOSESwift/JOSESwift/Sources/AlgorithmExtensions.swift (in target 'JOSESwift' from project 'JOSESwift')
    cd /Users/admin/builder/spi-builder-workspace/.swiftpm/xcode

/Users/admin/builder/spi-builder-workspace/.dependencies/checkouts/JOSESwift/JOSESwift/Sources/CryptoImplementation/EC.swift:27:8: error: no such module 'LocalAuthentication'
import LocalAuthentication
       ^
SwiftCompile normal arm64 /Users/admin/builder/spi-builder-workspace/.dependencies/checkouts/JOSESwift/JOSESwift/Sources/Algorithms.swift (in target 'JOSESwift' from project 'JOSESwift')
    cd /Users/admin/builder/spi-builder-workspace/.swiftpm/xcode

/Users/admin/builder/spi-builder-workspace/.dependencies/checkouts/JOSESwift/JOSESwift/Sources/CryptoImplementation/EC.swift:27:8: error: no such module 'LocalAuthentication'
import LocalAuthentication
       ^
SwiftCompile normal arm64 Compiling\ JWKSetCodable.swift,\ JWS.swift,\ JWSHeader.swift,\ KeyManagementMode.swift,\ Payload.swift /Users/admin/builder/spi-builder-workspace/.dependencies/checkouts/JOSESwift/JOSESwift/Sources/JWKSetCodable.swift /Users/admin/builder/spi-builder-workspace/.dependencies/checkouts/JOSESwift/JOSESwift/Sources/JWS.swift /Users/admin/builder/spi-builder-workspace/.dependencies/checkouts/JOSESwift/JOSESwift/Sources/JWSHeader.swift /Users/admin/builder/spi-builder-workspace/.dependencies/checkouts/JOSESwift/JOSESwift/Sources/KeyManagementMode.swift /Users/admin/builder/spi-builder-workspace/.dependencies/checkouts/JOSESwift/JOSESwift/Sources/Payload.swift (in target 'JOSESwift' from project 'JOSESwift')
SwiftCompile normal arm64 /Users/admin/builder/spi-builder-workspace/.dependencies/checkouts/JOSESwift/JOSESwift/Sources/JWKSetCodable.swift (in target 'JOSESwift' from project 'JOSESwift')
    cd /Users/admin/builder/spi-builder-workspace/.swiftpm/xcode

/Users/admin/builder/spi-builder-workspace/.dependencies/checkouts/JOSESwift/JOSESwift/Sources/CryptoImplementation/EC.swift:27:8: error: no such module 'LocalAuthentication'
import LocalAuthentication
       ^
SwiftCompile normal arm64 /Users/admin/builder/spi-builder-workspace/.dependencies/checkouts/JOSESwift/JOSESwift/Sources/JWS.swift (in target 'JOSESwift' from project 'JOSESwift')
    cd /Users/admin/builder/spi-builder-workspace/.swiftpm/xcode

/Users/admin/builder/spi-builder-workspace/.dependencies/checkouts/JOSESwift/JOSESwift/Sources/CryptoImplementation/EC.swift:27:8: error: no such module 'LocalAuthentication'
import LocalAuthentication
       ^
SwiftCompile normal arm64 /Users/admin/builder/spi-builder-workspace/.dependencies/checkouts/JOSESwift/JOSESwift/Sources/JWSHeader.swift (in target 'JOSESwift' from project 'JOSESwift')
    cd /Users/admin/builder/spi-builder-workspace/.swiftpm/xcode

/Users/admin/builder/spi-builder-workspace/.dependencies/checkouts/JOSESwift/JOSESwift/Sources/CryptoImplementation/EC.swift:27:8: error: no such module 'LocalAuthentication'
import LocalAuthentication
       ^
SwiftCompile normal arm64 /Users/admin/builder/spi-builder-workspace/.dependencies/checkouts/JOSESwift/JOSESwift/Sources/KeyManagementMode.swift (in target 'JOSESwift' from project 'JOSESwift')
    cd /Users/admin/builder/spi-builder-workspace/.swiftpm/xcode

/Users/admin/builder/spi-builder-workspace/.dependencies/checkouts/JOSESwift/JOSESwift/Sources/CryptoImplementation/EC.swift:27:8: error: no such module 'LocalAuthentication'
import LocalAuthentication
       ^
SwiftCompile normal arm64 /Users/admin/builder/spi-builder-workspace/.dependencies/checkouts/JOSESwift/JOSESwift/Sources/Payload.swift (in target 'JOSESwift' from project 'JOSESwift')
    cd /Users/admin/builder/spi-builder-workspace/.swiftpm/xcode

/Users/admin/builder/spi-builder-workspace/.dependencies/checkouts/JOSESwift/JOSESwift/Sources/CryptoImplementation/EC.swift:27:8: error: no such module 'LocalAuthentication'
import LocalAuthentication
       ^
SwiftCompile normal arm64 Compiling\ RSAKeyCodable.swift,\ RSAKeyEncryptionMode.swift,\ RSAKeys.swift,\ RSASigner.swift,\ RSAVerifier.swift /Users/admin/builder/spi-builder-workspace/.dependencies/checkouts/JOSESwift/JOSESwift/Sources/RSAKeyCodable.swift /Users/admin/builder/spi-builder-workspace/.dependencies/checkouts/JOSESwift/JOSESwift/Sources/RSAKeyEncryptionMode.swift /Users/admin/builder/spi-builder-workspace/.dependencies/checkouts/JOSESwift/JOSESwift/Sources/RSAKeys.swift /Users/admin/builder/spi-builder-workspace/.dependencies/checkouts/JOSESwift/JOSESwift/Sources/RSASigner.swift /Users/admin/builder/spi-builder-workspace/.dependencies/checkouts/JOSESwift/JOSESwift/Sources/RSAVerifier.swift (in target 'JOSESwift' from project 'JOSESwift')
Failed frontend command:
/Applications/Xcode-16.3.0.app/Contents/Developer/Toolchains/XcodeDefault.xctoolchain/usr/bin/swift-frontend -frontend -c /Users/admin/builder/spi-builder-workspace/.dependencies/checkouts/JOSESwift/JOSESwift/Sources/AESCBCEncryption.swift /Users/admin/builder/spi-builder-workspace/.dependencies/checkouts/JOSESwift/JOSESwift/Sources/AESKeyWrappingMode.swift /Users/admin/builder/spi-builder-workspace/.dependencies/checkouts/JOSESwift/JOSESwift/Sources/ASN1DEREncoding.swift /Users/admin/builder/spi-builder-workspace/.dependencies/checkouts/JOSESwift/JOSESwift/Sources/ASN1DERParsing.swift /Users/admin/builder/spi-builder-workspace/.dependencies/checkouts/JOSESwift/JOSESwift/Sources/AlgorithmExtensions.swift /Users/admin/builder/spi-builder-workspace/.dependencies/checkouts/JOSESwift/JOSESwift/Sources/Algorithms.swift /Users/admin/builder/spi-builder-workspace/.dependencies/checkouts/JOSESwift/JOSESwift/Sources/CompressionImplementation/DeflateWrapper.swift /Users/admin/builder/spi-builder-workspace/.dependencies/checkouts/JOSESwift/JOSESwift/Sources/Compressor.swift /Users/admin/builder/spi-builder-workspace/.dependencies/checkouts/JOSESwift/JOSESwift/Sources/ContentEncryption.swift /Users/admin/builder/spi-builder-workspace/.dependencies/checkouts/JOSESwift/JOSESwift/Sources/CryptoImplementation/AES.swift /Users/admin/builder/spi-builder-workspace/.dependencies/checkouts/JOSESwift/JOSESwift/Sources/CryptoImplementation/DataECPrivateKey.swift /Users/admin/builder/spi-builder-workspace/.dependencies/checkouts/JOSESwift/JOSESwift/Sources/CryptoImplementation/DataECPublicKey.swift /Users/admin/builder/spi-builder-workspace/.dependencies/checkouts/JOSESwift/JOSESwift/Sources/CryptoImplementation/DataRSAPublicKey.swift /Users/admin/builder/spi-builder-workspace/.dependencies/checkouts/JOSESwift/JOSESwift/Sources/CryptoImplementation/DataSymmetricKey.swift /Users/admin/builder/spi-builder-workspace/.dependencies/checkouts/JOSESwift/JOSESwift/Sources/CryptoImplementation/EC.swift /Users/admin/builder/spi-builder-workspace/.dependencies/checkouts/JOSESwift/JOSESwift/Sources/CryptoImplementation/HMAC.swift /Users/admin/builder/spi-builder-workspace/.dependencies/checkouts/JOSESwift/JOSESwift/Sources/CryptoImplementation/RSA.swift /Users/admin/builder/spi-builder-workspace/.dependencies/checkouts/JOSESwift/JOSESwift/Sources/CryptoImplementation/SecKeyECPrivateKey.swift /Users/admin/builder/spi-builder-workspace/.dependencies/checkouts/JOSESwift/JOSESwift/Sources/CryptoImplementation/SecKeyECPublicKey.swift /Users/admin/builder/spi-builder-workspace/.dependencies/checkouts/JOSESwift/JOSESwift/Sources/CryptoImplementation/SecKeyRSAPublicKey.swift /Users/admin/builder/spi-builder-workspace/.dependencies/checkouts/JOSESwift/JOSESwift/Sources/CryptoImplementation/SecureRandom.swift /Users/admin/builder/spi-builder-workspace/.dependencies/checkouts/JOSESwift/JOSESwift/Sources/CryptoImplementation/Thumbprint.swift /Users/admin/builder/spi-builder-workspace/.dependencies/checkouts/JOSESwift/JOSESwift/Sources/DataConvertible.swift /Users/admin/builder/spi-builder-workspace/.dependencies/checkouts/JOSESwift/JOSESwift/Sources/DataExtensions.swift /Users/admin/builder/spi-builder-workspace/.dependencies/checkouts/JOSESwift/JOSESwift/Sources/Decrypter.swift /Users/admin/builder/spi-builder-workspace/.dependencies/checkouts/JOSESwift/JOSESwift/Sources/Deserializer.swift /Users/admin/builder/spi-builder-workspace/.dependencies/checkouts/JOSESwift/JOSESwift/Sources/DirectEncryptionMode.swift /Users/admin/builder/spi-builder-workspace/.dependencies/checkouts/JOSESwift/JOSESwift/Sources/ECKeyCodable.swift /Users/admin/builder/spi-builder-workspace/.dependencies/checkouts/JOSESwift/JOSESwift/Sources/ECKeys.swift /Users/admin/builder/spi-builder-workspace/.dependencies/checkouts/JOSESwift/JOSESwift/Sources/ECSigner.swift /Users/admin/builder/spi-builder-workspace/.dependencies/checkouts/JOSESwift/JOSESwift/Sources/ECVerifier.swift /Users/admin/builder/spi-builder-workspace/.dependencies/checkouts/JOSESwift/JOSESwift/Sources/Encrypter.swift /Users/admin/builder/spi-builder-workspace/.dependencies/checkouts/JOSESwift/JOSESwift/Sources/HMACSigner.swift /Users/admin/builder/spi-builder-workspace/.dependencies/checkouts/JOSESwift/JOSESwift/Sources/HMACVerifier.swift /Users/admin/builder/spi-builder-workspace/.dependencies/checkouts/JOSESwift/JOSESwift/Sources/JOSEHeader.swift /Users/admin/builder/spi-builder-workspace/.dependencies/checkouts/JOSESwift/JOSESwift/Sources/JOSESwiftError.swift /Users/admin/builder/spi-builder-workspace/.dependencies/checkouts/JOSESwift/JOSESwift/Sources/JWE.swift /Users/admin/builder/spi-builder-workspace/.dependencies/checkouts/JOSESwift/JOSESwift/Sources/JWEHeader.swift /Users/admin/builder/spi-builder-workspace/.dependencies/checkouts/JOSESwift/JOSESwift/Sources/JWK.swift /Users/admin/builder/spi-builder-workspace/.dependencies/checkouts/JOSESwift/JOSESwift/Sources/JWKExtensions.swift /Users/admin/builder/spi-builder-workspace/.dependencies/checkouts/JOSESwift/JOSESwift/Sources/JWKParameters.swift /Users/admin/builder/spi-builder-workspace/.dependencies/checkouts/JOSESwift/JOSESwift/Sources/JWKSet.swift /Users/admin/builder/spi-builder-workspace/.dependencies/checkouts/JOSESwift/JOSESwift/Sources/JWKSetCodable.swift /Users/admin/builder/spi-builder-workspace/.dependencies/checkouts/JOSESwift/JOSESwift/Sources/JWS.swift /Users/admin/builder/spi-builder-workspace/.dependencies/checkouts/JOSESwift/JOSESwift/Sources/JWSHeader.swift /Users/admin/builder/spi-builder-workspace/.dependencies/checkouts/JOSESwift/JOSESwift/Sources/KeyManagementMode.swift /Users/admin/builder/spi-builder-workspace/.dependencies/checkouts/JOSESwift/JOSESwift/Sources/Payload.swift -primary-file /Users/admin/builder/spi-builder-workspace/.dependencies/checkouts/JOSESwift/JOSESwift/Sources/RSAKeyCodable.swift -primary-file /Users/admin/builder/spi-builder-workspace/.dependencies/checkouts/JOSESwift/JOSESwift/Sources/RSAKeyEncryptionMode.swift -primary-file /Users/admin/builder/spi-builder-workspace/.dependencies/checkouts/JOSESwift/JOSESwift/Sources/RSAKeys.swift -primary-file /Users/admin/builder/spi-builder-workspace/.dependencies/checkouts/JOSESwift/JOSESwift/Sources/RSASigner.swift -primary-file /Users/admin/builder/spi-builder-workspace/.dependencies/checkouts/JOSESwift/JOSESwift/Sources/RSAVerifier.swift /Users/admin/builder/spi-builder-workspace/.dependencies/checkouts/JOSESwift/JOSESwift/Sources/Serializer.swift /Users/admin/builder/spi-builder-workspace/.dependencies/checkouts/JOSESwift/JOSESwift/Sources/Signer.swift /Users/admin/builder/spi-builder-workspace/.dependencies/checkouts/JOSESwift/JOSESwift/Sources/SymmetricKeyCodable.swift /Users/admin/builder/spi-builder-workspace/.dependencies/checkouts/JOSESwift/JOSESwift/Sources/SymmetricKeys.swift /Users/admin/builder/spi-builder-workspace/.dependencies/checkouts/JOSESwift/JOSESwift/Sources/Verifier.swift -supplementary-output-file-map /Users/admin/builder/spi-builder-workspace/.derivedData/Build/Intermediates.noindex/JOSESwift.build/Debug-appletvos/JOSESwift.build/Objects-normal/arm64/supplementaryOutputs-9 -target arm64-apple-tvos12.0 -Xllvm -aarch64-use-tbi -enable-objc-interop -sdk /Applications/Xcode-16.3.0.app/Contents/Developer/Platforms/AppleTVOS.platform/Developer/SDKs/AppleTVOS18.4.sdk -I /Users/admin/builder/spi-builder-workspace/.derivedData/Build/Products/Debug-appletvos -I /Applications/Xcode-16.3.0.app/Contents/Developer/Platforms/AppleTVOS.platform/Developer/usr/lib -F /Users/admin/builder/spi-builder-workspace/.derivedData/Build/Products/Debug-appletvos -F /Applications/Xcode-16.3.0.app/Contents/Developer/Platforms/AppleTVOS.platform/Developer/Library/Frameworks -F /Applications/Xcode-16.3.0.app/Contents/Developer/Platforms/AppleTVOS.platform/Developer/SDKs/AppleTVOS18.4.sdk/Developer/Library/Frameworks -no-color-diagnostics -enable-testing -g -debug-info-format\=dwarf -dwarf-version\=4 -module-cache-path /Users/admin/builder/spi-builder-workspace/.derivedData/ModuleCache.noindex -suppress-warnings -swift-version 5 -enforce-exclusivity\=checked -Onone -D SWIFT_PACKAGE -D DEBUG -D Xcode -serialize-debugging-options -const-gather-protocols-file /Users/admin/builder/spi-builder-workspace/.derivedData/Build/Intermediates.noindex/JOSESwift.build/Debug-appletvos/JOSESwift.build/Objects-normal/arm64/JOSESwift_const_extract_protocols.json -enable-experimental-feature DebugDescriptionMacro -empty-abi-descriptor -plugin-path /Applications/Xcode-16.3.0.app/Contents/Developer/Toolchains/XcodeDefault.xctoolchain/usr/lib/swift/host/plugins/testing -validate-clang-modules-once -clang-build-session-file /Users/admin/builder/spi-builder-workspace/.derivedData/ModuleCache.noindex/Session.modulevalidation -Xcc -working-directory -Xcc /Users/admin/builder/spi-builder-workspace/.swiftpm/xcode -resource-dir /Applications/Xcode-16.3.0.app/Contents/Developer/Toolchains/XcodeDefault.xctoolchain/usr/lib/swift -enable-anonymous-context-mangled-names -file-compilation-dir /Users/admin/builder/spi-builder-workspace/.swiftpm/xcode -Xcc -ivfsstatcache -Xcc /Users/admin/builder/spi-builder-workspace/.derivedData/SDKStatCaches.noindex/appletvos18.4-22L251-271d326055c85f9856fa135c41255102.sdkstatcache -Xcc -I/Users/admin/builder/spi-builder-workspace/.derivedData/Build/Intermediates.noindex/JOSESwift.build/Debug-appletvos/JOSESwift.build/swift-overrides.hmap -Xcc -I/Users/admin/builder/spi-builder-workspace/.derivedData/Build/Products/Debug-appletvos/include -Xcc -I/Users/admin/builder/spi-builder-workspace/.derivedData/Build/Intermediates.noindex/JOSESwift.build/Debug-appletvos/JOSESwift.build/DerivedSources-normal/arm64 -Xcc -I/Users/admin/builder/spi-builder-workspace/.derivedData/Build/Intermediates.noindex/JOSESwift.build/Debug-appletvos/JOSESwift.build/DerivedSources/arm64 -Xcc -I/Users/admin/builder/spi-builder-workspace/.derivedData/Build/Intermediates.noindex/JOSESwift.build/Debug-appletvos/JOSESwift.build/DerivedSources -Xcc -DSWIFT_PACKAGE -Xcc -DDEBUG\=1 -module-name JOSESwift -frontend-parseable-output -disable-clang-spi -target-sdk-version 18.4 -target-sdk-name appletvos18.4 -external-plugin-path /Applications/Xcode-16.3.0.app/Contents/Developer/Platforms/AppleTVOS.platform/Developer/usr/lib/swift/host/plugins\#/Applications/Xcode-16.3.0.app/Contents/Developer/Platforms/AppleTVOS.platform/Developer/usr/bin/swift-plugin-server -external-plugin-path /Applications/Xcode-16.3.0.app/Contents/Developer/Platforms/AppleTVOS.platform/Developer/usr/local/lib/swift/host/plugins\#/Applications/Xcode-16.3.0.app/Contents/Developer/Platforms/AppleTVOS.platform/Developer/usr/bin/swift-plugin-server -in-process-plugin-server-path /Applications/Xcode-16.3.0.app/Contents/Developer/Toolchains/XcodeDefault.xctoolchain/usr/lib/swift/host/libSwiftInProcPluginServer.dylib -plugin-path /Applications/Xcode-16.3.0.app/Contents/Developer/Toolchains/XcodeDefault.xctoolchain/usr/lib/swift/host/plugins -plugin-path /Applications/Xcode-16.3.0.app/Contents/Developer/Toolchains/XcodeDefault.xctoolchain/usr/local/lib/swift/host/plugins -o /Users/admin/builder/spi-builder-workspace/.derivedData/Build/Intermediates.noindex/JOSESwift.build/Debug-appletvos/JOSESwift.build/Objects-normal/arm64/RSAKeyCodable.o -o /Users/admin/builder/spi-builder-workspace/.derivedData/Build/Intermediates.noindex/JOSESwift.build/Debug-appletvos/JOSESwift.build/Objects-normal/arm64/RSAKeyEncryptionMode.o -o /Users/admin/builder/spi-builder-workspace/.derivedData/Build/Intermediates.noindex/JOSESwift.build/Debug-appletvos/JOSESwift.build/Objects-normal/arm64/RSAKeys.o -o /Users/admin/builder/spi-builder-workspace/.derivedData/Build/Intermediates.noindex/JOSESwift.build/Debug-appletvos/JOSESwift.build/Objects-normal/arm64/RSASigner.o -o /Users/admin/builder/spi-builder-workspace/.derivedData/Build/Intermediates.noindex/JOSESwift.build/Debug-appletvos/JOSESwift.build/Objects-normal/arm64/RSAVerifier.o -index-unit-output-path /JOSESwift.build/Debug-appletvos/JOSESwift.build/Objects-normal/arm64/RSAKeyCodable.o -index-unit-output-path /JOSESwift.build/Debug-appletvos/JOSESwift.build/Objects-normal/arm64/RSAKeyEncryptionMode.o -index-unit-output-path /JOSESwift.build/Debug-appletvos/JOSESwift.build/Objects-normal/arm64/RSAKeys.o -index-unit-output-path /JOSESwift.build/Debug-appletvos/JOSESwift.build/Objects-normal/arm64/RSASigner.o -index-unit-output-path /JOSESwift.build/Debug-appletvos/JOSESwift.build/Objects-normal/arm64/RSAVerifier.o -index-store-path /Users/admin/builder/spi-builder-workspace/.derivedData/Index.noindex/DataStore -index-system-modules
SwiftCompile normal arm64 /Users/admin/builder/spi-builder-workspace/.dependencies/checkouts/JOSESwift/JOSESwift/Sources/RSAKeyCodable.swift (in target 'JOSESwift' from project 'JOSESwift')
    cd /Users/admin/builder/spi-builder-workspace/.swiftpm/xcode

/Users/admin/builder/spi-builder-workspace/.dependencies/checkouts/JOSESwift/JOSESwift/Sources/CryptoImplementation/EC.swift:27:8: error: no such module 'LocalAuthentication'
import LocalAuthentication
       ^
SwiftCompile normal arm64 /Users/admin/builder/spi-builder-workspace/.dependencies/checkouts/JOSESwift/JOSESwift/Sources/RSAKeyEncryptionMode.swift (in target 'JOSESwift' from project 'JOSESwift')
    cd /Users/admin/builder/spi-builder-workspace/.swiftpm/xcode

/Users/admin/builder/spi-builder-workspace/.dependencies/checkouts/JOSESwift/JOSESwift/Sources/CryptoImplementation/EC.swift:27:8: error: no such module 'LocalAuthentication'
import LocalAuthentication
       ^
SwiftCompile normal arm64 /Users/admin/builder/spi-builder-workspace/.dependencies/checkouts/JOSESwift/JOSESwift/Sources/RSAKeys.swift (in target 'JOSESwift' from project 'JOSESwift')
    cd /Users/admin/builder/spi-builder-workspace/.swiftpm/xcode

/Users/admin/builder/spi-builder-workspace/.dependencies/checkouts/JOSESwift/JOSESwift/Sources/CryptoImplementation/EC.swift:27:8: error: no such module 'LocalAuthentication'
import LocalAuthentication
       ^
SwiftCompile normal arm64 /Users/admin/builder/spi-builder-workspace/.dependencies/checkouts/JOSESwift/JOSESwift/Sources/RSASigner.swift (in target 'JOSESwift' from project 'JOSESwift')
    cd /Users/admin/builder/spi-builder-workspace/.swiftpm/xcode

/Users/admin/builder/spi-builder-workspace/.dependencies/checkouts/JOSESwift/JOSESwift/Sources/CryptoImplementation/EC.swift:27:8: error: no such module 'LocalAuthentication'
import LocalAuthentication
       ^
SwiftCompile normal arm64 /Users/admin/builder/spi-builder-workspace/.dependencies/checkouts/JOSESwift/JOSESwift/Sources/RSAVerifier.swift (in target 'JOSESwift' from project 'JOSESwift')
    cd /Users/admin/builder/spi-builder-workspace/.swiftpm/xcode

/Users/admin/builder/spi-builder-workspace/.dependencies/checkouts/JOSESwift/JOSESwift/Sources/CryptoImplementation/EC.swift:27:8: error: no such module 'LocalAuthentication'
import LocalAuthentication
       ^
SwiftCompile normal arm64 Compiling\ Serializer.swift,\ Signer.swift,\ SymmetricKeyCodable.swift,\ SymmetricKeys.swift,\ Verifier.swift /Users/admin/builder/spi-builder-workspace/.dependencies/checkouts/JOSESwift/JOSESwift/Sources/Serializer.swift /Users/admin/builder/spi-builder-workspace/.dependencies/checkouts/JOSESwift/JOSESwift/Sources/Signer.swift /Users/admin/builder/spi-builder-workspace/.dependencies/checkouts/JOSESwift/JOSESwift/Sources/SymmetricKeyCodable.swift /Users/admin/builder/spi-builder-workspace/.dependencies/checkouts/JOSESwift/JOSESwift/Sources/SymmetricKeys.swift /Users/admin/builder/spi-builder-workspace/.dependencies/checkouts/JOSESwift/JOSESwift/Sources/Verifier.swift (in target 'JOSESwift' from project 'JOSESwift')
SwiftCompile normal arm64 /Users/admin/builder/spi-builder-workspace/.dependencies/checkouts/JOSESwift/JOSESwift/Sources/Serializer.swift (in target 'JOSESwift' from project 'JOSESwift')
    cd /Users/admin/builder/spi-builder-workspace/.swiftpm/xcode

/Users/admin/builder/spi-builder-workspace/.dependencies/checkouts/JOSESwift/JOSESwift/Sources/CryptoImplementation/EC.swift:27:8: error: no such module 'LocalAuthentication'
import LocalAuthentication
       ^
SwiftCompile normal arm64 /Users/admin/builder/spi-builder-workspace/.dependencies/checkouts/JOSESwift/JOSESwift/Sources/Signer.swift (in target 'JOSESwift' from project 'JOSESwift')
    cd /Users/admin/builder/spi-builder-workspace/.swiftpm/xcode

/Users/admin/builder/spi-builder-workspace/.dependencies/checkouts/JOSESwift/JOSESwift/Sources/CryptoImplementation/EC.swift:27:8: error: no such module 'LocalAuthentication'
import LocalAuthentication
       ^
SwiftCompile normal arm64 /Users/admin/builder/spi-builder-workspace/.dependencies/checkouts/JOSESwift/JOSESwift/Sources/SymmetricKeyCodable.swift (in target 'JOSESwift' from project 'JOSESwift')
    cd /Users/admin/builder/spi-builder-workspace/.swiftpm/xcode

/Users/admin/builder/spi-builder-workspace/.dependencies/checkouts/JOSESwift/JOSESwift/Sources/CryptoImplementation/EC.swift:27:8: error: no such module 'LocalAuthentication'
import LocalAuthentication
       ^
SwiftCompile normal arm64 /Users/admin/builder/spi-builder-workspace/.dependencies/checkouts/JOSESwift/JOSESwift/Sources/SymmetricKeys.swift (in target 'JOSESwift' from project 'JOSESwift')
    cd /Users/admin/builder/spi-builder-workspace/.swiftpm/xcode

/Users/admin/builder/spi-builder-workspace/.dependencies/checkouts/JOSESwift/JOSESwift/Sources/CryptoImplementation/EC.swift:27:8: error: no such module 'LocalAuthentication'
import LocalAuthentication
       ^
SwiftCompile normal arm64 /Users/admin/builder/spi-builder-workspace/.dependencies/checkouts/JOSESwift/JOSESwift/Sources/Verifier.swift (in target 'JOSESwift' from project 'JOSESwift')
    cd /Users/admin/builder/spi-builder-workspace/.swiftpm/xcode

/Users/admin/builder/spi-builder-workspace/.dependencies/checkouts/JOSESwift/JOSESwift/Sources/CryptoImplementation/EC.swift:27:8: error: no such module 'LocalAuthentication'
import LocalAuthentication
       ^
SwiftCompile normal arm64 Compiling\ JWE.swift,\ JWEHeader.swift,\ JWK.swift,\ JWKExtensions.swift,\ JWKParameters.swift,\ JWKSet.swift /Users/admin/builder/spi-builder-workspace/.dependencies/checkouts/JOSESwift/JOSESwift/Sources/JWE.swift /Users/admin/builder/spi-builder-workspace/.dependencies/checkouts/JOSESwift/JOSESwift/Sources/JWEHeader.swift /Users/admin/builder/spi-builder-workspace/.dependencies/checkouts/JOSESwift/JOSESwift/Sources/JWK.swift /Users/admin/builder/spi-builder-workspace/.dependencies/checkouts/JOSESwift/JOSESwift/Sources/JWKExtensions.swift /Users/admin/builder/spi-builder-workspace/.dependencies/checkouts/JOSESwift/JOSESwift/Sources/JWKParameters.swift /Users/admin/builder/spi-builder-workspace/.dependencies/checkouts/JOSESwift/JOSESwift/Sources/JWKSet.swift (in target 'JOSESwift' from project 'JOSESwift')
SwiftCompile normal arm64 /Users/admin/builder/spi-builder-workspace/.dependencies/checkouts/JOSESwift/JOSESwift/Sources/JWE.swift (in target 'JOSESwift' from project 'JOSESwift')
    cd /Users/admin/builder/spi-builder-workspace/.swiftpm/xcode

/Users/admin/builder/spi-builder-workspace/.dependencies/checkouts/JOSESwift/JOSESwift/Sources/CryptoImplementation/EC.swift:27:8: error: no such module 'LocalAuthentication'
import LocalAuthentication
       ^
SwiftCompile normal arm64 /Users/admin/builder/spi-builder-workspace/.dependencies/checkouts/JOSESwift/JOSESwift/Sources/JWEHeader.swift (in target 'JOSESwift' from project 'JOSESwift')
    cd /Users/admin/builder/spi-builder-workspace/.swiftpm/xcode

/Users/admin/builder/spi-builder-workspace/.dependencies/checkouts/JOSESwift/JOSESwift/Sources/CryptoImplementation/EC.swift:27:8: error: no such module 'LocalAuthentication'
import LocalAuthentication
       ^
SwiftCompile normal arm64 /Users/admin/builder/spi-builder-workspace/.dependencies/checkouts/JOSESwift/JOSESwift/Sources/JWK.swift (in target 'JOSESwift' from project 'JOSESwift')
    cd /Users/admin/builder/spi-builder-workspace/.swiftpm/xcode

/Users/admin/builder/spi-builder-workspace/.dependencies/checkouts/JOSESwift/JOSESwift/Sources/CryptoImplementation/EC.swift:27:8: error: no such module 'LocalAuthentication'
import LocalAuthentication
       ^
SwiftCompile normal arm64 /Users/admin/builder/spi-builder-workspace/.dependencies/checkouts/JOSESwift/JOSESwift/Sources/JWKExtensions.swift (in target 'JOSESwift' from project 'JOSESwift')
    cd /Users/admin/builder/spi-builder-workspace/.swiftpm/xcode

/Users/admin/builder/spi-builder-workspace/.dependencies/checkouts/JOSESwift/JOSESwift/Sources/CryptoImplementation/EC.swift:27:8: error: no such module 'LocalAuthentication'
import LocalAuthentication
       ^
SwiftCompile normal arm64 /Users/admin/builder/spi-builder-workspace/.dependencies/checkouts/JOSESwift/JOSESwift/Sources/JWKParameters.swift (in target 'JOSESwift' from project 'JOSESwift')
    cd /Users/admin/builder/spi-builder-workspace/.swiftpm/xcode

/Users/admin/builder/spi-builder-workspace/.dependencies/checkouts/JOSESwift/JOSESwift/Sources/CryptoImplementation/EC.swift:27:8: error: no such module 'LocalAuthentication'
import LocalAuthentication
       ^
SwiftCompile normal arm64 /Users/admin/builder/spi-builder-workspace/.dependencies/checkouts/JOSESwift/JOSESwift/Sources/JWKSet.swift (in target 'JOSESwift' from project 'JOSESwift')
    cd /Users/admin/builder/spi-builder-workspace/.swiftpm/xcode

/Users/admin/builder/spi-builder-workspace/.dependencies/checkouts/JOSESwift/JOSESwift/Sources/CryptoImplementation/EC.swift:27:8: error: no such module 'LocalAuthentication'
import LocalAuthentication
       ^
SwiftEmitModule normal arm64 Emitting\ module\ for\ JOSESwift (in target 'JOSESwift' from project 'JOSESwift')
Command SwiftEmitModule failed with a nonzero exit code
** BUILD FAILED **
The following build commands failed:
	SwiftCompile normal arm64 /Users/admin/builder/spi-builder-workspace/.dependencies/checkouts/JOSESwift/JOSESwift/Sources/Decrypter.swift (in target 'JOSESwift' from project 'JOSESwift')
	SwiftCompile normal arm64 /Users/admin/builder/spi-builder-workspace/.dependencies/checkouts/JOSESwift/JOSESwift/Sources/Deserializer.swift (in target 'JOSESwift' from project 'JOSESwift')
	SwiftCompile normal arm64 /Users/admin/builder/spi-builder-workspace/.dependencies/checkouts/JOSESwift/JOSESwift/Sources/DirectEncryptionMode.swift (in target 'JOSESwift' from project 'JOSESwift')
	SwiftCompile normal arm64 /Users/admin/builder/spi-builder-workspace/.dependencies/checkouts/JOSESwift/JOSESwift/Sources/ECKeyCodable.swift (in target 'JOSESwift' from project 'JOSESwift')
	SwiftCompile normal arm64 /Users/admin/builder/spi-builder-workspace/.dependencies/checkouts/JOSESwift/JOSESwift/Sources/ECKeys.swift (in target 'JOSESwift' from project 'JOSESwift')
	SwiftCompile normal arm64 /Users/admin/builder/spi-builder-workspace/.dependencies/checkouts/JOSESwift/JOSESwift/Sources/ECSigner.swift (in target 'JOSESwift' from project 'JOSESwift')
	SwiftCompile normal arm64 /Users/admin/builder/spi-builder-workspace/.dependencies/checkouts/JOSESwift/JOSESwift/Sources/CryptoImplementation/EC.swift (in target 'JOSESwift' from project 'JOSESwift')
	SwiftCompile normal arm64 Compiling\ ECVerifier.swift,\ Encrypter.swift,\ HMACSigner.swift,\ HMACVerifier.swift,\ JOSEHeader.swift,\ JOSESwiftError.swift /Users/admin/builder/spi-builder-workspace/.dependencies/checkouts/JOSESwift/JOSESwift/Sources/ECVerifier.swift /Users/admin/builder/spi-builder-workspace/.dependencies/checkouts/JOSESwift/JOSESwift/Sources/Encrypter.swift /Users/admin/builder/spi-builder-workspace/.dependencies/checkouts/JOSESwift/JOSESwift/Sources/HMACSigner.swift /Users/admin/builder/spi-builder-workspace/.dependencies/checkouts/JOSESwift/JOSESwift/Sources/HMACVerifier.swift /Users/admin/builder/spi-builder-workspace/.dependencies/checkouts/JOSESwift/JOSESwift/Sources/JOSEHeader.swift /Users/admin/builder/spi-builder-workspace/.dependencies/checkouts/JOSESwift/JOSESwift/Sources/JOSESwiftError.swift (in target 'JOSESwift' from project 'JOSESwift')
	SwiftCompile normal arm64 /Users/admin/builder/spi-builder-workspace/.dependencies/checkouts/JOSESwift/JOSESwift/Sources/ECVerifier.swift (in target 'JOSESwift' from project 'JOSESwift')
	SwiftCompile normal arm64 /Users/admin/builder/spi-builder-workspace/.dependencies/checkouts/JOSESwift/JOSESwift/Sources/Encrypter.swift (in target 'JOSESwift' from project 'JOSESwift')
	SwiftCompile normal arm64 /Users/admin/builder/spi-builder-workspace/.dependencies/checkouts/JOSESwift/JOSESwift/Sources/HMACSigner.swift (in target 'JOSESwift' from project 'JOSESwift')
	SwiftCompile normal arm64 /Users/admin/builder/spi-builder-workspace/.dependencies/checkouts/JOSESwift/JOSESwift/Sources/HMACVerifier.swift (in target 'JOSESwift' from project 'JOSESwift')
	SwiftCompile normal arm64 /Users/admin/builder/spi-builder-workspace/.dependencies/checkouts/JOSESwift/JOSESwift/Sources/JOSEHeader.swift (in target 'JOSESwift' from project 'JOSESwift')
	SwiftCompile normal arm64 /Users/admin/builder/spi-builder-workspace/.dependencies/checkouts/JOSESwift/JOSESwift/Sources/JOSESwiftError.swift (in target 'JOSESwift' from project 'JOSESwift')
	SwiftCompile normal arm64 /Users/admin/builder/spi-builder-workspace/.dependencies/checkouts/JOSESwift/JOSESwift/Sources/CryptoImplementation/SecKeyECPublicKey.swift (in target 'JOSESwift' from project 'JOSESwift')
	SwiftCompile normal arm64 /Users/admin/builder/spi-builder-workspace/.dependencies/checkouts/JOSESwift/JOSESwift/Sources/CryptoImplementation/SecKeyRSAPublicKey.swift (in target 'JOSESwift' from project 'JOSESwift')
	SwiftCompile normal arm64 /Users/admin/builder/spi-builder-workspace/.dependencies/checkouts/JOSESwift/JOSESwift/Sources/CryptoImplementation/SecureRandom.swift (in target 'JOSESwift' from project 'JOSESwift')
	SwiftCompile normal arm64 /Users/admin/builder/spi-builder-workspace/.dependencies/checkouts/JOSESwift/JOSESwift/Sources/CryptoImplementation/Thumbprint.swift (in target 'JOSESwift' from project 'JOSESwift')
	SwiftCompile normal arm64 /Users/admin/builder/spi-builder-workspace/.dependencies/checkouts/JOSESwift/JOSESwift/Sources/DataConvertible.swift (in target 'JOSESwift' from project 'JOSESwift')
	SwiftCompile normal arm64 /Users/admin/builder/spi-builder-workspace/.dependencies/checkouts/JOSESwift/JOSESwift/Sources/DataExtensions.swift (in target 'JOSESwift' from project 'JOSESwift')
	SwiftCompile normal arm64 /Users/admin/builder/spi-builder-workspace/.dependencies/checkouts/JOSESwift/JOSESwift/Sources/CompressionImplementation/DeflateWrapper.swift (in target 'JOSESwift' from project 'JOSESwift')
	SwiftCompile normal arm64 /Users/admin/builder/spi-builder-workspace/.dependencies/checkouts/JOSESwift/JOSESwift/Sources/Compressor.swift (in target 'JOSESwift' from project 'JOSESwift')
	SwiftCompile normal arm64 /Users/admin/builder/spi-builder-workspace/.dependencies/checkouts/JOSESwift/JOSESwift/Sources/ContentEncryption.swift (in target 'JOSESwift' from project 'JOSESwift')
	SwiftCompile normal arm64 /Users/admin/builder/spi-builder-workspace/.dependencies/checkouts/JOSESwift/JOSESwift/Sources/CryptoImplementation/AES.swift (in target 'JOSESwift' from project 'JOSESwift')
	SwiftCompile normal arm64 /Users/admin/builder/spi-builder-workspace/.dependencies/checkouts/JOSESwift/JOSESwift/Sources/CryptoImplementation/DataECPrivateKey.swift (in target 'JOSESwift' from project 'JOSESwift')
	SwiftCompile normal arm64 /Users/admin/builder/spi-builder-workspace/.dependencies/checkouts/JOSESwift/JOSESwift/Sources/CryptoImplementation/DataECPublicKey.swift (in target 'JOSESwift' from project 'JOSESwift')
	SwiftCompile normal arm64 Compiling\ AESCBCEncryption.swift,\ AESKeyWrappingMode.swift,\ ASN1DEREncoding.swift,\ ASN1DERParsing.swift,\ AlgorithmExtensions.swift,\ Algorithms.swift /Users/admin/builder/spi-builder-workspace/.dependencies/checkouts/JOSESwift/JOSESwift/Sources/AESCBCEncryption.swift /Users/admin/builder/spi-builder-workspace/.dependencies/checkouts/JOSESwift/JOSESwift/Sources/AESKeyWrappingMode.swift /Users/admin/builder/spi-builder-workspace/.dependencies/checkouts/JOSESwift/JOSESwift/Sources/ASN1DEREncoding.swift /Users/admin/builder/spi-builder-workspace/.dependencies/checkouts/JOSESwift/JOSESwift/Sources/ASN1DERParsing.swift /Users/admin/builder/spi-builder-workspace/.dependencies/checkouts/JOSESwift/JOSESwift/Sources/AlgorithmExtensions.swift /Users/admin/builder/spi-builder-workspace/.dependencies/checkouts/JOSESwift/JOSESwift/Sources/Algorithms.swift (in target 'JOSESwift' from project 'JOSESwift')
	SwiftCompile normal arm64 /Users/admin/builder/spi-builder-workspace/.dependencies/checkouts/JOSESwift/JOSESwift/Sources/AESCBCEncryption.swift (in target 'JOSESwift' from project 'JOSESwift')
	SwiftCompile normal arm64 /Users/admin/builder/spi-builder-workspace/.dependencies/checkouts/JOSESwift/JOSESwift/Sources/AESKeyWrappingMode.swift (in target 'JOSESwift' from project 'JOSESwift')
	SwiftCompile normal arm64 /Users/admin/builder/spi-builder-workspace/.dependencies/checkouts/JOSESwift/JOSESwift/Sources/ASN1DEREncoding.swift (in target 'JOSESwift' from project 'JOSESwift')
	SwiftCompile normal arm64 /Users/admin/builder/spi-builder-workspace/.dependencies/checkouts/JOSESwift/JOSESwift/Sources/ASN1DERParsing.swift (in target 'JOSESwift' from project 'JOSESwift')
	SwiftCompile normal arm64 /Users/admin/builder/spi-builder-workspace/.dependencies/checkouts/JOSESwift/JOSESwift/Sources/AlgorithmExtensions.swift (in target 'JOSESwift' from project 'JOSESwift')
	SwiftCompile normal arm64 /Users/admin/builder/spi-builder-workspace/.dependencies/checkouts/JOSESwift/JOSESwift/Sources/Algorithms.swift (in target 'JOSESwift' from project 'JOSESwift')
	SwiftCompile normal arm64 /Users/admin/builder/spi-builder-workspace/.dependencies/checkouts/JOSESwift/JOSESwift/Sources/JWKSetCodable.swift (in target 'JOSESwift' from project 'JOSESwift')
	SwiftCompile normal arm64 /Users/admin/builder/spi-builder-workspace/.dependencies/checkouts/JOSESwift/JOSESwift/Sources/JWS.swift (in target 'JOSESwift' from project 'JOSESwift')
	SwiftCompile normal arm64 /Users/admin/builder/spi-builder-workspace/.dependencies/checkouts/JOSESwift/JOSESwift/Sources/JWSHeader.swift (in target 'JOSESwift' from project 'JOSESwift')
	SwiftCompile normal arm64 /Users/admin/builder/spi-builder-workspace/.dependencies/checkouts/JOSESwift/JOSESwift/Sources/KeyManagementMode.swift (in target 'JOSESwift' from project 'JOSESwift')
	SwiftCompile normal arm64 /Users/admin/builder/spi-builder-workspace/.dependencies/checkouts/JOSESwift/JOSESwift/Sources/Payload.swift (in target 'JOSESwift' from project 'JOSESwift')
	SwiftCompile normal arm64 Compiling\ RSAKeyCodable.swift,\ RSAKeyEncryptionMode.swift,\ RSAKeys.swift,\ RSASigner.swift,\ RSAVerifier.swift /Users/admin/builder/spi-builder-workspace/.dependencies/checkouts/JOSESwift/JOSESwift/Sources/RSAKeyCodable.swift /Users/admin/builder/spi-builder-workspace/.dependencies/checkouts/JOSESwift/JOSESwift/Sources/RSAKeyEncryptionMode.swift /Users/admin/builder/spi-builder-workspace/.dependencies/checkouts/JOSESwift/JOSESwift/Sources/RSAKeys.swift /Users/admin/builder/spi-builder-workspace/.dependencies/checkouts/JOSESwift/JOSESwift/Sources/RSASigner.swift /Users/admin/builder/spi-builder-workspace/.dependencies/checkouts/JOSESwift/JOSESwift/Sources/RSAVerifier.swift (in target 'JOSESwift' from project 'JOSESwift')
	SwiftCompile normal arm64 /Users/admin/builder/spi-builder-workspace/.dependencies/checkouts/JOSESwift/JOSESwift/Sources/RSAKeyCodable.swift (in target 'JOSESwift' from project 'JOSESwift')
	SwiftCompile normal arm64 /Users/admin/builder/spi-builder-workspace/.dependencies/checkouts/JOSESwift/JOSESwift/Sources/RSAKeyEncryptionMode.swift (in target 'JOSESwift' from project 'JOSESwift')
	SwiftCompile normal arm64 /Users/admin/builder/spi-builder-workspace/.dependencies/checkouts/JOSESwift/JOSESwift/Sources/RSAKeys.swift (in target 'JOSESwift' from project 'JOSESwift')
	SwiftCompile normal arm64 /Users/admin/builder/spi-builder-workspace/.dependencies/checkouts/JOSESwift/JOSESwift/Sources/RSASigner.swift (in target 'JOSESwift' from project 'JOSESwift')
	SwiftCompile normal arm64 /Users/admin/builder/spi-builder-workspace/.dependencies/checkouts/JOSESwift/JOSESwift/Sources/RSAVerifier.swift (in target 'JOSESwift' from project 'JOSESwift')
	SwiftCompile normal arm64 /Users/admin/builder/spi-builder-workspace/.dependencies/checkouts/JOSESwift/JOSESwift/Sources/Serializer.swift (in target 'JOSESwift' from project 'JOSESwift')
	SwiftCompile normal arm64 /Users/admin/builder/spi-builder-workspace/.dependencies/checkouts/JOSESwift/JOSESwift/Sources/Signer.swift (in target 'JOSESwift' from project 'JOSESwift')
	SwiftCompile normal arm64 /Users/admin/builder/spi-builder-workspace/.dependencies/checkouts/JOSESwift/JOSESwift/Sources/SymmetricKeyCodable.swift (in target 'JOSESwift' from project 'JOSESwift')
	SwiftCompile normal arm64 /Users/admin/builder/spi-builder-workspace/.dependencies/checkouts/JOSESwift/JOSESwift/Sources/SymmetricKeys.swift (in target 'JOSESwift' from project 'JOSESwift')
	SwiftCompile normal arm64 /Users/admin/builder/spi-builder-workspace/.dependencies/checkouts/JOSESwift/JOSESwift/Sources/Verifier.swift (in target 'JOSESwift' from project 'JOSESwift')
	SwiftCompile normal arm64 /Users/admin/builder/spi-builder-workspace/.dependencies/checkouts/JOSESwift/JOSESwift/Sources/JWE.swift (in target 'JOSESwift' from project 'JOSESwift')
	SwiftCompile normal arm64 /Users/admin/builder/spi-builder-workspace/.dependencies/checkouts/JOSESwift/JOSESwift/Sources/JWEHeader.swift (in target 'JOSESwift' from project 'JOSESwift')
	SwiftCompile normal arm64 /Users/admin/builder/spi-builder-workspace/.dependencies/checkouts/JOSESwift/JOSESwift/Sources/JWK.swift (in target 'JOSESwift' from project 'JOSESwift')
	SwiftCompile normal arm64 /Users/admin/builder/spi-builder-workspace/.dependencies/checkouts/JOSESwift/JOSESwift/Sources/JWKExtensions.swift (in target 'JOSESwift' from project 'JOSESwift')
	SwiftCompile normal arm64 /Users/admin/builder/spi-builder-workspace/.dependencies/checkouts/JOSESwift/JOSESwift/Sources/JWKParameters.swift (in target 'JOSESwift' from project 'JOSESwift')
	SwiftCompile normal arm64 /Users/admin/builder/spi-builder-workspace/.dependencies/checkouts/JOSESwift/JOSESwift/Sources/JWKSet.swift (in target 'JOSESwift' from project 'JOSESwift')
	SwiftEmitModule normal arm64 Emitting\ module\ for\ JOSESwift (in target 'JOSESwift' from project 'JOSESwift')
	Building workspace spi-builder-workspace with scheme Checkout3DSPackages
(57 failures)
BUILD FAILURE 6.1 tvOS