The Swift Package Index logo.Swift Package Index

Build Information

Failed to build FlowUI, reference 1.0.0 (0fda5d), with Swift 6.4 for watchOS using Xcode 27.0 on 27 Sep 2026 03:09:05 UTC.

Build Command

env DEVELOPER_DIR=/Applications/Xcode-27.0.0-Release.Candidate.app xcrun xcodebuild -IDEClonedSourcePackagesDirPathOverride=$PWD/.dependencies -skipMacroValidation -skipPackagePluginValidation -derivedDataPath $PWD/.derivedData build -scheme FlowUI-Package -destination generic/platform=watchOS

Build Log

    cd /Users/admin/builder/spi-builder-workspace
    write-file /Users/admin/builder/spi-builder-workspace/.derivedData/Build/Intermediates.noindex/FlowUI.build/Debug-watchos/FlowWidgets-t.build/FlowWidgets.DependencyStaticMetadataFileList
WriteAuxiliaryFile /Users/admin/builder/spi-builder-workspace/.derivedData/Build/Intermediates.noindex/FlowUI.build/Debug-watchos/FlowWidgets-t.build/FlowWidgets.DependencyMetadataFileList (in target 'FlowWidgets' from project 'FlowUI')
    cd /Users/admin/builder/spi-builder-workspace
    write-file /Users/admin/builder/spi-builder-workspace/.derivedData/Build/Intermediates.noindex/FlowUI.build/Debug-watchos/FlowWidgets-t.build/FlowWidgets.DependencyMetadataFileList
WriteAuxiliaryFile /Users/admin/builder/spi-builder-workspace/.derivedData/Build/Intermediates.noindex/FlowUI.build/Debug-watchos/FlowRender-t.build/Objects-normal/arm64_32/FlowRender.SwiftFileList (in target 'FlowRender' from project 'FlowUI')
    cd /Users/admin/builder/spi-builder-workspace
    write-file /Users/admin/builder/spi-builder-workspace/.derivedData/Build/Intermediates.noindex/FlowUI.build/Debug-watchos/FlowRender-t.build/Objects-normal/arm64_32/FlowRender.SwiftFileList
WriteAuxiliaryFile /Users/admin/builder/spi-builder-workspace/.derivedData/Build/Intermediates.noindex/FlowUI.build/Debug-watchos/FlowRender-t.build/Objects-normal/arm64_32/FlowRender-OutputFileMap.json (in target 'FlowRender' from project 'FlowUI')
    cd /Users/admin/builder/spi-builder-workspace
    write-file /Users/admin/builder/spi-builder-workspace/.derivedData/Build/Intermediates.noindex/FlowUI.build/Debug-watchos/FlowRender-t.build/Objects-normal/arm64_32/FlowRender-OutputFileMap.json
WriteAuxiliaryFile /Users/admin/builder/spi-builder-workspace/.derivedData/Build/Intermediates.noindex/FlowUI.build/Debug-watchos/FlowRender-t.build/Objects-normal/arm64_32/FlowRender_const_extract_protocols.json (in target 'FlowRender' from project 'FlowUI')
    cd /Users/admin/builder/spi-builder-workspace
    write-file /Users/admin/builder/spi-builder-workspace/.derivedData/Build/Intermediates.noindex/FlowUI.build/Debug-watchos/FlowRender-t.build/Objects-normal/arm64_32/FlowRender_const_extract_protocols.json
WriteAuxiliaryFile /Users/admin/builder/spi-builder-workspace/.derivedData/Build/Intermediates.noindex/FlowUI.build/Debug-watchos/FlowRender-t.build/Objects-normal/arm64_32/FlowRender.LinkFileList (in target 'FlowRender' from project 'FlowUI')
    cd /Users/admin/builder/spi-builder-workspace
    write-file /Users/admin/builder/spi-builder-workspace/.derivedData/Build/Intermediates.noindex/FlowUI.build/Debug-watchos/FlowRender-t.build/Objects-normal/arm64_32/FlowRender.LinkFileList
WriteAuxiliaryFile /Users/admin/builder/spi-builder-workspace/.derivedData/Build/Intermediates.noindex/FlowUI.build/Debug-watchos/FlowRender-t.build/Objects-normal/arm64_32/FlowRender.SwiftConstValuesFileList (in target 'FlowRender' from project 'FlowUI')
    cd /Users/admin/builder/spi-builder-workspace
    write-file /Users/admin/builder/spi-builder-workspace/.derivedData/Build/Intermediates.noindex/FlowUI.build/Debug-watchos/FlowRender-t.build/Objects-normal/arm64_32/FlowRender.SwiftConstValuesFileList
WriteAuxiliaryFile /Users/admin/builder/spi-builder-workspace/.derivedData/Build/Intermediates.noindex/FlowUI.build/Debug-watchos/FlowRender-t.build/Objects-normal/arm64/FlowRender.SwiftFileList (in target 'FlowRender' from project 'FlowUI')
    cd /Users/admin/builder/spi-builder-workspace
    write-file /Users/admin/builder/spi-builder-workspace/.derivedData/Build/Intermediates.noindex/FlowUI.build/Debug-watchos/FlowRender-t.build/Objects-normal/arm64/FlowRender.SwiftFileList
WriteAuxiliaryFile /Users/admin/builder/spi-builder-workspace/.derivedData/Build/Intermediates.noindex/FlowUI.build/Debug-watchos/FlowRender-t.build/Objects-normal/arm64/FlowRender_const_extract_protocols.json (in target 'FlowRender' from project 'FlowUI')
    cd /Users/admin/builder/spi-builder-workspace
    write-file /Users/admin/builder/spi-builder-workspace/.derivedData/Build/Intermediates.noindex/FlowUI.build/Debug-watchos/FlowRender-t.build/Objects-normal/arm64/FlowRender_const_extract_protocols.json
Copy /Users/admin/builder/spi-builder-workspace/.derivedData/Build/Intermediates.noindex/GeneratedModuleMaps-watchos/FlowWidgets.modulemap /Users/admin/builder/spi-builder-workspace/.derivedData/Build/Intermediates.noindex/FlowUI.build/Debug-watchos/FlowWidgets-t.build/FlowWidgets.modulemap (in target 'FlowWidgets' from project 'FlowUI')
    cd /Users/admin/builder/spi-builder-workspace
    builtin-copy -exclude .DS_Store -exclude CVS -exclude .svn -exclude .git -exclude .hg -resolve-src-symlinks /Users/admin/builder/spi-builder-workspace/.derivedData/Build/Intermediates.noindex/FlowUI.build/Debug-watchos/FlowWidgets-t.build/FlowWidgets.modulemap /Users/admin/builder/spi-builder-workspace/.derivedData/Build/Intermediates.noindex/GeneratedModuleMaps-watchos
WriteAuxiliaryFile /Users/admin/builder/spi-builder-workspace/.derivedData/Build/Intermediates.noindex/FlowUI.build/Debug-watchos/FlowRender-t.build/Objects-normal/arm64/FlowRender.SwiftConstValuesFileList (in target 'FlowRender' from project 'FlowUI')
    cd /Users/admin/builder/spi-builder-workspace
    write-file /Users/admin/builder/spi-builder-workspace/.derivedData/Build/Intermediates.noindex/FlowUI.build/Debug-watchos/FlowRender-t.build/Objects-normal/arm64/FlowRender.SwiftConstValuesFileList
WriteAuxiliaryFile /Users/admin/builder/spi-builder-workspace/.derivedData/Build/Intermediates.noindex/FlowUI.build/Debug-watchos/FlowRender-t.build/Objects-normal/arm64/FlowRender.LinkFileList (in target 'FlowRender' from project 'FlowUI')
    cd /Users/admin/builder/spi-builder-workspace
    write-file /Users/admin/builder/spi-builder-workspace/.derivedData/Build/Intermediates.noindex/FlowUI.build/Debug-watchos/FlowRender-t.build/Objects-normal/arm64/FlowRender.LinkFileList
WriteAuxiliaryFile /Users/admin/builder/spi-builder-workspace/.derivedData/Build/Intermediates.noindex/FlowUI.build/Debug-watchos/FlowRender-t.build/FlowRender.modulemap (in target 'FlowRender' from project 'FlowUI')
    cd /Users/admin/builder/spi-builder-workspace
    write-file /Users/admin/builder/spi-builder-workspace/.derivedData/Build/Intermediates.noindex/FlowUI.build/Debug-watchos/FlowRender-t.build/FlowRender.modulemap
WriteAuxiliaryFile /Users/admin/builder/spi-builder-workspace/.derivedData/Build/Intermediates.noindex/FlowUI.build/Debug-watchos/FlowRender-t.build/Objects-normal/arm64/FlowRender-OutputFileMap.json (in target 'FlowRender' from project 'FlowUI')
    cd /Users/admin/builder/spi-builder-workspace
    write-file /Users/admin/builder/spi-builder-workspace/.derivedData/Build/Intermediates.noindex/FlowUI.build/Debug-watchos/FlowRender-t.build/Objects-normal/arm64/FlowRender-OutputFileMap.json
WriteAuxiliaryFile /Users/admin/builder/spi-builder-workspace/.derivedData/Build/Intermediates.noindex/FlowUI.build/Debug-watchos/FlowRender-t.build/FlowRender.DependencyStaticMetadataFileList (in target 'FlowRender' from project 'FlowUI')
    cd /Users/admin/builder/spi-builder-workspace
    write-file /Users/admin/builder/spi-builder-workspace/.derivedData/Build/Intermediates.noindex/FlowUI.build/Debug-watchos/FlowRender-t.build/FlowRender.DependencyStaticMetadataFileList
WriteAuxiliaryFile /Users/admin/builder/spi-builder-workspace/.derivedData/Build/Intermediates.noindex/FlowUI.build/Debug-watchos/FlowRender-t.build/FlowRender.DependencyMetadataFileList (in target 'FlowRender' from project 'FlowUI')
    cd /Users/admin/builder/spi-builder-workspace
    write-file /Users/admin/builder/spi-builder-workspace/.derivedData/Build/Intermediates.noindex/FlowUI.build/Debug-watchos/FlowRender-t.build/FlowRender.DependencyMetadataFileList
WriteAuxiliaryFile /Users/admin/builder/spi-builder-workspace/.derivedData/Build/Intermediates.noindex/FlowUI.build/Debug-watchos/FlowRender-t.build/DerivedSources/resource_bundle_accessor.swift (in target 'FlowRender' from project 'FlowUI')
    cd /Users/admin/builder/spi-builder-workspace
    write-file /Users/admin/builder/spi-builder-workspace/.derivedData/Build/Intermediates.noindex/FlowUI.build/Debug-watchos/FlowRender-t.build/DerivedSources/resource_bundle_accessor.swift
WriteAuxiliaryFile /Users/admin/builder/spi-builder-workspace/.derivedData/Build/Intermediates.noindex/FlowUI.build/Debug-watchos/FlowCore-t.build/Objects-normal/arm64/FlowCore_const_extract_protocols.json (in target 'FlowCore' from project 'FlowUI')
    cd /Users/admin/builder/spi-builder-workspace
    write-file /Users/admin/builder/spi-builder-workspace/.derivedData/Build/Intermediates.noindex/FlowUI.build/Debug-watchos/FlowCore-t.build/Objects-normal/arm64/FlowCore_const_extract_protocols.json
WriteAuxiliaryFile /Users/admin/builder/spi-builder-workspace/.derivedData/Build/Intermediates.noindex/FlowUI.build/Debug-watchos/FlowCore-t.build/Objects-normal/arm64_32/FlowCore-OutputFileMap.json (in target 'FlowCore' from project 'FlowUI')
    cd /Users/admin/builder/spi-builder-workspace
    write-file /Users/admin/builder/spi-builder-workspace/.derivedData/Build/Intermediates.noindex/FlowUI.build/Debug-watchos/FlowCore-t.build/Objects-normal/arm64_32/FlowCore-OutputFileMap.json
WriteAuxiliaryFile /Users/admin/builder/spi-builder-workspace/.derivedData/Build/Intermediates.noindex/FlowUI.build/Debug-watchos/FlowCore-t.build/Objects-normal/arm64_32/FlowCore.LinkFileList (in target 'FlowCore' from project 'FlowUI')
    cd /Users/admin/builder/spi-builder-workspace
    write-file /Users/admin/builder/spi-builder-workspace/.derivedData/Build/Intermediates.noindex/FlowUI.build/Debug-watchos/FlowCore-t.build/Objects-normal/arm64_32/FlowCore.LinkFileList
WriteAuxiliaryFile /Users/admin/builder/spi-builder-workspace/.derivedData/Build/Intermediates.noindex/FlowUI.build/Debug-watchos/FlowCore-t.build/Objects-normal/arm64_32/FlowCore_const_extract_protocols.json (in target 'FlowCore' from project 'FlowUI')
    cd /Users/admin/builder/spi-builder-workspace
    write-file /Users/admin/builder/spi-builder-workspace/.derivedData/Build/Intermediates.noindex/FlowUI.build/Debug-watchos/FlowCore-t.build/Objects-normal/arm64_32/FlowCore_const_extract_protocols.json
WriteAuxiliaryFile /Users/admin/builder/spi-builder-workspace/.derivedData/Build/Intermediates.noindex/FlowUI.build/Debug-watchos/FlowCore-t.build/Objects-normal/arm64_32/FlowCore.SwiftConstValuesFileList (in target 'FlowCore' from project 'FlowUI')
    cd /Users/admin/builder/spi-builder-workspace
    write-file /Users/admin/builder/spi-builder-workspace/.derivedData/Build/Intermediates.noindex/FlowUI.build/Debug-watchos/FlowCore-t.build/Objects-normal/arm64_32/FlowCore.SwiftConstValuesFileList
WriteAuxiliaryFile /Users/admin/builder/spi-builder-workspace/.derivedData/Build/Intermediates.noindex/FlowUI.build/Debug-watchos/FlowCore-t.build/Objects-normal/arm64_32/FlowCore.SwiftFileList (in target 'FlowCore' from project 'FlowUI')
    cd /Users/admin/builder/spi-builder-workspace
    write-file /Users/admin/builder/spi-builder-workspace/.derivedData/Build/Intermediates.noindex/FlowUI.build/Debug-watchos/FlowCore-t.build/Objects-normal/arm64_32/FlowCore.SwiftFileList
Copy /Users/admin/builder/spi-builder-workspace/.derivedData/Build/Intermediates.noindex/GeneratedModuleMaps-watchos/FlowRender.modulemap /Users/admin/builder/spi-builder-workspace/.derivedData/Build/Intermediates.noindex/FlowUI.build/Debug-watchos/FlowRender-t.build/FlowRender.modulemap (in target 'FlowRender' from project 'FlowUI')
    cd /Users/admin/builder/spi-builder-workspace
    builtin-copy -exclude .DS_Store -exclude CVS -exclude .svn -exclude .git -exclude .hg -resolve-src-symlinks /Users/admin/builder/spi-builder-workspace/.derivedData/Build/Intermediates.noindex/FlowUI.build/Debug-watchos/FlowRender-t.build/FlowRender.modulemap /Users/admin/builder/spi-builder-workspace/.derivedData/Build/Intermediates.noindex/GeneratedModuleMaps-watchos
WriteAuxiliaryFile /Users/admin/builder/spi-builder-workspace/.derivedData/Build/Intermediates.noindex/FlowUI.build/Debug-watchos/FlowCore-t.build/Objects-normal/arm64/FlowCore.SwiftFileList (in target 'FlowCore' from project 'FlowUI')
    cd /Users/admin/builder/spi-builder-workspace
    write-file /Users/admin/builder/spi-builder-workspace/.derivedData/Build/Intermediates.noindex/FlowUI.build/Debug-watchos/FlowCore-t.build/Objects-normal/arm64/FlowCore.SwiftFileList
WriteAuxiliaryFile /Users/admin/builder/spi-builder-workspace/.derivedData/Build/Intermediates.noindex/FlowUI.build/Debug-watchos/FlowCore-t.build/Objects-normal/arm64/FlowCore.SwiftConstValuesFileList (in target 'FlowCore' from project 'FlowUI')
    cd /Users/admin/builder/spi-builder-workspace
    write-file /Users/admin/builder/spi-builder-workspace/.derivedData/Build/Intermediates.noindex/FlowUI.build/Debug-watchos/FlowCore-t.build/Objects-normal/arm64/FlowCore.SwiftConstValuesFileList
WriteAuxiliaryFile /Users/admin/builder/spi-builder-workspace/.derivedData/Build/Intermediates.noindex/FlowUI.build/Debug-watchos/FlowCore-t.build/Objects-normal/arm64/FlowCore.LinkFileList (in target 'FlowCore' from project 'FlowUI')
    cd /Users/admin/builder/spi-builder-workspace
    write-file /Users/admin/builder/spi-builder-workspace/.derivedData/Build/Intermediates.noindex/FlowUI.build/Debug-watchos/FlowCore-t.build/Objects-normal/arm64/FlowCore.LinkFileList
WriteAuxiliaryFile /Users/admin/builder/spi-builder-workspace/.derivedData/Build/Intermediates.noindex/FlowUI.build/Debug-watchos/FlowCore-t.build/Objects-normal/arm64/FlowCore-OutputFileMap.json (in target 'FlowCore' from project 'FlowUI')
    cd /Users/admin/builder/spi-builder-workspace
    write-file /Users/admin/builder/spi-builder-workspace/.derivedData/Build/Intermediates.noindex/FlowUI.build/Debug-watchos/FlowCore-t.build/Objects-normal/arm64/FlowCore-OutputFileMap.json
WriteAuxiliaryFile /Users/admin/builder/spi-builder-workspace/.derivedData/Build/Intermediates.noindex/FlowUI.build/Debug-watchos/FlowCore-t.build/FlowCore.modulemap (in target 'FlowCore' from project 'FlowUI')
    cd /Users/admin/builder/spi-builder-workspace
    write-file /Users/admin/builder/spi-builder-workspace/.derivedData/Build/Intermediates.noindex/FlowUI.build/Debug-watchos/FlowCore-t.build/FlowCore.modulemap
WriteAuxiliaryFile /Users/admin/builder/spi-builder-workspace/.derivedData/Build/Intermediates.noindex/FlowUI.build/Debug-watchos/FlowCore-t.build/FlowCore.DependencyStaticMetadataFileList (in target 'FlowCore' from project 'FlowUI')
    cd /Users/admin/builder/spi-builder-workspace
    write-file /Users/admin/builder/spi-builder-workspace/.derivedData/Build/Intermediates.noindex/FlowUI.build/Debug-watchos/FlowCore-t.build/FlowCore.DependencyStaticMetadataFileList
WriteAuxiliaryFile /Users/admin/builder/spi-builder-workspace/.derivedData/Build/Intermediates.noindex/FlowUI.build/Debug-watchos/FlowCore-t.build/FlowCore.DependencyMetadataFileList (in target 'FlowCore' from project 'FlowUI')
    cd /Users/admin/builder/spi-builder-workspace
    write-file /Users/admin/builder/spi-builder-workspace/.derivedData/Build/Intermediates.noindex/FlowUI.build/Debug-watchos/FlowCore-t.build/FlowCore.DependencyMetadataFileList
MkDir /Users/admin/builder/spi-builder-workspace/.derivedData/Build/Products/Debug-watchos/FlowUI_FlowRender.bundle (in target 'FlowUI_FlowRender' from project 'FlowUI')
    cd /Users/admin/builder/spi-builder-workspace
    /bin/mkdir -p /Users/admin/builder/spi-builder-workspace/.derivedData/Build/Products/Debug-watchos/FlowUI_FlowRender.bundle
Copy /Users/admin/builder/spi-builder-workspace/.derivedData/Build/Intermediates.noindex/GeneratedModuleMaps-watchos/FlowCore.modulemap /Users/admin/builder/spi-builder-workspace/.derivedData/Build/Intermediates.noindex/FlowUI.build/Debug-watchos/FlowCore-t.build/FlowCore.modulemap (in target 'FlowCore' from project 'FlowUI')
    cd /Users/admin/builder/spi-builder-workspace
    builtin-copy -exclude .DS_Store -exclude CVS -exclude .svn -exclude .git -exclude .hg -resolve-src-symlinks /Users/admin/builder/spi-builder-workspace/.derivedData/Build/Intermediates.noindex/FlowUI.build/Debug-watchos/FlowCore-t.build/FlowCore.modulemap /Users/admin/builder/spi-builder-workspace/.derivedData/Build/Intermediates.noindex/GeneratedModuleMaps-watchos
CpResource /Users/admin/builder/spi-builder-workspace/.derivedData/Build/Products/Debug-watchos/FlowUI_FlowRender.bundle/PrivacyInfo.xcprivacy /Users/admin/builder/spi-builder-workspace/Sources/FlowRender/PrivacyInfo.xcprivacy (in target 'FlowUI_FlowRender' from project 'FlowUI')
    cd /Users/admin/builder/spi-builder-workspace
    builtin-copy -exclude .DS_Store -exclude CVS -exclude .svn -exclude .git -exclude .hg -resolve-src-symlinks /Users/admin/builder/spi-builder-workspace/Sources/FlowRender/PrivacyInfo.xcprivacy /Users/admin/builder/spi-builder-workspace/.derivedData/Build/Products/Debug-watchos/FlowUI_FlowRender.bundle
ProcessInfoPlistFile /Users/admin/builder/spi-builder-workspace/.derivedData/Build/Products/Debug-watchos/FlowUI_FlowRender.bundle/Info.plist /Users/admin/builder/spi-builder-workspace/.derivedData/Build/Intermediates.noindex/FlowUI.build/Debug-watchos/FlowUI_FlowRender-b.build/empty-FlowUI_FlowRender.plist (in target 'FlowUI_FlowRender' from project 'FlowUI')
    cd /Users/admin/builder/spi-builder-workspace
    builtin-infoPlistUtility /Users/admin/builder/spi-builder-workspace/.derivedData/Build/Intermediates.noindex/FlowUI.build/Debug-watchos/FlowUI_FlowRender-b.build/empty-FlowUI_FlowRender.plist -producttype com.apple.product-type.bundle -expandbuildsettings -format binary -platform watchos -o /Users/admin/builder/spi-builder-workspace/.derivedData/Build/Products/Debug-watchos/FlowUI_FlowRender.bundle/Info.plist
RegisterExecutionPolicyException /Users/admin/builder/spi-builder-workspace/.derivedData/Build/Products/Debug-watchos/FlowUI_FlowRender.bundle (in target 'FlowUI_FlowRender' from project 'FlowUI')
    cd /Users/admin/builder/spi-builder-workspace
    builtin-RegisterExecutionPolicyException /Users/admin/builder/spi-builder-workspace/.derivedData/Build/Products/Debug-watchos/FlowUI_FlowRender.bundle
Touch /Users/admin/builder/spi-builder-workspace/.derivedData/Build/Products/Debug-watchos/FlowUI_FlowRender.bundle (in target 'FlowUI_FlowRender' from project 'FlowUI')
    cd /Users/admin/builder/spi-builder-workspace
    /usr/bin/touch -c /Users/admin/builder/spi-builder-workspace/.derivedData/Build/Products/Debug-watchos/FlowUI_FlowRender.bundle
SwiftDriver FlowCore normal arm64 com.apple.xcode.tools.swift.compiler (in target 'FlowCore' from project 'FlowUI')
    cd /Users/admin/builder/spi-builder-workspace/.swiftpm/xcode
    builtin-SwiftDriver -- /Applications/Xcode-27.0.0-Release.Candidate.app/Contents/Developer/Toolchains/XcodeDefault.xctoolchain/usr/bin/swiftc -parse-as-library -module-name FlowCore -Onone @/Users/admin/builder/spi-builder-workspace/.derivedData/Build/Intermediates.noindex/FlowUI.build/Debug-watchos/FlowCore-t.build/Objects-normal/arm64/FlowCore.SwiftFileList -DSWIFT_PACKAGE -DDEBUG -DSWIFT_MODULE_RESOURCE_BUNDLE_UNAVAILABLE -DXcode -plugin-path /Applications/Xcode-27.0.0-Release.Candidate.app/Contents/Developer/Toolchains/XcodeDefault.xctoolchain/usr/lib/swift/host/plugins/testing -enable-experimental-feature DebugDescriptionMacro -sdk /Applications/Xcode-27.0.0-Release.Candidate.app/Contents/Developer/Platforms/WatchOS.platform/Developer/SDKs/WatchOS27.0.sdk -target arm64-apple-watchos10.0 -g -module-cache-path /Users/admin/builder/spi-builder-workspace/.derivedData/ModuleCache.noindex -Xfrontend -serialize-debugging-options -profile-coverage-mapping -profile-generate -enable-testing -index-store-path /Users/admin/builder/spi-builder-workspace/.derivedData/Index.noindex/DataStore -Xcc -D_LIBCPP_HARDENING_MODE\=_LIBCPP_HARDENING_MODE_DEBUG -swift-version 6 -I /Users/admin/builder/spi-builder-workspace/.derivedData/Build/Products/Debug-watchos -Isystem /Applications/Xcode-27.0.0-Release.Candidate.app/Contents/Developer/Platforms/WatchOS.platform/Developer/usr/lib -F /Users/admin/builder/spi-builder-workspace/.derivedData/Build/Products/Debug-watchos -F /Applications/Xcode-27.0.0-Release.Candidate.app/Contents/Developer/Platforms/WatchOS.platform/Developer/Library/Frameworks -F /Applications/Xcode-27.0.0-Release.Candidate.app/Contents/Developer/Platforms/WatchOS.platform/Developer/SDKs/WatchOS27.0.sdk/Developer/Library/Frameworks -c -j10 -enable-batch-mode -incremental -Xcc -ivfsstatcache -Xcc /Users/admin/builder/spi-builder-workspace/.derivedData/SDKStatCaches.noindex/watchos27.0-24R360-e829b21a6f8c9b70876ba0858053c04477534ef55a1706bf4c1112bbb242f0a2.sdkstatcache -output-file-map /Users/admin/builder/spi-builder-workspace/.derivedData/Build/Intermediates.noindex/FlowUI.build/Debug-watchos/FlowCore-t.build/Objects-normal/arm64/FlowCore-OutputFileMap.json -save-temps -no-color-diagnostics -explicit-module-build -module-cache-path /Users/admin/builder/spi-builder-workspace/.derivedData/Build/Intermediates.noindex/SwiftExplicitPrecompiledModules -clang-scanner-module-cache-path /Users/admin/builder/spi-builder-workspace/.derivedData/ModuleCache.noindex -sdk-module-cache-path /Users/admin/builder/spi-builder-workspace/.derivedData/SDKExplicitPrecompiledModules -emit-dependencies -emit-module -emit-module-path /Users/admin/builder/spi-builder-workspace/.derivedData/Build/Intermediates.noindex/FlowUI.build/Debug-watchos/FlowCore-t.build/Objects-normal/arm64/FlowCore.swiftmodule -serialize-diagnostics -dependency-scan-serialize-diagnostics-path /Users/admin/builder/spi-builder-workspace/.derivedData/Build/Intermediates.noindex/FlowUI.build/Debug-watchos/FlowCore-t.build/Objects-normal/arm64/FlowCore-dependency-scan.dia -validate-clang-modules-once -clang-build-session-file /Users/admin/builder/spi-builder-workspace/.derivedData/ModuleCache.noindex/Session.modulevalidation -Xcc -fmodules-prune-interval\=86400 -Xcc -fmodules-prune-after\=345600 -package-name spi_builder_workspace -emit-const-values -const-gather-protocols-list /Users/admin/builder/spi-builder-workspace/.derivedData/Build/Intermediates.noindex/FlowUI.build/Debug-watchos/FlowCore-t.build/Objects-normal/arm64/FlowCore_const_extract_protocols.json -Xcc -I/Users/admin/builder/spi-builder-workspace/.derivedData/Build/Products/Debug-watchos/include -Xcc -I/Users/admin/builder/spi-builder-workspace/.derivedData/Build/Intermediates.noindex/FlowUI.build/Debug-watchos/FlowCore-t.build/DerivedSources-normal/arm64 -Xcc -I/Users/admin/builder/spi-builder-workspace/.derivedData/Build/Intermediates.noindex/FlowUI.build/Debug-watchos/FlowCore-t.build/DerivedSources/arm64 -Xcc -I/Users/admin/builder/spi-builder-workspace/.derivedData/Build/Intermediates.noindex/FlowUI.build/Debug-watchos/FlowCore-t.build/DerivedSources -Xcc -DSWIFT_PACKAGE -Xcc -DDEBUG\=1 -emit-objc-header -emit-objc-header-path /Users/admin/builder/spi-builder-workspace/.derivedData/Build/Intermediates.noindex/FlowUI.build/Debug-watchos/FlowCore-t.build/Objects-normal/arm64/FlowCore-Swift.h -working-directory /Users/admin/builder/spi-builder-workspace/.swiftpm/xcode -experimental-emit-module-separately -disable-cmo
SwiftDriver FlowCore normal arm64_32 com.apple.xcode.tools.swift.compiler (in target 'FlowCore' from project 'FlowUI')
    cd /Users/admin/builder/spi-builder-workspace/.swiftpm/xcode
    builtin-SwiftDriver -- /Applications/Xcode-27.0.0-Release.Candidate.app/Contents/Developer/Toolchains/XcodeDefault.xctoolchain/usr/bin/swiftc -parse-as-library -module-name FlowCore -Onone @/Users/admin/builder/spi-builder-workspace/.derivedData/Build/Intermediates.noindex/FlowUI.build/Debug-watchos/FlowCore-t.build/Objects-normal/arm64_32/FlowCore.SwiftFileList -DSWIFT_PACKAGE -DDEBUG -DSWIFT_MODULE_RESOURCE_BUNDLE_UNAVAILABLE -DXcode -plugin-path /Applications/Xcode-27.0.0-Release.Candidate.app/Contents/Developer/Toolchains/XcodeDefault.xctoolchain/usr/lib/swift/host/plugins/testing -enable-experimental-feature DebugDescriptionMacro -sdk /Applications/Xcode-27.0.0-Release.Candidate.app/Contents/Developer/Platforms/WatchOS.platform/Developer/SDKs/WatchOS27.0.sdk -target arm64_32-apple-watchos10.0 -g -module-cache-path /Users/admin/builder/spi-builder-workspace/.derivedData/ModuleCache.noindex -Xfrontend -serialize-debugging-options -profile-coverage-mapping -profile-generate -enable-testing -index-store-path /Users/admin/builder/spi-builder-workspace/.derivedData/Index.noindex/DataStore -Xcc -D_LIBCPP_HARDENING_MODE\=_LIBCPP_HARDENING_MODE_DEBUG -swift-version 6 -I /Users/admin/builder/spi-builder-workspace/.derivedData/Build/Products/Debug-watchos -Isystem /Applications/Xcode-27.0.0-Release.Candidate.app/Contents/Developer/Platforms/WatchOS.platform/Developer/usr/lib -F /Users/admin/builder/spi-builder-workspace/.derivedData/Build/Products/Debug-watchos -F /Applications/Xcode-27.0.0-Release.Candidate.app/Contents/Developer/Platforms/WatchOS.platform/Developer/Library/Frameworks -F /Applications/Xcode-27.0.0-Release.Candidate.app/Contents/Developer/Platforms/WatchOS.platform/Developer/SDKs/WatchOS27.0.sdk/Developer/Library/Frameworks -c -j10 -enable-batch-mode -incremental -Xcc -ivfsstatcache -Xcc /Users/admin/builder/spi-builder-workspace/.derivedData/SDKStatCaches.noindex/watchos27.0-24R360-e829b21a6f8c9b70876ba0858053c04477534ef55a1706bf4c1112bbb242f0a2.sdkstatcache -output-file-map /Users/admin/builder/spi-builder-workspace/.derivedData/Build/Intermediates.noindex/FlowUI.build/Debug-watchos/FlowCore-t.build/Objects-normal/arm64_32/FlowCore-OutputFileMap.json -save-temps -no-color-diagnostics -explicit-module-build -module-cache-path /Users/admin/builder/spi-builder-workspace/.derivedData/Build/Intermediates.noindex/SwiftExplicitPrecompiledModules -clang-scanner-module-cache-path /Users/admin/builder/spi-builder-workspace/.derivedData/ModuleCache.noindex -sdk-module-cache-path /Users/admin/builder/spi-builder-workspace/.derivedData/SDKExplicitPrecompiledModules -emit-dependencies -emit-module -emit-module-path /Users/admin/builder/spi-builder-workspace/.derivedData/Build/Intermediates.noindex/FlowUI.build/Debug-watchos/FlowCore-t.build/Objects-normal/arm64_32/FlowCore.swiftmodule -serialize-diagnostics -dependency-scan-serialize-diagnostics-path /Users/admin/builder/spi-builder-workspace/.derivedData/Build/Intermediates.noindex/FlowUI.build/Debug-watchos/FlowCore-t.build/Objects-normal/arm64_32/FlowCore-dependency-scan.dia -validate-clang-modules-once -clang-build-session-file /Users/admin/builder/spi-builder-workspace/.derivedData/ModuleCache.noindex/Session.modulevalidation -Xcc -fmodules-prune-interval\=86400 -Xcc -fmodules-prune-after\=345600 -package-name spi_builder_workspace -emit-const-values -const-gather-protocols-list /Users/admin/builder/spi-builder-workspace/.derivedData/Build/Intermediates.noindex/FlowUI.build/Debug-watchos/FlowCore-t.build/Objects-normal/arm64_32/FlowCore_const_extract_protocols.json -Xcc -I/Users/admin/builder/spi-builder-workspace/.derivedData/Build/Products/Debug-watchos/include -Xcc -I/Users/admin/builder/spi-builder-workspace/.derivedData/Build/Intermediates.noindex/FlowUI.build/Debug-watchos/FlowCore-t.build/DerivedSources-normal/arm64_32 -Xcc -I/Users/admin/builder/spi-builder-workspace/.derivedData/Build/Intermediates.noindex/FlowUI.build/Debug-watchos/FlowCore-t.build/DerivedSources/arm64_32 -Xcc -I/Users/admin/builder/spi-builder-workspace/.derivedData/Build/Intermediates.noindex/FlowUI.build/Debug-watchos/FlowCore-t.build/DerivedSources -Xcc -DSWIFT_PACKAGE -Xcc -DDEBUG\=1 -emit-objc-header -emit-objc-header-path /Users/admin/builder/spi-builder-workspace/.derivedData/Build/Intermediates.noindex/FlowUI.build/Debug-watchos/FlowCore-t.build/Objects-normal/arm64_32/FlowCore-Swift.h -working-directory /Users/admin/builder/spi-builder-workspace/.swiftpm/xcode -experimental-emit-module-separately -disable-cmo
SwiftExplicitDependencyGeneratePcm arm64 /Users/admin/builder/spi-builder-workspace/.derivedData/SDKExplicitPrecompiledModules/_Builtin_stdarg-3X4KLXUYEI0UGBILP4X7D0CYW.pcm
SwiftExplicitDependencyGeneratePcm arm64 /Users/admin/builder/spi-builder-workspace/.derivedData/SDKExplicitPrecompiledModules/_AvailabilityInternal-42EVAC8Q6P1ZT6G3A168N97G4.pcm
SwiftExplicitDependencyGeneratePcm arm64 /Users/admin/builder/spi-builder-workspace/.derivedData/SDKExplicitPrecompiledModules/ptrauth-C7VQASAJ967Q4Q6SRD4I3CFWZ.pcm
SwiftExplicitDependencyGeneratePcm arm64 /Users/admin/builder/spi-builder-workspace/.derivedData/SDKExplicitPrecompiledModules/_Builtin_stdbool-B692L2PMR118794VVYBG37897.pcm
SwiftExplicitDependencyGeneratePcm arm64 /Users/admin/builder/spi-builder-workspace/.derivedData/SDKExplicitPrecompiledModules/_SwiftConcurrencyShims-CTPSFSTDCBVSSQFHL6I305U72.pcm
SwiftExplicitDependencyGeneratePcm arm64 /Users/admin/builder/spi-builder-workspace/.derivedData/SDKExplicitPrecompiledModules/_Builtin_float-E4M4A8689VXF1T7P7BV56IKBT.pcm
SwiftExplicitDependencyGeneratePcm arm64 /Users/admin/builder/spi-builder-workspace/.derivedData/SDKExplicitPrecompiledModules/_Builtin_stddef-5OH846KKUPSJJT7GCX9XU1TKG.pcm
SwiftExplicitDependencyGeneratePcm arm64 /Users/admin/builder/spi-builder-workspace/.derivedData/SDKExplicitPrecompiledModules/ptrcheck-8K07997SIHO7YGY7UQ3LOQ3TJ.pcm
SwiftExplicitDependencyGeneratePcm arm64 /Users/admin/builder/spi-builder-workspace/.derivedData/SDKExplicitPrecompiledModules/SwiftShims-AJ4AZYHQNC33R5RLN7AGEIOMP.pcm
SwiftExplicitDependencyGeneratePcm arm64_32 /Users/admin/builder/spi-builder-workspace/.derivedData/SDKExplicitPrecompiledModules/_Builtin_stddef-2F9BFIPBQ5EWNSK5G7G7V4EKL.pcm
SwiftExplicitDependencyGeneratePcm arm64_32 /Users/admin/builder/spi-builder-workspace/.derivedData/SDKExplicitPrecompiledModules/_Builtin_stdarg-EYJP6DFYQL9GJLH1TJ84A8MHV.pcm
SwiftExplicitDependencyGeneratePcm arm64_32 /Users/admin/builder/spi-builder-workspace/.derivedData/SDKExplicitPrecompiledModules/_AvailabilityInternal-22ZP1ILSQW16KHXZS5GBZHOCS.pcm
SwiftExplicitDependencyGeneratePcm arm64_32 /Users/admin/builder/spi-builder-workspace/.derivedData/SDKExplicitPrecompiledModules/_SwiftConcurrencyShims-58G4ISYSYDV3AT1DDGEE0QCUF.pcm
SwiftExplicitDependencyGeneratePcm arm64_32 /Users/admin/builder/spi-builder-workspace/.derivedData/SDKExplicitPrecompiledModules/ptrauth-EW7YZZ7LEZE1QZF2T8148IPSA.pcm
SwiftExplicitDependencyGeneratePcm arm64_32 /Users/admin/builder/spi-builder-workspace/.derivedData/SDKExplicitPrecompiledModules/ptrcheck-EAZ3I917ZFA9H6ZCL6PGLG4TR.pcm
SwiftExplicitDependencyGeneratePcm arm64_32 /Users/admin/builder/spi-builder-workspace/.derivedData/SDKExplicitPrecompiledModules/_Builtin_stdbool-84ZA1VDW90AGWZ2LF5KOCM8DZ.pcm
SwiftExplicitDependencyGeneratePcm arm64_32 /Users/admin/builder/spi-builder-workspace/.derivedData/SDKExplicitPrecompiledModules/SwiftShims-D9VBB138U50XYYGW2C2V21N3L.pcm
SwiftExplicitDependencyGeneratePcm arm64_32 /Users/admin/builder/spi-builder-workspace/.derivedData/SDKExplicitPrecompiledModules/_Builtin_float-372PLGDQ1U3B6Z5EA5DJMDORJ.pcm
SwiftExplicitDependencyGeneratePcm arm64 /Users/admin/builder/spi-builder-workspace/.derivedData/SDKExplicitPrecompiledModules/_DarwinFoundation1-7YQ9TVI7XTOGQU9OADRXP33D1.pcm
SwiftExplicitDependencyGeneratePcm arm64_32 /Users/admin/builder/spi-builder-workspace/.derivedData/SDKExplicitPrecompiledModules/_DarwinFoundation1-5SNIO0SFHX9KJZTLQGIPAPXUZ.pcm
SwiftExplicitDependencyGeneratePcm arm64 /Users/admin/builder/spi-builder-workspace/.derivedData/SDKExplicitPrecompiledModules/_DarwinFoundation2-CUPL4FH2SA95GMALQP4M6O8UA.pcm
SwiftExplicitDependencyGeneratePcm arm64 /Users/admin/builder/spi-builder-workspace/.derivedData/SDKExplicitPrecompiledModules/_Builtin_limits-75TRA1C7IHYOFCG3KJXQVTHJ4.pcm
SwiftExplicitDependencyGeneratePcm arm64_32 /Users/admin/builder/spi-builder-workspace/.derivedData/SDKExplicitPrecompiledModules/_Builtin_limits-AQMEC9CLG0FZQN6TLGDQ6WF78.pcm
SwiftExplicitDependencyGeneratePcm arm64_32 /Users/admin/builder/spi-builder-workspace/.derivedData/SDKExplicitPrecompiledModules/_DarwinFoundation2-FP2Q8F1Q2HR151SBYKTU6Q8B.pcm
SwiftExplicitDependencyGeneratePcm arm64 /Users/admin/builder/spi-builder-workspace/.derivedData/SDKExplicitPrecompiledModules/sys_types-9KPVYINL86WUSHF45TU8PWZZ1.pcm
SwiftExplicitDependencyGeneratePcm arm64 /Users/admin/builder/spi-builder-workspace/.derivedData/SDKExplicitPrecompiledModules/string_h-4N9Z22C0HUO8GV7GFPCLZRZA2.pcm
SwiftExplicitDependencyGeneratePcm arm64 /Users/admin/builder/spi-builder-workspace/.derivedData/SDKExplicitPrecompiledModules/_Builtin_stdint-6TUACK4YPMARFT56PLIO388SJ.pcm
SwiftExplicitDependencyGeneratePcm arm64_32 /Users/admin/builder/spi-builder-workspace/.derivedData/SDKExplicitPrecompiledModules/_Builtin_stdint-6IWJLTRH2WB6RCG4THPA65RDS.pcm
SwiftExplicitDependencyGeneratePcm arm64_32 /Users/admin/builder/spi-builder-workspace/.derivedData/SDKExplicitPrecompiledModules/string_h-8QY7P4ZQXQAF14WVDITTM4R70.pcm
SwiftExplicitDependencyGeneratePcm arm64_32 /Users/admin/builder/spi-builder-workspace/.derivedData/SDKExplicitPrecompiledModules/sys_types-65NN51P1G7GN2GUAUPC53JJ7N.pcm
SwiftExplicitDependencyGeneratePcm arm64 /Users/admin/builder/spi-builder-workspace/.derivedData/SDKExplicitPrecompiledModules/_DarwinFoundation3-EJXZKD8LN9EYM9OWP9VLJ49PK.pcm
SwiftExplicitDependencyGeneratePcm arm64_32 /Users/admin/builder/spi-builder-workspace/.derivedData/SDKExplicitPrecompiledModules/_DarwinFoundation3-3YOBOPIW2MF1LRNQH7JBUBY4G.pcm
SwiftExplicitDependencyGeneratePcm arm64 /Users/admin/builder/spi-builder-workspace/.derivedData/SDKExplicitPrecompiledModules/_Builtin_inttypes-86YTNV5YADPJXFMJ82N3R4GWQ.pcm
SwiftExplicitDependencyGeneratePcm arm64_32 /Users/admin/builder/spi-builder-workspace/.derivedData/SDKExplicitPrecompiledModules/_Builtin_inttypes-BPZJ68HW1IMYWSHROAZ0IMUJP.pcm
SwiftExplicitDependencyGeneratePcm arm64 /Users/admin/builder/spi-builder-workspace/.derivedData/SDKExplicitPrecompiledModules/Darwin-CSB8C43KELVSFIQVR0803IZPN.pcm
SwiftExplicitDependencyGeneratePcm arm64_32 /Users/admin/builder/spi-builder-workspace/.derivedData/SDKExplicitPrecompiledModules/Darwin-10D35ZJWCWG7LJAF579U7I5V7.pcm
SwiftExplicitDependencyGeneratePcm arm64 /Users/admin/builder/spi-builder-workspace/.derivedData/SDKExplicitPrecompiledModules/ObjectiveC-22CZPC4WYQC9G8T393WT2KKLW.pcm
SwiftExplicitDependencyGeneratePcm arm64_32 /Users/admin/builder/spi-builder-workspace/.derivedData/SDKExplicitPrecompiledModules/ObjectiveC-71AGZNHLBMR2QK817EJNUN54E.pcm
SwiftExplicitDependencyGeneratePcm arm64 /Users/admin/builder/spi-builder-workspace/.derivedData/SDKExplicitPrecompiledModules/os_object-6KYGGZ4DPVZ3BBAZ6QICZN8LI.pcm
SwiftExplicitDependencyGeneratePcm arm64_32 /Users/admin/builder/spi-builder-workspace/.derivedData/SDKExplicitPrecompiledModules/os_object-CTXVQBCWDOH6JHUXIFDUOWFRL.pcm
SwiftExplicitDependencyGeneratePcm arm64 /Users/admin/builder/spi-builder-workspace/.derivedData/SDKExplicitPrecompiledModules/os_workgroup-AHE7ULDQBKER38CYPIKDTZF4M.pcm
SwiftExplicitDependencyGeneratePcm arm64_32 /Users/admin/builder/spi-builder-workspace/.derivedData/SDKExplicitPrecompiledModules/os_workgroup-9L9R05BT5LTFRZ2NM68BZTVV2.pcm
SwiftExplicitDependencyGeneratePcm arm64 /Users/admin/builder/spi-builder-workspace/.derivedData/SDKExplicitPrecompiledModules/Dispatch-39VR0G01IUJ09PQKMFGOHXZ4L.pcm
SwiftExplicitDependencyGeneratePcm arm64_32 /Users/admin/builder/spi-builder-workspace/.derivedData/SDKExplicitPrecompiledModules/Dispatch-CGIMI9KQKHNRQHR2IECIPRG14.pcm
SwiftExplicitDependencyGeneratePcm arm64 /Users/admin/builder/spi-builder-workspace/.derivedData/SDKExplicitPrecompiledModules/CoreFoundation-59XKO8YNRGGYNC5U5LK8B4EM.pcm
SwiftExplicitDependencyGeneratePcm arm64 /Users/admin/builder/spi-builder-workspace/.derivedData/SDKExplicitPrecompiledModules/XPC-650JAZBTM6I0OMHYO6CKM0CWJ.pcm
SwiftExplicitDependencyGeneratePcm arm64_32 /Users/admin/builder/spi-builder-workspace/.derivedData/SDKExplicitPrecompiledModules/XPC-7SLKI45KYLKXH9QET2WYS3UZ4.pcm
SwiftExplicitDependencyGeneratePcm arm64_32 /Users/admin/builder/spi-builder-workspace/.derivedData/SDKExplicitPrecompiledModules/CoreFoundation-76B9WJP9MDYT33HZQVSNNZQZD.pcm
SwiftExplicitDependencyGeneratePcm arm64 /Users/admin/builder/spi-builder-workspace/.derivedData/SDKExplicitPrecompiledModules/Security-69WNGEAVQP55EDBQHP3BLE8QU.pcm
SwiftExplicitDependencyGeneratePcm arm64_32 /Users/admin/builder/spi-builder-workspace/.derivedData/SDKExplicitPrecompiledModules/Security-1W411BS4UH2UNMNII2341429S.pcm
SwiftExplicitDependencyGeneratePcm arm64 /Users/admin/builder/spi-builder-workspace/.derivedData/SDKExplicitPrecompiledModules/Foundation-B3IXODHI7VO4VRX2RWRXLVJZT.pcm
SwiftExplicitDependencyGeneratePcm arm64_32 /Users/admin/builder/spi-builder-workspace/.derivedData/SDKExplicitPrecompiledModules/Foundation-AIQ30TCDC2B0LBUU6FPQZ0HWI.pcm
SwiftCompile normal arm64 Compiling\ PageMutation.swift,\ SectionModel.swift /Users/admin/builder/spi-builder-workspace/Sources/FlowCore/Envelope/PageMutation.swift /Users/admin/builder/spi-builder-workspace/Sources/FlowCore/Envelope/SectionModel.swift (in target 'FlowCore' from project 'FlowUI')
SwiftCompile normal arm64 /Users/admin/builder/spi-builder-workspace/Sources/FlowCore/Envelope/PageMutation.swift (in target 'FlowCore' from project 'FlowUI')
    cd /Users/admin/builder/spi-builder-workspace/.swiftpm/xcode
    builtin-SwiftPerFileCompile PageMutation.swift
SwiftCompile normal arm64 /Users/admin/builder/spi-builder-workspace/Sources/FlowCore/Envelope/SectionModel.swift (in target 'FlowCore' from project 'FlowUI')
    cd /Users/admin/builder/spi-builder-workspace/.swiftpm/xcode
    builtin-SwiftPerFileCompile SectionModel.swift
SwiftCompile normal arm64 Compiling\ PageLoader.swift,\ PageModel.swift /Users/admin/builder/spi-builder-workspace/Sources/FlowCore/Envelope/PageLoader.swift /Users/admin/builder/spi-builder-workspace/Sources/FlowCore/Envelope/PageModel.swift (in target 'FlowCore' from project 'FlowUI')
SwiftCompile normal arm64 /Users/admin/builder/spi-builder-workspace/Sources/FlowCore/Envelope/PageLoader.swift (in target 'FlowCore' from project 'FlowUI')
    cd /Users/admin/builder/spi-builder-workspace/.swiftpm/xcode
    builtin-SwiftPerFileCompile PageLoader.swift
SwiftCompile normal arm64 /Users/admin/builder/spi-builder-workspace/Sources/FlowCore/Envelope/PageModel.swift (in target 'FlowCore' from project 'FlowUI')
    cd /Users/admin/builder/spi-builder-workspace/.swiftpm/xcode
    builtin-SwiftPerFileCompile PageModel.swift
SwiftEmitModule normal arm64 Emitting\ module\ for\ FlowCore (in target 'FlowCore' from project 'FlowUI')
SwiftCompile normal arm64 (in target 'FlowCore' from project 'FlowUI')
    cd /Users/admin/builder/spi-builder-workspace/.swiftpm/xcode

SwiftCompile normal arm64 Compiling\ SheetModel.swift,\ WidgetLayout.swift /Users/admin/builder/spi-builder-workspace/Sources/FlowCore/Envelope/SheetModel.swift /Users/admin/builder/spi-builder-workspace/Sources/FlowCore/Envelope/WidgetLayout.swift (in target 'FlowCore' from project 'FlowUI')
SwiftCompile normal arm64 /Users/admin/builder/spi-builder-workspace/Sources/FlowCore/Envelope/SheetModel.swift (in target 'FlowCore' from project 'FlowUI')
    cd /Users/admin/builder/spi-builder-workspace/.swiftpm/xcode
    builtin-SwiftPerFileCompile SheetModel.swift
SwiftCompile normal arm64 /Users/admin/builder/spi-builder-workspace/Sources/FlowCore/Envelope/WidgetLayout.swift (in target 'FlowCore' from project 'FlowUI')
    cd /Users/admin/builder/spi-builder-workspace/.swiftpm/xcode
    builtin-SwiftPerFileCompile WidgetLayout.swift
SwiftCompile normal arm64 Compiling\ WidgetDecoding.swift,\ AnyWidget.swift /Users/admin/builder/spi-builder-workspace/Sources/FlowCore/Decoding/WidgetDecoding.swift /Users/admin/builder/spi-builder-workspace/Sources/FlowCore/Envelope/AnyWidget.swift (in target 'FlowCore' from project 'FlowUI')
SwiftCompile normal arm64 /Users/admin/builder/spi-builder-workspace/Sources/FlowCore/Decoding/WidgetDecoding.swift (in target 'FlowCore' from project 'FlowUI')
    cd /Users/admin/builder/spi-builder-workspace/.swiftpm/xcode
    builtin-SwiftPerFileCompile WidgetDecoding.swift
SwiftCompile normal arm64 /Users/admin/builder/spi-builder-workspace/Sources/FlowCore/Envelope/AnyWidget.swift (in target 'FlowCore' from project 'FlowUI')
    cd /Users/admin/builder/spi-builder-workspace/.swiftpm/xcode
    builtin-SwiftPerFileCompile AnyWidget.swift
SwiftCompile normal arm64 Compiling\ IconData.swift,\ ImageData.swift,\ SeparatorData.swift /Users/admin/builder/spi-builder-workspace/Sources/FlowCore/Atoms/IconData.swift /Users/admin/builder/spi-builder-workspace/Sources/FlowCore/Atoms/ImageData.swift /Users/admin/builder/spi-builder-workspace/Sources/FlowCore/Atoms/SeparatorData.swift (in target 'FlowCore' from project 'FlowUI')
SwiftCompile normal arm64 /Users/admin/builder/spi-builder-workspace/Sources/FlowCore/Atoms/IconData.swift (in target 'FlowCore' from project 'FlowUI')
    cd /Users/admin/builder/spi-builder-workspace/.swiftpm/xcode
    builtin-SwiftPerFileCompile IconData.swift
SwiftCompile normal arm64 /Users/admin/builder/spi-builder-workspace/Sources/FlowCore/Atoms/ImageData.swift (in target 'FlowCore' from project 'FlowUI')
    cd /Users/admin/builder/spi-builder-workspace/.swiftpm/xcode
    builtin-SwiftPerFileCompile ImageData.swift
SwiftCompile normal arm64 /Users/admin/builder/spi-builder-workspace/Sources/FlowCore/Atoms/SeparatorData.swift (in target 'FlowCore' from project 'FlowUI')
    cd /Users/admin/builder/spi-builder-workspace/.swiftpm/xcode
    builtin-SwiftPerFileCompile SeparatorData.swift
SwiftCompile normal arm64 Compiling\ ButtonData.swift,\ ColorData.swift,\ CornerRadiusData.swift /Users/admin/builder/spi-builder-workspace/Sources/FlowCore/Atoms/ButtonData.swift /Users/admin/builder/spi-builder-workspace/Sources/FlowCore/Atoms/ColorData.swift /Users/admin/builder/spi-builder-workspace/Sources/FlowCore/Atoms/CornerRadiusData.swift (in target 'FlowCore' from project 'FlowUI')
SwiftCompile normal arm64 /Users/admin/builder/spi-builder-workspace/Sources/FlowCore/Atoms/ButtonData.swift (in target 'FlowCore' from project 'FlowUI')
    cd /Users/admin/builder/spi-builder-workspace/.swiftpm/xcode
    builtin-SwiftPerFileCompile ButtonData.swift
SwiftCompile normal arm64 /Users/admin/builder/spi-builder-workspace/Sources/FlowCore/Atoms/ColorData.swift (in target 'FlowCore' from project 'FlowUI')
    cd /Users/admin/builder/spi-builder-workspace/.swiftpm/xcode
    builtin-SwiftPerFileCompile ColorData.swift
SwiftCompile normal arm64 /Users/admin/builder/spi-builder-workspace/Sources/FlowCore/Atoms/CornerRadiusData.swift (in target 'FlowCore' from project 'FlowUI')
    cd /Users/admin/builder/spi-builder-workspace/.swiftpm/xcode
    builtin-SwiftPerFileCompile CornerRadiusData.swift
SwiftCompile normal arm64 Compiling\ EdgeInsetsData.swift,\ FontData.swift,\ GradientData.swift /Users/admin/builder/spi-builder-workspace/Sources/FlowCore/Atoms/EdgeInsetsData.swift /Users/admin/builder/spi-builder-workspace/Sources/FlowCore/Atoms/FontData.swift /Users/admin/builder/spi-builder-workspace/Sources/FlowCore/Atoms/GradientData.swift (in target 'FlowCore' from project 'FlowUI')
SwiftCompile normal arm64 /Users/admin/builder/spi-builder-workspace/Sources/FlowCore/Atoms/EdgeInsetsData.swift (in target 'FlowCore' from project 'FlowUI')
    cd /Users/admin/builder/spi-builder-workspace/.swiftpm/xcode
    builtin-SwiftPerFileCompile EdgeInsetsData.swift
SwiftCompile normal arm64 /Users/admin/builder/spi-builder-workspace/Sources/FlowCore/Atoms/FontData.swift (in target 'FlowCore' from project 'FlowUI')
    cd /Users/admin/builder/spi-builder-workspace/.swiftpm/xcode
    builtin-SwiftPerFileCompile FontData.swift
SwiftCompile normal arm64 /Users/admin/builder/spi-builder-workspace/Sources/FlowCore/Atoms/GradientData.swift (in target 'FlowCore' from project 'FlowUI')
    cd /Users/admin/builder/spi-builder-workspace/.swiftpm/xcode
    builtin-SwiftPerFileCompile GradientData.swift
SwiftCompile normal arm64 Compiling\ JSONValue.swift,\ LossyArray.swift,\ StableIdentity.swift /Users/admin/builder/spi-builder-workspace/Sources/FlowCore/Decoding/JSONValue.swift /Users/admin/builder/spi-builder-workspace/Sources/FlowCore/Decoding/LossyArray.swift /Users/admin/builder/spi-builder-workspace/Sources/FlowCore/Decoding/StableIdentity.swift (in target 'FlowCore' from project 'FlowUI')
SwiftCompile normal arm64 /Users/admin/builder/spi-builder-workspace/Sources/FlowCore/Decoding/JSONValue.swift (in target 'FlowCore' from project 'FlowUI')
    cd /Users/admin/builder/spi-builder-workspace/.swiftpm/xcode
    builtin-SwiftPerFileCompile JSONValue.swift
SwiftCompile normal arm64 /Users/admin/builder/spi-builder-workspace/Sources/FlowCore/Decoding/LossyArray.swift (in target 'FlowCore' from project 'FlowUI')
    cd /Users/admin/builder/spi-builder-workspace/.swiftpm/xcode
    builtin-SwiftPerFileCompile LossyArray.swift
SwiftCompile normal arm64 /Users/admin/builder/spi-builder-workspace/Sources/FlowCore/Decoding/StableIdentity.swift (in target 'FlowCore' from project 'FlowUI')
    cd /Users/admin/builder/spi-builder-workspace/.swiftpm/xcode
    builtin-SwiftPerFileCompile StableIdentity.swift
SwiftCompile normal arm64 Compiling\ ActionData.swift,\ ActionResponse.swift,\ BorderData.swift /Users/admin/builder/spi-builder-workspace/Sources/FlowCore/Actions/ActionData.swift /Users/admin/builder/spi-builder-workspace/Sources/FlowCore/Actions/ActionResponse.swift /Users/admin/builder/spi-builder-workspace/Sources/FlowCore/Atoms/BorderData.swift (in target 'FlowCore' from project 'FlowUI')
SwiftCompile normal arm64 /Users/admin/builder/spi-builder-workspace/Sources/FlowCore/Actions/ActionData.swift (in target 'FlowCore' from project 'FlowUI')
    cd /Users/admin/builder/spi-builder-workspace/.swiftpm/xcode
    builtin-SwiftPerFileCompile ActionData.swift
SwiftCompile normal arm64 /Users/admin/builder/spi-builder-workspace/Sources/FlowCore/Actions/ActionResponse.swift (in target 'FlowCore' from project 'FlowUI')
    cd /Users/admin/builder/spi-builder-workspace/.swiftpm/xcode
    builtin-SwiftPerFileCompile ActionResponse.swift
SwiftCompile normal arm64 /Users/admin/builder/spi-builder-workspace/Sources/FlowCore/Atoms/BorderData.swift (in target 'FlowCore' from project 'FlowUI')
    cd /Users/admin/builder/spi-builder-workspace/.swiftpm/xcode
    builtin-SwiftPerFileCompile BorderData.swift
SwiftEmitModule normal arm64_32 Emitting\ module\ for\ FlowCore (in target 'FlowCore' from project 'FlowUI')
SwiftCompile normal arm64_32 (in target 'FlowCore' from project 'FlowUI')
    cd /Users/admin/builder/spi-builder-workspace/.swiftpm/xcode

SwiftDriverJobDiscovery normal arm64 Emitting module for FlowCore (in target 'FlowCore' from project 'FlowUI')
SwiftDriver\ Compilation\ Requirements FlowCore normal arm64 com.apple.xcode.tools.swift.compiler (in target 'FlowCore' from project 'FlowUI')
    cd /Users/admin/builder/spi-builder-workspace/.swiftpm/xcode
    builtin-Swift-Compilation-Requirements -- /Applications/Xcode-27.0.0-Release.Candidate.app/Contents/Developer/Toolchains/XcodeDefault.xctoolchain/usr/bin/swiftc -parse-as-library -module-name FlowCore -Onone @/Users/admin/builder/spi-builder-workspace/.derivedData/Build/Intermediates.noindex/FlowUI.build/Debug-watchos/FlowCore-t.build/Objects-normal/arm64/FlowCore.SwiftFileList -DSWIFT_PACKAGE -DDEBUG -DSWIFT_MODULE_RESOURCE_BUNDLE_UNAVAILABLE -DXcode -plugin-path /Applications/Xcode-27.0.0-Release.Candidate.app/Contents/Developer/Toolchains/XcodeDefault.xctoolchain/usr/lib/swift/host/plugins/testing -enable-experimental-feature DebugDescriptionMacro -sdk /Applications/Xcode-27.0.0-Release.Candidate.app/Contents/Developer/Platforms/WatchOS.platform/Developer/SDKs/WatchOS27.0.sdk -target arm64-apple-watchos10.0 -g -module-cache-path /Users/admin/builder/spi-builder-workspace/.derivedData/ModuleCache.noindex -Xfrontend -serialize-debugging-options -profile-coverage-mapping -profile-generate -enable-testing -index-store-path /Users/admin/builder/spi-builder-workspace/.derivedData/Index.noindex/DataStore -Xcc -D_LIBCPP_HARDENING_MODE\=_LIBCPP_HARDENING_MODE_DEBUG -swift-version 6 -I /Users/admin/builder/spi-builder-workspace/.derivedData/Build/Products/Debug-watchos -Isystem /Applications/Xcode-27.0.0-Release.Candidate.app/Contents/Developer/Platforms/WatchOS.platform/Developer/usr/lib -F /Users/admin/builder/spi-builder-workspace/.derivedData/Build/Products/Debug-watchos -F /Applications/Xcode-27.0.0-Release.Candidate.app/Contents/Developer/Platforms/WatchOS.platform/Developer/Library/Frameworks -F /Applications/Xcode-27.0.0-Release.Candidate.app/Contents/Developer/Platforms/WatchOS.platform/Developer/SDKs/WatchOS27.0.sdk/Developer/Library/Frameworks -c -j10 -enable-batch-mode -incremental -Xcc -ivfsstatcache -Xcc /Users/admin/builder/spi-builder-workspace/.derivedData/SDKStatCaches.noindex/watchos27.0-24R360-e829b21a6f8c9b70876ba0858053c04477534ef55a1706bf4c1112bbb242f0a2.sdkstatcache -output-file-map /Users/admin/builder/spi-builder-workspace/.derivedData/Build/Intermediates.noindex/FlowUI.build/Debug-watchos/FlowCore-t.build/Objects-normal/arm64/FlowCore-OutputFileMap.json -save-temps -no-color-diagnostics -explicit-module-build -module-cache-path /Users/admin/builder/spi-builder-workspace/.derivedData/Build/Intermediates.noindex/SwiftExplicitPrecompiledModules -clang-scanner-module-cache-path /Users/admin/builder/spi-builder-workspace/.derivedData/ModuleCache.noindex -sdk-module-cache-path /Users/admin/builder/spi-builder-workspace/.derivedData/SDKExplicitPrecompiledModules -emit-dependencies -emit-module -emit-module-path /Users/admin/builder/spi-builder-workspace/.derivedData/Build/Intermediates.noindex/FlowUI.build/Debug-watchos/FlowCore-t.build/Objects-normal/arm64/FlowCore.swiftmodule -serialize-diagnostics -dependency-scan-serialize-diagnostics-path /Users/admin/builder/spi-builder-workspace/.derivedData/Build/Intermediates.noindex/FlowUI.build/Debug-watchos/FlowCore-t.build/Objects-normal/arm64/FlowCore-dependency-scan.dia -validate-clang-modules-once -clang-build-session-file /Users/admin/builder/spi-builder-workspace/.derivedData/ModuleCache.noindex/Session.modulevalidation -Xcc -fmodules-prune-interval\=86400 -Xcc -fmodules-prune-after\=345600 -package-name spi_builder_workspace -emit-const-values -const-gather-protocols-list /Users/admin/builder/spi-builder-workspace/.derivedData/Build/Intermediates.noindex/FlowUI.build/Debug-watchos/FlowCore-t.build/Objects-normal/arm64/FlowCore_const_extract_protocols.json -Xcc -I/Users/admin/builder/spi-builder-workspace/.derivedData/Build/Products/Debug-watchos/include -Xcc -I/Users/admin/builder/spi-builder-workspace/.derivedData/Build/Intermediates.noindex/FlowUI.build/Debug-watchos/FlowCore-t.build/DerivedSources-normal/arm64 -Xcc -I/Users/admin/builder/spi-builder-workspace/.derivedData/Build/Intermediates.noindex/FlowUI.build/Debug-watchos/FlowCore-t.build/DerivedSources/arm64 -Xcc -I/Users/admin/builder/spi-builder-workspace/.derivedData/Build/Intermediates.noindex/FlowUI.build/Debug-watchos/FlowCore-t.build/DerivedSources -Xcc -DSWIFT_PACKAGE -Xcc -DDEBUG\=1 -emit-objc-header -emit-objc-header-path /Users/admin/builder/spi-builder-workspace/.derivedData/Build/Intermediates.noindex/FlowUI.build/Debug-watchos/FlowCore-t.build/Objects-normal/arm64/FlowCore-Swift.h -working-directory /Users/admin/builder/spi-builder-workspace/.swiftpm/xcode -experimental-emit-module-separately -disable-cmo
SwiftDriverJobDiscovery normal arm64_32 Emitting module for FlowCore (in target 'FlowCore' from project 'FlowUI')
SwiftCompile normal arm64_32 Compiling\ PageMutation.swift,\ SectionModel.swift /Users/admin/builder/spi-builder-workspace/Sources/FlowCore/Envelope/PageMutation.swift /Users/admin/builder/spi-builder-workspace/Sources/FlowCore/Envelope/SectionModel.swift (in target 'FlowCore' from project 'FlowUI')
SwiftCompile normal arm64_32 /Users/admin/builder/spi-builder-workspace/Sources/FlowCore/Envelope/PageMutation.swift (in target 'FlowCore' from project 'FlowUI')
    cd /Users/admin/builder/spi-builder-workspace/.swiftpm/xcode
    builtin-SwiftPerFileCompile PageMutation.swift
SwiftCompile normal arm64_32 /Users/admin/builder/spi-builder-workspace/Sources/FlowCore/Envelope/SectionModel.swift (in target 'FlowCore' from project 'FlowUI')
    cd /Users/admin/builder/spi-builder-workspace/.swiftpm/xcode
    builtin-SwiftPerFileCompile SectionModel.swift
SwiftDriver\ Compilation\ Requirements FlowCore normal arm64_32 com.apple.xcode.tools.swift.compiler (in target 'FlowCore' from project 'FlowUI')
    cd /Users/admin/builder/spi-builder-workspace/.swiftpm/xcode
    builtin-Swift-Compilation-Requirements -- /Applications/Xcode-27.0.0-Release.Candidate.app/Contents/Developer/Toolchains/XcodeDefault.xctoolchain/usr/bin/swiftc -parse-as-library -module-name FlowCore -Onone @/Users/admin/builder/spi-builder-workspace/.derivedData/Build/Intermediates.noindex/FlowUI.build/Debug-watchos/FlowCore-t.build/Objects-normal/arm64_32/FlowCore.SwiftFileList -DSWIFT_PACKAGE -DDEBUG -DSWIFT_MODULE_RESOURCE_BUNDLE_UNAVAILABLE -DXcode -plugin-path /Applications/Xcode-27.0.0-Release.Candidate.app/Contents/Developer/Toolchains/XcodeDefault.xctoolchain/usr/lib/swift/host/plugins/testing -enable-experimental-feature DebugDescriptionMacro -sdk /Applications/Xcode-27.0.0-Release.Candidate.app/Contents/Developer/Platforms/WatchOS.platform/Developer/SDKs/WatchOS27.0.sdk -target arm64_32-apple-watchos10.0 -g -module-cache-path /Users/admin/builder/spi-builder-workspace/.derivedData/ModuleCache.noindex -Xfrontend -serialize-debugging-options -profile-coverage-mapping -profile-generate -enable-testing -index-store-path /Users/admin/builder/spi-builder-workspace/.derivedData/Index.noindex/DataStore -Xcc -D_LIBCPP_HARDENING_MODE\=_LIBCPP_HARDENING_MODE_DEBUG -swift-version 6 -I /Users/admin/builder/spi-builder-workspace/.derivedData/Build/Products/Debug-watchos -Isystem /Applications/Xcode-27.0.0-Release.Candidate.app/Contents/Developer/Platforms/WatchOS.platform/Developer/usr/lib -F /Users/admin/builder/spi-builder-workspace/.derivedData/Build/Products/Debug-watchos -F /Applications/Xcode-27.0.0-Release.Candidate.app/Contents/Developer/Platforms/WatchOS.platform/Developer/Library/Frameworks -F /Applications/Xcode-27.0.0-Release.Candidate.app/Contents/Developer/Platforms/WatchOS.platform/Developer/SDKs/WatchOS27.0.sdk/Developer/Library/Frameworks -c -j10 -enable-batch-mode -incremental -Xcc -ivfsstatcache -Xcc /Users/admin/builder/spi-builder-workspace/.derivedData/SDKStatCaches.noindex/watchos27.0-24R360-e829b21a6f8c9b70876ba0858053c04477534ef55a1706bf4c1112bbb242f0a2.sdkstatcache -output-file-map /Users/admin/builder/spi-builder-workspace/.derivedData/Build/Intermediates.noindex/FlowUI.build/Debug-watchos/FlowCore-t.build/Objects-normal/arm64_32/FlowCore-OutputFileMap.json -save-temps -no-color-diagnostics -explicit-module-build -module-cache-path /Users/admin/builder/spi-builder-workspace/.derivedData/Build/Intermediates.noindex/SwiftExplicitPrecompiledModules -clang-scanner-module-cache-path /Users/admin/builder/spi-builder-workspace/.derivedData/ModuleCache.noindex -sdk-module-cache-path /Users/admin/builder/spi-builder-workspace/.derivedData/SDKExplicitPrecompiledModules -emit-dependencies -emit-module -emit-module-path /Users/admin/builder/spi-builder-workspace/.derivedData/Build/Intermediates.noindex/FlowUI.build/Debug-watchos/FlowCore-t.build/Objects-normal/arm64_32/FlowCore.swiftmodule -serialize-diagnostics -dependency-scan-serialize-diagnostics-path /Users/admin/builder/spi-builder-workspace/.derivedData/Build/Intermediates.noindex/FlowUI.build/Debug-watchos/FlowCore-t.build/Objects-normal/arm64_32/FlowCore-dependency-scan.dia -validate-clang-modules-once -clang-build-session-file /Users/admin/builder/spi-builder-workspace/.derivedData/ModuleCache.noindex/Session.modulevalidation -Xcc -fmodules-prune-interval\=86400 -Xcc -fmodules-prune-after\=345600 -package-name spi_builder_workspace -emit-const-values -const-gather-protocols-list /Users/admin/builder/spi-builder-workspace/.derivedData/Build/Intermediates.noindex/FlowUI.build/Debug-watchos/FlowCore-t.build/Objects-normal/arm64_32/FlowCore_const_extract_protocols.json -Xcc -I/Users/admin/builder/spi-builder-workspace/.derivedData/Build/Products/Debug-watchos/include -Xcc -I/Users/admin/builder/spi-builder-workspace/.derivedData/Build/Intermediates.noindex/FlowUI.build/Debug-watchos/FlowCore-t.build/DerivedSources-normal/arm64_32 -Xcc -I/Users/admin/builder/spi-builder-workspace/.derivedData/Build/Intermediates.noindex/FlowUI.build/Debug-watchos/FlowCore-t.build/DerivedSources/arm64_32 -Xcc -I/Users/admin/builder/spi-builder-workspace/.derivedData/Build/Intermediates.noindex/FlowUI.build/Debug-watchos/FlowCore-t.build/DerivedSources -Xcc -DSWIFT_PACKAGE -Xcc -DDEBUG\=1 -emit-objc-header -emit-objc-header-path /Users/admin/builder/spi-builder-workspace/.derivedData/Build/Intermediates.noindex/FlowUI.build/Debug-watchos/FlowCore-t.build/Objects-normal/arm64_32/FlowCore-Swift.h -working-directory /Users/admin/builder/spi-builder-workspace/.swiftpm/xcode -experimental-emit-module-separately -disable-cmo
Copy /Users/admin/builder/spi-builder-workspace/.derivedData/Build/Products/Debug-watchos/FlowCore.swiftmodule/arm64-apple-watchos.swiftmodule /Users/admin/builder/spi-builder-workspace/.derivedData/Build/Intermediates.noindex/FlowUI.build/Debug-watchos/FlowCore-t.build/Objects-normal/arm64/FlowCore.swiftmodule (in target 'FlowCore' from project 'FlowUI')
    cd /Users/admin/builder/spi-builder-workspace
    builtin-copy -exclude .DS_Store -exclude CVS -exclude .svn -exclude .git -exclude .hg -resolve-src-symlinks -rename /Users/admin/builder/spi-builder-workspace/.derivedData/Build/Intermediates.noindex/FlowUI.build/Debug-watchos/FlowCore-t.build/Objects-normal/arm64/FlowCore.swiftmodule /Users/admin/builder/spi-builder-workspace/.derivedData/Build/Products/Debug-watchos/FlowCore.swiftmodule/arm64-apple-watchos.swiftmodule
SwiftDriverJobDiscovery normal arm64 Compiling WidgetDecoding.swift, AnyWidget.swift (in target 'FlowCore' from project 'FlowUI')
Copy /Users/admin/builder/spi-builder-workspace/.derivedData/Build/Products/Debug-watchos/FlowCore.swiftmodule/arm64-apple-watchos.swiftdoc /Users/admin/builder/spi-builder-workspace/.derivedData/Build/Intermediates.noindex/FlowUI.build/Debug-watchos/FlowCore-t.build/Objects-normal/arm64/FlowCore.swiftdoc (in target 'FlowCore' from project 'FlowUI')
    cd /Users/admin/builder/spi-builder-workspace
    builtin-copy -exclude .DS_Store -exclude CVS -exclude .svn -exclude .git -exclude .hg -resolve-src-symlinks -rename /Users/admin/builder/spi-builder-workspace/.derivedData/Build/Intermediates.noindex/FlowUI.build/Debug-watchos/FlowCore-t.build/Objects-normal/arm64/FlowCore.swiftdoc /Users/admin/builder/spi-builder-workspace/.derivedData/Build/Products/Debug-watchos/FlowCore.swiftmodule/arm64-apple-watchos.swiftdoc
Copy /Users/admin/builder/spi-builder-workspace/.derivedData/Build/Products/Debug-watchos/FlowCore.swiftmodule/arm64-apple-watchos.abi.json /Users/admin/builder/spi-builder-workspace/.derivedData/Build/Intermediates.noindex/FlowUI.build/Debug-watchos/FlowCore-t.build/Objects-normal/arm64/FlowCore.abi.json (in target 'FlowCore' from project 'FlowUI')
    cd /Users/admin/builder/spi-builder-workspace
    builtin-copy -exclude .DS_Store -exclude CVS -exclude .svn -exclude .git -exclude .hg -resolve-src-symlinks -rename /Users/admin/builder/spi-builder-workspace/.derivedData/Build/Intermediates.noindex/FlowUI.build/Debug-watchos/FlowCore-t.build/Objects-normal/arm64/FlowCore.abi.json /Users/admin/builder/spi-builder-workspace/.derivedData/Build/Products/Debug-watchos/FlowCore.swiftmodule/arm64-apple-watchos.abi.json
SwiftDriverJobDiscovery normal arm64 Compiling PageLoader.swift, PageModel.swift (in target 'FlowCore' from project 'FlowUI')
SwiftCompile normal arm64_32 Compiling\ WidgetDecoding.swift,\ AnyWidget.swift /Users/admin/builder/spi-builder-workspace/Sources/FlowCore/Decoding/WidgetDecoding.swift /Users/admin/builder/spi-builder-workspace/Sources/FlowCore/Envelope/AnyWidget.swift (in target 'FlowCore' from project 'FlowUI')
SwiftCompile normal arm64_32 /Users/admin/builder/spi-builder-workspace/Sources/FlowCore/Decoding/WidgetDecoding.swift (in target 'FlowCore' from project 'FlowUI')
    cd /Users/admin/builder/spi-builder-workspace/.swiftpm/xcode
    builtin-SwiftPerFileCompile WidgetDecoding.swift
SwiftCompile normal arm64_32 /Users/admin/builder/spi-builder-workspace/Sources/FlowCore/Envelope/AnyWidget.swift (in target 'FlowCore' from project 'FlowUI')
    cd /Users/admin/builder/spi-builder-workspace/.swiftpm/xcode
    builtin-SwiftPerFileCompile AnyWidget.swift
Copy /Users/admin/builder/spi-builder-workspace/.derivedData/Build/Products/Debug-watchos/FlowCore.swiftmodule/Project/arm64-apple-watchos.swiftsourceinfo /Users/admin/builder/spi-builder-workspace/.derivedData/Build/Intermediates.noindex/FlowUI.build/Debug-watchos/FlowCore-t.build/Objects-normal/arm64/FlowCore.swiftsourceinfo (in target 'FlowCore' from project 'FlowUI')
    cd /Users/admin/builder/spi-builder-workspace
    builtin-copy -exclude .DS_Store -exclude CVS -exclude .svn -exclude .git -exclude .hg -resolve-src-symlinks -rename /Users/admin/builder/spi-builder-workspace/.derivedData/Build/Intermediates.noindex/FlowUI.build/Debug-watchos/FlowCore-t.build/Objects-normal/arm64/FlowCore.swiftsourceinfo /Users/admin/builder/spi-builder-workspace/.derivedData/Build/Products/Debug-watchos/FlowCore.swiftmodule/Project/arm64-apple-watchos.swiftsourceinfo
SwiftCompile normal arm64_32 Compiling\ JSONValue.swift,\ LossyArray.swift,\ StableIdentity.swift /Users/admin/builder/spi-builder-workspace/Sources/FlowCore/Decoding/JSONValue.swift /Users/admin/builder/spi-builder-workspace/Sources/FlowCore/Decoding/LossyArray.swift /Users/admin/builder/spi-builder-workspace/Sources/FlowCore/Decoding/StableIdentity.swift (in target 'FlowCore' from project 'FlowUI')
SwiftCompile normal arm64_32 /Users/admin/builder/spi-builder-workspace/Sources/FlowCore/Decoding/JSONValue.swift (in target 'FlowCore' from project 'FlowUI')
    cd /Users/admin/builder/spi-builder-workspace/.swiftpm/xcode
    builtin-SwiftPerFileCompile JSONValue.swift
SwiftCompile normal arm64_32 /Users/admin/builder/spi-builder-workspace/Sources/FlowCore/Decoding/LossyArray.swift (in target 'FlowCore' from project 'FlowUI')
    cd /Users/admin/builder/spi-builder-workspace/.swiftpm/xcode
    builtin-SwiftPerFileCompile LossyArray.swift
SwiftCompile normal arm64_32 /Users/admin/builder/spi-builder-workspace/Sources/FlowCore/Decoding/StableIdentity.swift (in target 'FlowCore' from project 'FlowUI')
    cd /Users/admin/builder/spi-builder-workspace/.swiftpm/xcode
    builtin-SwiftPerFileCompile StableIdentity.swift
SwiftCompile normal arm64_32 Compiling\ EdgeInsetsData.swift,\ FontData.swift,\ GradientData.swift /Users/admin/builder/spi-builder-workspace/Sources/FlowCore/Atoms/EdgeInsetsData.swift /Users/admin/builder/spi-builder-workspace/Sources/FlowCore/Atoms/FontData.swift /Users/admin/builder/spi-builder-workspace/Sources/FlowCore/Atoms/GradientData.swift (in target 'FlowCore' from project 'FlowUI')
SwiftCompile normal arm64_32 /Users/admin/builder/spi-builder-workspace/Sources/FlowCore/Atoms/EdgeInsetsData.swift (in target 'FlowCore' from project 'FlowUI')
    cd /Users/admin/builder/spi-builder-workspace/.swiftpm/xcode
    builtin-SwiftPerFileCompile EdgeInsetsData.swift
SwiftCompile normal arm64_32 /Users/admin/builder/spi-builder-workspace/Sources/FlowCore/Atoms/FontData.swift (in target 'FlowCore' from project 'FlowUI')
    cd /Users/admin/builder/spi-builder-workspace/.swiftpm/xcode
    builtin-SwiftPerFileCompile FontData.swift
SwiftCompile normal arm64_32 /Users/admin/builder/spi-builder-workspace/Sources/FlowCore/Atoms/GradientData.swift (in target 'FlowCore' from project 'FlowUI')
    cd /Users/admin/builder/spi-builder-workspace/.swiftpm/xcode
    builtin-SwiftPerFileCompile GradientData.swift
SwiftCompile normal arm64_32 Compiling\ IconData.swift,\ ImageData.swift,\ SeparatorData.swift /Users/admin/builder/spi-builder-workspace/Sources/FlowCore/Atoms/IconData.swift /Users/admin/builder/spi-builder-workspace/Sources/FlowCore/Atoms/ImageData.swift /Users/admin/builder/spi-builder-workspace/Sources/FlowCore/Atoms/SeparatorData.swift (in target 'FlowCore' from project 'FlowUI')
SwiftCompile normal arm64_32 /Users/admin/builder/spi-builder-workspace/Sources/FlowCore/Atoms/IconData.swift (in target 'FlowCore' from project 'FlowUI')
    cd /Users/admin/builder/spi-builder-workspace/.swiftpm/xcode
    builtin-SwiftPerFileCompile IconData.swift
SwiftCompile normal arm64_32 /Users/admin/builder/spi-builder-workspace/Sources/FlowCore/Atoms/ImageData.swift (in target 'FlowCore' from project 'FlowUI')
    cd /Users/admin/builder/spi-builder-workspace/.swiftpm/xcode
    builtin-SwiftPerFileCompile ImageData.swift
SwiftCompile normal arm64_32 /Users/admin/builder/spi-builder-workspace/Sources/FlowCore/Atoms/SeparatorData.swift (in target 'FlowCore' from project 'FlowUI')
    cd /Users/admin/builder/spi-builder-workspace/.swiftpm/xcode
    builtin-SwiftPerFileCompile SeparatorData.swift
SwiftCompile normal arm64_32 Compiling\ SheetModel.swift,\ WidgetLayout.swift /Users/admin/builder/spi-builder-workspace/Sources/FlowCore/Envelope/SheetModel.swift /Users/admin/builder/spi-builder-workspace/Sources/FlowCore/Envelope/WidgetLayout.swift (in target 'FlowCore' from project 'FlowUI')
SwiftCompile normal arm64_32 /Users/admin/builder/spi-builder-workspace/Sources/FlowCore/Envelope/SheetModel.swift (in target 'FlowCore' from project 'FlowUI')
    cd /Users/admin/builder/spi-builder-workspace/.swiftpm/xcode
    builtin-SwiftPerFileCompile SheetModel.swift
SwiftCompile normal arm64_32 /Users/admin/builder/spi-builder-workspace/Sources/FlowCore/Envelope/WidgetLayout.swift (in target 'FlowCore' from project 'FlowUI')
    cd /Users/admin/builder/spi-builder-workspace/.swiftpm/xcode
    builtin-SwiftPerFileCompile WidgetLayout.swift
SwiftCompile normal arm64_32 Compiling\ PageLoader.swift,\ PageModel.swift /Users/admin/builder/spi-builder-workspace/Sources/FlowCore/Envelope/PageLoader.swift /Users/admin/builder/spi-builder-workspace/Sources/FlowCore/Envelope/PageModel.swift (in target 'FlowCore' from project 'FlowUI')
SwiftCompile normal arm64_32 /Users/admin/builder/spi-builder-workspace/Sources/FlowCore/Envelope/PageLoader.swift (in target 'FlowCore' from project 'FlowUI')
    cd /Users/admin/builder/spi-builder-workspace/.swiftpm/xcode
    builtin-SwiftPerFileCompile PageLoader.swift
SwiftCompile normal arm64_32 /Users/admin/builder/spi-builder-workspace/Sources/FlowCore/Envelope/PageModel.swift (in target 'FlowCore' from project 'FlowUI')
    cd /Users/admin/builder/spi-builder-workspace/.swiftpm/xcode
    builtin-SwiftPerFileCompile PageModel.swift
SwiftCompile normal arm64_32 Compiling\ ButtonData.swift,\ ColorData.swift,\ CornerRadiusData.swift /Users/admin/builder/spi-builder-workspace/Sources/FlowCore/Atoms/ButtonData.swift /Users/admin/builder/spi-builder-workspace/Sources/FlowCore/Atoms/ColorData.swift /Users/admin/builder/spi-builder-workspace/Sources/FlowCore/Atoms/CornerRadiusData.swift (in target 'FlowCore' from project 'FlowUI')
SwiftCompile normal arm64_32 /Users/admin/builder/spi-builder-workspace/Sources/FlowCore/Atoms/ButtonData.swift (in target 'FlowCore' from project 'FlowUI')
    cd /Users/admin/builder/spi-builder-workspace/.swiftpm/xcode
    builtin-SwiftPerFileCompile ButtonData.swift
SwiftCompile normal arm64_32 /Users/admin/builder/spi-builder-workspace/Sources/FlowCore/Atoms/ColorData.swift (in target 'FlowCore' from project 'FlowUI')
    cd /Users/admin/builder/spi-builder-workspace/.swiftpm/xcode
    builtin-SwiftPerFileCompile ColorData.swift
SwiftCompile normal arm64_32 /Users/admin/builder/spi-builder-workspace/Sources/FlowCore/Atoms/CornerRadiusData.swift (in target 'FlowCore' from project 'FlowUI')
    cd /Users/admin/builder/spi-builder-workspace/.swiftpm/xcode
    builtin-SwiftPerFileCompile CornerRadiusData.swift
SwiftDriverJobDiscovery normal arm64 Compiling SheetModel.swift, WidgetLayout.swift (in target 'FlowCore' from project 'FlowUI')
SwiftCompile normal arm64_32 Compiling\ ActionData.swift,\ ActionResponse.swift,\ BorderData.swift /Users/admin/builder/spi-builder-workspace/Sources/FlowCore/Actions/ActionData.swift /Users/admin/builder/spi-builder-workspace/Sources/FlowCore/Actions/ActionResponse.swift /Users/admin/builder/spi-builder-workspace/Sources/FlowCore/Atoms/BorderData.swift (in target 'FlowCore' from project 'FlowUI')
SwiftCompile normal arm64_32 /Users/admin/builder/spi-builder-workspace/Sources/FlowCore/Actions/ActionData.swift (in target 'FlowCore' from project 'FlowUI')
    cd /Users/admin/builder/spi-builder-workspace/.swiftpm/xcode
    builtin-SwiftPerFileCompile ActionData.swift
SwiftCompile normal arm64_32 /Users/admin/builder/spi-builder-workspace/Sources/FlowCore/Actions/ActionResponse.swift (in target 'FlowCore' from project 'FlowUI')
    cd /Users/admin/builder/spi-builder-workspace/.swiftpm/xcode
    builtin-SwiftPerFileCompile ActionResponse.swift
SwiftCompile normal arm64_32 /Users/admin/builder/spi-builder-workspace/Sources/FlowCore/Atoms/BorderData.swift (in target 'FlowCore' from project 'FlowUI')
    cd /Users/admin/builder/spi-builder-workspace/.swiftpm/xcode
    builtin-SwiftPerFileCompile BorderData.swift
SwiftCompile normal arm64_32 Compiling\ TagData.swift,\ TextData.swift,\ DecodeDiagnostics.swift /Users/admin/builder/spi-builder-workspace/Sources/FlowCore/Atoms/TagData.swift /Users/admin/builder/spi-builder-workspace/Sources/FlowCore/Atoms/TextData.swift /Users/admin/builder/spi-builder-workspace/Sources/FlowCore/Decoding/DecodeDiagnostics.swift (in target 'FlowCore' from project 'FlowUI')
SwiftCompile normal arm64_32 /Users/admin/builder/spi-builder-workspace/Sources/FlowCore/Atoms/TagData.swift (in target 'FlowCore' from project 'FlowUI')
    cd /Users/admin/builder/spi-builder-workspace/.swiftpm/xcode
    builtin-SwiftPerFileCompile TagData.swift
SwiftCompile normal arm64_32 /Users/admin/builder/spi-builder-workspace/Sources/FlowCore/Atoms/TextData.swift (in target 'FlowCore' from project 'FlowUI')
    cd /Users/admin/builder/spi-builder-workspace/.swiftpm/xcode
    builtin-SwiftPerFileCompile TextData.swift
SwiftCompile normal arm64_32 /Users/admin/builder/spi-builder-workspace/Sources/FlowCore/Decoding/DecodeDiagnostics.swift (in target 'FlowCore' from project 'FlowUI')
    cd /Users/admin/builder/spi-builder-workspace/.swiftpm/xcode
    builtin-SwiftPerFileCompile DecodeDiagnostics.swift
SwiftCompile normal arm64 Compiling\ TagData.swift,\ TextData.swift,\ DecodeDiagnostics.swift /Users/admin/builder/spi-builder-workspace/Sources/FlowCore/Atoms/TagData.swift /Users/admin/builder/spi-builder-workspace/Sources/FlowCore/Atoms/TextData.swift /Users/admin/builder/spi-builder-workspace/Sources/FlowCore/Decoding/DecodeDiagnostics.swift (in target 'FlowCore' from project 'FlowUI')
SwiftCompile normal arm64 /Users/admin/builder/spi-builder-workspace/Sources/FlowCore/Atoms/TagData.swift (in target 'FlowCore' from project 'FlowUI')
    cd /Users/admin/builder/spi-builder-workspace/.swiftpm/xcode
    builtin-SwiftPerFileCompile TagData.swift
SwiftCompile normal arm64 /Users/admin/builder/spi-builder-workspace/Sources/FlowCore/Atoms/TextData.swift (in target 'FlowCore' from project 'FlowUI')
    cd /Users/admin/builder/spi-builder-workspace/.swiftpm/xcode
    builtin-SwiftPerFileCompile TextData.swift
SwiftCompile normal arm64 /Users/admin/builder/spi-builder-workspace/Sources/FlowCore/Decoding/DecodeDiagnostics.swift (in target 'FlowCore' from project 'FlowUI')
    cd /Users/admin/builder/spi-builder-workspace/.swiftpm/xcode
    builtin-SwiftPerFileCompile DecodeDiagnostics.swift
SwiftDriverJobDiscovery normal arm64 Compiling EdgeInsetsData.swift, FontData.swift, GradientData.swift (in target 'FlowCore' from project 'FlowUI')
SwiftDriverJobDiscovery normal arm64 Compiling PageMutation.swift, SectionModel.swift (in target 'FlowCore' from project 'FlowUI')
SwiftDriverJobDiscovery normal arm64 Compiling JSONValue.swift, LossyArray.swift, StableIdentity.swift (in target 'FlowCore' from project 'FlowUI')
SwiftDriverJobDiscovery normal arm64 Compiling IconData.swift, ImageData.swift, SeparatorData.swift (in target 'FlowCore' from project 'FlowUI')
SwiftDriverJobDiscovery normal arm64 Compiling ActionData.swift, ActionResponse.swift, BorderData.swift (in target 'FlowCore' from project 'FlowUI')
SwiftDriverJobDiscovery normal arm64_32 Compiling PageMutation.swift, SectionModel.swift (in target 'FlowCore' from project 'FlowUI')
SwiftDriverJobDiscovery normal arm64 Compiling ButtonData.swift, ColorData.swift, CornerRadiusData.swift (in target 'FlowCore' from project 'FlowUI')
SwiftMergeGeneratedHeaders /Users/admin/builder/spi-builder-workspace/.derivedData/Build/Intermediates.noindex/GeneratedModuleMaps-watchos/FlowCore-Swift.h /Users/admin/builder/spi-builder-workspace/.derivedData/Build/Intermediates.noindex/FlowUI.build/Debug-watchos/FlowCore-t.build/Objects-normal/arm64/FlowCore-Swift.h /Users/admin/builder/spi-builder-workspace/.derivedData/Build/Intermediates.noindex/FlowUI.build/Debug-watchos/FlowCore-t.build/Objects-normal/arm64_32/FlowCore-Swift.h (in target 'FlowCore' from project 'FlowUI')
    cd /Users/admin/builder/spi-builder-workspace
    builtin-swiftHeaderTool -arch arm64 /Users/admin/builder/spi-builder-workspace/.derivedData/Build/Intermediates.noindex/FlowUI.build/Debug-watchos/FlowCore-t.build/Objects-normal/arm64/FlowCore-Swift.h -arch arm64_32 /Users/admin/builder/spi-builder-workspace/.derivedData/Build/Intermediates.noindex/FlowUI.build/Debug-watchos/FlowCore-t.build/Objects-normal/arm64_32/FlowCore-Swift.h -o /Users/admin/builder/spi-builder-workspace/.derivedData/Build/Intermediates.noindex/GeneratedModuleMaps-watchos/FlowCore-Swift.h
SwiftDriverJobDiscovery normal arm64_32 Compiling EdgeInsetsData.swift, FontData.swift, GradientData.swift (in target 'FlowCore' from project 'FlowUI')
Copy /Users/admin/builder/spi-builder-workspace/.derivedData/Build/Products/Debug-watchos/FlowCore.swiftmodule/arm64_32-apple-watchos.swiftmodule /Users/admin/builder/spi-builder-workspace/.derivedData/Build/Intermediates.noindex/FlowUI.build/Debug-watchos/FlowCore-t.build/Objects-normal/arm64_32/FlowCore.swiftmodule (in target 'FlowCore' from project 'FlowUI')
    cd /Users/admin/builder/spi-builder-workspace
    builtin-copy -exclude .DS_Store -exclude CVS -exclude .svn -exclude .git -exclude .hg -resolve-src-symlinks -rename /Users/admin/builder/spi-builder-workspace/.derivedData/Build/Intermediates.noindex/FlowUI.build/Debug-watchos/FlowCore-t.build/Objects-normal/arm64_32/FlowCore.swiftmodule /Users/admin/builder/spi-builder-workspace/.derivedData/Build/Products/Debug-watchos/FlowCore.swiftmodule/arm64_32-apple-watchos.swiftmodule
Copy /Users/admin/builder/spi-builder-workspace/.derivedData/Build/Products/Debug-watchos/FlowCore.swiftmodule/arm64_32-apple-watchos.swiftdoc /Users/admin/builder/spi-builder-workspace/.derivedData/Build/Intermediates.noindex/FlowUI.build/Debug-watchos/FlowCore-t.build/Objects-normal/arm64_32/FlowCore.swiftdoc (in target 'FlowCore' from project 'FlowUI')
    cd /Users/admin/builder/spi-builder-workspace
    builtin-copy -exclude .DS_Store -exclude CVS -exclude .svn -exclude .git -exclude .hg -resolve-src-symlinks -rename /Users/admin/builder/spi-builder-workspace/.derivedData/Build/Intermediates.noindex/FlowUI.build/Debug-watchos/FlowCore-t.build/Objects-normal/arm64_32/FlowCore.swiftdoc /Users/admin/builder/spi-builder-workspace/.derivedData/Build/Products/Debug-watchos/FlowCore.swiftmodule/arm64_32-apple-watchos.swiftdoc
Copy /Users/admin/builder/spi-builder-workspace/.derivedData/Build/Products/Debug-watchos/FlowCore.swiftmodule/arm64_32-apple-watchos.abi.json /Users/admin/builder/spi-builder-workspace/.derivedData/Build/Intermediates.noindex/FlowUI.build/Debug-watchos/FlowCore-t.build/Objects-normal/arm64_32/FlowCore.abi.json (in target 'FlowCore' from project 'FlowUI')
    cd /Users/admin/builder/spi-builder-workspace
    builtin-copy -exclude .DS_Store -exclude CVS -exclude .svn -exclude .git -exclude .hg -resolve-src-symlinks -rename /Users/admin/builder/spi-builder-workspace/.derivedData/Build/Intermediates.noindex/FlowUI.build/Debug-watchos/FlowCore-t.build/Objects-normal/arm64_32/FlowCore.abi.json /Users/admin/builder/spi-builder-workspace/.derivedData/Build/Products/Debug-watchos/FlowCore.swiftmodule/arm64_32-apple-watchos.abi.json
Copy /Users/admin/builder/spi-builder-workspace/.derivedData/Build/Products/Debug-watchos/FlowCore.swiftmodule/Project/arm64_32-apple-watchos.swiftsourceinfo /Users/admin/builder/spi-builder-workspace/.derivedData/Build/Intermediates.noindex/FlowUI.build/Debug-watchos/FlowCore-t.build/Objects-normal/arm64_32/FlowCore.swiftsourceinfo (in target 'FlowCore' from project 'FlowUI')
    cd /Users/admin/builder/spi-builder-workspace
    builtin-copy -exclude .DS_Store -exclude CVS -exclude .svn -exclude .git -exclude .hg -resolve-src-symlinks -rename /Users/admin/builder/spi-builder-workspace/.derivedData/Build/Intermediates.noindex/FlowUI.build/Debug-watchos/FlowCore-t.build/Objects-normal/arm64_32/FlowCore.swiftsourceinfo /Users/admin/builder/spi-builder-workspace/.derivedData/Build/Products/Debug-watchos/FlowCore.swiftmodule/Project/arm64_32-apple-watchos.swiftsourceinfo
SwiftDriver FlowRender normal arm64 com.apple.xcode.tools.swift.compiler (in target 'FlowRender' from project 'FlowUI')
    cd /Users/admin/builder/spi-builder-workspace/.swiftpm/xcode
    builtin-SwiftDriver -- /Applications/Xcode-27.0.0-Release.Candidate.app/Contents/Developer/Toolchains/XcodeDefault.xctoolchain/usr/bin/swiftc -parse-as-library -module-name FlowRender -Onone @/Users/admin/builder/spi-builder-workspace/.derivedData/Build/Intermediates.noindex/FlowUI.build/Debug-watchos/FlowRender-t.build/Objects-normal/arm64/FlowRender.SwiftFileList -DSWIFT_PACKAGE -DDEBUG -DSWIFT_MODULE_RESOURCE_BUNDLE_AVAILABLE -DXcode -plugin-path /Applications/Xcode-27.0.0-Release.Candidate.app/Contents/Developer/Toolchains/XcodeDefault.xctoolchain/usr/lib/swift/host/plugins/testing -enable-experimental-feature DebugDescriptionMacro -sdk /Applications/Xcode-27.0.0-Release.Candidate.app/Contents/Developer/Platforms/WatchOS.platform/Developer/SDKs/WatchOS27.0.sdk -target arm64-apple-watchos10.0 -g -module-cache-path /Users/admin/builder/spi-builder-workspace/.derivedData/ModuleCache.noindex -Xfrontend -serialize-debugging-options -profile-coverage-mapping -profile-generate -enable-testing -index-store-path /Users/admin/builder/spi-builder-workspace/.derivedData/Index.noindex/DataStore -Xcc -D_LIBCPP_HARDENING_MODE\=_LIBCPP_HARDENING_MODE_DEBUG -swift-version 6 -I /Users/admin/builder/spi-builder-workspace/.derivedData/Build/Products/Debug-watchos -Isystem /Applications/Xcode-27.0.0-Release.Candidate.app/Contents/Developer/Platforms/WatchOS.platform/Developer/usr/lib -F /Users/admin/builder/spi-builder-workspace/.derivedData/Build/Products/Debug-watchos/PackageFrameworks -F /Users/admin/builder/spi-builder-workspace/.derivedData/Build/Products/Debug-watchos -F /Applications/Xcode-27.0.0-Release.Candidate.app/Contents/Developer/Platforms/WatchOS.platform/Developer/Library/Frameworks -F /Applications/Xcode-27.0.0-Release.Candidate.app/Contents/Developer/Platforms/WatchOS.platform/Developer/SDKs/WatchOS27.0.sdk/Developer/Library/Frameworks -c -j10 -enable-batch-mode -incremental -Xcc -ivfsstatcache -Xcc /Users/admin/builder/spi-builder-workspace/.derivedData/SDKStatCaches.noindex/watchos27.0-24R360-e829b21a6f8c9b70876ba0858053c04477534ef55a1706bf4c1112bbb242f0a2.sdkstatcache -output-file-map /Users/admin/builder/spi-builder-workspace/.derivedData/Build/Intermediates.noindex/FlowUI.build/Debug-watchos/FlowRender-t.build/Objects-normal/arm64/FlowRender-OutputFileMap.json -save-temps -no-color-diagnostics -explicit-module-build -module-cache-path /Users/admin/builder/spi-builder-workspace/.derivedData/Build/Intermediates.noindex/SwiftExplicitPrecompiledModules -clang-scanner-module-cache-path /Users/admin/builder/spi-builder-workspace/.derivedData/ModuleCache.noindex -sdk-module-cache-path /Users/admin/builder/spi-builder-workspace/.derivedData/SDKExplicitPrecompiledModules -emit-dependencies -emit-module -emit-module-path /Users/admin/builder/spi-builder-workspace/.derivedData/Build/Intermediates.noindex/FlowUI.build/Debug-watchos/FlowRender-t.build/Objects-normal/arm64/FlowRender.swiftmodule -serialize-diagnostics -dependency-scan-serialize-diagnostics-path /Users/admin/builder/spi-builder-workspace/.derivedData/Build/Intermediates.noindex/FlowUI.build/Debug-watchos/FlowRender-t.build/Objects-normal/arm64/FlowRender-dependency-scan.dia -validate-clang-modules-once -clang-build-session-file /Users/admin/builder/spi-builder-workspace/.derivedData/ModuleCache.noindex/Session.modulevalidation -Xcc -fmodules-prune-interval\=86400 -Xcc -fmodules-prune-after\=345600 -package-name spi_builder_workspace -emit-const-values -const-gather-protocols-list /Users/admin/builder/spi-builder-workspace/.derivedData/Build/Intermediates.noindex/FlowUI.build/Debug-watchos/FlowRender-t.build/Objects-normal/arm64/FlowRender_const_extract_protocols.json -Xcc -I/Users/admin/builder/spi-builder-workspace/.derivedData/Build/Products/Debug-watchos/include -Xcc -I/Users/admin/builder/spi-builder-workspace/.derivedData/Build/Intermediates.noindex/FlowUI.build/Debug-watchos/FlowRender-t.build/DerivedSources-normal/arm64 -Xcc -I/Users/admin/builder/spi-builder-workspace/.derivedData/Build/Intermediates.noindex/FlowUI.build/Debug-watchos/FlowRender-t.build/DerivedSources/arm64 -Xcc -I/Users/admin/builder/spi-builder-workspace/.derivedData/Build/Intermediates.noindex/FlowUI.build/Debug-watchos/FlowRender-t.build/DerivedSources -Xcc -DSWIFT_PACKAGE -Xcc -DDEBUG\=1 -emit-objc-header -emit-objc-header-path /Users/admin/builder/spi-builder-workspace/.derivedData/Build/Intermediates.noindex/FlowUI.build/Debug-watchos/FlowRender-t.build/Objects-normal/arm64/FlowRender-Swift.h -working-directory /Users/admin/builder/spi-builder-workspace/.swiftpm/xcode -experimental-emit-module-separately -disable-cmo
SwiftDriver FlowRender normal arm64_32 com.apple.xcode.tools.swift.compiler (in target 'FlowRender' from project 'FlowUI')
    cd /Users/admin/builder/spi-builder-workspace/.swiftpm/xcode
    builtin-SwiftDriver -- /Applications/Xcode-27.0.0-Release.Candidate.app/Contents/Developer/Toolchains/XcodeDefault.xctoolchain/usr/bin/swiftc -parse-as-library -module-name FlowRender -Onone @/Users/admin/builder/spi-builder-workspace/.derivedData/Build/Intermediates.noindex/FlowUI.build/Debug-watchos/FlowRender-t.build/Objects-normal/arm64_32/FlowRender.SwiftFileList -DSWIFT_PACKAGE -DDEBUG -DSWIFT_MODULE_RESOURCE_BUNDLE_AVAILABLE -DXcode -plugin-path /Applications/Xcode-27.0.0-Release.Candidate.app/Contents/Developer/Toolchains/XcodeDefault.xctoolchain/usr/lib/swift/host/plugins/testing -enable-experimental-feature DebugDescriptionMacro -sdk /Applications/Xcode-27.0.0-Release.Candidate.app/Contents/Developer/Platforms/WatchOS.platform/Developer/SDKs/WatchOS27.0.sdk -target arm64_32-apple-watchos10.0 -g -module-cache-path /Users/admin/builder/spi-builder-workspace/.derivedData/ModuleCache.noindex -Xfrontend -serialize-debugging-options -profile-coverage-mapping -profile-generate -enable-testing -index-store-path /Users/admin/builder/spi-builder-workspace/.derivedData/Index.noindex/DataStore -Xcc -D_LIBCPP_HARDENING_MODE\=_LIBCPP_HARDENING_MODE_DEBUG -swift-version 6 -I /Users/admin/builder/spi-builder-workspace/.derivedData/Build/Products/Debug-watchos -Isystem /Applications/Xcode-27.0.0-Release.Candidate.app/Contents/Developer/Platforms/WatchOS.platform/Developer/usr/lib -F /Users/admin/builder/spi-builder-workspace/.derivedData/Build/Products/Debug-watchos/PackageFrameworks -F /Users/admin/builder/spi-builder-workspace/.derivedData/Build/Products/Debug-watchos -F /Applications/Xcode-27.0.0-Release.Candidate.app/Contents/Developer/Platforms/WatchOS.platform/Developer/Library/Frameworks -F /Applications/Xcode-27.0.0-Release.Candidate.app/Contents/Developer/Platforms/WatchOS.platform/Developer/SDKs/WatchOS27.0.sdk/Developer/Library/Frameworks -c -j10 -enable-batch-mode -incremental -Xcc -ivfsstatcache -Xcc /Users/admin/builder/spi-builder-workspace/.derivedData/SDKStatCaches.noindex/watchos27.0-24R360-e829b21a6f8c9b70876ba0858053c04477534ef55a1706bf4c1112bbb242f0a2.sdkstatcache -output-file-map /Users/admin/builder/spi-builder-workspace/.derivedData/Build/Intermediates.noindex/FlowUI.build/Debug-watchos/FlowRender-t.build/Objects-normal/arm64_32/FlowRender-OutputFileMap.json -save-temps -no-color-diagnostics -explicit-module-build -module-cache-path /Users/admin/builder/spi-builder-workspace/.derivedData/Build/Intermediates.noindex/SwiftExplicitPrecompiledModules -clang-scanner-module-cache-path /Users/admin/builder/spi-builder-workspace/.derivedData/ModuleCache.noindex -sdk-module-cache-path /Users/admin/builder/spi-builder-workspace/.derivedData/SDKExplicitPrecompiledModules -emit-dependencies -emit-module -emit-module-path /Users/admin/builder/spi-builder-workspace/.derivedData/Build/Intermediates.noindex/FlowUI.build/Debug-watchos/FlowRender-t.build/Objects-normal/arm64_32/FlowRender.swiftmodule -serialize-diagnostics -dependency-scan-serialize-diagnostics-path /Users/admin/builder/spi-builder-workspace/.derivedData/Build/Intermediates.noindex/FlowUI.build/Debug-watchos/FlowRender-t.build/Objects-normal/arm64_32/FlowRender-dependency-scan.dia -validate-clang-modules-once -clang-build-session-file /Users/admin/builder/spi-builder-workspace/.derivedData/ModuleCache.noindex/Session.modulevalidation -Xcc -fmodules-prune-interval\=86400 -Xcc -fmodules-prune-after\=345600 -package-name spi_builder_workspace -emit-const-values -const-gather-protocols-list /Users/admin/builder/spi-builder-workspace/.derivedData/Build/Intermediates.noindex/FlowUI.build/Debug-watchos/FlowRender-t.build/Objects-normal/arm64_32/FlowRender_const_extract_protocols.json -Xcc -I/Users/admin/builder/spi-builder-workspace/.derivedData/Build/Products/Debug-watchos/include -Xcc -I/Users/admin/builder/spi-builder-workspace/.derivedData/Build/Intermediates.noindex/FlowUI.build/Debug-watchos/FlowRender-t.build/DerivedSources-normal/arm64_32 -Xcc -I/Users/admin/builder/spi-builder-workspace/.derivedData/Build/Intermediates.noindex/FlowUI.build/Debug-watchos/FlowRender-t.build/DerivedSources/arm64_32 -Xcc -I/Users/admin/builder/spi-builder-workspace/.derivedData/Build/Intermediates.noindex/FlowUI.build/Debug-watchos/FlowRender-t.build/DerivedSources -Xcc -DSWIFT_PACKAGE -Xcc -DDEBUG\=1 -emit-objc-header -emit-objc-header-path /Users/admin/builder/spi-builder-workspace/.derivedData/Build/Intermediates.noindex/FlowUI.build/Debug-watchos/FlowRender-t.build/Objects-normal/arm64_32/FlowRender-Swift.h -working-directory /Users/admin/builder/spi-builder-workspace/.swiftpm/xcode -experimental-emit-module-separately -disable-cmo
SwiftDriverJobDiscovery normal arm64_32 Compiling WidgetDecoding.swift, AnyWidget.swift (in target 'FlowCore' from project 'FlowUI')
SwiftDriverJobDiscovery normal arm64_32 Compiling JSONValue.swift, LossyArray.swift, StableIdentity.swift (in target 'FlowCore' from project 'FlowUI')
SwiftDriverJobDiscovery normal arm64_32 Compiling SheetModel.swift, WidgetLayout.swift (in target 'FlowCore' from project 'FlowUI')
SwiftDriverJobDiscovery normal arm64_32 Compiling IconData.swift, ImageData.swift, SeparatorData.swift (in target 'FlowCore' from project 'FlowUI')
SwiftDriverJobDiscovery normal arm64_32 Compiling ButtonData.swift, ColorData.swift, CornerRadiusData.swift (in target 'FlowCore' from project 'FlowUI')
SwiftDriverJobDiscovery normal arm64 Compiling TagData.swift, TextData.swift, DecodeDiagnostics.swift (in target 'FlowCore' from project 'FlowUI')
SwiftDriver\ Compilation FlowCore normal arm64 com.apple.xcode.tools.swift.compiler (in target 'FlowCore' from project 'FlowUI')
    cd /Users/admin/builder/spi-builder-workspace/.swiftpm/xcode
    builtin-Swift-Compilation -- /Applications/Xcode-27.0.0-Release.Candidate.app/Contents/Developer/Toolchains/XcodeDefault.xctoolchain/usr/bin/swiftc -parse-as-library -module-name FlowCore -Onone @/Users/admin/builder/spi-builder-workspace/.derivedData/Build/Intermediates.noindex/FlowUI.build/Debug-watchos/FlowCore-t.build/Objects-normal/arm64/FlowCore.SwiftFileList -DSWIFT_PACKAGE -DDEBUG -DSWIFT_MODULE_RESOURCE_BUNDLE_UNAVAILABLE -DXcode -plugin-path /Applications/Xcode-27.0.0-Release.Candidate.app/Contents/Developer/Toolchains/XcodeDefault.xctoolchain/usr/lib/swift/host/plugins/testing -enable-experimental-feature DebugDescriptionMacro -sdk /Applications/Xcode-27.0.0-Release.Candidate.app/Contents/Developer/Platforms/WatchOS.platform/Developer/SDKs/WatchOS27.0.sdk -target arm64-apple-watchos10.0 -g -module-cache-path /Users/admin/builder/spi-builder-workspace/.derivedData/ModuleCache.noindex -Xfrontend -serialize-debugging-options -profile-coverage-mapping -profile-generate -enable-testing -index-store-path /Users/admin/builder/spi-builder-workspace/.derivedData/Index.noindex/DataStore -Xcc -D_LIBCPP_HARDENING_MODE\=_LIBCPP_HARDENING_MODE_DEBUG -swift-version 6 -I /Users/admin/builder/spi-builder-workspace/.derivedData/Build/Products/Debug-watchos -Isystem /Applications/Xcode-27.0.0-Release.Candidate.app/Contents/Developer/Platforms/WatchOS.platform/Developer/usr/lib -F /Users/admin/builder/spi-builder-workspace/.derivedData/Build/Products/Debug-watchos -F /Applications/Xcode-27.0.0-Release.Candidate.app/Contents/Developer/Platforms/WatchOS.platform/Developer/Library/Frameworks -F /Applications/Xcode-27.0.0-Release.Candidate.app/Contents/Developer/Platforms/WatchOS.platform/Developer/SDKs/WatchOS27.0.sdk/Developer/Library/Frameworks -c -j10 -enable-batch-mode -incremental -Xcc -ivfsstatcache -Xcc /Users/admin/builder/spi-builder-workspace/.derivedData/SDKStatCaches.noindex/watchos27.0-24R360-e829b21a6f8c9b70876ba0858053c04477534ef55a1706bf4c1112bbb242f0a2.sdkstatcache -output-file-map /Users/admin/builder/spi-builder-workspace/.derivedData/Build/Intermediates.noindex/FlowUI.build/Debug-watchos/FlowCore-t.build/Objects-normal/arm64/FlowCore-OutputFileMap.json -save-temps -no-color-diagnostics -explicit-module-build -module-cache-path /Users/admin/builder/spi-builder-workspace/.derivedData/Build/Intermediates.noindex/SwiftExplicitPrecompiledModules -clang-scanner-module-cache-path /Users/admin/builder/spi-builder-workspace/.derivedData/ModuleCache.noindex -sdk-module-cache-path /Users/admin/builder/spi-builder-workspace/.derivedData/SDKExplicitPrecompiledModules -emit-dependencies -emit-module -emit-module-path /Users/admin/builder/spi-builder-workspace/.derivedData/Build/Intermediates.noindex/FlowUI.build/Debug-watchos/FlowCore-t.build/Objects-normal/arm64/FlowCore.swiftmodule -serialize-diagnostics -dependency-scan-serialize-diagnostics-path /Users/admin/builder/spi-builder-workspace/.derivedData/Build/Intermediates.noindex/FlowUI.build/Debug-watchos/FlowCore-t.build/Objects-normal/arm64/FlowCore-dependency-scan.dia -validate-clang-modules-once -clang-build-session-file /Users/admin/builder/spi-builder-workspace/.derivedData/ModuleCache.noindex/Session.modulevalidation -Xcc -fmodules-prune-interval\=86400 -Xcc -fmodules-prune-after\=345600 -package-name spi_builder_workspace -emit-const-values -const-gather-protocols-list /Users/admin/builder/spi-builder-workspace/.derivedData/Build/Intermediates.noindex/FlowUI.build/Debug-watchos/FlowCore-t.build/Objects-normal/arm64/FlowCore_const_extract_protocols.json -Xcc -I/Users/admin/builder/spi-builder-workspace/.derivedData/Build/Products/Debug-watchos/include -Xcc -I/Users/admin/builder/spi-builder-workspace/.derivedData/Build/Intermediates.noindex/FlowUI.build/Debug-watchos/FlowCore-t.build/DerivedSources-normal/arm64 -Xcc -I/Users/admin/builder/spi-builder-workspace/.derivedData/Build/Intermediates.noindex/FlowUI.build/Debug-watchos/FlowCore-t.build/DerivedSources/arm64 -Xcc -I/Users/admin/builder/spi-builder-workspace/.derivedData/Build/Intermediates.noindex/FlowUI.build/Debug-watchos/FlowCore-t.build/DerivedSources -Xcc -DSWIFT_PACKAGE -Xcc -DDEBUG\=1 -emit-objc-header -emit-objc-header-path /Users/admin/builder/spi-builder-workspace/.derivedData/Build/Intermediates.noindex/FlowUI.build/Debug-watchos/FlowCore-t.build/Objects-normal/arm64/FlowCore-Swift.h -working-directory /Users/admin/builder/spi-builder-workspace/.swiftpm/xcode -experimental-emit-module-separately -disable-cmo
Ld /Users/admin/builder/spi-builder-workspace/.derivedData/Build/Intermediates.noindex/FlowUI.build/Debug-watchos/FlowCore-t.build/Objects-normal/arm64/Binary/FlowCore.o normal arm64 (in target 'FlowCore' from project 'FlowUI')
    cd /Users/admin/builder/spi-builder-workspace
    /Applications/Xcode-27.0.0-Release.Candidate.app/Contents/Developer/Toolchains/XcodeDefault.xctoolchain/usr/bin/clang -Xlinker -reproducible -target arm64-apple-watchos10.0 -r -isysroot /Applications/Xcode-27.0.0-Release.Candidate.app/Contents/Developer/Platforms/WatchOS.platform/Developer/SDKs/WatchOS27.0.sdk -O0 -Xlinker -no_warn_duplicate_libraries -F/Users/admin/builder/spi-builder-workspace/.derivedData/Build/Intermediates.noindex/EagerLinkingTBDs/Debug-watchos -F/Users/admin/builder/spi-builder-workspace/.derivedData/Build/Products/Debug-watchos -iframework /Applications/Xcode-27.0.0-Release.Candidate.app/Contents/Developer/Platforms/WatchOS.platform/Developer/Library/Frameworks -iframework /Applications/Xcode-27.0.0-Release.Candidate.app/Contents/Developer/Platforms/WatchOS.platform/Developer/SDKs/WatchOS27.0.sdk/Developer/Library/Frameworks -filelist /Users/admin/builder/spi-builder-workspace/.derivedData/Build/Intermediates.noindex/FlowUI.build/Debug-watchos/FlowCore-t.build/Objects-normal/arm64/FlowCore.LinkFileList -nostdlib -Xlinker -object_path_lto -Xlinker /Users/admin/builder/spi-builder-workspace/.derivedData/Build/Intermediates.noindex/FlowUI.build/Debug-watchos/FlowCore-t.build/Objects-normal/arm64/FlowCore_lto.o -Xlinker -no_deduplicate -Xlinker -debug_variant -Xlinker -dependency_info -Xlinker /Users/admin/builder/spi-builder-workspace/.derivedData/Build/Intermediates.noindex/FlowUI.build/Debug-watchos/FlowCore-t.build/Objects-normal/arm64/FlowCore_dependency_info.dat -fobjc-link-runtime -L/Applications/Xcode-27.0.0-Release.Candidate.app/Contents/Developer/Toolchains/XcodeDefault.xctoolchain/usr/lib/swift/watchos -L/usr/lib/swift -Xlinker -add_ast_path -Xlinker /Users/admin/builder/spi-builder-workspace/.derivedData/Build/Intermediates.noindex/FlowUI.build/Debug-watchos/FlowCore-t.build/Objects-normal/arm64/FlowCore.swiftmodule -o /Users/admin/builder/spi-builder-workspace/.derivedData/Build/Intermediates.noindex/FlowUI.build/Debug-watchos/FlowCore-t.build/Objects-normal/arm64/Binary/FlowCore.o
SwiftDriverJobDiscovery normal arm64_32 Compiling ActionData.swift, ActionResponse.swift, BorderData.swift (in target 'FlowCore' from project 'FlowUI')
SwiftDriverJobDiscovery normal arm64_32 Compiling TagData.swift, TextData.swift, DecodeDiagnostics.swift (in target 'FlowCore' from project 'FlowUI')
SwiftDriverJobDiscovery normal arm64_32 Compiling PageLoader.swift, PageModel.swift (in target 'FlowCore' from project 'FlowUI')
SwiftDriver\ Compilation FlowCore normal arm64_32 com.apple.xcode.tools.swift.compiler (in target 'FlowCore' from project 'FlowUI')
    cd /Users/admin/builder/spi-builder-workspace/.swiftpm/xcode
    builtin-Swift-Compilation -- /Applications/Xcode-27.0.0-Release.Candidate.app/Contents/Developer/Toolchains/XcodeDefault.xctoolchain/usr/bin/swiftc -parse-as-library -module-name FlowCore -Onone @/Users/admin/builder/spi-builder-workspace/.derivedData/Build/Intermediates.noindex/FlowUI.build/Debug-watchos/FlowCore-t.build/Objects-normal/arm64_32/FlowCore.SwiftFileList -DSWIFT_PACKAGE -DDEBUG -DSWIFT_MODULE_RESOURCE_BUNDLE_UNAVAILABLE -DXcode -plugin-path /Applications/Xcode-27.0.0-Release.Candidate.app/Contents/Developer/Toolchains/XcodeDefault.xctoolchain/usr/lib/swift/host/plugins/testing -enable-experimental-feature DebugDescriptionMacro -sdk /Applications/Xcode-27.0.0-Release.Candidate.app/Contents/Developer/Platforms/WatchOS.platform/Developer/SDKs/WatchOS27.0.sdk -target arm64_32-apple-watchos10.0 -g -module-cache-path /Users/admin/builder/spi-builder-workspace/.derivedData/ModuleCache.noindex -Xfrontend -serialize-debugging-options -profile-coverage-mapping -profile-generate -enable-testing -index-store-path /Users/admin/builder/spi-builder-workspace/.derivedData/Index.noindex/DataStore -Xcc -D_LIBCPP_HARDENING_MODE\=_LIBCPP_HARDENING_MODE_DEBUG -swift-version 6 -I /Users/admin/builder/spi-builder-workspace/.derivedData/Build/Products/Debug-watchos -Isystem /Applications/Xcode-27.0.0-Release.Candidate.app/Contents/Developer/Platforms/WatchOS.platform/Developer/usr/lib -F /Users/admin/builder/spi-builder-workspace/.derivedData/Build/Products/Debug-watchos -F /Applications/Xcode-27.0.0-Release.Candidate.app/Contents/Developer/Platforms/WatchOS.platform/Developer/Library/Frameworks -F /Applications/Xcode-27.0.0-Release.Candidate.app/Contents/Developer/Platforms/WatchOS.platform/Developer/SDKs/WatchOS27.0.sdk/Developer/Library/Frameworks -c -j10 -enable-batch-mode -incremental -Xcc -ivfsstatcache -Xcc /Users/admin/builder/spi-builder-workspace/.derivedData/SDKStatCaches.noindex/watchos27.0-24R360-e829b21a6f8c9b70876ba0858053c04477534ef55a1706bf4c1112bbb242f0a2.sdkstatcache -output-file-map /Users/admin/builder/spi-builder-workspace/.derivedData/Build/Intermediates.noindex/FlowUI.build/Debug-watchos/FlowCore-t.build/Objects-normal/arm64_32/FlowCore-OutputFileMap.json -save-temps -no-color-diagnostics -explicit-module-build -module-cache-path /Users/admin/builder/spi-builder-workspace/.derivedData/Build/Intermediates.noindex/SwiftExplicitPrecompiledModules -clang-scanner-module-cache-path /Users/admin/builder/spi-builder-workspace/.derivedData/ModuleCache.noindex -sdk-module-cache-path /Users/admin/builder/spi-builder-workspace/.derivedData/SDKExplicitPrecompiledModules -emit-dependencies -emit-module -emit-module-path /Users/admin/builder/spi-builder-workspace/.derivedData/Build/Intermediates.noindex/FlowUI.build/Debug-watchos/FlowCore-t.build/Objects-normal/arm64_32/FlowCore.swiftmodule -serialize-diagnostics -dependency-scan-serialize-diagnostics-path /Users/admin/builder/spi-builder-workspace/.derivedData/Build/Intermediates.noindex/FlowUI.build/Debug-watchos/FlowCore-t.build/Objects-normal/arm64_32/FlowCore-dependency-scan.dia -validate-clang-modules-once -clang-build-session-file /Users/admin/builder/spi-builder-workspace/.derivedData/ModuleCache.noindex/Session.modulevalidation -Xcc -fmodules-prune-interval\=86400 -Xcc -fmodules-prune-after\=345600 -package-name spi_builder_workspace -emit-const-values -const-gather-protocols-list /Users/admin/builder/spi-builder-workspace/.derivedData/Build/Intermediates.noindex/FlowUI.build/Debug-watchos/FlowCore-t.build/Objects-normal/arm64_32/FlowCore_const_extract_protocols.json -Xcc -I/Users/admin/builder/spi-builder-workspace/.derivedData/Build/Products/Debug-watchos/include -Xcc -I/Users/admin/builder/spi-builder-workspace/.derivedData/Build/Intermediates.noindex/FlowUI.build/Debug-watchos/FlowCore-t.build/DerivedSources-normal/arm64_32 -Xcc -I/Users/admin/builder/spi-builder-workspace/.derivedData/Build/Intermediates.noindex/FlowUI.build/Debug-watchos/FlowCore-t.build/DerivedSources/arm64_32 -Xcc -I/Users/admin/builder/spi-builder-workspace/.derivedData/Build/Intermediates.noindex/FlowUI.build/Debug-watchos/FlowCore-t.build/DerivedSources -Xcc -DSWIFT_PACKAGE -Xcc -DDEBUG\=1 -emit-objc-header -emit-objc-header-path /Users/admin/builder/spi-builder-workspace/.derivedData/Build/Intermediates.noindex/FlowUI.build/Debug-watchos/FlowCore-t.build/Objects-normal/arm64_32/FlowCore-Swift.h -working-directory /Users/admin/builder/spi-builder-workspace/.swiftpm/xcode -experimental-emit-module-separately -disable-cmo
Ld /Users/admin/builder/spi-builder-workspace/.derivedData/Build/Intermediates.noindex/FlowUI.build/Debug-watchos/FlowCore-t.build/Objects-normal/arm64_32/Binary/FlowCore.o normal arm64_32 (in target 'FlowCore' from project 'FlowUI')
    cd /Users/admin/builder/spi-builder-workspace
    /Applications/Xcode-27.0.0-Release.Candidate.app/Contents/Developer/Toolchains/XcodeDefault.xctoolchain/usr/bin/clang -Xlinker -reproducible -target arm64_32-apple-watchos10.0 -r -isysroot /Applications/Xcode-27.0.0-Release.Candidate.app/Contents/Developer/Platforms/WatchOS.platform/Developer/SDKs/WatchOS27.0.sdk -O0 -Xlinker -no_warn_duplicate_libraries -F/Users/admin/builder/spi-builder-workspace/.derivedData/Build/Intermediates.noindex/EagerLinkingTBDs/Debug-watchos -F/Users/admin/builder/spi-builder-workspace/.derivedData/Build/Products/Debug-watchos -iframework /Applications/Xcode-27.0.0-Release.Candidate.app/Contents/Developer/Platforms/WatchOS.platform/Developer/Library/Frameworks -iframework /Applications/Xcode-27.0.0-Release.Candidate.app/Contents/Developer/Platforms/WatchOS.platform/Developer/SDKs/WatchOS27.0.sdk/Developer/Library/Frameworks -filelist /Users/admin/builder/spi-builder-workspace/.derivedData/Build/Intermediates.noindex/FlowUI.build/Debug-watchos/FlowCore-t.build/Objects-normal/arm64_32/FlowCore.LinkFileList -nostdlib -Xlinker -object_path_lto -Xlinker /Users/admin/builder/spi-builder-workspace/.derivedData/Build/Intermediates.noindex/FlowUI.build/Debug-watchos/FlowCore-t.build/Objects-normal/arm64_32/FlowCore_lto.o -Xlinker -no_deduplicate -Xlinker -debug_variant -Xlinker -dependency_info -Xlinker /Users/admin/builder/spi-builder-workspace/.derivedData/Build/Intermediates.noindex/FlowUI.build/Debug-watchos/FlowCore-t.build/Objects-normal/arm64_32/FlowCore_dependency_info.dat -fobjc-link-runtime -L/Applications/Xcode-27.0.0-Release.Candidate.app/Contents/Developer/Toolchains/XcodeDefault.xctoolchain/usr/lib/swift/watchos -L/usr/lib/swift -Xlinker -add_ast_path -Xlinker /Users/admin/builder/spi-builder-workspace/.derivedData/Build/Intermediates.noindex/FlowUI.build/Debug-watchos/FlowCore-t.build/Objects-normal/arm64_32/FlowCore.swiftmodule -o /Users/admin/builder/spi-builder-workspace/.derivedData/Build/Intermediates.noindex/FlowUI.build/Debug-watchos/FlowCore-t.build/Objects-normal/arm64_32/Binary/FlowCore.o
CreateUniversalBinary /Users/admin/builder/spi-builder-workspace/.derivedData/Build/Products/Debug-watchos/FlowCore.o normal arm64\ arm64_32 (in target 'FlowCore' from project 'FlowUI')
    cd /Users/admin/builder/spi-builder-workspace
    /Applications/Xcode-27.0.0-Release.Candidate.app/Contents/Developer/Toolchains/XcodeDefault.xctoolchain/usr/bin/lipo -create /Users/admin/builder/spi-builder-workspace/.derivedData/Build/Intermediates.noindex/FlowUI.build/Debug-watchos/FlowCore-t.build/Objects-normal/arm64/Binary/FlowCore.o /Users/admin/builder/spi-builder-workspace/.derivedData/Build/Intermediates.noindex/FlowUI.build/Debug-watchos/FlowCore-t.build/Objects-normal/arm64_32/Binary/FlowCore.o -output /Users/admin/builder/spi-builder-workspace/.derivedData/Build/Products/Debug-watchos/FlowCore.o
ExtractAppIntentsMetadata (in target 'FlowCore' from project 'FlowUI')
    cd /Users/admin/builder/spi-builder-workspace
    /Applications/Xcode-27.0.0-Release.Candidate.app/Contents/Developer/Toolchains/XcodeDefault.xctoolchain/usr/bin/appintentsmetadataprocessor --toolchain-dir /var/run/com.apple.security.cryptexd/mnt/com.apple.MobileAsset.MetalToolchain-v27.1.266.1.8fyYAf/Metal.xctoolchain --module-name FlowCore --sdk-root /Applications/Xcode-27.0.0-Release.Candidate.app/Contents/Developer/Platforms/WatchOS.platform/Developer/SDKs/WatchOS27.0.sdk --xcode-version 27A266a --platform-family watchOS --deployment-target 10.0 --bundle-identifier spi-builder-workspace.FlowCore --output /Users/admin/builder/spi-builder-workspace/.derivedData/Build/Products/Debug-watchos/FlowCore.appintents --target-triple arm64-apple-watchos10.0 --target-triple arm64_32-apple-watchos10.0 --binary-file /Users/admin/builder/spi-builder-workspace/.derivedData/Build/Products/Debug-watchos/FlowCore.o --dependency-file /Users/admin/builder/spi-builder-workspace/.derivedData/Build/Intermediates.noindex/FlowUI.build/Debug-watchos/FlowCore-t.build/Objects-normal/arm64/FlowCore_dependency_info.dat --dependency-file /Users/admin/builder/spi-builder-workspace/.derivedData/Build/Intermediates.noindex/FlowUI.build/Debug-watchos/FlowCore-t.build/Objects-normal/arm64_32/FlowCore_dependency_info.dat --stringsdata-file /Users/admin/builder/spi-builder-workspace/.derivedData/Build/Intermediates.noindex/FlowUI.build/Debug-watchos/FlowCore-t.build/Objects-normal/arm64/ExtractedAppShortcutsMetadata.stringsdata --stringsdata-file /Users/admin/builder/spi-builder-workspace/.derivedData/Build/Intermediates.noindex/FlowUI.build/Debug-watchos/FlowCore-t.build/Objects-normal/arm64_32/ExtractedAppShortcutsMetadata.stringsdata --source-file-list /Users/admin/builder/spi-builder-workspace/.derivedData/Build/Intermediates.noindex/FlowUI.build/Debug-watchos/FlowCore-t.build/Objects-normal/arm64/FlowCore.SwiftFileList --source-file-list /Users/admin/builder/spi-builder-workspace/.derivedData/Build/Intermediates.noindex/FlowUI.build/Debug-watchos/FlowCore-t.build/Objects-normal/arm64_32/FlowCore.SwiftFileList --metadata-file-list /Users/admin/builder/spi-builder-workspace/.derivedData/Build/Intermediates.noindex/FlowUI.build/Debug-watchos/FlowCore-t.build/FlowCore.DependencyMetadataFileList --static-metadata-file-list /Users/admin/builder/spi-builder-workspace/.derivedData/Build/Intermediates.noindex/FlowUI.build/Debug-watchos/FlowCore-t.build/FlowCore.DependencyStaticMetadataFileList --swift-const-vals-list /Users/admin/builder/spi-builder-workspace/.derivedData/Build/Intermediates.noindex/FlowUI.build/Debug-watchos/FlowCore-t.build/Objects-normal/arm64/FlowCore.SwiftConstValuesFileList --swift-const-vals-list /Users/admin/builder/spi-builder-workspace/.derivedData/Build/Intermediates.noindex/FlowUI.build/Debug-watchos/FlowCore-t.build/Objects-normal/arm64_32/FlowCore.SwiftConstValuesFileList --force --compile-time-extraction --deployment-aware-processing --no-app-shortcuts-localization
2026-09-26 23:08:57.202 appintentsmetadataprocessor[723:4409] Starting appintentsmetadataprocessor export
2026-09-26 23:08:57.308 appintentsmetadataprocessor[723:4409] Extracted no relevant App Intents symbols, skipping writing output
SwiftExplicitDependencyGeneratePcm arm64 /Users/admin/builder/spi-builder-workspace/.derivedData/SDKExplicitPrecompiledModules/_Builtin_intrinsics-SQV576LJA0QE7RW5HF7CQ1BX.pcm
SwiftExplicitDependencyGeneratePcm arm64 /Users/admin/builder/spi-builder-workspace/.derivedData/SDKExplicitPrecompiledModules/CoreData-DAEI6Z48P97TYC3SMMGLERAJ5.pcm
SwiftExplicitDependencyGeneratePcm arm64 /Users/admin/builder/spi-builder-workspace/.derivedData/SDKExplicitPrecompiledModules/DataDetection-8RQ09UCIV0XSYRF8TQQD54MWN.pcm
SwiftExplicitDependencyGeneratePcm arm64 /Users/admin/builder/spi-builder-workspace/.derivedData/SDKExplicitPrecompiledModules/UserNotifications-7VIERZPAA371031RT8VBKFYKJ.pcm
SwiftExplicitDependencyGeneratePcm arm64 /Users/admin/builder/spi-builder-workspace/.derivedData/SDKExplicitPrecompiledModules/CoreAudioTypes-51SR7UBHOMSGMEPVFS6PLSR4M.pcm
SwiftExplicitDependencyGeneratePcm arm64 /Users/admin/builder/spi-builder-workspace/.derivedData/SDKExplicitPrecompiledModules/UIUtilities-AR3EDJH6PMDGNUXQGV2JND65S.pcm
SwiftExplicitDependencyGeneratePcm arm64 /Users/admin/builder/spi-builder-workspace/.derivedData/SDKExplicitPrecompiledModules/CoreTransferable-EULYJN53RZTIP2D6F171CT1YZ.pcm
SwiftExplicitDependencyGeneratePcm arm64 /Users/admin/builder/spi-builder-workspace/.derivedData/SDKExplicitPrecompiledModules/_Builtin_tgmath-7JP2AE1NQHA1DV5JYP2OHQ3BF.pcm
SwiftExplicitDependencyGeneratePcm arm64 /Users/admin/builder/spi-builder-workspace/.derivedData/SDKExplicitPrecompiledModules/UniformTypeIdentifiers-47SS6PHE8KOUZX5UOQUNKH397.pcm
SwiftExplicitDependencyGeneratePcm arm64 /Users/admin/builder/spi-builder-workspace/.derivedData/SDKExplicitPrecompiledModules/CoreGraphics-5488DA9QVJJ7QOFXPYOYIYFUX.pcm
SwiftExplicitDependencyGeneratePcm arm64_32 /Users/admin/builder/spi-builder-workspace/.derivedData/SDKExplicitPrecompiledModules/_Builtin_tgmath-414CVW1GW3IL0HRLCNNCS6Q0U.pcm
SwiftExplicitDependencyGeneratePcm arm64_32 /Users/admin/builder/spi-builder-workspace/.derivedData/SDKExplicitPrecompiledModules/UniformTypeIdentifiers-EH256724QTCKT0XATY095QHVP.pcm
SwiftExplicitDependencyGeneratePcm arm64_32 /Users/admin/builder/spi-builder-workspace/.derivedData/SDKExplicitPrecompiledModules/DeveloperToolsSupport-3FQKKPF3BW0SWE1YUZ86OZWIB.pcm
SwiftExplicitDependencyGeneratePcm arm64_32 /Users/admin/builder/spi-builder-workspace/.derivedData/SDKExplicitPrecompiledModules/DataDetection-8EDL8T61430CB5CU94L1E3L0C.pcm
SwiftExplicitDependencyGeneratePcm arm64 /Users/admin/builder/spi-builder-workspace/.derivedData/SDKExplicitPrecompiledModules/MachO-4RYXFVY68ZDEUZYFMVL57WEKU.pcm
SwiftExplicitDependencyGeneratePcm arm64 /Users/admin/builder/spi-builder-workspace/.derivedData/SDKExplicitPrecompiledModules/CoreAudio-368NRGVYQ33J8K75Y2DSNU06Y.pcm
SwiftExplicitDependencyGeneratePcm arm64_32 /Users/admin/builder/spi-builder-workspace/.derivedData/SDKExplicitPrecompiledModules/CoreAudioTypes-AY6JAXDJMW2FLVG4UD79375PW.pcm
SwiftExplicitDependencyGeneratePcm arm64 /Users/admin/builder/spi-builder-workspace/.derivedData/SDKExplicitPrecompiledModules/_Builtin_stdatomic-25T9UW3XDYID74302F31PX0RP.pcm
SwiftExplicitDependencyGeneratePcm arm64_32 /Users/admin/builder/spi-builder-workspace/.derivedData/SDKExplicitPrecompiledModules/CoreGraphics-A4WOQTM8SYZAQP223LI6RRPEK.pcm
SwiftExplicitDependencyGeneratePcm arm64 /Users/admin/builder/spi-builder-workspace/.derivedData/SDKExplicitPrecompiledModules/Symbols-B8SNL2YULCKW9SYIL0T5QLMV.pcm
SwiftExplicitDependencyGeneratePcm arm64_32 /Users/admin/builder/spi-builder-workspace/.derivedData/SDKExplicitPrecompiledModules/UIUtilities-ABH83C7CSGMIJAARTF384TV0L.pcm
SwiftExplicitDependencyGeneratePcm arm64 /Users/admin/builder/spi-builder-workspace/.derivedData/SDKExplicitPrecompiledModules/CoreVideo-2YRZ292TS6QDW2V2V92NZMPWM.pcm
SwiftExplicitDependencyGeneratePcm arm64 /Users/admin/builder/spi-builder-workspace/.derivedData/SDKExplicitPrecompiledModules/Accessibility-DB0V1GY4JDAXG2CZ5MW826DDE.pcm
SwiftExplicitDependencyGeneratePcm arm64 /Users/admin/builder/spi-builder-workspace/.derivedData/SDKExplicitPrecompiledModules/DeveloperToolsSupport-CL5QT3CW0ZM498PFTWG64QMLA.pcm
SwiftExplicitDependencyGeneratePcm arm64_32 /Users/admin/builder/spi-builder-workspace/.derivedData/SDKExplicitPrecompiledModules/Symbols-DP67QJL9W7VSYP70ZVEBE3KRT.pcm
SwiftExplicitDependencyGeneratePcm arm64_32 /Users/admin/builder/spi-builder-workspace/.derivedData/SDKExplicitPrecompiledModules/CoreAudio-1FTJGW5ZM9ZN5IKPBE4A9LGNF.pcm
SwiftExplicitDependencyGeneratePcm arm64_32 /Users/admin/builder/spi-builder-workspace/.derivedData/SDKExplicitPrecompiledModules/CoreData-6STZ9DXY0E1K8LHUUEU1F4SE.pcm
SwiftExplicitDependencyGeneratePcm arm64 /Users/admin/builder/spi-builder-workspace/.derivedData/SDKExplicitPrecompiledModules/os-6BCTB8I5DCBBKFJ0Y0G4WQDDJ.pcm
SwiftExplicitDependencyGeneratePcm arm64_32 /Users/admin/builder/spi-builder-workspace/.derivedData/SDKExplicitPrecompiledModules/UserNotifications-F5AOMF9V2Y10QV8U00QNX8B7Q.pcm
SwiftExplicitDependencyGeneratePcm arm64_32 /Users/admin/builder/spi-builder-workspace/.derivedData/SDKExplicitPrecompiledModules/_Builtin_stdatomic-D2FE5M7JS5NQA5JDADVERWJM4.pcm
SwiftExplicitDependencyGeneratePcm arm64_32 /Users/admin/builder/spi-builder-workspace/.derivedData/SDKExplicitPrecompiledModules/_Builtin_intrinsics-2K07JIG9ZANIKHSNPO3O6L1K6.pcm
SwiftExplicitDependencyGeneratePcm arm64 /Users/admin/builder/spi-builder-workspace/.derivedData/SDKExplicitPrecompiledModules/CoreMedia-EO02G285WTXB0RPNG3DP9O9VN.pcm
SwiftExplicitDependencyGeneratePcm arm64 /Users/admin/builder/spi-builder-workspace/.derivedData/SDKExplicitPrecompiledModules/_LocationEssentials-C3HYVW8P89QAUDLD9VRHUF48Q.pcm
SwiftExplicitDependencyGeneratePcm arm64_32 /Users/admin/builder/spi-builder-workspace/.derivedData/SDKExplicitPrecompiledModules/_LocationEssentials-1XWTF8V96VX3IAHKJO7PJZDU0.pcm
SwiftExplicitDependencyGeneratePcm arm64 /Users/admin/builder/spi-builder-workspace/.derivedData/SDKExplicitPrecompiledModules/CoreText-BEC0M2J7FJN53VXNFDZDKL9U2.pcm
SwiftExplicitDependencyGeneratePcm arm64_32 /Users/admin/builder/spi-builder-workspace/.derivedData/SDKExplicitPrecompiledModules/CoreTransferable-DSXZOKFM7XQLZ0FRNNKFDWZT0.pcm
SwiftExplicitDependencyGeneratePcm arm64_32 /Users/admin/builder/spi-builder-workspace/.derivedData/SDKExplicitPrecompiledModules/CoreVideo-BX0NALWCB2F1YOTF0NZGV9FWU.pcm
SwiftExplicitDependencyGeneratePcm arm64_32 /Users/admin/builder/spi-builder-workspace/.derivedData/SDKExplicitPrecompiledModules/CoreText-34U50N378SZT64826L0B62MN6.pcm
SwiftExplicitDependencyGeneratePcm arm64 /Users/admin/builder/spi-builder-workspace/.derivedData/SDKExplicitPrecompiledModules/OSLog-ESJZZ70KT229YQNKF5CWYQVLA.pcm
SwiftExplicitDependencyGeneratePcm arm64_32 /Users/admin/builder/spi-builder-workspace/.derivedData/SDKExplicitPrecompiledModules/Accessibility-BBXP8Z81UOB3UBBTO3GG9FEEO.pcm
SwiftExplicitDependencyGeneratePcm arm64 /Users/admin/builder/spi-builder-workspace/.derivedData/SDKExplicitPrecompiledModules/QuartzCore-BRDP6VIMJ6A6HG4W4NYXZ8BI3.pcm
SwiftExplicitDependencyGeneratePcm arm64 /Users/admin/builder/spi-builder-workspace/.derivedData/SDKExplicitPrecompiledModules/CoreLocation-B0A9Z3B1UDU8OLBQROLWD03N3.pcm
SwiftExplicitDependencyGeneratePcm arm64_32 /Users/admin/builder/spi-builder-workspace/.derivedData/SDKExplicitPrecompiledModules/CoreLocation-4AZRAZ8X3W0CS36SZ1GS4LT05.pcm
SwiftExplicitDependencyGeneratePcm arm64 /Users/admin/builder/spi-builder-workspace/.derivedData/SDKExplicitPrecompiledModules/simd-2C11HKTI5TJB05T724EWNFZXD.pcm
SwiftExplicitDependencyGeneratePcm arm64_32 /Users/admin/builder/spi-builder-workspace/.derivedData/SDKExplicitPrecompiledModules/CoreMedia-CU8J9TNJY5EX43FQOPTAAHU29.pcm
SwiftExplicitDependencyGeneratePcm arm64_32 /Users/admin/builder/spi-builder-workspace/.derivedData/SDKExplicitPrecompiledModules/QuartzCore-72UYR37X0O2APTD1XMSJ20X5X.pcm
SwiftExplicitDependencyGeneratePcm arm64_32 /Users/admin/builder/spi-builder-workspace/.derivedData/SDKExplicitPrecompiledModules/MachO-F47JQRYVH1SLPOQSJD8RK9MSX.pcm
SwiftExplicitDependencyGeneratePcm arm64 /Users/admin/builder/spi-builder-workspace/.derivedData/SDKExplicitPrecompiledModules/CoreMotion-70RNUQRT1QM2F8WR42WPP4KQV.pcm
SwiftExplicitDependencyGeneratePcm arm64_32 /Users/admin/builder/spi-builder-workspace/.derivedData/SDKExplicitPrecompiledModules/CoreMotion-E9C6K7MOTJF3RC93DULCZ130U.pcm
SwiftExplicitDependencyGeneratePcm arm64 /Users/admin/builder/spi-builder-workspace/.derivedData/SDKExplicitPrecompiledModules/SwiftUICore-D4BOUT6VJWDXKNATG8P2F95W3.pcm
SwiftExplicitDependencyGeneratePcm arm64_32 /Users/admin/builder/spi-builder-workspace/.derivedData/SDKExplicitPrecompiledModules/os-D9NWGT7PQGY2OD43XMA2KGLJK.pcm
SwiftExplicitDependencyGeneratePcm arm64_32 /Users/admin/builder/spi-builder-workspace/.derivedData/SDKExplicitPrecompiledModules/simd-1W6O8NR1QUSWJGAN44DNNWVHX.pcm
SwiftExplicitDependencyGeneratePcm arm64_32 /Users/admin/builder/spi-builder-workspace/.derivedData/SDKExplicitPrecompiledModules/SwiftUICore-TURER010MQ2QH6SN4BGDJJKP.pcm
SwiftExplicitDependencyGeneratePcm arm64_32 /Users/admin/builder/spi-builder-workspace/.derivedData/SDKExplicitPrecompiledModules/UIKit-BGAQE5HOOTG6M9C46O1HHPCDR.pcm
SwiftExplicitDependencyGeneratePcm arm64 /Users/admin/builder/spi-builder-workspace/.derivedData/SDKExplicitPrecompiledModules/UIKit-2XWL6VFNA7WRWSTXI42YLU909.pcm
SwiftExplicitDependencyGeneratePcm arm64_32 /Users/admin/builder/spi-builder-workspace/.derivedData/SDKExplicitPrecompiledModules/OSLog-DXCLJ0K1EEBRV5MFYJOV1HIUX.pcm
SwiftExplicitDependencyGeneratePcm arm64 /Users/admin/builder/spi-builder-workspace/.derivedData/SDKExplicitPrecompiledModules/Spatial-EZKKX4XFW72RZCTOIG80Z93AP.pcm
SwiftExplicitDependencyGeneratePcm arm64 /Users/admin/builder/spi-builder-workspace/.derivedData/SDKExplicitPrecompiledModules/SceneKit-4VPDXW2J8W40JMX88G7X30C4G.pcm
SwiftExplicitDependencyGeneratePcm arm64_32 /Users/admin/builder/spi-builder-workspace/.derivedData/SDKExplicitPrecompiledModules/Spatial-4XS0QRL16224ZE9KE9TMKASKT.pcm
SwiftExplicitDependencyGeneratePcm arm64_32 /Users/admin/builder/spi-builder-workspace/.derivedData/SDKExplicitPrecompiledModules/SceneKit-CLOM4E4D45A8A94N3QNHOVW3H.pcm
SwiftExplicitDependencyGeneratePcm arm64 /Users/admin/builder/spi-builder-workspace/.derivedData/SDKExplicitPrecompiledModules/HomeKit-2JD3RMVTK0MFX7K570KHTLBBH.pcm
SwiftExplicitDependencyGeneratePcm arm64 /Users/admin/builder/spi-builder-workspace/.derivedData/SDKExplicitPrecompiledModules/MapKit-5U4CPBNVICOGB0BBK9BC7P4E9.pcm
SwiftExplicitDependencyGeneratePcm arm64_32 /Users/admin/builder/spi-builder-workspace/.derivedData/SDKExplicitPrecompiledModules/HomeKit-DXH34ZWEY4P4FEELCOH3LXVCR.pcm
SwiftExplicitDependencyGeneratePcm arm64_32 /Users/admin/builder/spi-builder-workspace/.derivedData/SDKExplicitPrecompiledModules/MapKit-3RCPMYWFYVKLOR1JJH1M1L7O6.pcm
SwiftExplicitDependencyGeneratePcm arm64 /Users/admin/builder/spi-builder-workspace/.derivedData/SDKExplicitPrecompiledModules/WatchKit-22L6Z003SE8XPQ9JS14K57C9N.pcm
SwiftExplicitDependencyGeneratePcm arm64_32 /Users/admin/builder/spi-builder-workspace/.derivedData/SDKExplicitPrecompiledModules/WatchKit-7IATJTA58S6OFDEYHG9JSLLDQ.pcm
SwiftExplicitDependencyGeneratePcm arm64 /Users/admin/builder/spi-builder-workspace/.derivedData/SDKExplicitPrecompiledModules/SwiftUI-E6XJI4PF1Q2HPTXKL91GWARU6.pcm
SwiftExplicitDependencyGeneratePcm arm64_32 /Users/admin/builder/spi-builder-workspace/.derivedData/SDKExplicitPrecompiledModules/SwiftUI-6DR5UJH94SD7QMITGWNAX9FBI.pcm
SwiftCompile normal arm64_32 Compiling\ PageStateViews.swift,\ PageStore.swift,\ SectionRenderer.swift /Users/admin/builder/spi-builder-workspace/Sources/FlowRender/Page/PageStateViews.swift /Users/admin/builder/spi-builder-workspace/Sources/FlowRender/Page/PageStore.swift /Users/admin/builder/spi-builder-workspace/Sources/FlowRender/Page/SectionRenderer.swift (in target 'FlowRender' from project 'FlowUI')
SwiftCompile normal arm64_32 /Users/admin/builder/spi-builder-workspace/Sources/FlowRender/Page/PageStateViews.swift (in target 'FlowRender' from project 'FlowUI')
    cd /Users/admin/builder/spi-builder-workspace/.swiftpm/xcode
    builtin-SwiftPerFileCompile PageStateViews.swift
SwiftCompile normal arm64_32 /Users/admin/builder/spi-builder-workspace/Sources/FlowRender/Page/PageStore.swift (in target 'FlowRender' from project 'FlowUI')
    cd /Users/admin/builder/spi-builder-workspace/.swiftpm/xcode
    builtin-SwiftPerFileCompile PageStore.swift
SwiftCompile normal arm64_32 /Users/admin/builder/spi-builder-workspace/Sources/FlowRender/Page/SectionRenderer.swift (in target 'FlowRender' from project 'FlowUI')
    cd /Users/admin/builder/spi-builder-workspace/.swiftpm/xcode
    builtin-SwiftPerFileCompile SectionRenderer.swift
SwiftCompile normal arm64_32 Compiling\ GeometryMapping.swift,\ ThemeProvider.swift,\ TrackingSink.swift /Users/admin/builder/spi-builder-workspace/Sources/FlowRender/Theme/GeometryMapping.swift /Users/admin/builder/spi-builder-workspace/Sources/FlowRender/Theme/ThemeProvider.swift /Users/admin/builder/spi-builder-workspace/Sources/FlowRender/Tracking/TrackingSink.swift (in target 'FlowRender' from project 'FlowUI')
SwiftCompile normal arm64_32 /Users/admin/builder/spi-builder-workspace/Sources/FlowRender/Theme/GeometryMapping.swift (in target 'FlowRender' from project 'FlowUI')
    cd /Users/admin/builder/spi-builder-workspace/.swiftpm/xcode
    builtin-SwiftPerFileCompile GeometryMapping.swift
SwiftCompile normal arm64_32 /Users/admin/builder/spi-builder-workspace/Sources/FlowRender/Theme/ThemeProvider.swift (in target 'FlowRender' from project 'FlowUI')
    cd /Users/admin/builder/spi-builder-workspace/.swiftpm/xcode
    builtin-SwiftPerFileCompile ThemeProvider.swift
SwiftCompile normal arm64_32 /Users/admin/builder/spi-builder-workspace/Sources/FlowRender/Tracking/TrackingSink.swift (in target 'FlowRender' from project 'FlowUI')
    cd /Users/admin/builder/spi-builder-workspace/.swiftpm/xcode
    builtin-SwiftPerFileCompile TrackingSink.swift
SwiftCompile normal arm64_32 Compiling\ WidgetLayoutModifier.swift,\ ActionRelay.swift,\ FlowNavBar.swift,\ FlowPageView.swift /Users/admin/builder/spi-builder-workspace/Sources/FlowRender/Modifiers/WidgetLayoutModifier.swift /Users/admin/builder/spi-builder-workspace/Sources/FlowRender/Page/ActionRelay.swift /Users/admin/builder/spi-builder-workspace/Sources/FlowRender/Page/FlowNavBar.swift /Users/admin/builder/spi-builder-workspace/Sources/FlowRender/Page/FlowPageView.swift (in target 'FlowRender' from project 'FlowUI')
SwiftCompile normal arm64_32 /Users/admin/builder/spi-builder-workspace/Sources/FlowRender/Modifiers/WidgetLayoutModifier.swift (in target 'FlowRender' from project 'FlowUI')
    cd /Users/admin/builder/spi-builder-workspace/.swiftpm/xcode
    builtin-SwiftPerFileCompile WidgetLayoutModifier.swift
SwiftCompile normal arm64_32 /Users/admin/builder/spi-builder-workspace/Sources/FlowRender/Page/ActionRelay.swift (in target 'FlowRender' from project 'FlowUI')
    cd /Users/admin/builder/spi-builder-workspace/.swiftpm/xcode
    builtin-SwiftPerFileCompile ActionRelay.swift
SwiftCompile normal arm64_32 /Users/admin/builder/spi-builder-workspace/Sources/FlowRender/Page/FlowNavBar.swift (in target 'FlowRender' from project 'FlowUI')
    cd /Users/admin/builder/spi-builder-workspace/.swiftpm/xcode
    builtin-SwiftPerFileCompile FlowNavBar.swift
SwiftCompile normal arm64_32 /Users/admin/builder/spi-builder-workspace/Sources/FlowRender/Page/FlowPageView.swift (in target 'FlowRender' from project 'FlowUI')
    cd /Users/admin/builder/spi-builder-workspace/.swiftpm/xcode
    builtin-SwiftPerFileCompile FlowPageView.swift
SwiftCompile normal arm64_32 Compiling\ FlowSheetView.swift,\ ToastView.swift,\ WidgetStateStore.swift /Users/admin/builder/spi-builder-workspace/Sources/FlowRender/Sheet/FlowSheetView.swift /Users/admin/builder/spi-builder-workspace/Sources/FlowRender/Sheet/ToastView.swift /Users/admin/builder/spi-builder-workspace/Sources/FlowRender/State/WidgetStateStore.swift (in target 'FlowRender' from project 'FlowUI')
SwiftCompile normal arm64_32 /Users/admin/builder/spi-builder-workspace/Sources/FlowRender/Sheet/FlowSheetView.swift (in target 'FlowRender' from project 'FlowUI')
    cd /Users/admin/builder/spi-builder-workspace/.swiftpm/xcode
    builtin-SwiftPerFileCompile FlowSheetView.swift
SwiftCompile normal arm64_32 /Users/admin/builder/spi-builder-workspace/Sources/FlowRender/Sheet/ToastView.swift (in target 'FlowRender' from project 'FlowUI')
    cd /Users/admin/builder/spi-builder-workspace/.swiftpm/xcode
    builtin-SwiftPerFileCompile ToastView.swift
SwiftCompile normal arm64_32 /Users/admin/builder/spi-builder-workspace/Sources/FlowRender/State/WidgetStateStore.swift (in target 'FlowRender' from project 'FlowUI')
    cd /Users/admin/builder/spi-builder-workspace/.swiftpm/xcode
    builtin-SwiftPerFileCompile WidgetStateStore.swift
SwiftCompile normal arm64_32 Compiling\ FlowDebugOverlay.swift,\ FlowHostingController.swift,\ ShimmerModifier.swift,\ SkeletonModifier.swift /Users/admin/builder/spi-builder-workspace/Sources/FlowRender/Debug/FlowDebugOverlay.swift /Users/admin/builder/spi-builder-workspace/Sources/FlowRender/Hosting/FlowHostingController.swift /Users/admin/builder/spi-builder-workspace/Sources/FlowRender/Modifiers/ShimmerModifier.swift /Users/admin/builder/spi-builder-workspace/Sources/FlowRender/Modifiers/SkeletonModifier.swift (in target 'FlowRender' from project 'FlowUI')
/Users/admin/builder/spi-builder-workspace/Sources/FlowRender/Debug/FlowDebugOverlay.swift:76:31: error: 'segmented' is unavailable in watchOS
 74 |                     Text("Inspector").tag(2)
 75 |                 }
 76 |                 .pickerStyle(.segmented)
    |                               `- error: 'segmented' is unavailable in watchOS
 77 |                 .padding()
 78 |
SwiftUI.PickerStyle.segmented:2:43: note: 'segmented' has been explicitly marked unavailable here
1 | protocol PickerStyle {
2 | @export(implementation) public static var segmented: SegmentedPickerStyle { get }}
  |                                           `- note: 'segmented' has been explicitly marked unavailable here
3 |
/Users/admin/builder/spi-builder-workspace/Sources/FlowRender/Hosting/FlowHostingController.swift:14:43: error: cannot find type 'UIHostingController' in scope
12 | ///
13 | /// Pure SwiftUI apps never need this type.
14 | public final class FlowHostingController: UIHostingController<AnyView> {
   |                                           `- error: cannot find type 'UIHostingController' in scope
15 |     public init(
16 |         store: PageStore,
/Users/admin/builder/spi-builder-workspace/Sources/FlowRender/Hosting/FlowHostingController.swift:24:9: error: 'super' cannot be used in class 'FlowHostingController' because it has no superclass
22 |             root = AnyView(root.flowTheme(theme))
23 |         }
24 |         super.init(rootView: root)
   |         `- error: 'super' cannot be used in class 'FlowHostingController' because it has no superclass
25 |     }
26 |
/Users/admin/builder/spi-builder-workspace/Sources/FlowRender/Hosting/FlowHostingController.swift:20:28: warning: call to main actor-isolated initializer 'init(store:dispatcher:presenter:)' in a synchronous nonisolated context [#ActorIsolatedCall]
18 |         theme: (any ThemeProvider)? = nil
19 |     ) {
20 |         var root = AnyView(FlowPageView(store: store, dispatcher: dispatcher))
   |                            `- warning: call to main actor-isolated initializer 'init(store:dispatcher:presenter:)' in a synchronous nonisolated context [#ActorIsolatedCall]
21 |         if let theme {
22 |             root = AnyView(root.flowTheme(theme))
/Users/admin/builder/spi-builder-workspace/Sources/FlowRender/Page/FlowPageView.swift:161:5: note: calls to initializer 'init(store:dispatcher:presenter:)' from outside of its actor context are implicitly asynchronous
159 | public extension FlowPageView where LoadingView == DefaultPageSkeleton {
160 |     /// Creates a page with the default shimmering skeleton as its loading view.
161 |     init(store: PageStore, dispatcher: ActionDispatcher? = nil, presenter: FlowPresenter? = nil) {
    |     |- note: calls to initializer 'init(store:dispatcher:presenter:)' from outside of its actor context are implicitly asynchronous
    |     `- note: main actor isolation inferred from conformance to protocol 'View'
162 |         self.init(store: store, dispatcher: dispatcher, presenter: presenter) { DefaultPageSkeleton() }
163 |     }
SwiftCompile normal arm64_32 /Users/admin/builder/spi-builder-workspace/Sources/FlowRender/Debug/FlowDebugOverlay.swift (in target 'FlowRender' from project 'FlowUI')
    cd /Users/admin/builder/spi-builder-workspace/.swiftpm/xcode
    builtin-SwiftPerFileCompile FlowDebugOverlay.swift
SwiftCompile normal arm64_32 /Users/admin/builder/spi-builder-workspace/Sources/FlowRender/Hosting/FlowHostingController.swift (in target 'FlowRender' from project 'FlowUI')
    cd /Users/admin/builder/spi-builder-workspace/.swiftpm/xcode
    builtin-SwiftPerFileCompile FlowHostingController.swift
SwiftCompile normal arm64_32 /Users/admin/builder/spi-builder-workspace/Sources/FlowRender/Modifiers/ShimmerModifier.swift (in target 'FlowRender' from project 'FlowUI')
    cd /Users/admin/builder/spi-builder-workspace/.swiftpm/xcode
    builtin-SwiftPerFileCompile ShimmerModifier.swift
SwiftCompile normal arm64_32 /Users/admin/builder/spi-builder-workspace/Sources/FlowRender/Modifiers/SkeletonModifier.swift (in target 'FlowRender' from project 'FlowUI')
    cd /Users/admin/builder/spi-builder-workspace/.swiftpm/xcode
    builtin-SwiftPerFileCompile SkeletonModifier.swift
SwiftCompile normal arm64_32 Compiling\ ColorResolution.swift,\ DynamicTypeScaling.swift,\ FlowEnvironment.swift /Users/admin/builder/spi-builder-workspace/Sources/FlowRender/Theme/ColorResolution.swift /Users/admin/builder/spi-builder-workspace/Sources/FlowRender/Theme/DynamicTypeScaling.swift /Users/admin/builder/spi-builder-workspace/Sources/FlowRender/Theme/FlowEnvironment.swift (in target 'FlowRender' from project 'FlowUI')
/Users/admin/builder/spi-builder-workspace/Sources/FlowRender/Theme/ColorResolution.swift:13:25: error: 'secondarySystemBackground' is unavailable in watchOS
11 |     public static var surface: Color {
12 |         #if canImport(UIKit)
13 |         Color(uiColor: .secondarySystemBackground)
   |                         `- error: 'secondarySystemBackground' is unavailable in watchOS
14 |         #else
15 |         Color(nsColor: .windowBackgroundColor)
/Applications/Xcode-27.0.0-Release.Candidate.app/Contents/Developer/Platforms/WatchOS.platform/Developer/SDKs/WatchOS27.0.sdk/System/Library/Frameworks/UIKit.framework/Headers/UIInterface.h:209:49: note: 'secondarySystemBackground' has been explicitly marked unavailable here
207 |  */
208 | @property (class, nonatomic, readonly) UIColor *systemBackgroundColor                   API_AVAILABLE(ios(13.0)) API_UNAVAILABLE(tvos, watchos);
209 | @property (class, nonatomic, readonly) UIColor *secondarySystemBackgroundColor          API_AVAILABLE(ios(13.0)) API_UNAVAILABLE(tvos, watchos);
    |                                                 `- note: 'secondarySystemBackground' has been explicitly marked unavailable here
210 | @property (class, nonatomic, readonly) UIColor *tertiarySystemBackgroundColor           API_AVAILABLE(ios(13.0)) API_UNAVAILABLE(tvos, watchos);
211 |
/Users/admin/builder/spi-builder-workspace/Sources/FlowRender/Theme/ColorResolution.swift:21:25: error: 'systemBackground' is unavailable in watchOS
19 |     public static var pageBackground: Color {
20 |         #if canImport(UIKit)
21 |         Color(uiColor: .systemBackground)
   |                         `- error: 'systemBackground' is unavailable in watchOS
22 |         #else
23 |         Color(nsColor: .textBackgroundColor)
/Applications/Xcode-27.0.0-Release.Candidate.app/Contents/Developer/Platforms/WatchOS.platform/Developer/SDKs/WatchOS27.0.sdk/System/Library/Frameworks/UIKit.framework/Headers/UIInterface.h:208:49: note: 'systemBackground' has been explicitly marked unavailable here
206 |  *    primary background in light mode.
207 |  */
208 | @property (class, nonatomic, readonly) UIColor *systemBackgroundColor                   API_AVAILABLE(ios(13.0)) API_UNAVAILABLE(tvos, watchos);
    |                                                 `- note: 'systemBackground' has been explicitly marked unavailable here
209 | @property (class, nonatomic, readonly) UIColor *secondarySystemBackgroundColor          API_AVAILABLE(ios(13.0)) API_UNAVAILABLE(tvos, watchos);
210 | @property (class, nonatomic, readonly) UIColor *tertiarySystemBackgroundColor           API_AVAILABLE(ios(13.0)) API_UNAVAILABLE(tvos, watchos);
/Users/admin/builder/spi-builder-workspace/Sources/FlowRender/Theme/ColorResolution.swift:29:25: error: 'separator' is unavailable in watchOS
27 |     public static var separator: Color {
28 |         #if canImport(UIKit)
29 |         Color(uiColor: .separator)
   |                         `- error: 'separator' is unavailable in watchOS
30 |         #else
31 |         Color(nsColor: .separatorColor)
/Applications/Xcode-27.0.0-Release.Candidate.app/Contents/Developer/Platforms/WatchOS.platform/Developer/SDKs/WatchOS27.0.sdk/System/Library/Frameworks/UIKit.framework/Headers/UIInterface.h:189:49: note: 'separator' has been explicitly marked unavailable here
187 |  * completely cover anything behind it. Depending on the situation, you may need one or the other.
188 |  */
189 | @property (class, nonatomic, readonly) UIColor *separatorColor          API_AVAILABLE(ios(13.0), tvos(13.0)) API_UNAVAILABLE(watchos);
    |                                                 `- note: 'separator' has been explicitly marked unavailable here
190 | @property (class, nonatomic, readonly) UIColor *opaqueSeparatorColor    API_AVAILABLE(ios(13.0), tvos(13.0)) API_UNAVAILABLE(watchos);
191 |
/Users/admin/builder/spi-builder-workspace/Sources/FlowRender/Theme/ColorResolution.swift:65:31: error: 'init(dynamicProvider:)' is unavailable in watchOS
63 |         }
64 |         #if canImport(UIKit)
65 |         return Color(uiColor: UIColor { traits in
   |                               `- error: 'init(dynamicProvider:)' is unavailable in watchOS
66 |             traits.userInterfaceStyle == .dark ? UIColor(dark) : UIColor(light)
67 |         })
/Applications/Xcode-27.0.0-Release.Candidate.app/Contents/Developer/Platforms/WatchOS.platform/Developer/SDKs/WatchOS27.0.sdk/System/Library/Frameworks/UIKit.framework/Headers/UIColor.h:144:1: note: 'init(dynamicProvider:)' has been explicitly marked unavailable here
142 |
143 | + (UIColor *)colorWithDynamicProvider:(UIColor * (^)(UITraitCollection *traitCollection))dynamicProvider API_AVAILABLE(ios(13.0), tvos(13.0)) API_UNAVAILABLE(watchos);
144 | - (UIColor *)initWithDynamicProvider:(UIColor * (^)(UITraitCollection *traitCollection))dynamicProvider API_AVAILABLE(ios(13.0), tvos(13.0)) API_UNAVAILABLE(watchos);
    | `- note: 'init(dynamicProvider:)' has been explicitly marked unavailable here
145 |
146 | /* Resolve any color to its most fundamental form (a non-dynamic color) for a specific trait collection.
SwiftCompile normal arm64_32 /Users/admin/builder/spi-builder-workspace/Sources/FlowRender/Theme/ColorResolution.swift (in target 'FlowRender' from project 'FlowUI')
    cd /Users/admin/builder/spi-builder-workspace/.swiftpm/xcode
    builtin-SwiftPerFileCompile ColorResolution.swift
SwiftCompile normal arm64_32 /Users/admin/builder/spi-builder-workspace/Sources/FlowRender/Theme/DynamicTypeScaling.swift (in target 'FlowRender' from project 'FlowUI')
    cd /Users/admin/builder/spi-builder-workspace/.swiftpm/xcode
    builtin-SwiftPerFileCompile DynamicTypeScaling.swift
SwiftCompile normal arm64_32 /Users/admin/builder/spi-builder-workspace/Sources/FlowRender/Theme/FlowEnvironment.swift (in target 'FlowRender' from project 'FlowUI')
    cd /Users/admin/builder/spi-builder-workspace/.swiftpm/xcode
    builtin-SwiftPerFileCompile FlowEnvironment.swift
SwiftCompile normal arm64_32 Compiling\ FlowButton.swift,\ FlowGradient.swift,\ FlowIcon.swift,\ FlowImage.swift /Users/admin/builder/spi-builder-workspace/Sources/FlowRender/Atoms/FlowButton.swift /Users/admin/builder/spi-builder-workspace/Sources/FlowRender/Atoms/FlowGradient.swift /Users/admin/builder/spi-builder-workspace/Sources/FlowRender/Atoms/FlowIcon.swift /Users/admin/builder/spi-builder-workspace/Sources/FlowRender/Atoms/FlowImage.swift (in target 'FlowRender' from project 'FlowUI')
SwiftCompile normal arm64_32 /Users/admin/builder/spi-builder-workspace/Sources/FlowRender/Atoms/FlowButton.swift (in target 'FlowRender' from project 'FlowUI')
    cd /Users/admin/builder/spi-builder-workspace/.swiftpm/xcode
    builtin-SwiftPerFileCompile FlowButton.swift
SwiftCompile normal arm64_32 /Users/admin/builder/spi-builder-workspace/Sources/FlowRender/Atoms/FlowGradient.swift (in target 'FlowRender' from project 'FlowUI')
    cd /Users/admin/builder/spi-builder-workspace/.swiftpm/xcode
    builtin-SwiftPerFileCompile FlowGradient.swift
SwiftCompile normal arm64_32 /Users/admin/builder/spi-builder-workspace/Sources/FlowRender/Atoms/FlowIcon.swift (in target 'FlowRender' from project 'FlowUI')
    cd /Users/admin/builder/spi-builder-workspace/.swiftpm/xcode
    builtin-SwiftPerFileCompile FlowIcon.swift
SwiftCompile normal arm64_32 /Users/admin/builder/spi-builder-workspace/Sources/FlowRender/Atoms/FlowImage.swift (in target 'FlowRender' from project 'FlowUI')
    cd /Users/admin/builder/spi-builder-workspace/.swiftpm/xcode
    builtin-SwiftPerFileCompile FlowImage.swift
SwiftCompile normal arm64_32 Compiling\ FlowSeparator.swift,\ FlowTag.swift,\ FlowText.swift,\ ImageLoading.swift /Users/admin/builder/spi-builder-workspace/Sources/FlowRender/Atoms/FlowSeparator.swift /Users/admin/builder/spi-builder-workspace/Sources/FlowRender/Atoms/FlowTag.swift /Users/admin/builder/spi-builder-workspace/Sources/FlowRender/Atoms/FlowText.swift /Users/admin/builder/spi-builder-workspace/Sources/FlowRender/Atoms/ImageLoading.swift (in target 'FlowRender' from project 'FlowUI')
SwiftCompile normal arm64_32 /Users/admin/builder/spi-builder-workspace/Sources/FlowRender/Atoms/FlowSeparator.swift (in target 'FlowRender' from project 'FlowUI')
    cd /Users/admin/builder/spi-builder-workspace/.swiftpm/xcode
    builtin-SwiftPerFileCompile FlowSeparator.swift
SwiftCompile normal arm64_32 /Users/admin/builder/spi-builder-workspace/Sources/FlowRender/Atoms/FlowTag.swift (in target 'FlowRender' from project 'FlowUI')
    cd /Users/admin/builder/spi-builder-workspace/.swiftpm/xcode
    builtin-SwiftPerFileCompile FlowTag.swift
SwiftCompile normal arm64_32 /Users/admin/builder/spi-builder-workspace/Sources/FlowRender/Atoms/FlowText.swift (in target 'FlowRender' from project 'FlowUI')
    cd /Users/admin/builder/spi-builder-workspace/.swiftpm/xcode
    builtin-SwiftPerFileCompile FlowText.swift
SwiftCompile normal arm64_32 /Users/admin/builder/spi-builder-workspace/Sources/FlowRender/Atoms/ImageLoading.swift (in target 'FlowRender' from project 'FlowUI')
    cd /Users/admin/builder/spi-builder-workspace/.swiftpm/xcode
    builtin-SwiftPerFileCompile ImageLoading.swift
SwiftCompile normal arm64_32 Compiling\ WidgetRowView.swift,\ WidgetRegistry.swift,\ WidgetView.swift /Users/admin/builder/spi-builder-workspace/Sources/FlowRender/Page/WidgetRowView.swift /Users/admin/builder/spi-builder-workspace/Sources/FlowRender/Registry/WidgetRegistry.swift /Users/admin/builder/spi-builder-workspace/Sources/FlowRender/Registry/WidgetView.swift (in target 'FlowRender' from project 'FlowUI')
SwiftCompile normal arm64_32 /Users/admin/builder/spi-builder-workspace/Sources/FlowRender/Page/WidgetRowView.swift (in target 'FlowRender' from project 'FlowUI')
    cd /Users/admin/builder/spi-builder-workspace/.swiftpm/xcode
    builtin-SwiftPerFileCompile WidgetRowView.swift
SwiftCompile normal arm64_32 /Users/admin/builder/spi-builder-workspace/Sources/FlowRender/Registry/WidgetRegistry.swift (in target 'FlowRender' from project 'FlowUI')
    cd /Users/admin/builder/spi-builder-workspace/.swiftpm/xcode
    builtin-SwiftPerFileCompile WidgetRegistry.swift
SwiftCompile normal arm64_32 /Users/admin/builder/spi-builder-workspace/Sources/FlowRender/Registry/WidgetView.swift (in target 'FlowRender' from project 'FlowUI')
    cd /Users/admin/builder/spi-builder-workspace/.swiftpm/xcode
    builtin-SwiftPerFileCompile WidgetView.swift
SwiftEmitModule normal arm64_32 Emitting\ module\ for\ FlowRender (in target 'FlowRender' from project 'FlowUI')
/Users/admin/builder/spi-builder-workspace/Sources/FlowRender/Hosting/FlowHostingController.swift:14:43: error: cannot find type 'UIHostingController' in scope
12 | ///
13 | /// Pure SwiftUI apps never need this type.
14 | public final class FlowHostingController: UIHostingController<AnyView> {
   |                                           `- error: cannot find type 'UIHostingController' in scope
15 |     public init(
16 |         store: PageStore,
Failed frontend command:
/Applications/Xcode-27.0.0-Release.Candidate.app/Contents/Developer/Toolchains/XcodeDefault.xctoolchain/usr/bin/swift-frontend -frontend -emit-module -experimental-skip-non-inlinable-function-bodies-without-types /Users/admin/builder/spi-builder-workspace/.derivedData/Build/Intermediates.noindex/FlowUI.build/Debug-watchos/FlowRender-t.build/DerivedSources/resource_bundle_accessor.swift /Users/admin/builder/spi-builder-workspace/Sources/FlowRender/Actions/ActionDispatcher.swift /Users/admin/builder/spi-builder-workspace/Sources/FlowRender/Actions/BuiltInHandlers.swift /Users/admin/builder/spi-builder-workspace/Sources/FlowRender/Actions/FlowPresenter.swift /Users/admin/builder/spi-builder-workspace/Sources/FlowRender/Atoms/FlowButton.swift /Users/admin/builder/spi-builder-workspace/Sources/FlowRender/Atoms/FlowGradient.swift /Users/admin/builder/spi-builder-workspace/Sources/FlowRender/Atoms/FlowIcon.swift /Users/admin/builder/spi-builder-workspace/Sources/FlowRender/Atoms/FlowImage.swift /Users/admin/builder/spi-builder-workspace/Sources/FlowRender/Atoms/FlowSeparator.swift /Users/admin/builder/spi-builder-workspace/Sources/FlowRender/Atoms/FlowTag.swift /Users/admin/builder/spi-builder-workspace/Sources/FlowRender/Atoms/FlowText.swift /Users/admin/builder/spi-builder-workspace/Sources/FlowRender/Atoms/ImageLoading.swift /Users/admin/builder/spi-builder-workspace/Sources/FlowRender/Debug/FlowDebugOverlay.swift /Users/admin/builder/spi-builder-workspace/Sources/FlowRender/Hosting/FlowHostingController.swift /Users/admin/builder/spi-builder-workspace/Sources/FlowRender/Modifiers/ShimmerModifier.swift /Users/admin/builder/spi-builder-workspace/Sources/FlowRender/Modifiers/SkeletonModifier.swift /Users/admin/builder/spi-builder-workspace/Sources/FlowRender/Modifiers/WidgetLayoutModifier.swift /Users/admin/builder/spi-builder-workspace/Sources/FlowRender/Page/ActionRelay.swift /Users/admin/builder/spi-builder-workspace/Sources/FlowRender/Page/FlowNavBar.swift /Users/admin/builder/spi-builder-workspace/Sources/FlowRender/Page/FlowPageView.swift /Users/admin/builder/spi-builder-workspace/Sources/FlowRender/Page/PageStateViews.swift /Users/admin/builder/spi-builder-workspace/Sources/FlowRender/Page/PageStore.swift /Users/admin/builder/spi-builder-workspace/Sources/FlowRender/Page/SectionRenderer.swift /Users/admin/builder/spi-builder-workspace/Sources/FlowRender/Page/WidgetRowView.swift /Users/admin/builder/spi-builder-workspace/Sources/FlowRender/Registry/WidgetRegistry.swift /Users/admin/builder/spi-builder-workspace/Sources/FlowRender/Registry/WidgetView.swift /Users/admin/builder/spi-builder-workspace/Sources/FlowRender/Sheet/FlowSheetView.swift /Users/admin/builder/spi-builder-workspace/Sources/FlowRender/Sheet/ToastView.swift /Users/admin/builder/spi-builder-workspace/Sources/FlowRender/State/WidgetStateStore.swift /Users/admin/builder/spi-builder-workspace/Sources/FlowRender/Theme/ColorResolution.swift /Users/admin/builder/spi-builder-workspace/Sources/FlowRender/Theme/DynamicTypeScaling.swift /Users/admin/builder/spi-builder-workspace/Sources/FlowRender/Theme/FlowEnvironment.swift /Users/admin/builder/spi-builder-workspace/Sources/FlowRender/Theme/GeometryMapping.swift /Users/admin/builder/spi-builder-workspace/Sources/FlowRender/Theme/ThemeProvider.swift /Users/admin/builder/spi-builder-workspace/Sources/FlowRender/Tracking/TrackingSink.swift -target arm64_32-apple-watchos10.0 -module-can-import-version UIKit 9127.0.84.1 9127.0.84 -disable-cross-import-overlay-search -load-resolved-plugin /Applications/Xcode-27.0.0-Release.Candidate.app/Contents/Developer/Platforms/WatchOS.platform/Developer/usr/lib/swift/host/plugins/libFoundationMacros.dylib\#/Applications/Xcode-27.0.0-Release.Candidate.app/Contents/Developer/Platforms/WatchOS.platform/Developer/usr/bin/swift-plugin-server\#FoundationMacros -load-resolved-plugin /Applications/Xcode-27.0.0-Release.Candidate.app/Contents/Developer/Platforms/WatchOS.platform/Developer/usr/lib/swift/host/plugins/libObservationMacros.dylib\#/Applications/Xcode-27.0.0-Release.Candidate.app/Contents/Developer/Platforms/WatchOS.platform/Developer/usr/bin/swift-plugin-server\#ObservationMacros -load-resolved-plugin /Applications/Xcode-27.0.0-Release.Candidate.app/Contents/Developer/Platforms/WatchOS.platform/Developer/usr/lib/swift/host/plugins/libPreviewsMacros.dylib\#/Applications/Xcode-27.0.0-Release.Candidate.app/Contents/Developer/Platforms/WatchOS.platform/Developer/usr/bin/swift-plugin-server\#PreviewsMacros -load-resolved-plugin /Applications/Xcode-27.0.0-Release.Candidate.app/Contents/Developer/Platforms/WatchOS.platform/Developer/usr/lib/swift/host/plugins/libSwiftMacros.dylib\#/Applications/Xcode-27.0.0-Release.Candidate.app/Contents/Developer/Platforms/WatchOS.platform/Developer/usr/bin/swift-plugin-server\#SwiftMacros -load-resolved-plugin /Applications/Xcode-27.0.0-Release.Candidate.app/Contents/Developer/Platforms/WatchOS.platform/Developer/usr/lib/swift/host/plugins/libSwiftUIMacros.dylib\#/Applications/Xcode-27.0.0-Release.Candidate.app/Contents/Developer/Platforms/WatchOS.platform/Developer/usr/bin/swift-plugin-server\#SwiftUIMacros -disable-implicit-swift-modules -Xcc -fno-implicit-modules -Xcc -fno-implicit-module-maps -explicit-swift-module-map-file /Users/admin/builder/spi-builder-workspace/.derivedData/Build/Intermediates.noindex/FlowUI.build/Debug-watchos/FlowRender-t.build/Objects-normal/arm64_32/FlowRender-dependencies-1.json -enable-objc-interop -sdk /Applications/Xcode-27.0.0-Release.Candidate.app/Contents/Developer/Platforms/WatchOS.platform/Developer/SDKs/WatchOS27.0.sdk -I /Users/admin/builder/spi-builder-workspace/.derivedData/Build/Products/Debug-watchos -Isystem /Applications/Xcode-27.0.0-Release.Candidate.app/Contents/Developer/Platforms/WatchOS.platform/Developer/usr/lib -F /Users/admin/builder/spi-builder-workspace/.derivedData/Build/Products/Debug-watchos/PackageFrameworks -F /Users/admin/builder/spi-builder-workspace/.derivedData/Build/Products/Debug-watchos -F /Applications/Xcode-27.0.0-Release.Candidate.app/Contents/Developer/Platforms/WatchOS.platform/Developer/Library/Frameworks -F /Applications/Xcode-27.0.0-Release.Candidate.app/Contents/Developer/Platforms/WatchOS.platform/Developer/SDKs/WatchOS27.0.sdk/Developer/Library/Frameworks -module-cache-path /Users/admin/builder/spi-builder-workspace/.derivedData/Build/Intermediates.noindex/SwiftExplicitPrecompiledModules -no-color-diagnostics -Xcc -fno-color-diagnostics -enable-testing -g -debug-info-format\=dwarf -dwarf-version\=4 -profile-generate -profile-coverage-mapping -swift-version 6 -Onone -D SWIFT_PACKAGE -D DEBUG -D SWIFT_MODULE_RESOURCE_BUNDLE_AVAILABLE -D Xcode -serialize-debugging-options -enable-experimental-feature DebugDescriptionMacro -empty-abi-descriptor -validate-clang-modules-once -clang-build-session-file /Users/admin/builder/spi-builder-workspace/.derivedData/ModuleCache.noindex/Session.modulevalidation -Xcc -working-directory -Xcc /Users/admin/builder/spi-builder-workspace/.swiftpm/xcode -enable-anonymous-context-mangled-names -file-compilation-dir /Users/admin/builder/spi-builder-workspace/.swiftpm/xcode -Xcc -D_LIBCPP_HARDENING_MODE\=_LIBCPP_HARDENING_MODE_DEBUG -Xcc -ivfsstatcache -Xcc /Users/admin/builder/spi-builder-workspace/.derivedData/SDKStatCaches.noindex/watchos27.0-24R360-e829b21a6f8c9b70876ba0858053c04477534ef55a1706bf4c1112bbb242f0a2.sdkstatcache -Xcc -fmodules-prune-interval\=86400 -Xcc -fmodules-prune-after\=345600 -Xcc -I/Users/admin/builder/spi-builder-workspace/.derivedData/Build/Products/Debug-watchos/include -Xcc -I/Users/admin/builder/spi-builder-workspace/.derivedData/Build/Intermediates.noindex/FlowUI.build/Debug-watchos/FlowRender-t.build/DerivedSources-normal/arm64_32 -Xcc -I/Users/admin/builder/spi-builder-workspace/.derivedData/Build/Intermediates.noindex/FlowUI.build/Debug-watchos/FlowRender-t.build/DerivedSources/arm64_32 -Xcc -I/Users/admin/builder/spi-builder-workspace/.derivedData/Build/Intermediates.noindex/FlowUI.build/Debug-watchos/FlowRender-t.build/DerivedSources -Xcc -DSWIFT_PACKAGE -Xcc -DDEBUG\=1 -no-auto-bridging-header-chaining -module-name FlowRender -package-name spi_builder_workspace -const-gather-protocols-file /Users/admin/builder/spi-builder-workspace/.derivedData/Build/Intermediates.noindex/FlowUI.build/Debug-watchos/FlowRender-t.build/Objects-normal/arm64_32/FlowRender_const_extract_protocols.json -disable-clang-spi -clang-target arm64_32-apple-watchos27.0 -target-sdk-version 27.0 -target-sdk-name watchos27.0 -in-process-plugin-server-path /Applications/Xcode-27.0.0-Release.Candidate.app/Contents/Developer/Toolchains/XcodeDefault.xctoolchain/usr/lib/swift/host/libSwiftInProcPluginServer.dylib -emit-module-doc-path /Users/admin/builder/spi-builder-workspace/.derivedData/Build/Intermediates.noindex/FlowUI.build/Debug-watchos/FlowRender-t.build/Objects-normal/arm64_32/FlowRender.swiftdoc -emit-module-source-info-path /Users/admin/builder/spi-builder-workspace/.derivedData/Build/Intermediates.noindex/FlowUI.build/Debug-watchos/FlowRender-t.build/Objects-normal/arm64_32/FlowRender.swiftsourceinfo -emit-objc-header-path /Users/admin/builder/spi-builder-workspace/.derivedData/Build/Intermediates.noindex/FlowUI.build/Debug-watchos/FlowRender-t.build/Objects-normal/arm64_32/FlowRender-Swift.h -serialize-diagnostics-path /Users/admin/builder/spi-builder-workspace/.derivedData/Build/Intermediates.noindex/FlowUI.build/Debug-watchos/FlowRender-t.build/Objects-normal/arm64_32/FlowRender-primary-emit-module.dia -emit-dependencies-path /Users/admin/builder/spi-builder-workspace/.derivedData/Build/Intermediates.noindex/FlowUI.build/Debug-watchos/FlowRender-t.build/Objects-normal/arm64_32/FlowRender-primary-emit-module.d -parse-as-library -o /Users/admin/builder/spi-builder-workspace/.derivedData/Build/Intermediates.noindex/FlowUI.build/Debug-watchos/FlowRender-t.build/Objects-normal/arm64_32/FlowRender.swiftmodule -emit-abi-descriptor-path /Users/admin/builder/spi-builder-workspace/.derivedData/Build/Intermediates.noindex/FlowUI.build/Debug-watchos/FlowRender-t.build/Objects-normal/arm64_32/FlowRender.abi.json
SwiftCompile normal arm64_32 (in target 'FlowRender' from project 'FlowUI')
    cd /Users/admin/builder/spi-builder-workspace/.swiftpm/xcode

SwiftEmitModule normal arm64 Emitting\ module\ for\ FlowRender (in target 'FlowRender' from project 'FlowUI')
SwiftCompile normal arm64 (in target 'FlowRender' from project 'FlowUI')
    cd /Users/admin/builder/spi-builder-workspace/.swiftpm/xcode

PruneExplicitPrecompiledModules /Users/admin/builder/spi-builder-workspace/.derivedData/SDKExplicitPrecompiledModules
PruneExplicitPrecompiledModules /Users/admin/builder/spi-builder-workspace/.derivedData/Build/Intermediates.noindex/SwiftExplicitPrecompiledModules
PruneExplicitPrecompiledModules /Users/admin/builder/spi-builder-workspace/.derivedData/Build/Intermediates.noindex/ExplicitPrecompiledModules
2026-09-26 23:08:50.560 xcodebuild[627:3885] [MT] IDERunDestination: Supported platforms for the buildables in the current scheme is empty.
** BUILD FAILED **
The following build commands failed:
	SwiftEmitModule normal arm64_32 Emitting\ module\ for\ FlowRender (in target 'FlowRender' from project 'FlowUI')
	SwiftCompile normal arm64_32 (in target 'FlowRender' from project 'FlowUI')
	Building workspace FlowUI with scheme FlowUI-Package
(3 failures)
Command line invocation:
    /Applications/Xcode-27.0.0-Release.Candidate.app/Contents/Developer/usr/bin/xcodebuild -IDEClonedSourcePackagesDirPathOverride=/Users/admin/builder/spi-builder-workspace/.dependencies -resolvePackageDependencies
Resolve Package Graph
Resolved source packages:
  FlowUI: /Users/admin/builder/spi-builder-workspace
resolved source packages: FlowUI
2026-09-26 23:09:01.230 xcodebuild[837:4854] [MT] IDERunDestination: Supported platforms for the buildables in the current scheme is empty.
{
  "dependencies" : [
  ],
  "manifest_display_name" : "FlowUI",
  "name" : "FlowUI",
  "path" : "/Users/admin/builder/spi-builder-workspace",
  "platforms" : [
    {
      "name" : "ios",
      "version" : "17.0"
    },
    {
      "name" : "macos",
      "version" : "14.0"
    }
  ],
  "products" : [
    {
      "name" : "FlowUI",
      "targets" : [
        "FlowCore",
        "FlowRender",
        "FlowWidgets"
      ],
      "type" : {
        "library" : [
          "automatic"
        ]
      }
    },
    {
      "name" : "FlowCore",
      "targets" : [
        "FlowCore"
      ],
      "type" : {
        "library" : [
          "automatic"
        ]
      }
    },
    {
      "name" : "FlowRender",
      "targets" : [
        "FlowRender"
      ],
      "type" : {
        "library" : [
          "automatic"
        ]
      }
    }
  ],
  "targets" : [
    {
      "c99name" : "FlowWidgetsTests",
      "module_type" : "SwiftTarget",
      "name" : "FlowWidgetsTests",
      "path" : "Tests/FlowWidgetsTests",
      "sources" : [
        "StarterWidgetDecodingTests.swift"
      ],
      "target_dependencies" : [
        "FlowWidgets"
      ],
      "type" : "test"
    },
    {
      "c99name" : "FlowWidgets",
      "module_type" : "SwiftTarget",
      "name" : "FlowWidgets",
      "path" : "Sources/FlowWidgets",
      "product_memberships" : [
        "FlowUI"
      ],
      "sources" : [
        "AccordionWidget.swift",
        "BannerWidget.swift",
        "ButtonRowWidget.swift",
        "FlowWidgets.swift",
        "ImageTextCardWidget.swift",
        "SeparatorWidget.swift",
        "StepperRowWidget.swift",
        "TagRailWidget.swift",
        "TitleBlockWidget.swift"
      ],
      "target_dependencies" : [
        "FlowRender"
      ],
      "type" : "library"
    },
    {
      "c99name" : "FlowRender",
      "module_type" : "SwiftTarget",
      "name" : "FlowRender",
      "path" : "Sources/FlowRender",
      "product_memberships" : [
        "FlowUI",
        "FlowRender"
      ],
      "resources" : [
        {
          "path" : "/Users/admin/builder/spi-builder-workspace/Sources/FlowRender/PrivacyInfo.xcprivacy",
          "rule" : {
            "copy" : {
            }
          }
        }
      ],
      "sources" : [
        "Actions/ActionDispatcher.swift",
        "Actions/BuiltInHandlers.swift",
        "Actions/FlowPresenter.swift",
        "Atoms/FlowButton.swift",
        "Atoms/FlowGradient.swift",
        "Atoms/FlowIcon.swift",
        "Atoms/FlowImage.swift",
        "Atoms/FlowSeparator.swift",
        "Atoms/FlowTag.swift",
        "Atoms/FlowText.swift",
        "Atoms/ImageLoading.swift",
        "Debug/FlowDebugOverlay.swift",
        "Hosting/FlowHostingController.swift",
        "Modifiers/ShimmerModifier.swift",
        "Modifiers/SkeletonModifier.swift",
        "Modifiers/WidgetLayoutModifier.swift",
        "Page/ActionRelay.swift",
        "Page/FlowNavBar.swift",
        "Page/FlowPageView.swift",
        "Page/PageStateViews.swift",
        "Page/PageStore.swift",
        "Page/SectionRenderer.swift",
        "Page/WidgetRowView.swift",
        "Registry/WidgetRegistry.swift",
        "Registry/WidgetView.swift",
        "Sheet/FlowSheetView.swift",
        "Sheet/ToastView.swift",
        "State/WidgetStateStore.swift",
        "Theme/ColorResolution.swift",
        "Theme/DynamicTypeScaling.swift",
        "Theme/FlowEnvironment.swift",
        "Theme/GeometryMapping.swift",
        "Theme/ThemeProvider.swift",
        "Tracking/TrackingSink.swift"
      ],
      "target_dependencies" : [
        "FlowCore"
      ],
      "type" : "library"
    },
    {
      "c99name" : "FlowCoreTests",
      "module_type" : "SwiftTarget",
      "name" : "FlowCoreTests",
      "path" : "Tests/FlowCoreTests",
      "resources" : [
        {
          "path" : "/Users/admin/builder/spi-builder-workspace/Tests/FlowCoreTests/Fixtures",
          "rule" : {
            "copy" : {
            }
          }
        }
      ],
      "sources" : [
        "FlowCoreTests.swift"
      ],
      "target_dependencies" : [
        "FlowCore"
      ],
      "type" : "test"
    },
    {
      "c99name" : "FlowCore",
      "module_type" : "SwiftTarget",
      "name" : "FlowCore",
      "path" : "Sources/FlowCore",
      "product_memberships" : [
        "FlowUI",
        "FlowCore",
        "FlowRender"
      ],
      "sources" : [
        "Actions/ActionData.swift",
        "Actions/ActionResponse.swift",
        "Atoms/BorderData.swift",
        "Atoms/ButtonData.swift",
        "Atoms/ColorData.swift",
        "Atoms/CornerRadiusData.swift",
        "Atoms/EdgeInsetsData.swift",
        "Atoms/FontData.swift",
        "Atoms/GradientData.swift",
        "Atoms/IconData.swift",
        "Atoms/ImageData.swift",
        "Atoms/SeparatorData.swift",
        "Atoms/TagData.swift",
        "Atoms/TextData.swift",
        "Decoding/DecodeDiagnostics.swift",
        "Decoding/JSONValue.swift",
        "Decoding/LossyArray.swift",
        "Decoding/StableIdentity.swift",
        "Decoding/WidgetDecoding.swift",
        "Envelope/AnyWidget.swift",
        "Envelope/PageLoader.swift",
        "Envelope/PageModel.swift",
        "Envelope/PageMutation.swift",
        "Envelope/SectionModel.swift",
        "Envelope/SheetModel.swift",
        "Envelope/WidgetLayout.swift"
      ],
      "type" : "library"
    }
  ],
  "tools_version" : "6.0"
}
{
  "workspace" : {
    "name" : "FlowUI",
    "schemes" : [
      "FlowCore",
      "FlowRender",
      "FlowUI",
      "FlowUI-Package"
    ]
  }
}
2026-09-26 23:09:02.572 xcodebuild[845:4922] [MT] IDERunDestination: Supported platforms for the buildables in the current scheme is empty.
Running build ...
env DEVELOPER_DIR=/Applications/Xcode-27.0.0-Release.Candidate.app xcrun xcodebuild -IDEClonedSourcePackagesDirPathOverride=$PWD/.dependencies -skipMacroValidation -skipPackagePluginValidation -derivedDataPath $PWD/.derivedData build -scheme FlowUI-Package -destination generic/platform=watchOS
Command line invocation:
    /Applications/Xcode-27.0.0-Release.Candidate.app/Contents/Developer/usr/bin/xcodebuild -IDEClonedSourcePackagesDirPathOverride=/Users/admin/builder/spi-builder-workspace/.dependencies -skipMacroValidation -skipPackagePluginValidation -derivedDataPath /Users/admin/builder/spi-builder-workspace/.derivedData build -scheme FlowUI-Package -destination generic/platform=watchOS
Resolve Package Graph
Resolved source packages:
  FlowUI: /Users/admin/builder/spi-builder-workspace
ComputePackagePrebuildTargetDependencyGraph
Prepare packages
CreateBuildRequest
SendProjectDescription
CreateBuildOperation
ComputeTargetDependencyGraph
note: Building targets in dependency order
note: Target dependency graph (7 targets)
    Target 'FlowRender-product' in project 'FlowUI'
        ➜ Explicit dependency on target 'FlowRender' in project 'FlowUI'
        ➜ Explicit dependency on target 'FlowUI_FlowRender' in project 'FlowUI'
        ➜ Explicit dependency on target 'FlowCore' in project 'FlowUI'
    Target 'FlowCore-product' in project 'FlowUI'
        ➜ Explicit dependency on target 'FlowCore' in project 'FlowUI'
    Target 'FlowUI-product' in project 'FlowUI'
        ➜ Explicit dependency on target 'FlowCore' in project 'FlowUI'
        ➜ Explicit dependency on target 'FlowRender' in project 'FlowUI'
        ➜ Explicit dependency on target 'FlowWidgets' in project 'FlowUI'
        ➜ Explicit dependency on target 'FlowUI_FlowRender' in project 'FlowUI'
    Target 'FlowWidgets' in project 'FlowUI'
        ➜ Explicit dependency on target 'FlowCore' in project 'FlowUI'
        ➜ Explicit dependency on target 'FlowRender' in project 'FlowUI'
    Target 'FlowRender' in project 'FlowUI'
        ➜ Explicit dependency on target 'FlowUI_FlowRender' in project 'FlowUI'
        ➜ Explicit dependency on target 'FlowCore' in project 'FlowUI'
    Target 'FlowUI_FlowRender' in project 'FlowUI' (no dependencies)
    Target 'FlowCore' in project 'FlowUI' (no dependencies)
GatherProvisioningInputs
CreateBuildDescription
ClangStatCache /Applications/Xcode-27.0.0-Release.Candidate.app/Contents/Developer/Toolchains/XcodeDefault.xctoolchain/usr/bin/clang-stat-cache /Applications/Xcode-27.0.0-Release.Candidate.app/Contents/Developer/Platforms/WatchOS.platform/Developer/SDKs/WatchOS27.0.sdk /Users/admin/builder/spi-builder-workspace/.derivedData/SDKStatCaches.noindex/watchos27.0-24R360-e829b21a6f8c9b70876ba0858053c04477534ef55a1706bf4c1112bbb242f0a2.sdkstatcache
    cd /Users/admin/builder/spi-builder-workspace/.swiftpm/xcode
    /Applications/Xcode-27.0.0-Release.Candidate.app/Contents/Developer/Toolchains/XcodeDefault.xctoolchain/usr/bin/clang-stat-cache /Applications/Xcode-27.0.0-Release.Candidate.app/Contents/Developer/Platforms/WatchOS.platform/Developer/SDKs/WatchOS27.0.sdk -o /Users/admin/builder/spi-builder-workspace/.derivedData/SDKStatCaches.noindex/watchos27.0-24R360-e829b21a6f8c9b70876ba0858053c04477534ef55a1706bf4c1112bbb242f0a2.sdkstatcache
SwiftDriver FlowRender normal arm64_32 com.apple.xcode.tools.swift.compiler (in target 'FlowRender' from project 'FlowUI')
    cd /Users/admin/builder/spi-builder-workspace/.swiftpm/xcode
    builtin-SwiftDriver -- /Applications/Xcode-27.0.0-Release.Candidate.app/Contents/Developer/Toolchains/XcodeDefault.xctoolchain/usr/bin/swiftc -parse-as-library -module-name FlowRender -Onone @/Users/admin/builder/spi-builder-workspace/.derivedData/Build/Intermediates.noindex/FlowUI.build/Debug-watchos/FlowRender-t.build/Objects-normal/arm64_32/FlowRender.SwiftFileList -DSWIFT_PACKAGE -DDEBUG -DSWIFT_MODULE_RESOURCE_BUNDLE_AVAILABLE -DXcode -plugin-path /Applications/Xcode-27.0.0-Release.Candidate.app/Contents/Developer/Toolchains/XcodeDefault.xctoolchain/usr/lib/swift/host/plugins/testing -enable-experimental-feature DebugDescriptionMacro -sdk /Applications/Xcode-27.0.0-Release.Candidate.app/Contents/Developer/Platforms/WatchOS.platform/Developer/SDKs/WatchOS27.0.sdk -target arm64_32-apple-watchos10.0 -g -module-cache-path /Users/admin/builder/spi-builder-workspace/.derivedData/ModuleCache.noindex -Xfrontend -serialize-debugging-options -profile-coverage-mapping -profile-generate -enable-testing -index-store-path /Users/admin/builder/spi-builder-workspace/.derivedData/Index.noindex/DataStore -Xcc -D_LIBCPP_HARDENING_MODE\=_LIBCPP_HARDENING_MODE_DEBUG -swift-version 6 -I /Users/admin/builder/spi-builder-workspace/.derivedData/Build/Products/Debug-watchos -Isystem /Applications/Xcode-27.0.0-Release.Candidate.app/Contents/Developer/Platforms/WatchOS.platform/Developer/usr/lib -F /Users/admin/builder/spi-builder-workspace/.derivedData/Build/Products/Debug-watchos/PackageFrameworks -F /Users/admin/builder/spi-builder-workspace/.derivedData/Build/Products/Debug-watchos -F /Applications/Xcode-27.0.0-Release.Candidate.app/Contents/Developer/Platforms/WatchOS.platform/Developer/Library/Frameworks -F /Applications/Xcode-27.0.0-Release.Candidate.app/Contents/Developer/Platforms/WatchOS.platform/Developer/SDKs/WatchOS27.0.sdk/Developer/Library/Frameworks -c -j10 -enable-batch-mode -incremental -Xcc -ivfsstatcache -Xcc /Users/admin/builder/spi-builder-workspace/.derivedData/SDKStatCaches.noindex/watchos27.0-24R360-e829b21a6f8c9b70876ba0858053c04477534ef55a1706bf4c1112bbb242f0a2.sdkstatcache -output-file-map /Users/admin/builder/spi-builder-workspace/.derivedData/Build/Intermediates.noindex/FlowUI.build/Debug-watchos/FlowRender-t.build/Objects-normal/arm64_32/FlowRender-OutputFileMap.json -save-temps -no-color-diagnostics -explicit-module-build -module-cache-path /Users/admin/builder/spi-builder-workspace/.derivedData/Build/Intermediates.noindex/SwiftExplicitPrecompiledModules -clang-scanner-module-cache-path /Users/admin/builder/spi-builder-workspace/.derivedData/ModuleCache.noindex -sdk-module-cache-path /Users/admin/builder/spi-builder-workspace/.derivedData/SDKExplicitPrecompiledModules -emit-dependencies -emit-module -emit-module-path /Users/admin/builder/spi-builder-workspace/.derivedData/Build/Intermediates.noindex/FlowUI.build/Debug-watchos/FlowRender-t.build/Objects-normal/arm64_32/FlowRender.swiftmodule -serialize-diagnostics -dependency-scan-serialize-diagnostics-path /Users/admin/builder/spi-builder-workspace/.derivedData/Build/Intermediates.noindex/FlowUI.build/Debug-watchos/FlowRender-t.build/Objects-normal/arm64_32/FlowRender-dependency-scan.dia -validate-clang-modules-once -clang-build-session-file /Users/admin/builder/spi-builder-workspace/.derivedData/ModuleCache.noindex/Session.modulevalidation -Xcc -fmodules-prune-interval\=86400 -Xcc -fmodules-prune-after\=345600 -package-name spi_builder_workspace -emit-const-values -const-gather-protocols-list /Users/admin/builder/spi-builder-workspace/.derivedData/Build/Intermediates.noindex/FlowUI.build/Debug-watchos/FlowRender-t.build/Objects-normal/arm64_32/FlowRender_const_extract_protocols.json -Xcc -I/Users/admin/builder/spi-builder-workspace/.derivedData/Build/Products/Debug-watchos/include -Xcc -I/Users/admin/builder/spi-builder-workspace/.derivedData/Build/Intermediates.noindex/FlowUI.build/Debug-watchos/FlowRender-t.build/DerivedSources-normal/arm64_32 -Xcc -I/Users/admin/builder/spi-builder-workspace/.derivedData/Build/Intermediates.noindex/FlowUI.build/Debug-watchos/FlowRender-t.build/DerivedSources/arm64_32 -Xcc -I/Users/admin/builder/spi-builder-workspace/.derivedData/Build/Intermediates.noindex/FlowUI.build/Debug-watchos/FlowRender-t.build/DerivedSources -Xcc -DSWIFT_PACKAGE -Xcc -DDEBUG\=1 -emit-objc-header -emit-objc-header-path /Users/admin/builder/spi-builder-workspace/.derivedData/Build/Intermediates.noindex/FlowUI.build/Debug-watchos/FlowRender-t.build/Objects-normal/arm64_32/FlowRender-Swift.h -working-directory /Users/admin/builder/spi-builder-workspace/.swiftpm/xcode -experimental-emit-module-separately -disable-cmo
SwiftDriver FlowRender normal arm64 com.apple.xcode.tools.swift.compiler (in target 'FlowRender' from project 'FlowUI')
    cd /Users/admin/builder/spi-builder-workspace/.swiftpm/xcode
    builtin-SwiftDriver -- /Applications/Xcode-27.0.0-Release.Candidate.app/Contents/Developer/Toolchains/XcodeDefault.xctoolchain/usr/bin/swiftc -parse-as-library -module-name FlowRender -Onone @/Users/admin/builder/spi-builder-workspace/.derivedData/Build/Intermediates.noindex/FlowUI.build/Debug-watchos/FlowRender-t.build/Objects-normal/arm64/FlowRender.SwiftFileList -DSWIFT_PACKAGE -DDEBUG -DSWIFT_MODULE_RESOURCE_BUNDLE_AVAILABLE -DXcode -plugin-path /Applications/Xcode-27.0.0-Release.Candidate.app/Contents/Developer/Toolchains/XcodeDefault.xctoolchain/usr/lib/swift/host/plugins/testing -enable-experimental-feature DebugDescriptionMacro -sdk /Applications/Xcode-27.0.0-Release.Candidate.app/Contents/Developer/Platforms/WatchOS.platform/Developer/SDKs/WatchOS27.0.sdk -target arm64-apple-watchos10.0 -g -module-cache-path /Users/admin/builder/spi-builder-workspace/.derivedData/ModuleCache.noindex -Xfrontend -serialize-debugging-options -profile-coverage-mapping -profile-generate -enable-testing -index-store-path /Users/admin/builder/spi-builder-workspace/.derivedData/Index.noindex/DataStore -Xcc -D_LIBCPP_HARDENING_MODE\=_LIBCPP_HARDENING_MODE_DEBUG -swift-version 6 -I /Users/admin/builder/spi-builder-workspace/.derivedData/Build/Products/Debug-watchos -Isystem /Applications/Xcode-27.0.0-Release.Candidate.app/Contents/Developer/Platforms/WatchOS.platform/Developer/usr/lib -F /Users/admin/builder/spi-builder-workspace/.derivedData/Build/Products/Debug-watchos/PackageFrameworks -F /Users/admin/builder/spi-builder-workspace/.derivedData/Build/Products/Debug-watchos -F /Applications/Xcode-27.0.0-Release.Candidate.app/Contents/Developer/Platforms/WatchOS.platform/Developer/Library/Frameworks -F /Applications/Xcode-27.0.0-Release.Candidate.app/Contents/Developer/Platforms/WatchOS.platform/Developer/SDKs/WatchOS27.0.sdk/Developer/Library/Frameworks -c -j10 -enable-batch-mode -incremental -Xcc -ivfsstatcache -Xcc /Users/admin/builder/spi-builder-workspace/.derivedData/SDKStatCaches.noindex/watchos27.0-24R360-e829b21a6f8c9b70876ba0858053c04477534ef55a1706bf4c1112bbb242f0a2.sdkstatcache -output-file-map /Users/admin/builder/spi-builder-workspace/.derivedData/Build/Intermediates.noindex/FlowUI.build/Debug-watchos/FlowRender-t.build/Objects-normal/arm64/FlowRender-OutputFileMap.json -save-temps -no-color-diagnostics -explicit-module-build -module-cache-path /Users/admin/builder/spi-builder-workspace/.derivedData/Build/Intermediates.noindex/SwiftExplicitPrecompiledModules -clang-scanner-module-cache-path /Users/admin/builder/spi-builder-workspace/.derivedData/ModuleCache.noindex -sdk-module-cache-path /Users/admin/builder/spi-builder-workspace/.derivedData/SDKExplicitPrecompiledModules -emit-dependencies -emit-module -emit-module-path /Users/admin/builder/spi-builder-workspace/.derivedData/Build/Intermediates.noindex/FlowUI.build/Debug-watchos/FlowRender-t.build/Objects-normal/arm64/FlowRender.swiftmodule -serialize-diagnostics -dependency-scan-serialize-diagnostics-path /Users/admin/builder/spi-builder-workspace/.derivedData/Build/Intermediates.noindex/FlowUI.build/Debug-watchos/FlowRender-t.build/Objects-normal/arm64/FlowRender-dependency-scan.dia -validate-clang-modules-once -clang-build-session-file /Users/admin/builder/spi-builder-workspace/.derivedData/ModuleCache.noindex/Session.modulevalidation -Xcc -fmodules-prune-interval\=86400 -Xcc -fmodules-prune-after\=345600 -package-name spi_builder_workspace -emit-const-values -const-gather-protocols-list /Users/admin/builder/spi-builder-workspace/.derivedData/Build/Intermediates.noindex/FlowUI.build/Debug-watchos/FlowRender-t.build/Objects-normal/arm64/FlowRender_const_extract_protocols.json -Xcc -I/Users/admin/builder/spi-builder-workspace/.derivedData/Build/Products/Debug-watchos/include -Xcc -I/Users/admin/builder/spi-builder-workspace/.derivedData/Build/Intermediates.noindex/FlowUI.build/Debug-watchos/FlowRender-t.build/DerivedSources-normal/arm64 -Xcc -I/Users/admin/builder/spi-builder-workspace/.derivedData/Build/Intermediates.noindex/FlowUI.build/Debug-watchos/FlowRender-t.build/DerivedSources/arm64 -Xcc -I/Users/admin/builder/spi-builder-workspace/.derivedData/Build/Intermediates.noindex/FlowUI.build/Debug-watchos/FlowRender-t.build/DerivedSources -Xcc -DSWIFT_PACKAGE -Xcc -DDEBUG\=1 -emit-objc-header -emit-objc-header-path /Users/admin/builder/spi-builder-workspace/.derivedData/Build/Intermediates.noindex/FlowUI.build/Debug-watchos/FlowRender-t.build/Objects-normal/arm64/FlowRender-Swift.h -working-directory /Users/admin/builder/spi-builder-workspace/.swiftpm/xcode -experimental-emit-module-separately -disable-cmo
SwiftEmitModule normal arm64_32 Emitting\ module\ for\ FlowRender (in target 'FlowRender' from project 'FlowUI')
/Users/admin/builder/spi-builder-workspace/Sources/FlowRender/Hosting/FlowHostingController.swift:14:43: error: cannot find type 'UIHostingController' in scope
12 | ///
13 | /// Pure SwiftUI apps never need this type.
14 | public final class FlowHostingController: UIHostingController<AnyView> {
   |                                           `- error: cannot find type 'UIHostingController' in scope
15 |     public init(
16 |         store: PageStore,
Failed frontend command:
SwiftCompile normal arm64_32 (in target 'FlowRender' from project 'FlowUI')
    cd /Users/admin/builder/spi-builder-workspace/.swiftpm/xcode

/Applications/Xcode-27.0.0-Release.Candidate.app/Contents/Developer/Toolchains/XcodeDefault.xctoolchain/usr/bin/swift-frontend -frontend -emit-module -experimental-skip-non-inlinable-function-bodies-without-types /Users/admin/builder/spi-builder-workspace/.derivedData/Build/Intermediates.noindex/FlowUI.build/Debug-watchos/FlowRender-t.build/DerivedSources/resource_bundle_accessor.swift /Users/admin/builder/spi-builder-workspace/Sources/FlowRender/Actions/ActionDispatcher.swift /Users/admin/builder/spi-builder-workspace/Sources/FlowRender/Actions/BuiltInHandlers.swift /Users/admin/builder/spi-builder-workspace/Sources/FlowRender/Actions/FlowPresenter.swift /Users/admin/builder/spi-builder-workspace/Sources/FlowRender/Atoms/FlowButton.swift /Users/admin/builder/spi-builder-workspace/Sources/FlowRender/Atoms/FlowGradient.swift /Users/admin/builder/spi-builder-workspace/Sources/FlowRender/Atoms/FlowIcon.swift /Users/admin/builder/spi-builder-workspace/Sources/FlowRender/Atoms/FlowImage.swift /Users/admin/builder/spi-builder-workspace/Sources/FlowRender/Atoms/FlowSeparator.swift /Users/admin/builder/spi-builder-workspace/Sources/FlowRender/Atoms/FlowTag.swift /Users/admin/builder/spi-builder-workspace/Sources/FlowRender/Atoms/FlowText.swift /Users/admin/builder/spi-builder-workspace/Sources/FlowRender/Atoms/ImageLoading.swift /Users/admin/builder/spi-builder-workspace/Sources/FlowRender/Debug/FlowDebugOverlay.swift /Users/admin/builder/spi-builder-workspace/Sources/FlowRender/Hosting/FlowHostingController.swift /Users/admin/builder/spi-builder-workspace/Sources/FlowRender/Modifiers/ShimmerModifier.swift /Users/admin/builder/spi-builder-workspace/Sources/FlowRender/Modifiers/SkeletonModifier.swift /Users/admin/builder/spi-builder-workspace/Sources/FlowRender/Modifiers/WidgetLayoutModifier.swift /Users/admin/builder/spi-builder-workspace/Sources/FlowRender/Page/ActionRelay.swift /Users/admin/builder/spi-builder-workspace/Sources/FlowRender/Page/FlowNavBar.swift /Users/admin/builder/spi-builder-workspace/Sources/FlowRender/Page/FlowPageView.swift /Users/admin/builder/spi-builder-workspace/Sources/FlowRender/Page/PageStateViews.swift /Users/admin/builder/spi-builder-workspace/Sources/FlowRender/Page/PageStore.swift /Users/admin/builder/spi-builder-workspace/Sources/FlowRender/Page/SectionRenderer.swift /Users/admin/builder/spi-builder-workspace/Sources/FlowRender/Page/WidgetRowView.swift /Users/admin/builder/spi-builder-workspace/Sources/FlowRender/Registry/WidgetRegistry.swift /Users/admin/builder/spi-builder-workspace/Sources/FlowRender/Registry/WidgetView.swift /Users/admin/builder/spi-builder-workspace/Sources/FlowRender/Sheet/FlowSheetView.swift /Users/admin/builder/spi-builder-workspace/Sources/FlowRender/Sheet/ToastView.swift /Users/admin/builder/spi-builder-workspace/Sources/FlowRender/State/WidgetStateStore.swift /Users/admin/builder/spi-builder-workspace/Sources/FlowRender/Theme/ColorResolution.swift /Users/admin/builder/spi-builder-workspace/Sources/FlowRender/Theme/DynamicTypeScaling.swift /Users/admin/builder/spi-builder-workspace/Sources/FlowRender/Theme/FlowEnvironment.swift /Users/admin/builder/spi-builder-workspace/Sources/FlowRender/Theme/GeometryMapping.swift /Users/admin/builder/spi-builder-workspace/Sources/FlowRender/Theme/ThemeProvider.swift /Users/admin/builder/spi-builder-workspace/Sources/FlowRender/Tracking/TrackingSink.swift -target arm64_32-apple-watchos10.0 -module-can-import-version UIKit 9127.0.84.1 9127.0.84 -disable-cross-import-overlay-search -load-resolved-plugin /Applications/Xcode-27.0.0-Release.Candidate.app/Contents/Developer/Platforms/WatchOS.platform/Developer/usr/lib/swift/host/plugins/libFoundationMacros.dylib\#/Applications/Xcode-27.0.0-Release.Candidate.app/Contents/Developer/Platforms/WatchOS.platform/Developer/usr/bin/swift-plugin-server\#FoundationMacros -load-resolved-plugin /Applications/Xcode-27.0.0-Release.Candidate.app/Contents/Developer/Platforms/WatchOS.platform/Developer/usr/lib/swift/host/plugins/libObservationMacros.dylib\#/Applications/Xcode-27.0.0-Release.Candidate.app/Contents/Developer/Platforms/WatchOS.platform/Developer/usr/bin/swift-plugin-server\#ObservationMacros -load-resolved-plugin /Applications/Xcode-27.0.0-Release.Candidate.app/Contents/Developer/Platforms/WatchOS.platform/Developer/usr/lib/swift/host/plugins/libPreviewsMacros.dylib\#/Applications/Xcode-27.0.0-Release.Candidate.app/Contents/Developer/Platforms/WatchOS.platform/Developer/usr/bin/swift-plugin-server\#PreviewsMacros -load-resolved-plugin /Applications/Xcode-27.0.0-Release.Candidate.app/Contents/Developer/Platforms/WatchOS.platform/Developer/usr/lib/swift/host/plugins/libSwiftMacros.dylib\#/Applications/Xcode-27.0.0-Release.Candidate.app/Contents/Developer/Platforms/WatchOS.platform/Developer/usr/bin/swift-plugin-server\#SwiftMacros -load-resolved-plugin /Applications/Xcode-27.0.0-Release.Candidate.app/Contents/Developer/Platforms/WatchOS.platform/Developer/usr/lib/swift/host/plugins/libSwiftUIMacros.dylib\#/Applications/Xcode-27.0.0-Release.Candidate.app/Contents/Developer/Platforms/WatchOS.platform/Developer/usr/bin/swift-plugin-server\#SwiftUIMacros -disable-implicit-swift-modules -Xcc -fno-implicit-modules -Xcc -fno-implicit-module-maps -explicit-swift-module-map-file /Users/admin/builder/spi-builder-workspace/.derivedData/Build/Intermediates.noindex/FlowUI.build/Debug-watchos/FlowRender-t.build/Objects-normal/arm64_32/FlowRender-dependencies-2.json -enable-objc-interop -sdk /Applications/Xcode-27.0.0-Release.Candidate.app/Contents/Developer/Platforms/WatchOS.platform/Developer/SDKs/WatchOS27.0.sdk -I /Users/admin/builder/spi-builder-workspace/.derivedData/Build/Products/Debug-watchos -Isystem /Applications/Xcode-27.0.0-Release.Candidate.app/Contents/Developer/Platforms/WatchOS.platform/Developer/usr/lib -F /Users/admin/builder/spi-builder-workspace/.derivedData/Build/Products/Debug-watchos/PackageFrameworks -F /Users/admin/builder/spi-builder-workspace/.derivedData/Build/Products/Debug-watchos -F /Applications/Xcode-27.0.0-Release.Candidate.app/Contents/Developer/Platforms/WatchOS.platform/Developer/Library/Frameworks -F /Applications/Xcode-27.0.0-Release.Candidate.app/Contents/Developer/Platforms/WatchOS.platform/Developer/SDKs/WatchOS27.0.sdk/Developer/Library/Frameworks -module-cache-path /Users/admin/builder/spi-builder-workspace/.derivedData/Build/Intermediates.noindex/SwiftExplicitPrecompiledModules -no-color-diagnostics -Xcc -fno-color-diagnostics -enable-testing -g -debug-info-format\=dwarf -dwarf-version\=4 -profile-generate -profile-coverage-mapping -swift-version 6 -Onone -D SWIFT_PACKAGE -D DEBUG -D SWIFT_MODULE_RESOURCE_BUNDLE_AVAILABLE -D Xcode -serialize-debugging-options -enable-experimental-feature DebugDescriptionMacro -empty-abi-descriptor -validate-clang-modules-once -clang-build-session-file /Users/admin/builder/spi-builder-workspace/.derivedData/ModuleCache.noindex/Session.modulevalidation -Xcc -working-directory -Xcc /Users/admin/builder/spi-builder-workspace/.swiftpm/xcode -enable-anonymous-context-mangled-names -file-compilation-dir /Users/admin/builder/spi-builder-workspace/.swiftpm/xcode -Xcc -D_LIBCPP_HARDENING_MODE\=_LIBCPP_HARDENING_MODE_DEBUG -Xcc -ivfsstatcache -Xcc /Users/admin/builder/spi-builder-workspace/.derivedData/SDKStatCaches.noindex/watchos27.0-24R360-e829b21a6f8c9b70876ba0858053c04477534ef55a1706bf4c1112bbb242f0a2.sdkstatcache -Xcc -fmodules-prune-interval\=86400 -Xcc -fmodules-prune-after\=345600 -Xcc -I/Users/admin/builder/spi-builder-workspace/.derivedData/Build/Products/Debug-watchos/include -Xcc -I/Users/admin/builder/spi-builder-workspace/.derivedData/Build/Intermediates.noindex/FlowUI.build/Debug-watchos/FlowRender-t.build/DerivedSources-normal/arm64_32 -Xcc -I/Users/admin/builder/spi-builder-workspace/.derivedData/Build/Intermediates.noindex/FlowUI.build/Debug-watchos/FlowRender-t.build/DerivedSources/arm64_32 -Xcc -I/Users/admin/builder/spi-builder-workspace/.derivedData/Build/Intermediates.noindex/FlowUI.build/Debug-watchos/FlowRender-t.build/DerivedSources -Xcc -DSWIFT_PACKAGE -Xcc -DDEBUG\=1 -no-auto-bridging-header-chaining -module-name FlowRender -package-name spi_builder_workspace -const-gather-protocols-file /Users/admin/builder/spi-builder-workspace/.derivedData/Build/Intermediates.noindex/FlowUI.build/Debug-watchos/FlowRender-t.build/Objects-normal/arm64_32/FlowRender_const_extract_protocols.json -disable-clang-spi -clang-target arm64_32-apple-watchos27.0 -target-sdk-version 27.0 -target-sdk-name watchos27.0 -in-process-plugin-server-path /Applications/Xcode-27.0.0-Release.Candidate.app/Contents/Developer/Toolchains/XcodeDefault.xctoolchain/usr/lib/swift/host/libSwiftInProcPluginServer.dylib -emit-module-doc-path /Users/admin/builder/spi-builder-workspace/.derivedData/Build/Intermediates.noindex/FlowUI.build/Debug-watchos/FlowRender-t.build/Objects-normal/arm64_32/FlowRender.swiftdoc -emit-module-source-info-path /Users/admin/builder/spi-builder-workspace/.derivedData/Build/Intermediates.noindex/FlowUI.build/Debug-watchos/FlowRender-t.build/Objects-normal/arm64_32/FlowRender.swiftsourceinfo -emit-objc-header-path /Users/admin/builder/spi-builder-workspace/.derivedData/Build/Intermediates.noindex/FlowUI.build/Debug-watchos/FlowRender-t.build/Objects-normal/arm64_32/FlowRender-Swift.h -serialize-diagnostics-path /Users/admin/builder/spi-builder-workspace/.derivedData/Build/Intermediates.noindex/FlowUI.build/Debug-watchos/FlowRender-t.build/Objects-normal/arm64_32/FlowRender-primary-emit-module.dia -emit-dependencies-path /Users/admin/builder/spi-builder-workspace/.derivedData/Build/Intermediates.noindex/FlowUI.build/Debug-watchos/FlowRender-t.build/Objects-normal/arm64_32/FlowRender-primary-emit-module.d -parse-as-library -o /Users/admin/builder/spi-builder-workspace/.derivedData/Build/Intermediates.noindex/FlowUI.build/Debug-watchos/FlowRender-t.build/Objects-normal/arm64_32/FlowRender.swiftmodule -emit-abi-descriptor-path /Users/admin/builder/spi-builder-workspace/.derivedData/Build/Intermediates.noindex/FlowUI.build/Debug-watchos/FlowRender-t.build/Objects-normal/arm64_32/FlowRender.abi.json
SwiftCompile normal arm64_32 Compiling\ PageStateViews.swift,\ PageStore.swift,\ SectionRenderer.swift /Users/admin/builder/spi-builder-workspace/Sources/FlowRender/Page/PageStateViews.swift /Users/admin/builder/spi-builder-workspace/Sources/FlowRender/Page/PageStore.swift /Users/admin/builder/spi-builder-workspace/Sources/FlowRender/Page/SectionRenderer.swift (in target 'FlowRender' from project 'FlowUI')
SwiftCompile normal arm64_32 /Users/admin/builder/spi-builder-workspace/Sources/FlowRender/Page/PageStateViews.swift (in target 'FlowRender' from project 'FlowUI')
    cd /Users/admin/builder/spi-builder-workspace/.swiftpm/xcode
    builtin-SwiftPerFileCompile PageStateViews.swift
SwiftCompile normal arm64_32 /Users/admin/builder/spi-builder-workspace/Sources/FlowRender/Page/PageStore.swift (in target 'FlowRender' from project 'FlowUI')
    cd /Users/admin/builder/spi-builder-workspace/.swiftpm/xcode
    builtin-SwiftPerFileCompile PageStore.swift
SwiftCompile normal arm64_32 /Users/admin/builder/spi-builder-workspace/Sources/FlowRender/Page/SectionRenderer.swift (in target 'FlowRender' from project 'FlowUI')
    cd /Users/admin/builder/spi-builder-workspace/.swiftpm/xcode
    builtin-SwiftPerFileCompile SectionRenderer.swift
SwiftCompile normal arm64_32 Compiling\ FlowButton.swift,\ FlowGradient.swift,\ FlowIcon.swift,\ FlowImage.swift /Users/admin/builder/spi-builder-workspace/Sources/FlowRender/Atoms/FlowButton.swift /Users/admin/builder/spi-builder-workspace/Sources/FlowRender/Atoms/FlowGradient.swift /Users/admin/builder/spi-builder-workspace/Sources/FlowRender/Atoms/FlowIcon.swift /Users/admin/builder/spi-builder-workspace/Sources/FlowRender/Atoms/FlowImage.swift (in target 'FlowRender' from project 'FlowUI')
SwiftCompile normal arm64_32 /Users/admin/builder/spi-builder-workspace/Sources/FlowRender/Atoms/FlowButton.swift (in target 'FlowRender' from project 'FlowUI')
    cd /Users/admin/builder/spi-builder-workspace/.swiftpm/xcode
    builtin-SwiftPerFileCompile FlowButton.swift
SwiftCompile normal arm64_32 /Users/admin/builder/spi-builder-workspace/Sources/FlowRender/Atoms/FlowGradient.swift (in target 'FlowRender' from project 'FlowUI')
    cd /Users/admin/builder/spi-builder-workspace/.swiftpm/xcode
    builtin-SwiftPerFileCompile FlowGradient.swift
SwiftCompile normal arm64_32 /Users/admin/builder/spi-builder-workspace/Sources/FlowRender/Atoms/FlowIcon.swift (in target 'FlowRender' from project 'FlowUI')
    cd /Users/admin/builder/spi-builder-workspace/.swiftpm/xcode
    builtin-SwiftPerFileCompile FlowIcon.swift
SwiftCompile normal arm64_32 /Users/admin/builder/spi-builder-workspace/Sources/FlowRender/Atoms/FlowImage.swift (in target 'FlowRender' from project 'FlowUI')
    cd /Users/admin/builder/spi-builder-workspace/.swiftpm/xcode
    builtin-SwiftPerFileCompile FlowImage.swift
SwiftCompile normal arm64_32 Compiling\ WidgetRowView.swift,\ WidgetRegistry.swift,\ WidgetView.swift /Users/admin/builder/spi-builder-workspace/Sources/FlowRender/Page/WidgetRowView.swift /Users/admin/builder/spi-builder-workspace/Sources/FlowRender/Registry/WidgetRegistry.swift /Users/admin/builder/spi-builder-workspace/Sources/FlowRender/Registry/WidgetView.swift (in target 'FlowRender' from project 'FlowUI')
SwiftCompile normal arm64_32 /Users/admin/builder/spi-builder-workspace/Sources/FlowRender/Page/WidgetRowView.swift (in target 'FlowRender' from project 'FlowUI')
    cd /Users/admin/builder/spi-builder-workspace/.swiftpm/xcode
    builtin-SwiftPerFileCompile WidgetRowView.swift
SwiftCompile normal arm64_32 /Users/admin/builder/spi-builder-workspace/Sources/FlowRender/Registry/WidgetRegistry.swift (in target 'FlowRender' from project 'FlowUI')
    cd /Users/admin/builder/spi-builder-workspace/.swiftpm/xcode
    builtin-SwiftPerFileCompile WidgetRegistry.swift
SwiftCompile normal arm64_32 /Users/admin/builder/spi-builder-workspace/Sources/FlowRender/Registry/WidgetView.swift (in target 'FlowRender' from project 'FlowUI')
    cd /Users/admin/builder/spi-builder-workspace/.swiftpm/xcode
    builtin-SwiftPerFileCompile WidgetView.swift
SwiftCompile normal arm64_32 Compiling\ resource_bundle_accessor.swift,\ ActionDispatcher.swift,\ BuiltInHandlers.swift,\ FlowPresenter.swift /Users/admin/builder/spi-builder-workspace/.derivedData/Build/Intermediates.noindex/FlowUI.build/Debug-watchos/FlowRender-t.build/DerivedSources/resource_bundle_accessor.swift /Users/admin/builder/spi-builder-workspace/Sources/FlowRender/Actions/ActionDispatcher.swift /Users/admin/builder/spi-builder-workspace/Sources/FlowRender/Actions/BuiltInHandlers.swift /Users/admin/builder/spi-builder-workspace/Sources/FlowRender/Actions/FlowPresenter.swift (in target 'FlowRender' from project 'FlowUI')
SwiftCompile normal arm64_32 /Users/admin/builder/spi-builder-workspace/.derivedData/Build/Intermediates.noindex/FlowUI.build/Debug-watchos/FlowRender-t.build/DerivedSources/resource_bundle_accessor.swift (in target 'FlowRender' from project 'FlowUI')
    cd /Users/admin/builder/spi-builder-workspace/.swiftpm/xcode
    builtin-SwiftPerFileCompile resource_bundle_accessor.swift
SwiftCompile normal arm64_32 /Users/admin/builder/spi-builder-workspace/Sources/FlowRender/Actions/ActionDispatcher.swift (in target 'FlowRender' from project 'FlowUI')
    cd /Users/admin/builder/spi-builder-workspace/.swiftpm/xcode
    builtin-SwiftPerFileCompile ActionDispatcher.swift
SwiftCompile normal arm64_32 /Users/admin/builder/spi-builder-workspace/Sources/FlowRender/Actions/BuiltInHandlers.swift (in target 'FlowRender' from project 'FlowUI')
    cd /Users/admin/builder/spi-builder-workspace/.swiftpm/xcode
    builtin-SwiftPerFileCompile BuiltInHandlers.swift
SwiftCompile normal arm64_32 /Users/admin/builder/spi-builder-workspace/Sources/FlowRender/Actions/FlowPresenter.swift (in target 'FlowRender' from project 'FlowUI')
    cd /Users/admin/builder/spi-builder-workspace/.swiftpm/xcode
    builtin-SwiftPerFileCompile FlowPresenter.swift
SwiftCompile normal arm64_32 Compiling\ FlowDebugOverlay.swift,\ FlowHostingController.swift,\ ShimmerModifier.swift,\ SkeletonModifier.swift /Users/admin/builder/spi-builder-workspace/Sources/FlowRender/Debug/FlowDebugOverlay.swift /Users/admin/builder/spi-builder-workspace/Sources/FlowRender/Hosting/FlowHostingController.swift /Users/admin/builder/spi-builder-workspace/Sources/FlowRender/Modifiers/ShimmerModifier.swift /Users/admin/builder/spi-builder-workspace/Sources/FlowRender/Modifiers/SkeletonModifier.swift (in target 'FlowRender' from project 'FlowUI')
/Users/admin/builder/spi-builder-workspace/Sources/FlowRender/Debug/FlowDebugOverlay.swift:76:31: error: 'segmented' is unavailable in watchOS
 74 |                     Text("Inspector").tag(2)
 75 |                 }
 76 |                 .pickerStyle(.segmented)
    |                               `- error: 'segmented' is unavailable in watchOS
 77 |                 .padding()
 78 |
SwiftUI.PickerStyle.segmented:2:43: note: 'segmented' has been explicitly marked unavailable here
1 | protocol PickerStyle {
2 | @export(implementation) public static var segmented: SegmentedPickerStyle { get }}
  |                                           `- note: 'segmented' has been explicitly marked unavailable here
3 |
/Users/admin/builder/spi-builder-workspace/Sources/FlowRender/Hosting/FlowHostingController.swift:14:43: error: cannot find type 'UIHostingController' in scope
12 | ///
13 | /// Pure SwiftUI apps never need this type.
14 | public final class FlowHostingController: UIHostingController<AnyView> {
   |                                           `- error: cannot find type 'UIHostingController' in scope
15 |     public init(
16 |         store: PageStore,
/Users/admin/builder/spi-builder-workspace/Sources/FlowRender/Hosting/FlowHostingController.swift:24:9: error: 'super' cannot be used in class 'FlowHostingController' because it has no superclass
22 |             root = AnyView(root.flowTheme(theme))
23 |         }
24 |         super.init(rootView: root)
   |         `- error: 'super' cannot be used in class 'FlowHostingController' because it has no superclass
25 |     }
26 |
/Users/admin/builder/spi-builder-workspace/Sources/FlowRender/Hosting/FlowHostingController.swift:20:28: warning: call to main actor-isolated initializer 'init(store:dispatcher:presenter:)' in a synchronous nonisolated context [#ActorIsolatedCall]
18 |         theme: (any ThemeProvider)? = nil
19 |     ) {
20 |         var root = AnyView(FlowPageView(store: store, dispatcher: dispatcher))
   |                            `- warning: call to main actor-isolated initializer 'init(store:dispatcher:presenter:)' in a synchronous nonisolated context [#ActorIsolatedCall]
21 |         if let theme {
22 |             root = AnyView(root.flowTheme(theme))
/Users/admin/builder/spi-builder-workspace/Sources/FlowRender/Page/FlowPageView.swift:161:5: note: calls to initializer 'init(store:dispatcher:presenter:)' from outside of its actor context are implicitly asynchronous
159 | public extension FlowPageView where LoadingView == DefaultPageSkeleton {
160 |     /// Creates a page with the default shimmering skeleton as its loading view.
161 |     init(store: PageStore, dispatcher: ActionDispatcher? = nil, presenter: FlowPresenter? = nil) {
    |     |- note: calls to initializer 'init(store:dispatcher:presenter:)' from outside of its actor context are implicitly asynchronous
    |     `- note: main actor isolation inferred from conformance to protocol 'View'
162 |         self.init(store: store, dispatcher: dispatcher, presenter: presenter) { DefaultPageSkeleton() }
163 |     }
SwiftCompile normal arm64_32 /Users/admin/builder/spi-builder-workspace/Sources/FlowRender/Debug/FlowDebugOverlay.swift (in target 'FlowRender' from project 'FlowUI')
    cd /Users/admin/builder/spi-builder-workspace/.swiftpm/xcode
    builtin-SwiftPerFileCompile FlowDebugOverlay.swift
SwiftCompile normal arm64_32 /Users/admin/builder/spi-builder-workspace/Sources/FlowRender/Hosting/FlowHostingController.swift (in target 'FlowRender' from project 'FlowUI')
    cd /Users/admin/builder/spi-builder-workspace/.swiftpm/xcode
    builtin-SwiftPerFileCompile FlowHostingController.swift
SwiftCompile normal arm64_32 /Users/admin/builder/spi-builder-workspace/Sources/FlowRender/Modifiers/ShimmerModifier.swift (in target 'FlowRender' from project 'FlowUI')
    cd /Users/admin/builder/spi-builder-workspace/.swiftpm/xcode
    builtin-SwiftPerFileCompile ShimmerModifier.swift
SwiftCompile normal arm64_32 /Users/admin/builder/spi-builder-workspace/Sources/FlowRender/Modifiers/SkeletonModifier.swift (in target 'FlowRender' from project 'FlowUI')
    cd /Users/admin/builder/spi-builder-workspace/.swiftpm/xcode
    builtin-SwiftPerFileCompile SkeletonModifier.swift
SwiftCompile normal arm64_32 Compiling\ GeometryMapping.swift,\ ThemeProvider.swift,\ TrackingSink.swift /Users/admin/builder/spi-builder-workspace/Sources/FlowRender/Theme/GeometryMapping.swift /Users/admin/builder/spi-builder-workspace/Sources/FlowRender/Theme/ThemeProvider.swift /Users/admin/builder/spi-builder-workspace/Sources/FlowRender/Tracking/TrackingSink.swift (in target 'FlowRender' from project 'FlowUI')
SwiftCompile normal arm64_32 /Users/admin/builder/spi-builder-workspace/Sources/FlowRender/Theme/GeometryMapping.swift (in target 'FlowRender' from project 'FlowUI')
    cd /Users/admin/builder/spi-builder-workspace/.swiftpm/xcode
    builtin-SwiftPerFileCompile GeometryMapping.swift
SwiftCompile normal arm64_32 /Users/admin/builder/spi-builder-workspace/Sources/FlowRender/Theme/ThemeProvider.swift (in target 'FlowRender' from project 'FlowUI')
    cd /Users/admin/builder/spi-builder-workspace/.swiftpm/xcode
    builtin-SwiftPerFileCompile ThemeProvider.swift
SwiftCompile normal arm64_32 /Users/admin/builder/spi-builder-workspace/Sources/FlowRender/Tracking/TrackingSink.swift (in target 'FlowRender' from project 'FlowUI')
    cd /Users/admin/builder/spi-builder-workspace/.swiftpm/xcode
    builtin-SwiftPerFileCompile TrackingSink.swift
SwiftCompile normal arm64_32 Compiling\ WidgetLayoutModifier.swift,\ ActionRelay.swift,\ FlowNavBar.swift,\ FlowPageView.swift /Users/admin/builder/spi-builder-workspace/Sources/FlowRender/Modifiers/WidgetLayoutModifier.swift /Users/admin/builder/spi-builder-workspace/Sources/FlowRender/Page/ActionRelay.swift /Users/admin/builder/spi-builder-workspace/Sources/FlowRender/Page/FlowNavBar.swift /Users/admin/builder/spi-builder-workspace/Sources/FlowRender/Page/FlowPageView.swift (in target 'FlowRender' from project 'FlowUI')
SwiftCompile normal arm64_32 /Users/admin/builder/spi-builder-workspace/Sources/FlowRender/Modifiers/WidgetLayoutModifier.swift (in target 'FlowRender' from project 'FlowUI')
    cd /Users/admin/builder/spi-builder-workspace/.swiftpm/xcode
    builtin-SwiftPerFileCompile WidgetLayoutModifier.swift
SwiftCompile normal arm64_32 /Users/admin/builder/spi-builder-workspace/Sources/FlowRender/Page/ActionRelay.swift (in target 'FlowRender' from project 'FlowUI')
    cd /Users/admin/builder/spi-builder-workspace/.swiftpm/xcode
    builtin-SwiftPerFileCompile ActionRelay.swift
SwiftCompile normal arm64_32 /Users/admin/builder/spi-builder-workspace/Sources/FlowRender/Page/FlowNavBar.swift (in target 'FlowRender' from project 'FlowUI')
    cd /Users/admin/builder/spi-builder-workspace/.swiftpm/xcode
    builtin-SwiftPerFileCompile FlowNavBar.swift
SwiftCompile normal arm64_32 /Users/admin/builder/spi-builder-workspace/Sources/FlowRender/Page/FlowPageView.swift (in target 'FlowRender' from project 'FlowUI')
    cd /Users/admin/builder/spi-builder-workspace/.swiftpm/xcode
    builtin-SwiftPerFileCompile FlowPageView.swift
SwiftCompile normal arm64_32 Compiling\ FlowSheetView.swift,\ ToastView.swift,\ WidgetStateStore.swift /Users/admin/builder/spi-builder-workspace/Sources/FlowRender/Sheet/FlowSheetView.swift /Users/admin/builder/spi-builder-workspace/Sources/FlowRender/Sheet/ToastView.swift /Users/admin/builder/spi-builder-workspace/Sources/FlowRender/State/WidgetStateStore.swift (in target 'FlowRender' from project 'FlowUI')
SwiftCompile normal arm64_32 /Users/admin/builder/spi-builder-workspace/Sources/FlowRender/Sheet/FlowSheetView.swift (in target 'FlowRender' from project 'FlowUI')
    cd /Users/admin/builder/spi-builder-workspace/.swiftpm/xcode
    builtin-SwiftPerFileCompile FlowSheetView.swift
SwiftCompile normal arm64_32 /Users/admin/builder/spi-builder-workspace/Sources/FlowRender/Sheet/ToastView.swift (in target 'FlowRender' from project 'FlowUI')
    cd /Users/admin/builder/spi-builder-workspace/.swiftpm/xcode
    builtin-SwiftPerFileCompile ToastView.swift
SwiftCompile normal arm64_32 /Users/admin/builder/spi-builder-workspace/Sources/FlowRender/State/WidgetStateStore.swift (in target 'FlowRender' from project 'FlowUI')
    cd /Users/admin/builder/spi-builder-workspace/.swiftpm/xcode
    builtin-SwiftPerFileCompile WidgetStateStore.swift
SwiftCompile normal arm64_32 Compiling\ FlowSeparator.swift,\ FlowTag.swift,\ FlowText.swift,\ ImageLoading.swift /Users/admin/builder/spi-builder-workspace/Sources/FlowRender/Atoms/FlowSeparator.swift /Users/admin/builder/spi-builder-workspace/Sources/FlowRender/Atoms/FlowTag.swift /Users/admin/builder/spi-builder-workspace/Sources/FlowRender/Atoms/FlowText.swift /Users/admin/builder/spi-builder-workspace/Sources/FlowRender/Atoms/ImageLoading.swift (in target 'FlowRender' from project 'FlowUI')
SwiftCompile normal arm64_32 /Users/admin/builder/spi-builder-workspace/Sources/FlowRender/Atoms/FlowSeparator.swift (in target 'FlowRender' from project 'FlowUI')
    cd /Users/admin/builder/spi-builder-workspace/.swiftpm/xcode
    builtin-SwiftPerFileCompile FlowSeparator.swift
SwiftCompile normal arm64_32 /Users/admin/builder/spi-builder-workspace/Sources/FlowRender/Atoms/FlowTag.swift (in target 'FlowRender' from project 'FlowUI')
    cd /Users/admin/builder/spi-builder-workspace/.swiftpm/xcode
    builtin-SwiftPerFileCompile FlowTag.swift
SwiftCompile normal arm64_32 /Users/admin/builder/spi-builder-workspace/Sources/FlowRender/Atoms/FlowText.swift (in target 'FlowRender' from project 'FlowUI')
    cd /Users/admin/builder/spi-builder-workspace/.swiftpm/xcode
    builtin-SwiftPerFileCompile FlowText.swift
SwiftCompile normal arm64_32 /Users/admin/builder/spi-builder-workspace/Sources/FlowRender/Atoms/ImageLoading.swift (in target 'FlowRender' from project 'FlowUI')
    cd /Users/admin/builder/spi-builder-workspace/.swiftpm/xcode
    builtin-SwiftPerFileCompile ImageLoading.swift
SwiftEmitModule normal arm64 Emitting\ module\ for\ FlowRender (in target 'FlowRender' from project 'FlowUI')
SwiftCompile normal arm64 (in target 'FlowRender' from project 'FlowUI')
    cd /Users/admin/builder/spi-builder-workspace/.swiftpm/xcode

PruneExplicitPrecompiledModules /Users/admin/builder/spi-builder-workspace/.derivedData/Build/Intermediates.noindex/SwiftExplicitPrecompiledModules
PruneExplicitPrecompiledModules /Users/admin/builder/spi-builder-workspace/.derivedData/Build/Intermediates.noindex/ExplicitPrecompiledModules
PruneExplicitPrecompiledModules /Users/admin/builder/spi-builder-workspace/.derivedData/SDKExplicitPrecompiledModules
2026-09-26 23:09:03.575 xcodebuild[846:4947] [MT] IDERunDestination: Supported platforms for the buildables in the current scheme is empty.
** BUILD FAILED **
The following build commands failed:
	SwiftCompile normal arm64_32 (in target 'FlowRender' from project 'FlowUI')
	SwiftEmitModule normal arm64_32 Emitting\ module\ for\ FlowRender (in target 'FlowRender' from project 'FlowUI')
	Building workspace FlowUI with scheme FlowUI-Package
(3 failures)
BUILD FAILURE 6.4 watchOS