Build Information
Failed to build MinFraudDevice, reference main (fbdac9), with Swift 6.2 for Linux on 10 Oct 2026 07:04:05 UTC.
Build Command
bash -c docker run --pull=always --rm -v "checkouts-54344845-0":/host -w "$PWD" -e JAVA_HOME="/root/.sdkman/candidates/java/current" -e SPI_BUILD="1" -e SPI_PROCESSING="1" registry.gitlab.com/saguaro1/spi-images:basic-6.2-latest swift build --triple x86_64-unknown-linux-gnu 2>&1Build Log
========================================
RunAll
========================================
Builder version: 5.1.1
Interrupt handler set up.
========================================
Checkout
========================================
Clone URL: https://github.com/maxmind/device-ios.git
Reference: main
Initialized empty Git repository in /host/spi-builder-workspace/.git/
hint: Using 'master' as the name for the initial branch. This default branch name
hint: is subject to change. To configure the initial branch name to use in all
hint: of your new repositories, which will suppress this warning, call:
hint:
hint: git config --global init.defaultBranch <name>
hint:
hint: Names commonly chosen instead of 'master' are 'main', 'trunk' and
hint: 'development'. The just-created branch can be renamed via this command:
hint:
hint: git branch -m <name>
From https://github.com/maxmind/device-ios
* branch main -> FETCH_HEAD
* [new branch] main -> origin/main
HEAD is now at fbdac94 Merge pull request #54 from maxmind/dependabot/github_actions/codeql-4b2c77c676
Cloned https://github.com/maxmind/device-ios.git
Revision (git rev-parse @):
fbdac94bbb22accc246af1c5eecfc97154798cec
SPI manifest file found: $PWD/.spi.yml
SUCCESS checkout https://github.com/maxmind/device-ios.git at main
========================================
Build
========================================
Selected platform: linux
Swift version: 6.2
Building package at path: $PWD
https://github.com/maxmind/device-ios.git
Running build ...
bash -c docker run --pull=always --rm -v "checkouts-54344845-0":/host -w "$PWD" -e JAVA_HOME="/root/.sdkman/candidates/java/current" -e SPI_BUILD="1" -e SPI_PROCESSING="1" registry.gitlab.com/saguaro1/spi-images:basic-6.2-latest swift build --triple x86_64-unknown-linux-gnu 2>&1
basic-6.2-latest: Pulling from saguaro1/spi-images
Digest: sha256:24009fa1488c01937630ee3297a7a7a1872c773069724929dff85071fefc3743
Status: Image is up to date for registry.gitlab.com/saguaro1/spi-images:basic-6.2-latest
warning: 'spi-builder-workspace': ignoring target 'MinFraudDeviceObjCTests' in package 'spi-builder-workspace'; C language in tests is not yet supported
Building for debugging...
[0/3] Write sources
[0/3] Copying PrivacyInfo.xcprivacy
[2/3] Write swift-version-24593BA9C3E375BF.txt
[4/15] Compiling MinFraudDevice KeychainStorage.swift
/host/spi-builder-workspace/Sources/MinFraudDevice/Collector/DeviceDataCollector.swift:2:8: error: no such module 'os'
1 | import Foundation
2 | import os
| `- error: no such module 'os'
3 | import UIKit
4 |
[5/16] Compiling MinFraudDevice resource_bundle_accessor.swift
/host/spi-builder-workspace/Sources/MinFraudDevice/Collector/DeviceDataCollector.swift:2:8: error: no such module 'os'
1 | import Foundation
2 | import os
| `- error: no such module 'os'
3 | import UIKit
4 |
[6/16] Compiling MinFraudDevice DeviceTracker.swift
/host/spi-builder-workspace/Sources/MinFraudDevice/Collector/DeviceDataCollector.swift:2:8: error: no such module 'os'
1 | import Foundation
2 | import os
| `- error: no such module 'os'
3 | import UIKit
4 |
[7/16] Compiling MinFraudDevice DeviceData.swift
/host/spi-builder-workspace/Sources/MinFraudDevice/Collector/DeviceDataCollector.swift:2:8: error: no such module 'os'
1 | import Foundation
2 | import os
| `- error: no such module 'os'
3 | import UIKit
4 |
[8/16] Compiling MinFraudDevice MMSDKConfig.swift
/host/spi-builder-workspace/Sources/MinFraudDevice/Collector/DeviceDataCollector.swift:2:8: error: no such module 'os'
1 | import Foundation
2 | import os
| `- error: no such module 'os'
3 | import UIKit
4 |
error: emit-module command failed with exit code 1 (use -v to see invocation)
[9/16] Compiling MinFraudDevice MMTrackingResult.swift
/host/spi-builder-workspace/Sources/MinFraudDevice/Collector/DeviceDataCollector.swift:2:8: error: no such module 'os'
1 | import Foundation
2 | import os
| `- error: no such module 'os'
3 | import UIKit
4 |
[10/16] Compiling MinFraudDevice DeviceAPIClient.swift
/host/spi-builder-workspace/Sources/MinFraudDevice/Collector/DeviceDataCollector.swift:2:8: error: no such module 'os'
1 | import Foundation
2 | import os
| `- error: no such module 'os'
3 | import UIKit
4 |
[11/16] Compiling MinFraudDevice MMDeviceTracker.swift
/host/spi-builder-workspace/Sources/MinFraudDevice/Collector/DeviceDataCollector.swift:2:8: error: no such module 'os'
1 | import Foundation
2 | import os
| `- error: no such module 'os'
3 | import UIKit
4 |
[12/16] Compiling MinFraudDevice ServerResponse.swift
/host/spi-builder-workspace/Sources/MinFraudDevice/Collector/DeviceDataCollector.swift:2:8: error: no such module 'os'
1 | import Foundation
2 | import os
| `- error: no such module 'os'
3 | import UIKit
4 |
[13/16] Compiling MinFraudDevice TrackingResult.swift
/host/spi-builder-workspace/Sources/MinFraudDevice/Collector/DeviceDataCollector.swift:2:8: error: no such module 'os'
1 | import Foundation
2 | import os
| `- error: no such module 'os'
3 | import UIKit
4 |
[14/16] Emitting module MinFraudDevice
/host/spi-builder-workspace/Sources/MinFraudDevice/Collector/DeviceDataCollector.swift:2:8: error: no such module 'os'
1 | import Foundation
2 | import os
| `- error: no such module 'os'
3 | import UIKit
4 |
[15/16] Compiling MinFraudDevice DeviceDataCollector.swift
/host/spi-builder-workspace/Sources/MinFraudDevice/Collector/DeviceDataCollector.swift:2:8: error: no such module 'os'
1 | import Foundation
2 | import os
| `- error: no such module 'os'
3 | import UIKit
4 |
[16/16] Compiling MinFraudDevice SDKConfig.swift
/host/spi-builder-workspace/Sources/MinFraudDevice/Collector/DeviceDataCollector.swift:2:8: error: no such module 'os'
1 | import Foundation
2 | import os
| `- error: no such module 'os'
3 | import UIKit
4 |
BUILD FAILURE 6.2 linux