Build Information
Failed to build AirKit, reference main (71f98f), with Swift 6.2 for Linux on 8 Sep 2026 18:49:31 UTC.
Build Command
bash -c docker run --pull=always --rm -v "checkouts-53886770-0":/host -w "$PWD" -e JAVA_HOME="/root/.sdkman/candidates/java/current" -e SPI_BUILD="1" -e SPI_PROCESSING="1" registry.gitlab.com/saguaro1/spi-images:basic-6.2-latest swift build --triple x86_64-unknown-linux-gnu 2>&1Build Log
========================================
RunAll
========================================
Builder version: 5.0.2
Interrupt handler set up.
========================================
Checkout
========================================
Clone URL: https://github.com/heestand-xyz/AirKit.git
Reference: main
Initialized empty Git repository in /host/spi-builder-workspace/.git/
hint: Using 'master' as the name for the initial branch. This default branch name
hint: is subject to change. To configure the initial branch name to use in all
hint: of your new repositories, which will suppress this warning, call:
hint:
hint: git config --global init.defaultBranch <name>
hint:
hint: Names commonly chosen instead of 'master' are 'main', 'trunk' and
hint: 'development'. The just-created branch can be renamed via this command:
hint:
hint: git branch -m <name>
From https://github.com/heestand-xyz/AirKit
* branch main -> FETCH_HEAD
* [new branch] main -> origin/main
HEAD is now at 71f98fb New Connection
Cloned https://github.com/heestand-xyz/AirKit.git
Revision (git rev-parse @):
71f98fb2354bac6241cf8aacfc91dcac06f42e61
SUCCESS checkout https://github.com/heestand-xyz/AirKit.git at main
========================================
Build
========================================
Selected platform: linux
Swift version: 6.2
Building package at path: $PWD
https://github.com/heestand-xyz/AirKit.git
Running build ...
bash -c docker run --pull=always --rm -v "checkouts-53886770-0":/host -w "$PWD" -e JAVA_HOME="/root/.sdkman/candidates/java/current" -e SPI_BUILD="1" -e SPI_PROCESSING="1" registry.gitlab.com/saguaro1/spi-images:basic-6.2-latest swift build --triple x86_64-unknown-linux-gnu 2>&1
basic-6.2-latest: Pulling from saguaro1/spi-images
Digest: sha256:4f3911e0f09a6ac47ac813ad3222aa373869118ee0ae384fd641a13da74b5e3f
Status: Image is up to date for registry.gitlab.com/saguaro1/spi-images:basic-6.2-latest
Building for debugging...
[0/2] Write sources
[1/2] Write swift-version-24593BA9C3E375BF.txt
[3/10] Compiling AirKit Air.swift
/host/spi-builder-workspace/Sources/AirKit/Air+Diagnostics.swift:1:8: error: no such module 'UIKit'
1 | import UIKit
| `- error: no such module 'UIKit'
2 | import OSLog
3 |
[4/11] Compiling AirKit AirSceneDelegate.swift
/host/spi-builder-workspace/Sources/AirKit/Air+Diagnostics.swift:1:8: error: no such module 'UIKit'
1 | import UIKit
| `- error: no such module 'UIKit'
2 | import OSLog
3 |
[5/11] Compiling AirKit AirSourceView.swift
/host/spi-builder-workspace/Sources/AirKit/Air+Diagnostics.swift:1:8: error: no such module 'UIKit'
1 | import UIKit
| `- error: no such module 'UIKit'
2 | import OSLog
3 |
[6/11] Compiling AirKit AirSceneAccessoryViewController.swift
/host/spi-builder-workspace/Sources/AirKit/Air+Diagnostics.swift:1:8: error: no such module 'UIKit'
1 | import UIKit
| `- error: no such module 'UIKit'
2 | import OSLog
3 |
[7/11] Compiling AirKit Air+Diagnostics.swift
/host/spi-builder-workspace/Sources/AirKit/Air+Diagnostics.swift:1:8: error: no such module 'UIKit'
1 | import UIKit
| `- error: no such module 'UIKit'
2 | import OSLog
3 |
[8/11] Compiling AirKit AirPlay.swift
/host/spi-builder-workspace/Sources/AirKit/Air+Diagnostics.swift:1:8: error: no such module 'UIKit'
1 | import UIKit
| `- error: no such module 'UIKit'
2 | import OSLog
3 |
[9/11] Compiling AirKit Air+SceneAccessory.swift
/host/spi-builder-workspace/Sources/AirKit/Air+Diagnostics.swift:1:8: error: no such module 'UIKit'
1 | import UIKit
| `- error: no such module 'UIKit'
2 | import OSLog
3 |
error: emit-module command failed with exit code 1 (use -v to see invocation)
[10/11] Emitting module AirKit
/host/spi-builder-workspace/Sources/AirKit/Air+Diagnostics.swift:1:8: error: no such module 'UIKit'
1 | import UIKit
| `- error: no such module 'UIKit'
2 | import OSLog
3 |
[11/11] Compiling AirKit Air+Connection.swift
/host/spi-builder-workspace/Sources/AirKit/Air+Diagnostics.swift:1:8: error: no such module 'UIKit'
1 | import UIKit
| `- error: no such module 'UIKit'
2 | import OSLog
3 |
BUILD FAILURE 6.2 linux