The Swift Package Index logo.Swift Package Index

Build Information

Failed to build swift-mapnik, reference v1.0.2 (00b885), with Swift 6.4 for watchOS using Xcode 27.0 on 3 Oct 2026 08:34:51 UTC.

Build Command

env DEVELOPER_DIR=/Applications/Xcode-27.0.0-Release.Candidate.app xcrun xcodebuild -IDEClonedSourcePackagesDirPathOverride=$PWD/.dependencies -skipMacroValidation -skipPackagePluginValidation -derivedDataPath $PWD/.derivedData build -scheme swift-mapnik -destination generic/platform=watchOS

Build Log

========================================
RunAll
========================================
Builder version: 5.1.1
Interrupt handler set up.
========================================
Checkout
========================================
Clone URL: https://github.com/Outdooractive/swift-mapnik.git
Reference: v1.0.2
Initialized empty Git repository in /Users/admin/builder/spi-builder-workspace/.git/
From https://github.com/Outdooractive/swift-mapnik
 * tag               v1.0.2     -> FETCH_HEAD
HEAD is now at 00b8853 Discover the Linux plugin directory instead of hardcoding 3.1's
Cloned https://github.com/Outdooractive/swift-mapnik.git
Revision (git rev-parse @):
00b88535e195067b40314c6d8b4085f929d8dad7
SPI manifest file found: $PWD/.spi.yml
SUCCESS checkout https://github.com/Outdooractive/swift-mapnik.git at v1.0.2
========================================
Build
========================================
Selected platform:         watchOS
Swift version:             6.4
Building package at path:  $PWD
https://github.com/Outdooractive/swift-mapnik.git
Command line invocation:
    /Applications/Xcode-27.0.0-Release.Candidate.app/Contents/Developer/usr/bin/xcodebuild -IDEClonedSourcePackagesDirPathOverride=/Users/admin/builder/spi-builder-workspace/.dependencies -resolvePackageDependencies
Resolve Package Graph
Fetching from https://github.com/Outdooractive/gis-tools.git
Creating working copy of package ‘gis-tools’
Checking out 2.5.2 of package ‘gis-tools’
Resolve Package Graph
Resolved source packages:
  swift-mapnik: /Users/admin/builder/spi-builder-workspace
  gis-tools: https://github.com/Outdooractive/gis-tools.git @ 2.5.2
resolved source packages: swift-mapnik, gis-tools
2026-10-03 04:34:08.976 xcodebuild[528:3026] [MT] IDERunDestination: Supported platforms for the buildables in the current scheme is empty.
{
  "cxx_language_standard" : "c++17",
  "dependencies" : [
    {
      "identity" : "gis-tools",
      "requirement" : {
        "range" : [
          {
            "lower_bound" : "2.5.0",
            "upper_bound" : "3.0.0"
          }
        ]
      },
      "type" : "sourceControl",
      "url" : "https://github.com/Outdooractive/gis-tools.git"
    }
  ],
  "manifest_display_name" : "swift-mapnik",
  "name" : "swift-mapnik",
  "path" : "/Users/admin/builder/spi-builder-workspace",
  "platforms" : [
    {
      "name" : "macos",
      "version" : "15.0"
    }
  ],
  "products" : [
    {
      "name" : "Mapnik",
      "targets" : [
        "Mapnik"
      ],
      "type" : {
        "library" : [
          "automatic"
        ]
      }
    }
  ],
  "targets" : [
    {
      "c99name" : "MapnikTests",
      "module_type" : "SwiftTarget",
      "name" : "MapnikTests",
      "path" : "Tests/MapnikTests",
      "product_dependencies" : [
        "GISTools"
      ],
      "sources" : [
        "AvailableFontsTests.swift",
        "FeatureQueryTests.swift",
        "Fixtures.swift",
        "LayerPropertyTests.swift",
        "MapnikDatasourceTests.swift",
        "MapnikPoolTests.swift",
        "MapnikTests.swift",
        "MetatileTests.swift",
        "SaveXMLTests.swift",
        "TileMathTests.swift",
        "WorkQueueTests.swift"
      ],
      "target_dependencies" : [
        "Mapnik"
      ],
      "type" : "test"
    },
    {
      "c99name" : "MapnikC",
      "module_type" : "ClangTarget",
      "name" : "MapnikC",
      "path" : "Sources/MapnikC",
      "product_memberships" : [
        "Mapnik"
      ],
      "sources" : [
        "mapnik_c.cpp"
      ],
      "type" : "library"
    },
    {
      "c99name" : "Mapnik",
      "module_type" : "SwiftTarget",
      "name" : "Mapnik",
      "path" : "Sources/Mapnik",
      "product_dependencies" : [
        "GISTools"
      ],
      "product_memberships" : [
        "Mapnik"
      ],
      "sources" : [
        "Extensions/BoundingBox+Parsing.swift",
        "FeatureQuery.swift",
        "Mapnik.swift",
        "MapnikConfig.swift",
        "MapnikDatasource.swift",
        "MapnikError.swift",
        "MapnikPool.swift",
        "Metatile.swift",
        "RenderOptions.swift",
        "TileSequence.swift",
        "TilelistBuilder.swift",
        "WorkQueue.swift"
      ],
      "target_dependencies" : [
        "MapnikC"
      ],
      "type" : "library"
    }
  ],
  "tools_version" : "6.3"
}
{
  "workspace" : {
    "name" : "swift-mapnik",
    "schemes" : [
      "swift-mapnik"
    ]
  }
}
2026-10-03 04:34:41.836 xcodebuild[663:4005] [MT] IDERunDestination: Supported platforms for the buildables in the current scheme is empty.
Running build ...
env DEVELOPER_DIR=/Applications/Xcode-27.0.0-Release.Candidate.app xcrun xcodebuild -IDEClonedSourcePackagesDirPathOverride=$PWD/.dependencies -skipMacroValidation -skipPackagePluginValidation -derivedDataPath $PWD/.derivedData build -scheme swift-mapnik -destination generic/platform=watchOS
Command line invocation:
    /Applications/Xcode-27.0.0-Release.Candidate.app/Contents/Developer/usr/bin/xcodebuild -IDEClonedSourcePackagesDirPathOverride=/Users/admin/builder/spi-builder-workspace/.dependencies -skipMacroValidation -skipPackagePluginValidation -derivedDataPath /Users/admin/builder/spi-builder-workspace/.derivedData build -scheme swift-mapnik -destination generic/platform=watchOS
Resolve Package Graph
Resolve Package Graph
Resolved source packages:
  swift-mapnik: /Users/admin/builder/spi-builder-workspace
  gis-tools: https://github.com/Outdooractive/gis-tools.git @ 2.5.2
ComputePackagePrebuildTargetDependencyGraph
Prepare packages
CreateBuildRequest
SendProjectDescription
CreateBuildOperation
ComputeTargetDependencyGraph
note: Building targets in dependency order
note: Target dependency graph (5 targets)
    Target 'Mapnik-product' in project 'swift-mapnik'
        ➜ Explicit dependency on target 'Mapnik' in project 'swift-mapnik'
        ➜ Explicit dependency on target 'MapnikC' in project 'swift-mapnik'
        ➜ Explicit dependency on target 'GISTools-product' in project 'gis-tools'
    Target 'Mapnik' in project 'swift-mapnik'
        ➜ Explicit dependency on target 'MapnikC' in project 'swift-mapnik'
        ➜ Explicit dependency on target 'GISTools-product' in project 'gis-tools'
    Target 'GISTools-product' in project 'gis-tools'
        ➜ Explicit dependency on target 'GISTools' in project 'gis-tools'
    Target 'GISTools' in project 'gis-tools' (no dependencies)
    Target 'MapnikC' in project 'swift-mapnik' (no dependencies)
GatherProvisioningInputs
CreateBuildDescription
ExecuteExternalTool /Applications/Xcode-27.0.0-Release.Candidate.app/Contents/Developer/Toolchains/XcodeDefault.xctoolchain/usr/bin/clang -v -E -dM -arch arm64 -isysroot /Applications/Xcode-27.0.0-Release.Candidate.app/Contents/Developer/Platforms/WatchOS.platform/Developer/SDKs/WatchOS27.0.sdk -x c++ -c /dev/null
ExecuteExternalTool /Applications/Xcode-27.0.0-Release.Candidate.app/Contents/Developer/Toolchains/XcodeDefault.xctoolchain/usr/bin/clang -v -E -dM -isysroot /Applications/Xcode-27.0.0-Release.Candidate.app/Contents/Developer/Platforms/WatchOS.platform/Developer/SDKs/WatchOS27.0.sdk -x c -c /dev/null
ExecuteExternalTool /Applications/Xcode-27.0.0-Release.Candidate.app/Contents/Developer/Toolchains/XcodeDefault.xctoolchain/usr/bin/swiftc --version
ExecuteExternalTool /Applications/Xcode-27.0.0-Release.Candidate.app/Contents/Developer/Toolchains/XcodeDefault.xctoolchain/usr/bin/clang -v -E -dM -arch arm64 -isysroot /Applications/Xcode-27.0.0-Release.Candidate.app/Contents/Developer/Platforms/WatchOS.platform/Developer/SDKs/WatchOS27.0.sdk -x c -c /dev/null
ExecuteExternalTool /Applications/Xcode-27.0.0-Release.Candidate.app/Contents/Developer/Toolchains/XcodeDefault.xctoolchain/usr/bin/ld -version_details
ExecuteExternalTool /Applications/Xcode-27.0.0-Release.Candidate.app/Contents/Developer/Toolchains/XcodeDefault.xctoolchain/usr/bin/clang -v -E -dM -arch arm64_32 -isysroot /Applications/Xcode-27.0.0-Release.Candidate.app/Contents/Developer/Platforms/WatchOS.platform/Developer/SDKs/WatchOS27.0.sdk -x c++ -c /dev/null
ExecuteExternalTool /Applications/Xcode-27.0.0-Release.Candidate.app/Contents/Developer/Toolchains/XcodeDefault.xctoolchain/usr/bin/clang -v -E -dM -arch arm64_32 -isysroot /Applications/Xcode-27.0.0-Release.Candidate.app/Contents/Developer/Platforms/WatchOS.platform/Developer/SDKs/WatchOS27.0.sdk -x c -c /dev/null
Build description signature: 9f3b24aa2510eaf778614ea3bbf9ea07
Build description path: /Users/admin/builder/spi-builder-workspace/.derivedData/Build/Intermediates.noindex/XCBuildData/9f3b24aa2510eaf778614ea3bbf9ea07.xcbuilddata
CreateBuildDirectory /Users/admin/builder/spi-builder-workspace/.derivedData/ModuleCache.noindex
    cd /Users/admin/builder/spi-builder-workspace/.swiftpm/xcode
    builtin-create-build-directory /Users/admin/builder/spi-builder-workspace/.derivedData/ModuleCache.noindex
CreateBuildDirectory /Users/admin/builder/spi-builder-workspace/.derivedData/CompilationCache.noindex
    cd /Users/admin/builder/spi-builder-workspace/.swiftpm/xcode
    builtin-create-build-directory /Users/admin/builder/spi-builder-workspace/.derivedData/CompilationCache.noindex
CreateBuildDirectory /Users/admin/builder/spi-builder-workspace/.derivedData/SDKExplicitPrecompiledModules
    cd /Users/admin/builder/spi-builder-workspace/.swiftpm/xcode
    builtin-create-build-directory /Users/admin/builder/spi-builder-workspace/.derivedData/SDKExplicitPrecompiledModules
ClangStatCache /Applications/Xcode-27.0.0-Release.Candidate.app/Contents/Developer/Toolchains/XcodeDefault.xctoolchain/usr/bin/clang-stat-cache /Applications/Xcode-27.0.0-Release.Candidate.app/Contents/Developer/Platforms/WatchOS.platform/Developer/SDKs/WatchOS27.0.sdk /Users/admin/builder/spi-builder-workspace/.derivedData/SDKStatCaches.noindex/watchos27.0-24R360-e829b21a6f8c9b70876ba0858053c04477534ef55a1706bf4c1112bbb242f0a2.sdkstatcache
    cd /Users/admin/builder/spi-builder-workspace/.swiftpm/xcode
    /Applications/Xcode-27.0.0-Release.Candidate.app/Contents/Developer/Toolchains/XcodeDefault.xctoolchain/usr/bin/clang-stat-cache /Applications/Xcode-27.0.0-Release.Candidate.app/Contents/Developer/Platforms/WatchOS.platform/Developer/SDKs/WatchOS27.0.sdk -o /Users/admin/builder/spi-builder-workspace/.derivedData/SDKStatCaches.noindex/watchos27.0-24R360-e829b21a6f8c9b70876ba0858053c04477534ef55a1706bf4c1112bbb242f0a2.sdkstatcache
CreateBuildDirectory /Users/admin/builder/spi-builder-workspace/.derivedData/Build/Products
    cd /Users/admin/builder/spi-builder-workspace/.swiftpm/xcode
    builtin-create-build-directory /Users/admin/builder/spi-builder-workspace/.derivedData/Build/Products
CreateBuildDirectory /Users/admin/builder/spi-builder-workspace/.derivedData/Build/Intermediates.noindex
    cd /Users/admin/builder/spi-builder-workspace/.swiftpm/xcode
    builtin-create-build-directory /Users/admin/builder/spi-builder-workspace/.derivedData/Build/Intermediates.noindex
CreateBuildDirectory /Users/admin/builder/spi-builder-workspace/.derivedData/Build/Products/Debug-watchos
    cd /Users/admin/builder/spi-builder-workspace/.swiftpm/xcode
    builtin-create-build-directory /Users/admin/builder/spi-builder-workspace/.derivedData/Build/Products/Debug-watchos
CreateBuildDirectory /Users/admin/builder/spi-builder-workspace/.derivedData/Build/Intermediates.noindex/SwiftExplicitPrecompiledModules
    cd /Users/admin/builder/spi-builder-workspace/.swiftpm/xcode
    builtin-create-build-directory /Users/admin/builder/spi-builder-workspace/.derivedData/Build/Intermediates.noindex/SwiftExplicitPrecompiledModules
CreateBuildDirectory /Users/admin/builder/spi-builder-workspace/.derivedData/Build/Intermediates.noindex/PrecompiledHeaders
    cd /Users/admin/builder/spi-builder-workspace/.swiftpm/xcode
    builtin-create-build-directory /Users/admin/builder/spi-builder-workspace/.derivedData/Build/Intermediates.noindex/PrecompiledHeaders
CreateBuildDirectory /Users/admin/builder/spi-builder-workspace/.derivedData/Build/Intermediates.noindex/ExplicitPrecompiledModules
    cd /Users/admin/builder/spi-builder-workspace/.swiftpm/xcode
    builtin-create-build-directory /Users/admin/builder/spi-builder-workspace/.derivedData/Build/Intermediates.noindex/ExplicitPrecompiledModules
CreateBuildDirectory /Users/admin/builder/spi-builder-workspace/.derivedData/Build/Intermediates.noindex/EagerLinkingTBDs/Debug-watchos
    cd /Users/admin/builder/spi-builder-workspace/.swiftpm/xcode
    builtin-create-build-directory /Users/admin/builder/spi-builder-workspace/.derivedData/Build/Intermediates.noindex/EagerLinkingTBDs/Debug-watchos
CreateBuildDirectory /Users/admin/builder/spi-builder-workspace/.derivedData/Build/Products/Debug-watchos/PackageFrameworks
    cd /Users/admin/builder/spi-builder-workspace/.swiftpm/xcode
    builtin-create-build-directory /Users/admin/builder/spi-builder-workspace/.derivedData/Build/Products/Debug-watchos/PackageFrameworks
WriteAuxiliaryFile /Users/admin/builder/spi-builder-workspace/.derivedData/Build/Intermediates.noindex/swift-mapnik.build/Debug-watchos/MapnikC-t.build/MapnikC.modulemap (in target 'MapnikC' from project 'swift-mapnik')
    cd /Users/admin/builder/spi-builder-workspace
    write-file /Users/admin/builder/spi-builder-workspace/.derivedData/Build/Intermediates.noindex/swift-mapnik.build/Debug-watchos/MapnikC-t.build/MapnikC.modulemap
WriteAuxiliaryFile /Users/admin/builder/spi-builder-workspace/.derivedData/Build/Intermediates.noindex/swift-mapnik.build/Debug-watchos/MapnikC-t.build/MapnikC.DependencyStaticMetadataFileList (in target 'MapnikC' from project 'swift-mapnik')
    cd /Users/admin/builder/spi-builder-workspace
    write-file /Users/admin/builder/spi-builder-workspace/.derivedData/Build/Intermediates.noindex/swift-mapnik.build/Debug-watchos/MapnikC-t.build/MapnikC.DependencyStaticMetadataFileList
WriteAuxiliaryFile /Users/admin/builder/spi-builder-workspace/.derivedData/Build/Intermediates.noindex/swift-mapnik.build/Debug-watchos/MapnikC-t.build/MapnikC.DependencyMetadataFileList (in target 'MapnikC' from project 'swift-mapnik')
    cd /Users/admin/builder/spi-builder-workspace
    write-file /Users/admin/builder/spi-builder-workspace/.derivedData/Build/Intermediates.noindex/swift-mapnik.build/Debug-watchos/MapnikC-t.build/MapnikC.DependencyMetadataFileList
WriteAuxiliaryFile /Users/admin/builder/spi-builder-workspace/.derivedData/Build/Intermediates.noindex/swift-mapnik.build/Debug-watchos/MapnikC-t.build/Objects-normal/arm64/82b82416624d2658e5098eb0a28c15c5-common-args.resp (in target 'MapnikC' from project 'swift-mapnik')
    cd /Users/admin/builder/spi-builder-workspace
    write-file /Users/admin/builder/spi-builder-workspace/.derivedData/Build/Intermediates.noindex/swift-mapnik.build/Debug-watchos/MapnikC-t.build/Objects-normal/arm64/82b82416624d2658e5098eb0a28c15c5-common-args.resp
'-std=c++17' -fmodules -fno-cxx-modules -gmodules '-fmodules-cache-path=/Users/admin/builder/spi-builder-workspace/.derivedData/ModuleCache.noindex' '-fmodule-name=MapnikC' '-D_LIBCPP_HARDENING_MODE=_LIBCPP_HARDENING_MODE_DEBUG' -fpascal-strings -O0 -DSWIFT_PACKAGE '-DDEBUG=1' -g -fvisibility-inlines-hidden -fprofile-instr-generate -fcoverage-mapping -I/Users/admin/builder/spi-builder-workspace/.derivedData/Build/Products/Debug-watchos/include -I/Users/admin/builder/spi-builder-workspace/Sources/MapnikC/include -I/Users/admin/builder/spi-builder-workspace/.derivedData/Build/Intermediates.noindex/swift-mapnik.build/Debug-watchos/MapnikC-t.build/DerivedSources-normal/arm64 -I/Users/admin/builder/spi-builder-workspace/.derivedData/Build/Intermediates.noindex/swift-mapnik.build/Debug-watchos/MapnikC-t.build/DerivedSources/arm64 -I/Users/admin/builder/spi-builder-workspace/.derivedData/Build/Intermediates.noindex/swift-mapnik.build/Debug-watchos/MapnikC-t.build/DerivedSources -F/Users/admin/builder/spi-builder-workspace/.derivedData/Build/Products/Debug-watchos -iframework /Applications/Xcode-27.0.0-Release.Candidate.app/Contents/Developer/Platforms/WatchOS.platform/Developer/Library/Frameworks -iframework /Applications/Xcode-27.0.0-Release.Candidate.app/Contents/Developer/Platforms/WatchOS.platform/Developer/SDKs/WatchOS27.0.sdk/Developer/Library/Frameworks -DXcode
WriteAuxiliaryFile /Users/admin/builder/spi-builder-workspace/.derivedData/Build/Intermediates.noindex/swift-mapnik.build/Debug-watchos/MapnikC-t.build/Objects-normal/arm64/MapnikC.LinkFileList (in target 'MapnikC' from project 'swift-mapnik')
    cd /Users/admin/builder/spi-builder-workspace
    write-file /Users/admin/builder/spi-builder-workspace/.derivedData/Build/Intermediates.noindex/swift-mapnik.build/Debug-watchos/MapnikC-t.build/Objects-normal/arm64/MapnikC.LinkFileList
WriteAuxiliaryFile /Users/admin/builder/spi-builder-workspace/.derivedData/Build/Intermediates.noindex/swift-mapnik.build/Debug-watchos/MapnikC-t.build/Objects-normal/arm64_32/MapnikC.LinkFileList (in target 'MapnikC' from project 'swift-mapnik')
    cd /Users/admin/builder/spi-builder-workspace
    write-file /Users/admin/builder/spi-builder-workspace/.derivedData/Build/Intermediates.noindex/swift-mapnik.build/Debug-watchos/MapnikC-t.build/Objects-normal/arm64_32/MapnikC.LinkFileList
WriteAuxiliaryFile /Users/admin/builder/spi-builder-workspace/.derivedData/Build/Intermediates.noindex/swift-mapnik.build/Debug-watchos/MapnikC-t.build/Objects-normal/arm64_32/82b82416624d2658e5098eb0a28c15c5-common-args.resp (in target 'MapnikC' from project 'swift-mapnik')
    cd /Users/admin/builder/spi-builder-workspace
    write-file /Users/admin/builder/spi-builder-workspace/.derivedData/Build/Intermediates.noindex/swift-mapnik.build/Debug-watchos/MapnikC-t.build/Objects-normal/arm64_32/82b82416624d2658e5098eb0a28c15c5-common-args.resp
'-std=c++17' -fmodules -fno-cxx-modules -gmodules '-fmodules-cache-path=/Users/admin/builder/spi-builder-workspace/.derivedData/ModuleCache.noindex' '-fmodule-name=MapnikC' '-D_LIBCPP_HARDENING_MODE=_LIBCPP_HARDENING_MODE_DEBUG' -fpascal-strings -O0 -DSWIFT_PACKAGE '-DDEBUG=1' -g -fvisibility-inlines-hidden -fprofile-instr-generate -fcoverage-mapping -I/Users/admin/builder/spi-builder-workspace/.derivedData/Build/Products/Debug-watchos/include -I/Users/admin/builder/spi-builder-workspace/Sources/MapnikC/include -I/Users/admin/builder/spi-builder-workspace/.derivedData/Build/Intermediates.noindex/swift-mapnik.build/Debug-watchos/MapnikC-t.build/DerivedSources-normal/arm64_32 -I/Users/admin/builder/spi-builder-workspace/.derivedData/Build/Intermediates.noindex/swift-mapnik.build/Debug-watchos/MapnikC-t.build/DerivedSources/arm64_32 -I/Users/admin/builder/spi-builder-workspace/.derivedData/Build/Intermediates.noindex/swift-mapnik.build/Debug-watchos/MapnikC-t.build/DerivedSources -F/Users/admin/builder/spi-builder-workspace/.derivedData/Build/Products/Debug-watchos -iframework /Applications/Xcode-27.0.0-Release.Candidate.app/Contents/Developer/Platforms/WatchOS.platform/Developer/Library/Frameworks -iframework /Applications/Xcode-27.0.0-Release.Candidate.app/Contents/Developer/Platforms/WatchOS.platform/Developer/SDKs/WatchOS27.0.sdk/Developer/Library/Frameworks -DXcode
WriteAuxiliaryFile /Users/admin/builder/spi-builder-workspace/.derivedData/Build/Intermediates.noindex/swift-mapnik.build/Debug-watchos/Mapnik-t.build/Objects-normal/arm64_32/Mapnik_const_extract_protocols.json (in target 'Mapnik' from project 'swift-mapnik')
    cd /Users/admin/builder/spi-builder-workspace
    write-file /Users/admin/builder/spi-builder-workspace/.derivedData/Build/Intermediates.noindex/swift-mapnik.build/Debug-watchos/Mapnik-t.build/Objects-normal/arm64_32/Mapnik_const_extract_protocols.json
WriteAuxiliaryFile /Users/admin/builder/spi-builder-workspace/.derivedData/Build/Intermediates.noindex/swift-mapnik.build/Debug-watchos/Mapnik-t.build/Objects-normal/arm64_32/Mapnik.SwiftFileList (in target 'Mapnik' from project 'swift-mapnik')
    cd /Users/admin/builder/spi-builder-workspace
    write-file /Users/admin/builder/spi-builder-workspace/.derivedData/Build/Intermediates.noindex/swift-mapnik.build/Debug-watchos/Mapnik-t.build/Objects-normal/arm64_32/Mapnik.SwiftFileList
WriteAuxiliaryFile /Users/admin/builder/spi-builder-workspace/.derivedData/Build/Intermediates.noindex/swift-mapnik.build/Debug-watchos/Mapnik-t.build/Objects-normal/arm64_32/Mapnik.SwiftConstValuesFileList (in target 'Mapnik' from project 'swift-mapnik')
    cd /Users/admin/builder/spi-builder-workspace
    write-file /Users/admin/builder/spi-builder-workspace/.derivedData/Build/Intermediates.noindex/swift-mapnik.build/Debug-watchos/Mapnik-t.build/Objects-normal/arm64_32/Mapnik.SwiftConstValuesFileList
WriteAuxiliaryFile /Users/admin/builder/spi-builder-workspace/.derivedData/Build/Intermediates.noindex/swift-mapnik.build/Debug-watchos/Mapnik-t.build/Objects-normal/arm64_32/Mapnik.LinkFileList (in target 'Mapnik' from project 'swift-mapnik')
    cd /Users/admin/builder/spi-builder-workspace
    write-file /Users/admin/builder/spi-builder-workspace/.derivedData/Build/Intermediates.noindex/swift-mapnik.build/Debug-watchos/Mapnik-t.build/Objects-normal/arm64_32/Mapnik.LinkFileList
WriteAuxiliaryFile /Users/admin/builder/spi-builder-workspace/.derivedData/Build/Intermediates.noindex/swift-mapnik.build/Debug-watchos/Mapnik-t.build/Objects-normal/arm64_32/Mapnik-OutputFileMap.json (in target 'Mapnik' from project 'swift-mapnik')
    cd /Users/admin/builder/spi-builder-workspace
    write-file /Users/admin/builder/spi-builder-workspace/.derivedData/Build/Intermediates.noindex/swift-mapnik.build/Debug-watchos/Mapnik-t.build/Objects-normal/arm64_32/Mapnik-OutputFileMap.json
WriteAuxiliaryFile /Users/admin/builder/spi-builder-workspace/.derivedData/Build/Intermediates.noindex/swift-mapnik.build/Debug-watchos/Mapnik-t.build/Objects-normal/arm64/Mapnik.SwiftFileList (in target 'Mapnik' from project 'swift-mapnik')
    cd /Users/admin/builder/spi-builder-workspace
    write-file /Users/admin/builder/spi-builder-workspace/.derivedData/Build/Intermediates.noindex/swift-mapnik.build/Debug-watchos/Mapnik-t.build/Objects-normal/arm64/Mapnik.SwiftFileList
WriteAuxiliaryFile /Users/admin/builder/spi-builder-workspace/.derivedData/Build/Intermediates.noindex/swift-mapnik.build/Debug-watchos/Mapnik-t.build/Objects-normal/arm64/Mapnik.SwiftConstValuesFileList (in target 'Mapnik' from project 'swift-mapnik')
    cd /Users/admin/builder/spi-builder-workspace
    write-file /Users/admin/builder/spi-builder-workspace/.derivedData/Build/Intermediates.noindex/swift-mapnik.build/Debug-watchos/Mapnik-t.build/Objects-normal/arm64/Mapnik.SwiftConstValuesFileList
WriteAuxiliaryFile /Users/admin/builder/spi-builder-workspace/.derivedData/Build/Intermediates.noindex/swift-mapnik.build/Debug-watchos/Mapnik-t.build/Objects-normal/arm64/Mapnik_const_extract_protocols.json (in target 'Mapnik' from project 'swift-mapnik')
    cd /Users/admin/builder/spi-builder-workspace
    write-file /Users/admin/builder/spi-builder-workspace/.derivedData/Build/Intermediates.noindex/swift-mapnik.build/Debug-watchos/Mapnik-t.build/Objects-normal/arm64/Mapnik_const_extract_protocols.json
WriteAuxiliaryFile /Users/admin/builder/spi-builder-workspace/.derivedData/Build/Intermediates.noindex/swift-mapnik.build/Debug-watchos/Mapnik-t.build/Objects-normal/arm64/Mapnik.LinkFileList (in target 'Mapnik' from project 'swift-mapnik')
    cd /Users/admin/builder/spi-builder-workspace
    write-file /Users/admin/builder/spi-builder-workspace/.derivedData/Build/Intermediates.noindex/swift-mapnik.build/Debug-watchos/Mapnik-t.build/Objects-normal/arm64/Mapnik.LinkFileList
Copy /Users/admin/builder/spi-builder-workspace/.derivedData/Build/Intermediates.noindex/GeneratedModuleMaps-watchos/MapnikC.modulemap /Users/admin/builder/spi-builder-workspace/.derivedData/Build/Intermediates.noindex/swift-mapnik.build/Debug-watchos/MapnikC-t.build/MapnikC.modulemap (in target 'MapnikC' from project 'swift-mapnik')
    cd /Users/admin/builder/spi-builder-workspace
    builtin-copy -exclude .DS_Store -exclude CVS -exclude .svn -exclude .git -exclude .hg -resolve-src-symlinks /Users/admin/builder/spi-builder-workspace/.derivedData/Build/Intermediates.noindex/swift-mapnik.build/Debug-watchos/MapnikC-t.build/MapnikC.modulemap /Users/admin/builder/spi-builder-workspace/.derivedData/Build/Intermediates.noindex/GeneratedModuleMaps-watchos
WriteAuxiliaryFile /Users/admin/builder/spi-builder-workspace/.derivedData/Build/Intermediates.noindex/swift-mapnik.build/Debug-watchos/Mapnik-t.build/Objects-normal/arm64/Mapnik-OutputFileMap.json (in target 'Mapnik' from project 'swift-mapnik')
    cd /Users/admin/builder/spi-builder-workspace
    write-file /Users/admin/builder/spi-builder-workspace/.derivedData/Build/Intermediates.noindex/swift-mapnik.build/Debug-watchos/Mapnik-t.build/Objects-normal/arm64/Mapnik-OutputFileMap.json
WriteAuxiliaryFile /Users/admin/builder/spi-builder-workspace/.derivedData/Build/Intermediates.noindex/swift-mapnik.build/Debug-watchos/Mapnik-t.build/Mapnik.modulemap (in target 'Mapnik' from project 'swift-mapnik')
    cd /Users/admin/builder/spi-builder-workspace
    write-file /Users/admin/builder/spi-builder-workspace/.derivedData/Build/Intermediates.noindex/swift-mapnik.build/Debug-watchos/Mapnik-t.build/Mapnik.modulemap
WriteAuxiliaryFile /Users/admin/builder/spi-builder-workspace/.derivedData/Build/Intermediates.noindex/swift-mapnik.build/Debug-watchos/Mapnik-t.build/Mapnik.DependencyStaticMetadataFileList (in target 'Mapnik' from project 'swift-mapnik')
    cd /Users/admin/builder/spi-builder-workspace
    write-file /Users/admin/builder/spi-builder-workspace/.derivedData/Build/Intermediates.noindex/swift-mapnik.build/Debug-watchos/Mapnik-t.build/Mapnik.DependencyStaticMetadataFileList
WriteAuxiliaryFile /Users/admin/builder/spi-builder-workspace/.derivedData/Build/Intermediates.noindex/swift-mapnik.build/Debug-watchos/Mapnik-t.build/Mapnik.DependencyMetadataFileList (in target 'Mapnik' from project 'swift-mapnik')
    cd /Users/admin/builder/spi-builder-workspace
    write-file /Users/admin/builder/spi-builder-workspace/.derivedData/Build/Intermediates.noindex/swift-mapnik.build/Debug-watchos/Mapnik-t.build/Mapnik.DependencyMetadataFileList
WriteAuxiliaryFile /Users/admin/builder/spi-builder-workspace/.derivedData/Build/Intermediates.noindex/gis-tools.build/Debug-watchos/GISTools-t.build/Objects-normal/arm64_32/GISTools.SwiftConstValuesFileList (in target 'GISTools' from project 'gis-tools')
    cd /Users/admin/builder/spi-builder-workspace/.dependencies/checkouts/gis-tools
    write-file /Users/admin/builder/spi-builder-workspace/.derivedData/Build/Intermediates.noindex/gis-tools.build/Debug-watchos/GISTools-t.build/Objects-normal/arm64_32/GISTools.SwiftConstValuesFileList
WriteAuxiliaryFile /Users/admin/builder/spi-builder-workspace/.derivedData/Build/Intermediates.noindex/gis-tools.build/Debug-watchos/GISTools-t.build/Objects-normal/arm64_32/GISTools.SwiftFileList (in target 'GISTools' from project 'gis-tools')
    cd /Users/admin/builder/spi-builder-workspace/.dependencies/checkouts/gis-tools
    write-file /Users/admin/builder/spi-builder-workspace/.derivedData/Build/Intermediates.noindex/gis-tools.build/Debug-watchos/GISTools-t.build/Objects-normal/arm64_32/GISTools.SwiftFileList
WriteAuxiliaryFile /Users/admin/builder/spi-builder-workspace/.derivedData/Build/Intermediates.noindex/gis-tools.build/Debug-watchos/GISTools-t.build/Objects-normal/arm64_32/GISTools_const_extract_protocols.json (in target 'GISTools' from project 'gis-tools')
    cd /Users/admin/builder/spi-builder-workspace/.dependencies/checkouts/gis-tools
    write-file /Users/admin/builder/spi-builder-workspace/.derivedData/Build/Intermediates.noindex/gis-tools.build/Debug-watchos/GISTools-t.build/Objects-normal/arm64_32/GISTools_const_extract_protocols.json
WriteAuxiliaryFile /Users/admin/builder/spi-builder-workspace/.derivedData/Build/Intermediates.noindex/gis-tools.build/Debug-watchos/GISTools-t.build/Objects-normal/arm64_32/GISTools.LinkFileList (in target 'GISTools' from project 'gis-tools')
    cd /Users/admin/builder/spi-builder-workspace/.dependencies/checkouts/gis-tools
    write-file /Users/admin/builder/spi-builder-workspace/.derivedData/Build/Intermediates.noindex/gis-tools.build/Debug-watchos/GISTools-t.build/Objects-normal/arm64_32/GISTools.LinkFileList
WriteAuxiliaryFile /Users/admin/builder/spi-builder-workspace/.derivedData/Build/Intermediates.noindex/gis-tools.build/Debug-watchos/GISTools-t.build/Objects-normal/arm64_32/GISTools-OutputFileMap.json (in target 'GISTools' from project 'gis-tools')
    cd /Users/admin/builder/spi-builder-workspace/.dependencies/checkouts/gis-tools
    write-file /Users/admin/builder/spi-builder-workspace/.derivedData/Build/Intermediates.noindex/gis-tools.build/Debug-watchos/GISTools-t.build/Objects-normal/arm64_32/GISTools-OutputFileMap.json
WriteAuxiliaryFile /Users/admin/builder/spi-builder-workspace/.derivedData/Build/Intermediates.noindex/gis-tools.build/Debug-watchos/GISTools-t.build/Objects-normal/arm64/GISTools_const_extract_protocols.json (in target 'GISTools' from project 'gis-tools')
    cd /Users/admin/builder/spi-builder-workspace/.dependencies/checkouts/gis-tools
    write-file /Users/admin/builder/spi-builder-workspace/.derivedData/Build/Intermediates.noindex/gis-tools.build/Debug-watchos/GISTools-t.build/Objects-normal/arm64/GISTools_const_extract_protocols.json
Copy /Users/admin/builder/spi-builder-workspace/.derivedData/Build/Intermediates.noindex/GeneratedModuleMaps-watchos/Mapnik.modulemap /Users/admin/builder/spi-builder-workspace/.derivedData/Build/Intermediates.noindex/swift-mapnik.build/Debug-watchos/Mapnik-t.build/Mapnik.modulemap (in target 'Mapnik' from project 'swift-mapnik')
    cd /Users/admin/builder/spi-builder-workspace
    builtin-copy -exclude .DS_Store -exclude CVS -exclude .svn -exclude .git -exclude .hg -resolve-src-symlinks /Users/admin/builder/spi-builder-workspace/.derivedData/Build/Intermediates.noindex/swift-mapnik.build/Debug-watchos/Mapnik-t.build/Mapnik.modulemap /Users/admin/builder/spi-builder-workspace/.derivedData/Build/Intermediates.noindex/GeneratedModuleMaps-watchos
WriteAuxiliaryFile /Users/admin/builder/spi-builder-workspace/.derivedData/Build/Intermediates.noindex/gis-tools.build/Debug-watchos/GISTools-t.build/Objects-normal/arm64/GISTools.SwiftFileList (in target 'GISTools' from project 'gis-tools')
    cd /Users/admin/builder/spi-builder-workspace/.dependencies/checkouts/gis-tools
    write-file /Users/admin/builder/spi-builder-workspace/.derivedData/Build/Intermediates.noindex/gis-tools.build/Debug-watchos/GISTools-t.build/Objects-normal/arm64/GISTools.SwiftFileList
WriteAuxiliaryFile /Users/admin/builder/spi-builder-workspace/.derivedData/Build/Intermediates.noindex/gis-tools.build/Debug-watchos/GISTools-t.build/Objects-normal/arm64/GISTools.SwiftConstValuesFileList (in target 'GISTools' from project 'gis-tools')
    cd /Users/admin/builder/spi-builder-workspace/.dependencies/checkouts/gis-tools
    write-file /Users/admin/builder/spi-builder-workspace/.derivedData/Build/Intermediates.noindex/gis-tools.build/Debug-watchos/GISTools-t.build/Objects-normal/arm64/GISTools.SwiftConstValuesFileList
WriteAuxiliaryFile /Users/admin/builder/spi-builder-workspace/.derivedData/Build/Intermediates.noindex/gis-tools.build/Debug-watchos/GISTools-t.build/Objects-normal/arm64/GISTools.LinkFileList (in target 'GISTools' from project 'gis-tools')
    cd /Users/admin/builder/spi-builder-workspace/.dependencies/checkouts/gis-tools
    write-file /Users/admin/builder/spi-builder-workspace/.derivedData/Build/Intermediates.noindex/gis-tools.build/Debug-watchos/GISTools-t.build/Objects-normal/arm64/GISTools.LinkFileList
WriteAuxiliaryFile /Users/admin/builder/spi-builder-workspace/.derivedData/Build/Intermediates.noindex/gis-tools.build/Debug-watchos/GISTools-t.build/Objects-normal/arm64/GISTools-OutputFileMap.json (in target 'GISTools' from project 'gis-tools')
    cd /Users/admin/builder/spi-builder-workspace/.dependencies/checkouts/gis-tools
    write-file /Users/admin/builder/spi-builder-workspace/.derivedData/Build/Intermediates.noindex/gis-tools.build/Debug-watchos/GISTools-t.build/Objects-normal/arm64/GISTools-OutputFileMap.json
WriteAuxiliaryFile /Users/admin/builder/spi-builder-workspace/.derivedData/Build/Intermediates.noindex/gis-tools.build/Debug-watchos/GISTools-t.build/GISTools.modulemap (in target 'GISTools' from project 'gis-tools')
    cd /Users/admin/builder/spi-builder-workspace/.dependencies/checkouts/gis-tools
    write-file /Users/admin/builder/spi-builder-workspace/.derivedData/Build/Intermediates.noindex/gis-tools.build/Debug-watchos/GISTools-t.build/GISTools.modulemap
WriteAuxiliaryFile /Users/admin/builder/spi-builder-workspace/.derivedData/Build/Intermediates.noindex/gis-tools.build/Debug-watchos/GISTools-t.build/GISTools.DependencyStaticMetadataFileList (in target 'GISTools' from project 'gis-tools')
    cd /Users/admin/builder/spi-builder-workspace/.dependencies/checkouts/gis-tools
    write-file /Users/admin/builder/spi-builder-workspace/.derivedData/Build/Intermediates.noindex/gis-tools.build/Debug-watchos/GISTools-t.build/GISTools.DependencyStaticMetadataFileList
WriteAuxiliaryFile /Users/admin/builder/spi-builder-workspace/.derivedData/Build/Intermediates.noindex/gis-tools.build/Debug-watchos/GISTools-t.build/GISTools.DependencyMetadataFileList (in target 'GISTools' from project 'gis-tools')
    cd /Users/admin/builder/spi-builder-workspace/.dependencies/checkouts/gis-tools
    write-file /Users/admin/builder/spi-builder-workspace/.derivedData/Build/Intermediates.noindex/gis-tools.build/Debug-watchos/GISTools-t.build/GISTools.DependencyMetadataFileList
Copy /Users/admin/builder/spi-builder-workspace/.derivedData/Build/Intermediates.noindex/GeneratedModuleMaps-watchos/GISTools.modulemap /Users/admin/builder/spi-builder-workspace/.derivedData/Build/Intermediates.noindex/gis-tools.build/Debug-watchos/GISTools-t.build/GISTools.modulemap (in target 'GISTools' from project 'gis-tools')
    cd /Users/admin/builder/spi-builder-workspace/.dependencies/checkouts/gis-tools
    builtin-copy -exclude .DS_Store -exclude CVS -exclude .svn -exclude .git -exclude .hg -resolve-src-symlinks /Users/admin/builder/spi-builder-workspace/.derivedData/Build/Intermediates.noindex/gis-tools.build/Debug-watchos/GISTools-t.build/GISTools.modulemap /Users/admin/builder/spi-builder-workspace/.derivedData/Build/Intermediates.noindex/GeneratedModuleMaps-watchos
CompileC /Users/admin/builder/spi-builder-workspace/.derivedData/Build/Intermediates.noindex/swift-mapnik.build/Debug-watchos/MapnikC-t.build/Objects-normal/arm64/mapnik_c.o /Users/admin/builder/spi-builder-workspace/Sources/MapnikC/mapnik_c.cpp normal arm64 c++ com.apple.compilers.llvm.clang.1_0.compiler (in target 'MapnikC' from project 'swift-mapnik')
    cd /Users/admin/builder/spi-builder-workspace/.swiftpm/xcode

    Using response file: /Users/admin/builder/spi-builder-workspace/.derivedData/Build/Intermediates.noindex/swift-mapnik.build/Debug-watchos/MapnikC-t.build/Objects-normal/arm64/82b82416624d2658e5098eb0a28c15c5-common-args.resp

    /Applications/Xcode-27.0.0-Release.Candidate.app/Contents/Developer/Toolchains/XcodeDefault.xctoolchain/usr/bin/clang -x c++ -ivfsstatcache /Users/admin/builder/spi-builder-workspace/.derivedData/SDKStatCaches.noindex/watchos27.0-24R360-e829b21a6f8c9b70876ba0858053c04477534ef55a1706bf4c1112bbb242f0a2.sdkstatcache -target arm64-apple-watchos9.0 -fmessage-length\=0 -fdiagnostics-show-note-include-stack -fmacro-backtrace-limit\=0 -fno-color-diagnostics -fmodules-prune-interval\=86400 -fmodules-prune-after\=345600 -fbuild-session-file\=/Users/admin/builder/spi-builder-workspace/.derivedData/ModuleCache.noindex/Session.modulevalidation -fmodules-validate-once-per-build-session -Wnon-modular-include-in-framework-module -Werror\=non-modular-include-in-framework-module -Wno-trigraphs -Wno-missing-field-initializers -Wno-missing-prototypes -Wno-return-type -Wno-non-virtual-dtor -Wno-overloaded-virtual -Wno-exit-time-destructors -Wno-missing-braces -Wparentheses -Wswitch -Wno-unused-function -Wno-unused-label -Wno-unused-parameter -Wno-unused-variable -Wunused-value -Wno-empty-body -Wno-uninitialized -Wno-unknown-pragmas -Wno-shadow -Wno-four-char-constants -Wno-conversion -Wno-constant-conversion -Wno-int-conversion -Wno-bool-conversion -Wno-enum-conversion -Wno-float-conversion -Wno-non-literal-null-conversion -Wno-objc-literal-conversion -Wshorten-64-to-32 -Wno-newline-eof -Wno-c++11-extensions -Wno-implicit-fallthrough -isysroot /Applications/Xcode-27.0.0-Release.Candidate.app/Contents/Developer/Platforms/WatchOS.platform/Developer/SDKs/WatchOS27.0.sdk -fstrict-aliasing -Wdeprecated-declarations -Winvalid-offsetof -Wno-sign-conversion -Wno-infinite-recursion -Wno-move -Wno-comma -Wno-block-capture-autoreleasing -Wno-strict-prototypes -Wno-range-loop-analysis -Wno-semicolon-before-method-body -index-store-path /Users/admin/builder/spi-builder-workspace/.derivedData/Index.noindex/DataStore @/Users/admin/builder/spi-builder-workspace/.derivedData/Build/Intermediates.noindex/swift-mapnik.build/Debug-watchos/MapnikC-t.build/Objects-normal/arm64/82b82416624d2658e5098eb0a28c15c5-common-args.resp -MMD -MT dependencies -MF /Users/admin/builder/spi-builder-workspace/.derivedData/Build/Intermediates.noindex/swift-mapnik.build/Debug-watchos/MapnikC-t.build/Objects-normal/arm64/mapnik_c.d --serialize-diagnostics /Users/admin/builder/spi-builder-workspace/.derivedData/Build/Intermediates.noindex/swift-mapnik.build/Debug-watchos/MapnikC-t.build/Objects-normal/arm64/mapnik_c.dia -c /Users/admin/builder/spi-builder-workspace/Sources/MapnikC/mapnik_c.cpp -o /Users/admin/builder/spi-builder-workspace/.derivedData/Build/Intermediates.noindex/swift-mapnik.build/Debug-watchos/MapnikC-t.build/Objects-normal/arm64/mapnik_c.o -index-unit-output-path /swift-mapnik.build/Debug-watchos/MapnikC-t.build/Objects-normal/arm64/mapnik_c.o
/Users/admin/builder/spi-builder-workspace/Sources/MapnikC/mapnik_c.cpp:24:10: fatal error: 'mapnik/map.hpp' file not found
   24 | #include <mapnik/map.hpp>
      |          ^~~~~~~~~~~~~~~~
1 error generated.
CompileC /Users/admin/builder/spi-builder-workspace/.derivedData/Build/Intermediates.noindex/swift-mapnik.build/Debug-watchos/MapnikC-t.build/Objects-normal/arm64_32/mapnik_c.o /Users/admin/builder/spi-builder-workspace/Sources/MapnikC/mapnik_c.cpp normal arm64_32 c++ com.apple.compilers.llvm.clang.1_0.compiler (in target 'MapnikC' from project 'swift-mapnik')
    cd /Users/admin/builder/spi-builder-workspace/.swiftpm/xcode

    Using response file: /Users/admin/builder/spi-builder-workspace/.derivedData/Build/Intermediates.noindex/swift-mapnik.build/Debug-watchos/MapnikC-t.build/Objects-normal/arm64_32/82b82416624d2658e5098eb0a28c15c5-common-args.resp

    /Applications/Xcode-27.0.0-Release.Candidate.app/Contents/Developer/Toolchains/XcodeDefault.xctoolchain/usr/bin/clang -x c++ -ivfsstatcache /Users/admin/builder/spi-builder-workspace/.derivedData/SDKStatCaches.noindex/watchos27.0-24R360-e829b21a6f8c9b70876ba0858053c04477534ef55a1706bf4c1112bbb242f0a2.sdkstatcache -target arm64_32-apple-watchos9.0 -fmessage-length\=0 -fdiagnostics-show-note-include-stack -fmacro-backtrace-limit\=0 -fno-color-diagnostics -fmodules-prune-interval\=86400 -fmodules-prune-after\=345600 -fbuild-session-file\=/Users/admin/builder/spi-builder-workspace/.derivedData/ModuleCache.noindex/Session.modulevalidation -fmodules-validate-once-per-build-session -Wnon-modular-include-in-framework-module -Werror\=non-modular-include-in-framework-module -Wno-trigraphs -Wno-missing-field-initializers -Wno-missing-prototypes -Wno-return-type -Wno-non-virtual-dtor -Wno-overloaded-virtual -Wno-exit-time-destructors -Wno-missing-braces -Wparentheses -Wswitch -Wno-unused-function -Wno-unused-label -Wno-unused-parameter -Wno-unused-variable -Wunused-value -Wno-empty-body -Wno-uninitialized -Wno-unknown-pragmas -Wno-shadow -Wno-four-char-constants -Wno-conversion -Wno-constant-conversion -Wno-int-conversion -Wno-bool-conversion -Wno-enum-conversion -Wno-float-conversion -Wno-non-literal-null-conversion -Wno-objc-literal-conversion -Wno-shorten-64-to-32 -Wno-newline-eof -Wno-c++11-extensions -Wno-implicit-fallthrough -isysroot /Applications/Xcode-27.0.0-Release.Candidate.app/Contents/Developer/Platforms/WatchOS.platform/Developer/SDKs/WatchOS27.0.sdk -fstrict-aliasing -Wdeprecated-declarations -Winvalid-offsetof -Wno-sign-conversion -Wno-infinite-recursion -Wno-move -Wno-comma -Wno-block-capture-autoreleasing -Wno-strict-prototypes -Wno-range-loop-analysis -Wno-semicolon-before-method-body -index-store-path /Users/admin/builder/spi-builder-workspace/.derivedData/Index.noindex/DataStore @/Users/admin/builder/spi-builder-workspace/.derivedData/Build/Intermediates.noindex/swift-mapnik.build/Debug-watchos/MapnikC-t.build/Objects-normal/arm64_32/82b82416624d2658e5098eb0a28c15c5-common-args.resp -MMD -MT dependencies -MF /Users/admin/builder/spi-builder-workspace/.derivedData/Build/Intermediates.noindex/swift-mapnik.build/Debug-watchos/MapnikC-t.build/Objects-normal/arm64_32/mapnik_c.d --serialize-diagnostics /Users/admin/builder/spi-builder-workspace/.derivedData/Build/Intermediates.noindex/swift-mapnik.build/Debug-watchos/MapnikC-t.build/Objects-normal/arm64_32/mapnik_c.dia -c /Users/admin/builder/spi-builder-workspace/Sources/MapnikC/mapnik_c.cpp -o /Users/admin/builder/spi-builder-workspace/.derivedData/Build/Intermediates.noindex/swift-mapnik.build/Debug-watchos/MapnikC-t.build/Objects-normal/arm64_32/mapnik_c.o -index-unit-output-path /swift-mapnik.build/Debug-watchos/MapnikC-t.build/Objects-normal/arm64_32/mapnik_c.o
/Users/admin/builder/spi-builder-workspace/Sources/MapnikC/mapnik_c.cpp:24:10: fatal error: 'mapnik/map.hpp' file not found
   24 | #include <mapnik/map.hpp>
      |          ^~~~~~~~~~~~~~~~
1 error generated.
SwiftDriver GISTools normal arm64_32 com.apple.xcode.tools.swift.compiler (in target 'GISTools' from project 'gis-tools')
    cd /Users/admin/builder/spi-builder-workspace/.swiftpm/xcode
    builtin-SwiftDriver -- /Applications/Xcode-27.0.0-Release.Candidate.app/Contents/Developer/Toolchains/XcodeDefault.xctoolchain/usr/bin/swiftc -parse-as-library -module-name GISTools -Onone @/Users/admin/builder/spi-builder-workspace/.derivedData/Build/Intermediates.noindex/gis-tools.build/Debug-watchos/GISTools-t.build/Objects-normal/arm64_32/GISTools.SwiftFileList -DSWIFT_PACKAGE -DDEBUG -DSWIFT_MODULE_RESOURCE_BUNDLE_UNAVAILABLE -DXcode -plugin-path /Applications/Xcode-27.0.0-Release.Candidate.app/Contents/Developer/Toolchains/XcodeDefault.xctoolchain/usr/lib/swift/host/plugins/testing -enable-experimental-feature DebugDescriptionMacro -sdk /Applications/Xcode-27.0.0-Release.Candidate.app/Contents/Developer/Platforms/WatchOS.platform/Developer/SDKs/WatchOS27.0.sdk -target arm64_32-apple-watchos9.0 -g -module-cache-path /Users/admin/builder/spi-builder-workspace/.derivedData/ModuleCache.noindex -Xfrontend -serialize-debugging-options -profile-coverage-mapping -profile-generate -enable-testing -suppress-warnings -index-store-path /Users/admin/builder/spi-builder-workspace/.derivedData/Index.noindex/DataStore -Xcc -D_LIBCPP_HARDENING_MODE\=_LIBCPP_HARDENING_MODE_DEBUG -swift-version 6 -I /Users/admin/builder/spi-builder-workspace/.derivedData/Build/Products/Debug-watchos -Isystem /Applications/Xcode-27.0.0-Release.Candidate.app/Contents/Developer/Platforms/WatchOS.platform/Developer/usr/lib -F /Users/admin/builder/spi-builder-workspace/.derivedData/Build/Products/Debug-watchos -F /Applications/Xcode-27.0.0-Release.Candidate.app/Contents/Developer/Platforms/WatchOS.platform/Developer/Library/Frameworks -F /Applications/Xcode-27.0.0-Release.Candidate.app/Contents/Developer/Platforms/WatchOS.platform/Developer/SDKs/WatchOS27.0.sdk/Developer/Library/Frameworks -c -j10 -enable-batch-mode -incremental -Xcc -ivfsstatcache -Xcc /Users/admin/builder/spi-builder-workspace/.derivedData/SDKStatCaches.noindex/watchos27.0-24R360-e829b21a6f8c9b70876ba0858053c04477534ef55a1706bf4c1112bbb242f0a2.sdkstatcache -output-file-map /Users/admin/builder/spi-builder-workspace/.derivedData/Build/Intermediates.noindex/gis-tools.build/Debug-watchos/GISTools-t.build/Objects-normal/arm64_32/GISTools-OutputFileMap.json -save-temps -no-color-diagnostics -explicit-module-build -module-cache-path /Users/admin/builder/spi-builder-workspace/.derivedData/Build/Intermediates.noindex/SwiftExplicitPrecompiledModules -clang-scanner-module-cache-path /Users/admin/builder/spi-builder-workspace/.derivedData/ModuleCache.noindex -sdk-module-cache-path /Users/admin/builder/spi-builder-workspace/.derivedData/SDKExplicitPrecompiledModules -emit-dependencies -emit-module -emit-module-path /Users/admin/builder/spi-builder-workspace/.derivedData/Build/Intermediates.noindex/gis-tools.build/Debug-watchos/GISTools-t.build/Objects-normal/arm64_32/GISTools.swiftmodule -serialize-diagnostics -dependency-scan-serialize-diagnostics-path /Users/admin/builder/spi-builder-workspace/.derivedData/Build/Intermediates.noindex/gis-tools.build/Debug-watchos/GISTools-t.build/Objects-normal/arm64_32/GISTools-dependency-scan.dia -user-module-version 2.5.2 -validate-clang-modules-once -clang-build-session-file /Users/admin/builder/spi-builder-workspace/.derivedData/ModuleCache.noindex/Session.modulevalidation -Xcc -fmodules-prune-interval\=86400 -Xcc -fmodules-prune-after\=345600 -package-name gis_tools -emit-const-values -const-gather-protocols-list /Users/admin/builder/spi-builder-workspace/.derivedData/Build/Intermediates.noindex/gis-tools.build/Debug-watchos/GISTools-t.build/Objects-normal/arm64_32/GISTools_const_extract_protocols.json -Xcc -I/Users/admin/builder/spi-builder-workspace/.derivedData/Build/Products/Debug-watchos/include -Xcc -I/Users/admin/builder/spi-builder-workspace/.derivedData/Build/Intermediates.noindex/gis-tools.build/Debug-watchos/GISTools-t.build/DerivedSources-normal/arm64_32 -Xcc -I/Users/admin/builder/spi-builder-workspace/.derivedData/Build/Intermediates.noindex/gis-tools.build/Debug-watchos/GISTools-t.build/DerivedSources/arm64_32 -Xcc -I/Users/admin/builder/spi-builder-workspace/.derivedData/Build/Intermediates.noindex/gis-tools.build/Debug-watchos/GISTools-t.build/DerivedSources -Xcc -DSWIFT_PACKAGE -Xcc -DDEBUG\=1 -emit-objc-header -emit-objc-header-path /Users/admin/builder/spi-builder-workspace/.derivedData/Build/Intermediates.noindex/gis-tools.build/Debug-watchos/GISTools-t.build/Objects-normal/arm64_32/GISTools-Swift.h -working-directory /Users/admin/builder/spi-builder-workspace/.swiftpm/xcode -experimental-emit-module-separately -disable-cmo
SwiftDriver GISTools normal arm64 com.apple.xcode.tools.swift.compiler (in target 'GISTools' from project 'gis-tools')
    cd /Users/admin/builder/spi-builder-workspace/.swiftpm/xcode
    builtin-SwiftDriver -- /Applications/Xcode-27.0.0-Release.Candidate.app/Contents/Developer/Toolchains/XcodeDefault.xctoolchain/usr/bin/swiftc -parse-as-library -module-name GISTools -Onone @/Users/admin/builder/spi-builder-workspace/.derivedData/Build/Intermediates.noindex/gis-tools.build/Debug-watchos/GISTools-t.build/Objects-normal/arm64/GISTools.SwiftFileList -DSWIFT_PACKAGE -DDEBUG -DSWIFT_MODULE_RESOURCE_BUNDLE_UNAVAILABLE -DXcode -plugin-path /Applications/Xcode-27.0.0-Release.Candidate.app/Contents/Developer/Toolchains/XcodeDefault.xctoolchain/usr/lib/swift/host/plugins/testing -enable-experimental-feature DebugDescriptionMacro -sdk /Applications/Xcode-27.0.0-Release.Candidate.app/Contents/Developer/Platforms/WatchOS.platform/Developer/SDKs/WatchOS27.0.sdk -target arm64-apple-watchos9.0 -g -module-cache-path /Users/admin/builder/spi-builder-workspace/.derivedData/ModuleCache.noindex -Xfrontend -serialize-debugging-options -profile-coverage-mapping -profile-generate -enable-testing -suppress-warnings -index-store-path /Users/admin/builder/spi-builder-workspace/.derivedData/Index.noindex/DataStore -Xcc -D_LIBCPP_HARDENING_MODE\=_LIBCPP_HARDENING_MODE_DEBUG -swift-version 6 -I /Users/admin/builder/spi-builder-workspace/.derivedData/Build/Products/Debug-watchos -Isystem /Applications/Xcode-27.0.0-Release.Candidate.app/Contents/Developer/Platforms/WatchOS.platform/Developer/usr/lib -F /Users/admin/builder/spi-builder-workspace/.derivedData/Build/Products/Debug-watchos -F /Applications/Xcode-27.0.0-Release.Candidate.app/Contents/Developer/Platforms/WatchOS.platform/Developer/Library/Frameworks -F /Applications/Xcode-27.0.0-Release.Candidate.app/Contents/Developer/Platforms/WatchOS.platform/Developer/SDKs/WatchOS27.0.sdk/Developer/Library/Frameworks -c -j10 -enable-batch-mode -incremental -Xcc -ivfsstatcache -Xcc /Users/admin/builder/spi-builder-workspace/.derivedData/SDKStatCaches.noindex/watchos27.0-24R360-e829b21a6f8c9b70876ba0858053c04477534ef55a1706bf4c1112bbb242f0a2.sdkstatcache -output-file-map /Users/admin/builder/spi-builder-workspace/.derivedData/Build/Intermediates.noindex/gis-tools.build/Debug-watchos/GISTools-t.build/Objects-normal/arm64/GISTools-OutputFileMap.json -save-temps -no-color-diagnostics -explicit-module-build -module-cache-path /Users/admin/builder/spi-builder-workspace/.derivedData/Build/Intermediates.noindex/SwiftExplicitPrecompiledModules -clang-scanner-module-cache-path /Users/admin/builder/spi-builder-workspace/.derivedData/ModuleCache.noindex -sdk-module-cache-path /Users/admin/builder/spi-builder-workspace/.derivedData/SDKExplicitPrecompiledModules -emit-dependencies -emit-module -emit-module-path /Users/admin/builder/spi-builder-workspace/.derivedData/Build/Intermediates.noindex/gis-tools.build/Debug-watchos/GISTools-t.build/Objects-normal/arm64/GISTools.swiftmodule -serialize-diagnostics -dependency-scan-serialize-diagnostics-path /Users/admin/builder/spi-builder-workspace/.derivedData/Build/Intermediates.noindex/gis-tools.build/Debug-watchos/GISTools-t.build/Objects-normal/arm64/GISTools-dependency-scan.dia -user-module-version 2.5.2 -validate-clang-modules-once -clang-build-session-file /Users/admin/builder/spi-builder-workspace/.derivedData/ModuleCache.noindex/Session.modulevalidation -Xcc -fmodules-prune-interval\=86400 -Xcc -fmodules-prune-after\=345600 -package-name gis_tools -emit-const-values -const-gather-protocols-list /Users/admin/builder/spi-builder-workspace/.derivedData/Build/Intermediates.noindex/gis-tools.build/Debug-watchos/GISTools-t.build/Objects-normal/arm64/GISTools_const_extract_protocols.json -Xcc -I/Users/admin/builder/spi-builder-workspace/.derivedData/Build/Products/Debug-watchos/include -Xcc -I/Users/admin/builder/spi-builder-workspace/.derivedData/Build/Intermediates.noindex/gis-tools.build/Debug-watchos/GISTools-t.build/DerivedSources-normal/arm64 -Xcc -I/Users/admin/builder/spi-builder-workspace/.derivedData/Build/Intermediates.noindex/gis-tools.build/Debug-watchos/GISTools-t.build/DerivedSources/arm64 -Xcc -I/Users/admin/builder/spi-builder-workspace/.derivedData/Build/Intermediates.noindex/gis-tools.build/Debug-watchos/GISTools-t.build/DerivedSources -Xcc -DSWIFT_PACKAGE -Xcc -DDEBUG\=1 -emit-objc-header -emit-objc-header-path /Users/admin/builder/spi-builder-workspace/.derivedData/Build/Intermediates.noindex/gis-tools.build/Debug-watchos/GISTools-t.build/Objects-normal/arm64/GISTools-Swift.h -working-directory /Users/admin/builder/spi-builder-workspace/.swiftpm/xcode -experimental-emit-module-separately -disable-cmo
SwiftExplicitDependencyGeneratePcm arm64 /Users/admin/builder/spi-builder-workspace/.derivedData/SDKExplicitPrecompiledModules/ptrcheck-8K07997SIHO7YGY7UQ3LOQ3TJ.pcm
SwiftExplicitDependencyGeneratePcm arm64 /Users/admin/builder/spi-builder-workspace/.derivedData/SDKExplicitPrecompiledModules/_Builtin_stddef-5OH846KKUPSJJT7GCX9XU1TKG.pcm
SwiftExplicitDependencyGeneratePcm arm64 /Users/admin/builder/spi-builder-workspace/.derivedData/SDKExplicitPrecompiledModules/_Builtin_stdarg-3X4KLXUYEI0UGBILP4X7D0CYW.pcm
SwiftExplicitDependencyGeneratePcm arm64 /Users/admin/builder/spi-builder-workspace/.derivedData/SDKExplicitPrecompiledModules/_AvailabilityInternal-42EVAC8Q6P1ZT6G3A168N97G4.pcm
SwiftExplicitDependencyGeneratePcm arm64 /Users/admin/builder/spi-builder-workspace/.derivedData/SDKExplicitPrecompiledModules/SwiftShims-AJ4AZYHQNC33R5RLN7AGEIOMP.pcm
SwiftExplicitDependencyGeneratePcm arm64 /Users/admin/builder/spi-builder-workspace/.derivedData/SDKExplicitPrecompiledModules/ptrauth-C7VQASAJ967Q4Q6SRD4I3CFWZ.pcm
SwiftExplicitDependencyGeneratePcm arm64 /Users/admin/builder/spi-builder-workspace/.derivedData/SDKExplicitPrecompiledModules/_Builtin_float-E4M4A8689VXF1T7P7BV56IKBT.pcm
SwiftExplicitDependencyGeneratePcm arm64 /Users/admin/builder/spi-builder-workspace/.derivedData/SDKExplicitPrecompiledModules/_SwiftConcurrencyShims-CTPSFSTDCBVSSQFHL6I305U72.pcm
SwiftExplicitDependencyGeneratePcm arm64_32 /Users/admin/builder/spi-builder-workspace/.derivedData/SDKExplicitPrecompiledModules/SwiftShims-D9VBB138U50XYYGW2C2V21N3L.pcm
PruneExplicitPrecompiledModules /Users/admin/builder/spi-builder-workspace/.derivedData/Build/Intermediates.noindex/ExplicitPrecompiledModules
PruneExplicitPrecompiledModules /Users/admin/builder/spi-builder-workspace/.derivedData/Build/Intermediates.noindex/SwiftExplicitPrecompiledModules
PruneExplicitPrecompiledModules /Users/admin/builder/spi-builder-workspace/.derivedData/SDKExplicitPrecompiledModules
2026-10-03 04:34:44.343 xcodebuild[683:4216] [MT] IDERunDestination: Supported platforms for the buildables in the current scheme is empty.
** BUILD FAILED **
The following build commands failed:
	CompileC /Users/admin/builder/spi-builder-workspace/.derivedData/Build/Intermediates.noindex/swift-mapnik.build/Debug-watchos/MapnikC-t.build/Objects-normal/arm64/mapnik_c.o /Users/admin/builder/spi-builder-workspace/Sources/MapnikC/mapnik_c.cpp normal arm64 c++ com.apple.compilers.llvm.clang.1_0.compiler (in target 'MapnikC' from project 'swift-mapnik')
	Building workspace swift-mapnik with scheme swift-mapnik
(2 failures)
Command line invocation:
    /Applications/Xcode-27.0.0-Release.Candidate.app/Contents/Developer/usr/bin/xcodebuild -IDEClonedSourcePackagesDirPathOverride=/Users/admin/builder/spi-builder-workspace/.dependencies -resolvePackageDependencies
Resolve Package Graph
Resolved source packages:
  swift-mapnik: /Users/admin/builder/spi-builder-workspace
  gis-tools: https://github.com/Outdooractive/gis-tools.git @ 2.5.2
resolved source packages: swift-mapnik, gis-tools
2026-10-03 04:34:48.150 xcodebuild[727:4510] [MT] IDERunDestination: Supported platforms for the buildables in the current scheme is empty.
{
  "cxx_language_standard" : "c++17",
  "dependencies" : [
    {
      "identity" : "gis-tools",
      "requirement" : {
        "range" : [
          {
            "lower_bound" : "2.5.0",
            "upper_bound" : "3.0.0"
          }
        ]
      },
      "type" : "sourceControl",
      "url" : "https://github.com/Outdooractive/gis-tools.git"
    }
  ],
  "manifest_display_name" : "swift-mapnik",
  "name" : "swift-mapnik",
  "path" : "/Users/admin/builder/spi-builder-workspace",
  "platforms" : [
    {
      "name" : "macos",
      "version" : "15.0"
    }
  ],
  "products" : [
    {
      "name" : "Mapnik",
      "targets" : [
        "Mapnik"
      ],
      "type" : {
        "library" : [
          "automatic"
        ]
      }
    }
  ],
  "targets" : [
    {
      "c99name" : "MapnikTests",
      "module_type" : "SwiftTarget",
      "name" : "MapnikTests",
      "path" : "Tests/MapnikTests",
      "product_dependencies" : [
        "GISTools"
      ],
      "sources" : [
        "AvailableFontsTests.swift",
        "FeatureQueryTests.swift",
        "Fixtures.swift",
        "LayerPropertyTests.swift",
        "MapnikDatasourceTests.swift",
        "MapnikPoolTests.swift",
        "MapnikTests.swift",
        "MetatileTests.swift",
        "SaveXMLTests.swift",
        "TileMathTests.swift",
        "WorkQueueTests.swift"
      ],
      "target_dependencies" : [
        "Mapnik"
      ],
      "type" : "test"
    },
    {
      "c99name" : "MapnikC",
      "module_type" : "ClangTarget",
      "name" : "MapnikC",
      "path" : "Sources/MapnikC",
      "product_memberships" : [
        "Mapnik"
      ],
      "sources" : [
        "mapnik_c.cpp"
      ],
      "type" : "library"
    },
    {
      "c99name" : "Mapnik",
      "module_type" : "SwiftTarget",
      "name" : "Mapnik",
      "path" : "Sources/Mapnik",
      "product_dependencies" : [
        "GISTools"
      ],
      "product_memberships" : [
        "Mapnik"
      ],
      "sources" : [
        "Extensions/BoundingBox+Parsing.swift",
        "FeatureQuery.swift",
        "Mapnik.swift",
        "MapnikConfig.swift",
        "MapnikDatasource.swift",
        "MapnikError.swift",
        "MapnikPool.swift",
        "Metatile.swift",
        "RenderOptions.swift",
        "TileSequence.swift",
        "TilelistBuilder.swift",
        "WorkQueue.swift"
      ],
      "target_dependencies" : [
        "MapnikC"
      ],
      "type" : "library"
    }
  ],
  "tools_version" : "6.3"
}
{
  "workspace" : {
    "name" : "swift-mapnik",
    "schemes" : [
      "swift-mapnik"
    ]
  }
}
2026-10-03 04:34:49.506 xcodebuild[735:4572] [MT] IDERunDestination: Supported platforms for the buildables in the current scheme is empty.
Running build ...
env DEVELOPER_DIR=/Applications/Xcode-27.0.0-Release.Candidate.app xcrun xcodebuild -IDEClonedSourcePackagesDirPathOverride=$PWD/.dependencies -skipMacroValidation -skipPackagePluginValidation -derivedDataPath $PWD/.derivedData build -scheme swift-mapnik -destination generic/platform=watchOS
Command line invocation:
    /Applications/Xcode-27.0.0-Release.Candidate.app/Contents/Developer/usr/bin/xcodebuild -IDEClonedSourcePackagesDirPathOverride=/Users/admin/builder/spi-builder-workspace/.dependencies -skipMacroValidation -skipPackagePluginValidation -derivedDataPath /Users/admin/builder/spi-builder-workspace/.derivedData build -scheme swift-mapnik -destination generic/platform=watchOS
Resolve Package Graph
Resolved source packages:
  gis-tools: https://github.com/Outdooractive/gis-tools.git @ 2.5.2
  swift-mapnik: /Users/admin/builder/spi-builder-workspace
ComputePackagePrebuildTargetDependencyGraph
Prepare packages
CreateBuildRequest
SendProjectDescription
CreateBuildOperation
ComputeTargetDependencyGraph
note: Building targets in dependency order
note: Target dependency graph (5 targets)
    Target 'Mapnik-product' in project 'swift-mapnik'
        ➜ Explicit dependency on target 'Mapnik' in project 'swift-mapnik'
        ➜ Explicit dependency on target 'MapnikC' in project 'swift-mapnik'
        ➜ Explicit dependency on target 'GISTools-product' in project 'gis-tools'
    Target 'Mapnik' in project 'swift-mapnik'
        ➜ Explicit dependency on target 'MapnikC' in project 'swift-mapnik'
        ➜ Explicit dependency on target 'GISTools-product' in project 'gis-tools'
    Target 'GISTools-product' in project 'gis-tools'
        ➜ Explicit dependency on target 'GISTools' in project 'gis-tools'
    Target 'GISTools' in project 'gis-tools' (no dependencies)
    Target 'MapnikC' in project 'swift-mapnik' (no dependencies)
GatherProvisioningInputs
CreateBuildDescription
ClangStatCache /Applications/Xcode-27.0.0-Release.Candidate.app/Contents/Developer/Toolchains/XcodeDefault.xctoolchain/usr/bin/clang-stat-cache /Applications/Xcode-27.0.0-Release.Candidate.app/Contents/Developer/Platforms/WatchOS.platform/Developer/SDKs/WatchOS27.0.sdk /Users/admin/builder/spi-builder-workspace/.derivedData/SDKStatCaches.noindex/watchos27.0-24R360-e829b21a6f8c9b70876ba0858053c04477534ef55a1706bf4c1112bbb242f0a2.sdkstatcache
    cd /Users/admin/builder/spi-builder-workspace/.swiftpm/xcode
    /Applications/Xcode-27.0.0-Release.Candidate.app/Contents/Developer/Toolchains/XcodeDefault.xctoolchain/usr/bin/clang-stat-cache /Applications/Xcode-27.0.0-Release.Candidate.app/Contents/Developer/Platforms/WatchOS.platform/Developer/SDKs/WatchOS27.0.sdk -o /Users/admin/builder/spi-builder-workspace/.derivedData/SDKStatCaches.noindex/watchos27.0-24R360-e829b21a6f8c9b70876ba0858053c04477534ef55a1706bf4c1112bbb242f0a2.sdkstatcache
CompileC /Users/admin/builder/spi-builder-workspace/.derivedData/Build/Intermediates.noindex/swift-mapnik.build/Debug-watchos/MapnikC-t.build/Objects-normal/arm64_32/mapnik_c.o /Users/admin/builder/spi-builder-workspace/Sources/MapnikC/mapnik_c.cpp normal arm64_32 c++ com.apple.compilers.llvm.clang.1_0.compiler (in target 'MapnikC' from project 'swift-mapnik')
    cd /Users/admin/builder/spi-builder-workspace/.swiftpm/xcode

    Using response file: /Users/admin/builder/spi-builder-workspace/.derivedData/Build/Intermediates.noindex/swift-mapnik.build/Debug-watchos/MapnikC-t.build/Objects-normal/arm64_32/82b82416624d2658e5098eb0a28c15c5-common-args.resp

    /Applications/Xcode-27.0.0-Release.Candidate.app/Contents/Developer/Toolchains/XcodeDefault.xctoolchain/usr/bin/clang -x c++ -ivfsstatcache /Users/admin/builder/spi-builder-workspace/.derivedData/SDKStatCaches.noindex/watchos27.0-24R360-e829b21a6f8c9b70876ba0858053c04477534ef55a1706bf4c1112bbb242f0a2.sdkstatcache -target arm64_32-apple-watchos9.0 -fmessage-length\=0 -fdiagnostics-show-note-include-stack -fmacro-backtrace-limit\=0 -fno-color-diagnostics -fmodules-prune-interval\=86400 -fmodules-prune-after\=345600 -fbuild-session-file\=/Users/admin/builder/spi-builder-workspace/.derivedData/ModuleCache.noindex/Session.modulevalidation -fmodules-validate-once-per-build-session -Wnon-modular-include-in-framework-module -Werror\=non-modular-include-in-framework-module -Wno-trigraphs -Wno-missing-field-initializers -Wno-missing-prototypes -Wno-return-type -Wno-non-virtual-dtor -Wno-overloaded-virtual -Wno-exit-time-destructors -Wno-missing-braces -Wparentheses -Wswitch -Wno-unused-function -Wno-unused-label -Wno-unused-parameter -Wno-unused-variable -Wunused-value -Wno-empty-body -Wno-uninitialized -Wno-unknown-pragmas -Wno-shadow -Wno-four-char-constants -Wno-conversion -Wno-constant-conversion -Wno-int-conversion -Wno-bool-conversion -Wno-enum-conversion -Wno-float-conversion -Wno-non-literal-null-conversion -Wno-objc-literal-conversion -Wno-shorten-64-to-32 -Wno-newline-eof -Wno-c++11-extensions -Wno-implicit-fallthrough -isysroot /Applications/Xcode-27.0.0-Release.Candidate.app/Contents/Developer/Platforms/WatchOS.platform/Developer/SDKs/WatchOS27.0.sdk -fstrict-aliasing -Wdeprecated-declarations -Winvalid-offsetof -Wno-sign-conversion -Wno-infinite-recursion -Wno-move -Wno-comma -Wno-block-capture-autoreleasing -Wno-strict-prototypes -Wno-range-loop-analysis -Wno-semicolon-before-method-body -index-store-path /Users/admin/builder/spi-builder-workspace/.derivedData/Index.noindex/DataStore @/Users/admin/builder/spi-builder-workspace/.derivedData/Build/Intermediates.noindex/swift-mapnik.build/Debug-watchos/MapnikC-t.build/Objects-normal/arm64_32/82b82416624d2658e5098eb0a28c15c5-common-args.resp -MMD -MT dependencies -MF /Users/admin/builder/spi-builder-workspace/.derivedData/Build/Intermediates.noindex/swift-mapnik.build/Debug-watchos/MapnikC-t.build/Objects-normal/arm64_32/mapnik_c.d --serialize-diagnostics /Users/admin/builder/spi-builder-workspace/.derivedData/Build/Intermediates.noindex/swift-mapnik.build/Debug-watchos/MapnikC-t.build/Objects-normal/arm64_32/mapnik_c.dia -c /Users/admin/builder/spi-builder-workspace/Sources/MapnikC/mapnik_c.cpp -o /Users/admin/builder/spi-builder-workspace/.derivedData/Build/Intermediates.noindex/swift-mapnik.build/Debug-watchos/MapnikC-t.build/Objects-normal/arm64_32/mapnik_c.o -index-unit-output-path /swift-mapnik.build/Debug-watchos/MapnikC-t.build/Objects-normal/arm64_32/mapnik_c.o
/Users/admin/builder/spi-builder-workspace/Sources/MapnikC/mapnik_c.cpp:24:10: fatal error: 'mapnik/map.hpp' file not found
   24 | #include <mapnik/map.hpp>
      |          ^~~~~~~~~~~~~~~~
1 error generated.
CompileC /Users/admin/builder/spi-builder-workspace/.derivedData/Build/Intermediates.noindex/swift-mapnik.build/Debug-watchos/MapnikC-t.build/Objects-normal/arm64/mapnik_c.o /Users/admin/builder/spi-builder-workspace/Sources/MapnikC/mapnik_c.cpp normal arm64 c++ com.apple.compilers.llvm.clang.1_0.compiler (in target 'MapnikC' from project 'swift-mapnik')
    cd /Users/admin/builder/spi-builder-workspace/.swiftpm/xcode

    Using response file: /Users/admin/builder/spi-builder-workspace/.derivedData/Build/Intermediates.noindex/swift-mapnik.build/Debug-watchos/MapnikC-t.build/Objects-normal/arm64/82b82416624d2658e5098eb0a28c15c5-common-args.resp

    /Applications/Xcode-27.0.0-Release.Candidate.app/Contents/Developer/Toolchains/XcodeDefault.xctoolchain/usr/bin/clang -x c++ -ivfsstatcache /Users/admin/builder/spi-builder-workspace/.derivedData/SDKStatCaches.noindex/watchos27.0-24R360-e829b21a6f8c9b70876ba0858053c04477534ef55a1706bf4c1112bbb242f0a2.sdkstatcache -target arm64-apple-watchos9.0 -fmessage-length\=0 -fdiagnostics-show-note-include-stack -fmacro-backtrace-limit\=0 -fno-color-diagnostics -fmodules-prune-interval\=86400 -fmodules-prune-after\=345600 -fbuild-session-file\=/Users/admin/builder/spi-builder-workspace/.derivedData/ModuleCache.noindex/Session.modulevalidation -fmodules-validate-once-per-build-session -Wnon-modular-include-in-framework-module -Werror\=non-modular-include-in-framework-module -Wno-trigraphs -Wno-missing-field-initializers -Wno-missing-prototypes -Wno-return-type -Wno-non-virtual-dtor -Wno-overloaded-virtual -Wno-exit-time-destructors -Wno-missing-braces -Wparentheses -Wswitch -Wno-unused-function -Wno-unused-label -Wno-unused-parameter -Wno-unused-variable -Wunused-value -Wno-empty-body -Wno-uninitialized -Wno-unknown-pragmas -Wno-shadow -Wno-four-char-constants -Wno-conversion -Wno-constant-conversion -Wno-int-conversion -Wno-bool-conversion -Wno-enum-conversion -Wno-float-conversion -Wno-non-literal-null-conversion -Wno-objc-literal-conversion -Wshorten-64-to-32 -Wno-newline-eof -Wno-c++11-extensions -Wno-implicit-fallthrough -isysroot /Applications/Xcode-27.0.0-Release.Candidate.app/Contents/Developer/Platforms/WatchOS.platform/Developer/SDKs/WatchOS27.0.sdk -fstrict-aliasing -Wdeprecated-declarations -Winvalid-offsetof -Wno-sign-conversion -Wno-infinite-recursion -Wno-move -Wno-comma -Wno-block-capture-autoreleasing -Wno-strict-prototypes -Wno-range-loop-analysis -Wno-semicolon-before-method-body -index-store-path /Users/admin/builder/spi-builder-workspace/.derivedData/Index.noindex/DataStore @/Users/admin/builder/spi-builder-workspace/.derivedData/Build/Intermediates.noindex/swift-mapnik.build/Debug-watchos/MapnikC-t.build/Objects-normal/arm64/82b82416624d2658e5098eb0a28c15c5-common-args.resp -MMD -MT dependencies -MF /Users/admin/builder/spi-builder-workspace/.derivedData/Build/Intermediates.noindex/swift-mapnik.build/Debug-watchos/MapnikC-t.build/Objects-normal/arm64/mapnik_c.d --serialize-diagnostics /Users/admin/builder/spi-builder-workspace/.derivedData/Build/Intermediates.noindex/swift-mapnik.build/Debug-watchos/MapnikC-t.build/Objects-normal/arm64/mapnik_c.dia -c /Users/admin/builder/spi-builder-workspace/Sources/MapnikC/mapnik_c.cpp -o /Users/admin/builder/spi-builder-workspace/.derivedData/Build/Intermediates.noindex/swift-mapnik.build/Debug-watchos/MapnikC-t.build/Objects-normal/arm64/mapnik_c.o -index-unit-output-path /swift-mapnik.build/Debug-watchos/MapnikC-t.build/Objects-normal/arm64/mapnik_c.o
/Users/admin/builder/spi-builder-workspace/Sources/MapnikC/mapnik_c.cpp:24:10: fatal error: 'mapnik/map.hpp' file not found
   24 | #include <mapnik/map.hpp>
      |          ^~~~~~~~~~~~~~~~
1 error generated.
SwiftDriver GISTools normal arm64 com.apple.xcode.tools.swift.compiler (in target 'GISTools' from project 'gis-tools')
    cd /Users/admin/builder/spi-builder-workspace/.swiftpm/xcode
    builtin-SwiftDriver -- /Applications/Xcode-27.0.0-Release.Candidate.app/Contents/Developer/Toolchains/XcodeDefault.xctoolchain/usr/bin/swiftc -parse-as-library -module-name GISTools -Onone @/Users/admin/builder/spi-builder-workspace/.derivedData/Build/Intermediates.noindex/gis-tools.build/Debug-watchos/GISTools-t.build/Objects-normal/arm64/GISTools.SwiftFileList -DSWIFT_PACKAGE -DDEBUG -DSWIFT_MODULE_RESOURCE_BUNDLE_UNAVAILABLE -DXcode -plugin-path /Applications/Xcode-27.0.0-Release.Candidate.app/Contents/Developer/Toolchains/XcodeDefault.xctoolchain/usr/lib/swift/host/plugins/testing -enable-experimental-feature DebugDescriptionMacro -sdk /Applications/Xcode-27.0.0-Release.Candidate.app/Contents/Developer/Platforms/WatchOS.platform/Developer/SDKs/WatchOS27.0.sdk -target arm64-apple-watchos9.0 -g -module-cache-path /Users/admin/builder/spi-builder-workspace/.derivedData/ModuleCache.noindex -Xfrontend -serialize-debugging-options -profile-coverage-mapping -profile-generate -enable-testing -suppress-warnings -index-store-path /Users/admin/builder/spi-builder-workspace/.derivedData/Index.noindex/DataStore -Xcc -D_LIBCPP_HARDENING_MODE\=_LIBCPP_HARDENING_MODE_DEBUG -swift-version 6 -I /Users/admin/builder/spi-builder-workspace/.derivedData/Build/Products/Debug-watchos -Isystem /Applications/Xcode-27.0.0-Release.Candidate.app/Contents/Developer/Platforms/WatchOS.platform/Developer/usr/lib -F /Users/admin/builder/spi-builder-workspace/.derivedData/Build/Products/Debug-watchos -F /Applications/Xcode-27.0.0-Release.Candidate.app/Contents/Developer/Platforms/WatchOS.platform/Developer/Library/Frameworks -F /Applications/Xcode-27.0.0-Release.Candidate.app/Contents/Developer/Platforms/WatchOS.platform/Developer/SDKs/WatchOS27.0.sdk/Developer/Library/Frameworks -c -j10 -enable-batch-mode -incremental -Xcc -ivfsstatcache -Xcc /Users/admin/builder/spi-builder-workspace/.derivedData/SDKStatCaches.noindex/watchos27.0-24R360-e829b21a6f8c9b70876ba0858053c04477534ef55a1706bf4c1112bbb242f0a2.sdkstatcache -output-file-map /Users/admin/builder/spi-builder-workspace/.derivedData/Build/Intermediates.noindex/gis-tools.build/Debug-watchos/GISTools-t.build/Objects-normal/arm64/GISTools-OutputFileMap.json -save-temps -no-color-diagnostics -explicit-module-build -module-cache-path /Users/admin/builder/spi-builder-workspace/.derivedData/Build/Intermediates.noindex/SwiftExplicitPrecompiledModules -clang-scanner-module-cache-path /Users/admin/builder/spi-builder-workspace/.derivedData/ModuleCache.noindex -sdk-module-cache-path /Users/admin/builder/spi-builder-workspace/.derivedData/SDKExplicitPrecompiledModules -emit-dependencies -emit-module -emit-module-path /Users/admin/builder/spi-builder-workspace/.derivedData/Build/Intermediates.noindex/gis-tools.build/Debug-watchos/GISTools-t.build/Objects-normal/arm64/GISTools.swiftmodule -serialize-diagnostics -dependency-scan-serialize-diagnostics-path /Users/admin/builder/spi-builder-workspace/.derivedData/Build/Intermediates.noindex/gis-tools.build/Debug-watchos/GISTools-t.build/Objects-normal/arm64/GISTools-dependency-scan.dia -user-module-version 2.5.2 -validate-clang-modules-once -clang-build-session-file /Users/admin/builder/spi-builder-workspace/.derivedData/ModuleCache.noindex/Session.modulevalidation -Xcc -fmodules-prune-interval\=86400 -Xcc -fmodules-prune-after\=345600 -package-name gis_tools -emit-const-values -const-gather-protocols-list /Users/admin/builder/spi-builder-workspace/.derivedData/Build/Intermediates.noindex/gis-tools.build/Debug-watchos/GISTools-t.build/Objects-normal/arm64/GISTools_const_extract_protocols.json -Xcc -I/Users/admin/builder/spi-builder-workspace/.derivedData/Build/Products/Debug-watchos/include -Xcc -I/Users/admin/builder/spi-builder-workspace/.derivedData/Build/Intermediates.noindex/gis-tools.build/Debug-watchos/GISTools-t.build/DerivedSources-normal/arm64 -Xcc -I/Users/admin/builder/spi-builder-workspace/.derivedData/Build/Intermediates.noindex/gis-tools.build/Debug-watchos/GISTools-t.build/DerivedSources/arm64 -Xcc -I/Users/admin/builder/spi-builder-workspace/.derivedData/Build/Intermediates.noindex/gis-tools.build/Debug-watchos/GISTools-t.build/DerivedSources -Xcc -DSWIFT_PACKAGE -Xcc -DDEBUG\=1 -emit-objc-header -emit-objc-header-path /Users/admin/builder/spi-builder-workspace/.derivedData/Build/Intermediates.noindex/gis-tools.build/Debug-watchos/GISTools-t.build/Objects-normal/arm64/GISTools-Swift.h -working-directory /Users/admin/builder/spi-builder-workspace/.swiftpm/xcode -experimental-emit-module-separately -disable-cmo
SwiftDriver GISTools normal arm64_32 com.apple.xcode.tools.swift.compiler (in target 'GISTools' from project 'gis-tools')
    cd /Users/admin/builder/spi-builder-workspace/.swiftpm/xcode
    builtin-SwiftDriver -- /Applications/Xcode-27.0.0-Release.Candidate.app/Contents/Developer/Toolchains/XcodeDefault.xctoolchain/usr/bin/swiftc -parse-as-library -module-name GISTools -Onone @/Users/admin/builder/spi-builder-workspace/.derivedData/Build/Intermediates.noindex/gis-tools.build/Debug-watchos/GISTools-t.build/Objects-normal/arm64_32/GISTools.SwiftFileList -DSWIFT_PACKAGE -DDEBUG -DSWIFT_MODULE_RESOURCE_BUNDLE_UNAVAILABLE -DXcode -plugin-path /Applications/Xcode-27.0.0-Release.Candidate.app/Contents/Developer/Toolchains/XcodeDefault.xctoolchain/usr/lib/swift/host/plugins/testing -enable-experimental-feature DebugDescriptionMacro -sdk /Applications/Xcode-27.0.0-Release.Candidate.app/Contents/Developer/Platforms/WatchOS.platform/Developer/SDKs/WatchOS27.0.sdk -target arm64_32-apple-watchos9.0 -g -module-cache-path /Users/admin/builder/spi-builder-workspace/.derivedData/ModuleCache.noindex -Xfrontend -serialize-debugging-options -profile-coverage-mapping -profile-generate -enable-testing -suppress-warnings -index-store-path /Users/admin/builder/spi-builder-workspace/.derivedData/Index.noindex/DataStore -Xcc -D_LIBCPP_HARDENING_MODE\=_LIBCPP_HARDENING_MODE_DEBUG -swift-version 6 -I /Users/admin/builder/spi-builder-workspace/.derivedData/Build/Products/Debug-watchos -Isystem /Applications/Xcode-27.0.0-Release.Candidate.app/Contents/Developer/Platforms/WatchOS.platform/Developer/usr/lib -F /Users/admin/builder/spi-builder-workspace/.derivedData/Build/Products/Debug-watchos -F /Applications/Xcode-27.0.0-Release.Candidate.app/Contents/Developer/Platforms/WatchOS.platform/Developer/Library/Frameworks -F /Applications/Xcode-27.0.0-Release.Candidate.app/Contents/Developer/Platforms/WatchOS.platform/Developer/SDKs/WatchOS27.0.sdk/Developer/Library/Frameworks -c -j10 -enable-batch-mode -incremental -Xcc -ivfsstatcache -Xcc /Users/admin/builder/spi-builder-workspace/.derivedData/SDKStatCaches.noindex/watchos27.0-24R360-e829b21a6f8c9b70876ba0858053c04477534ef55a1706bf4c1112bbb242f0a2.sdkstatcache -output-file-map /Users/admin/builder/spi-builder-workspace/.derivedData/Build/Intermediates.noindex/gis-tools.build/Debug-watchos/GISTools-t.build/Objects-normal/arm64_32/GISTools-OutputFileMap.json -save-temps -no-color-diagnostics -explicit-module-build -module-cache-path /Users/admin/builder/spi-builder-workspace/.derivedData/Build/Intermediates.noindex/SwiftExplicitPrecompiledModules -clang-scanner-module-cache-path /Users/admin/builder/spi-builder-workspace/.derivedData/ModuleCache.noindex -sdk-module-cache-path /Users/admin/builder/spi-builder-workspace/.derivedData/SDKExplicitPrecompiledModules -emit-dependencies -emit-module -emit-module-path /Users/admin/builder/spi-builder-workspace/.derivedData/Build/Intermediates.noindex/gis-tools.build/Debug-watchos/GISTools-t.build/Objects-normal/arm64_32/GISTools.swiftmodule -serialize-diagnostics -dependency-scan-serialize-diagnostics-path /Users/admin/builder/spi-builder-workspace/.derivedData/Build/Intermediates.noindex/gis-tools.build/Debug-watchos/GISTools-t.build/Objects-normal/arm64_32/GISTools-dependency-scan.dia -user-module-version 2.5.2 -validate-clang-modules-once -clang-build-session-file /Users/admin/builder/spi-builder-workspace/.derivedData/ModuleCache.noindex/Session.modulevalidation -Xcc -fmodules-prune-interval\=86400 -Xcc -fmodules-prune-after\=345600 -package-name gis_tools -emit-const-values -const-gather-protocols-list /Users/admin/builder/spi-builder-workspace/.derivedData/Build/Intermediates.noindex/gis-tools.build/Debug-watchos/GISTools-t.build/Objects-normal/arm64_32/GISTools_const_extract_protocols.json -Xcc -I/Users/admin/builder/spi-builder-workspace/.derivedData/Build/Products/Debug-watchos/include -Xcc -I/Users/admin/builder/spi-builder-workspace/.derivedData/Build/Intermediates.noindex/gis-tools.build/Debug-watchos/GISTools-t.build/DerivedSources-normal/arm64_32 -Xcc -I/Users/admin/builder/spi-builder-workspace/.derivedData/Build/Intermediates.noindex/gis-tools.build/Debug-watchos/GISTools-t.build/DerivedSources/arm64_32 -Xcc -I/Users/admin/builder/spi-builder-workspace/.derivedData/Build/Intermediates.noindex/gis-tools.build/Debug-watchos/GISTools-t.build/DerivedSources -Xcc -DSWIFT_PACKAGE -Xcc -DDEBUG\=1 -emit-objc-header -emit-objc-header-path /Users/admin/builder/spi-builder-workspace/.derivedData/Build/Intermediates.noindex/gis-tools.build/Debug-watchos/GISTools-t.build/Objects-normal/arm64_32/GISTools-Swift.h -working-directory /Users/admin/builder/spi-builder-workspace/.swiftpm/xcode -experimental-emit-module-separately -disable-cmo
PruneExplicitPrecompiledModules /Users/admin/builder/spi-builder-workspace/.derivedData/Build/Intermediates.noindex/ExplicitPrecompiledModules
PruneExplicitPrecompiledModules /Users/admin/builder/spi-builder-workspace/.derivedData/SDKExplicitPrecompiledModules
PruneExplicitPrecompiledModules /Users/admin/builder/spi-builder-workspace/.derivedData/Build/Intermediates.noindex/SwiftExplicitPrecompiledModules
2026-10-03 04:34:50.536 xcodebuild[736:4599] [MT] IDERunDestination: Supported platforms for the buildables in the current scheme is empty.
** BUILD FAILED **
The following build commands failed:
	CompileC /Users/admin/builder/spi-builder-workspace/.derivedData/Build/Intermediates.noindex/swift-mapnik.build/Debug-watchos/MapnikC-t.build/Objects-normal/arm64/mapnik_c.o /Users/admin/builder/spi-builder-workspace/Sources/MapnikC/mapnik_c.cpp normal arm64 c++ com.apple.compilers.llvm.clang.1_0.compiler (in target 'MapnikC' from project 'swift-mapnik')
	Building workspace swift-mapnik with scheme swift-mapnik
(2 failures)
BUILD FAILURE 6.4 watchOS