The Swift Package Index logo.Swift Package Index

Build Information

Failed to build Blackbird, reference main (0960ff), with Swift 6.3 for Wasm on 13 Jul 2026 16:52:52 UTC.

Build Command

bash -c docker run --pull=always --rm -v "checkouts-53886769-0":/host -w "$PWD" -e JAVA_HOME="/root/.sdkman/candidates/java/current" -e SPI_BUILD="1" -e SPI_PROCESSING="1" registry.gitlab.com/saguaro1/spi-images:wasm-6.3-latest swift build --swift-sdk swift-6.3.2-RELEASE_wasm 2>&1

Build Log

========================================
RunAll
========================================
Builder version: ee7f7f69ffe4e79de74a2a3c774eb39d565d38f4
Interrupt handler set up.
========================================
Checkout
========================================
Clone URL: https://github.com/marcoarment/Blackbird.git
Reference: main
Initialized empty Git repository in /host/spi-builder-workspace/.git/
hint: Using 'master' as the name for the initial branch. This default branch name
hint: is subject to change. To configure the initial branch name to use in all
hint: of your new repositories, which will suppress this warning, call:
hint:
hint: 	git config --global init.defaultBranch <name>
hint:
hint: Names commonly chosen instead of 'master' are 'main', 'trunk' and
hint: 'development'. The just-created branch can be renamed via this command:
hint:
hint: 	git branch -m <name>
From https://github.com/marcoarment/Blackbird
 * branch            main       -> FETCH_HEAD
 * [new branch]      main       -> origin/main
HEAD is now at 0960ffc Removed auto-Identifiable for “id”-less models
Cloned https://github.com/marcoarment/Blackbird.git
Revision (git rev-parse @):
0960ffc7649e9c35cfdb5f6b0b98216a34e8c09a
SPI manifest file found: $PWD/.spi.yml
SUCCESS checkout https://github.com/marcoarment/Blackbird.git at main
========================================
Build
========================================
Selected platform:         wasm
Swift version:             6.3
Building package at path:  $PWD
https://github.com/marcoarment/Blackbird.git
Running build ...
bash -c docker run --pull=always --rm -v "checkouts-53886769-0":/host -w "$PWD" -e JAVA_HOME="/root/.sdkman/candidates/java/current" -e SPI_BUILD="1" -e SPI_PROCESSING="1" registry.gitlab.com/saguaro1/spi-images:wasm-6.3-latest swift build --swift-sdk swift-6.3.2-RELEASE_wasm 2>&1
wasm-6.3-latest: Pulling from saguaro1/spi-images
Digest: sha256:501b6bfc4ca8a27c305c68f9d5c778f996de82635741ab45476a03ffa6fa26d2
Status: Image is up to date for registry.gitlab.com/saguaro1/spi-images:wasm-6.3-latest
Building for debugging...
[0/2] Write sources
[1/2] Write swift-version-24593BA9C3E375BF.txt
[3/17] Compiling Blackbird BlackbirdPerformanceLogger.swift
/host/spi-builder-workspace/Sources/Blackbird/Blackbird.swift:35:8: error: no such module 'SQLite3'
 33 |
 34 | import Foundation
 35 | import SQLite3
    |        `- error: no such module 'SQLite3'
 36 |
 37 | /// A small, fast, lightweight SQLite database wrapper and model layer.
[4/17] Compiling Blackbird BlackbirdRow.swift
/host/spi-builder-workspace/Sources/Blackbird/Blackbird.swift:35:8: error: no such module 'SQLite3'
 33 |
 34 | import Foundation
 35 | import SQLite3
    |        `- error: no such module 'SQLite3'
 36 |
 37 | /// A small, fast, lightweight SQLite database wrapper and model layer.
[5/19] Compiling Blackbird BlackbirdModel.swift
/host/spi-builder-workspace/Sources/Blackbird/Blackbird.swift:35:8: error: no such module 'SQLite3'
 33 |
 34 | import Foundation
 35 | import SQLite3
    |        `- error: no such module 'SQLite3'
 36 |
 37 | /// A small, fast, lightweight SQLite database wrapper and model layer.
[6/19] Compiling Blackbird BlackbirdModelSearch.swift
/host/spi-builder-workspace/Sources/Blackbird/Blackbird.swift:35:8: error: no such module 'SQLite3'
 33 |
 34 | import Foundation
 35 | import SQLite3
    |        `- error: no such module 'SQLite3'
 36 |
 37 | /// A small, fast, lightweight SQLite database wrapper and model layer.
[7/19] Compiling Blackbird BlackbirdModelStructuredQuerying.swift
/host/spi-builder-workspace/Sources/Blackbird/Blackbird.swift:35:8: error: no such module 'SQLite3'
 33 |
 34 | import Foundation
 35 | import SQLite3
    |        `- error: no such module 'SQLite3'
 36 |
 37 | /// A small, fast, lightweight SQLite database wrapper and model layer.
[8/19] Compiling Blackbird BlackbirdObservation.swift
/host/spi-builder-workspace/Sources/Blackbird/Blackbird.swift:35:8: error: no such module 'SQLite3'
 33 |
 34 | import Foundation
 35 | import SQLite3
    |        `- error: no such module 'SQLite3'
 36 |
 37 | /// A small, fast, lightweight SQLite database wrapper and model layer.
[9/19] Compiling Blackbird BlackbirdColumnTypes.swift
/host/spi-builder-workspace/Sources/Blackbird/Blackbird.swift:35:8: error: no such module 'SQLite3'
 33 |
 34 | import Foundation
 35 | import SQLite3
    |        `- error: no such module 'SQLite3'
 36 |
 37 | /// A small, fast, lightweight SQLite database wrapper and model layer.
[10/19] Compiling Blackbird BlackbirdDatabase.swift
/host/spi-builder-workspace/Sources/Blackbird/Blackbird.swift:35:8: error: no such module 'SQLite3'
 33 |
 34 | import Foundation
 35 | import SQLite3
    |        `- error: no such module 'SQLite3'
 36 |
 37 | /// A small, fast, lightweight SQLite database wrapper and model layer.
[11/19] Compiling Blackbird Blackbird.swift
/host/spi-builder-workspace/Sources/Blackbird/Blackbird.swift:35:8: error: no such module 'SQLite3'
 33 |
 34 | import Foundation
 35 | import SQLite3
    |        `- error: no such module 'SQLite3'
 36 |
 37 | /// A small, fast, lightweight SQLite database wrapper and model layer.
error: emit-module command failed with exit code 1 (use -v to see invocation)
[12/19] Compiling Blackbird BlackbirdCache.swift
/host/spi-builder-workspace/Sources/Blackbird/Blackbird.swift:35:8: error: no such module 'SQLite3'
 33 |
 34 | import Foundation
 35 | import SQLite3
    |        `- error: no such module 'SQLite3'
 36 |
 37 | /// A small, fast, lightweight SQLite database wrapper and model layer.
[13/19] Compiling Blackbird BlackbirdCodingKey.swift
/host/spi-builder-workspace/Sources/Blackbird/Blackbird.swift:35:8: error: no such module 'SQLite3'
 33 |
 34 | import Foundation
 35 | import SQLite3
    |        `- error: no such module 'SQLite3'
 36 |
 37 | /// A small, fast, lightweight SQLite database wrapper and model layer.
[14/19] Compiling Blackbird BlackbirdColumn.swift
/host/spi-builder-workspace/Sources/Blackbird/Blackbird.swift:35:8: error: no such module 'SQLite3'
 33 |
 34 | import Foundation
 35 | import SQLite3
    |        `- error: no such module 'SQLite3'
 36 |
 37 | /// A small, fast, lightweight SQLite database wrapper and model layer.
[15/19] Emitting module Blackbird
/host/spi-builder-workspace/Sources/Blackbird/Blackbird.swift:35:8: error: no such module 'SQLite3'
 33 |
 34 | import Foundation
 35 | import SQLite3
    |        `- error: no such module 'SQLite3'
 36 |
 37 | /// A small, fast, lightweight SQLite database wrapper and model layer.
[16/19] Compiling Blackbird BlackbirdChanges.swift
/host/spi-builder-workspace/Sources/Blackbird/Blackbird.swift:35:8: error: no such module 'SQLite3'
 33 |
 34 | import Foundation
 35 | import SQLite3
    |        `- error: no such module 'SQLite3'
 36 |
 37 | /// A small, fast, lightweight SQLite database wrapper and model layer.
[17/19] Compiling Blackbird BlackbirdCodable.swift
/host/spi-builder-workspace/Sources/Blackbird/Blackbird.swift:35:8: error: no such module 'SQLite3'
 33 |
 34 | import Foundation
 35 | import SQLite3
    |        `- error: no such module 'SQLite3'
 36 |
 37 | /// A small, fast, lightweight SQLite database wrapper and model layer.
[18/19] Compiling Blackbird BlackbirdSchema.swift
/host/spi-builder-workspace/Sources/Blackbird/Blackbird.swift:35:8: error: no such module 'SQLite3'
 33 |
 34 | import Foundation
 35 | import SQLite3
    |        `- error: no such module 'SQLite3'
 36 |
 37 | /// A small, fast, lightweight SQLite database wrapper and model layer.
[19/19] Compiling Blackbird BlackbirdSwiftUI.swift
/host/spi-builder-workspace/Sources/Blackbird/Blackbird.swift:35:8: error: no such module 'SQLite3'
 33 |
 34 | import Foundation
 35 | import SQLite3
    |        `- error: no such module 'SQLite3'
 36 |
 37 | /// A small, fast, lightweight SQLite database wrapper and model layer.
BUILD FAILURE 6.3 wasm