The Swift Package Index logo.Swift Package Index

Build Information

Failed to build TableViewReuseIdentifier with Swift 5.9 for macOS (SPM).

Build Command

env DEVELOPER_DIR="/Applications/Xcode-15.0.0-Beta.app" xcrun swift build --arch arm64

Build Log

========================================
RunAll
========================================
Builder version: 4.19.0
Interrupt handler set up.
========================================
Checkout
========================================
Clone URL: https://github.com/OliverLetterer/TableViewReuseIdentifier.git
Reference: 1.0.0
Initialized empty Git repository in /Users/builder/builds/TDmZkXJm/1/finestructure/swiftpackageindex-builder/spi-builder-workspace/.git/
From https://github.com/OliverLetterer/TableViewReuseIdentifier
 * tag               1.0.0      -> FETCH_HEAD
HEAD is now at 95d7649 Initial commit.
Cloned https://github.com/OliverLetterer/TableViewReuseIdentifier.git into spi-builder-workspace
95d76499368b6c4e5bd54ae14976ee3cb214964a
SUCCESS checkout https://github.com/OliverLetterer/TableViewReuseIdentifier.git at 1.0.0
========================================
Build
========================================
Selected platform:         macosSpm
Swift version:             5.9
Building package at path:  spi-builder-workspace
Running build ...
env DEVELOPER_DIR="/Applications/Xcode-15.0.0-Beta.app" xcrun swift build --arch arm64
Building ... (attempt 1)
Building for debugging...
error: emit-module command failed with exit code 1 (use -v to see invocation)
[1/2] Emitting module TableViewReuseIdentifier
/Users/builder/builds/TDmZkXJm/1/finestructure/swiftpackageindex-builder/spi-builder-workspace/Sources/TableViewReuseIdentifier/TableViewReuseIdentifier.swift:8:8: error: no such module 'UIKit'
import UIKit
       ^
[2/2] Compiling TableViewReuseIdentifier TableViewReuseIdentifier.swift
/Users/builder/builds/TDmZkXJm/1/finestructure/swiftpackageindex-builder/spi-builder-workspace/Sources/TableViewReuseIdentifier/TableViewReuseIdentifier.swift:8:8: error: no such module 'UIKit'
import UIKit
       ^
error: fatalError
Retrying in 0 seconds ...
Building ... (attempt 2)
[0/1] Planning build
Building for debugging...
error: emit-module command failed with exit code 1 (use -v to see invocation)
[1/2] Emitting module TableViewReuseIdentifier
/Users/builder/builds/TDmZkXJm/1/finestructure/swiftpackageindex-builder/spi-builder-workspace/Sources/TableViewReuseIdentifier/TableViewReuseIdentifier.swift:8:8: error: no such module 'UIKit'
import UIKit
       ^
[2/2] Compiling TableViewReuseIdentifier TableViewReuseIdentifier.swift
/Users/builder/builds/TDmZkXJm/1/finestructure/swiftpackageindex-builder/spi-builder-workspace/Sources/TableViewReuseIdentifier/TableViewReuseIdentifier.swift:8:8: error: no such module 'UIKit'
import UIKit
       ^
error: fatalError
Retrying in 0 seconds ...
BUILD FAILURE 5.9 macosSpm