Build Information
Failed to build SHSearchBar, reference develop (b3587c), with Swift 6.4 for macOS (Xcode) using Xcode 27.0 on 19 Sep 2026 10:50:33 UTC.
Build Command
env DEVELOPER_DIR=/Applications/Xcode-27.0.0-Release.Candidate.app xcrun xcodebuild -IDEClonedSourcePackagesDirPathOverride=$PWD/.dependencies -skipMacroValidation -skipPackagePluginValidation -derivedDataPath $PWD/.derivedData build -scheme SHSearchBar -destination platform=macOS,arch=arm64Build Log
========================================
RunAll
========================================
Builder version: 5.1.0
Interrupt handler set up.
========================================
Checkout
========================================
Clone URL: https://github.com/blackjacx/SHSearchBar.git
Reference: develop
Initialized empty Git repository in /Users/admin/builder/spi-builder-workspace/.git/
From https://github.com/blackjacx/SHSearchBar
* branch develop -> FETCH_HEAD
* [new branch] develop -> origin/develop
HEAD is now at b3587ca Bump actions/checkout from 2 to 5 in /.github/workflows
Cloned https://github.com/blackjacx/SHSearchBar.git
Revision (git rev-parse @):
b3587ca32294078e8e1373294bce4734b73b499b
SPI manifest file found: $PWD/.spi.yml
SUCCESS checkout https://github.com/blackjacx/SHSearchBar.git at develop
========================================
Build
========================================
Selected platform: macosXcodebuild
Swift version: 6.4
Building package at path: $PWD
https://github.com/blackjacx/SHSearchBar.git
Command line invocation:
/Applications/Xcode-27.0.0-Release.Candidate.app/Contents/Developer/usr/bin/xcodebuild -IDEClonedSourcePackagesDirPathOverride=/Users/admin/builder/spi-builder-workspace/.dependencies -resolvePackageDependencies
Resolve Package Graph
Fetching from https://github.com/Quick/Quick
Fetching from https://github.com/Quick/Nimble
Fetching from https://github.com/mattgallagher/CwlPreconditionTesting.git
Fetching from https://github.com/mattgallagher/CwlCatchException.git
Fetching from https://github.com/apple/swift-algorithms.git
Fetching from https://github.com/apple/swift-argument-parser.git
Fetching from https://github.com/apple/swift-numerics.git
Creating working copy of package ‘Nimble’
Checking out 13.8.0 of package ‘Nimble’
Creating working copy of package ‘CwlCatchException’
Checking out 2.2.1 of package ‘CwlCatchException’
Creating working copy of package ‘swift-argument-parser’
Checking out 1.8.2 of package ‘swift-argument-parser’
Creating working copy of package ‘swift-algorithms’
Checking out 1.2.1 of package ‘swift-algorithms’
Creating working copy of package ‘Quick’
Checking out 7.6.2 of package ‘Quick’
Creating working copy of package ‘CwlPreconditionTesting’
Checking out 2.2.2 of package ‘CwlPreconditionTesting’
Creating working copy of package ‘swift-numerics’
Checking out 1.1.1 of package ‘swift-numerics’
Resolve Package Graph
Resolved source packages:
SHSearchBar: /Users/admin/builder/spi-builder-workspace
Quick: https://github.com/Quick/Quick @ 7.6.2
swift-algorithms: https://github.com/apple/swift-algorithms.git @ 1.2.1
CwlCatchException: https://github.com/mattgallagher/CwlCatchException.git @ 2.2.1
swift-argument-parser: https://github.com/apple/swift-argument-parser.git @ 1.8.2
swift-numerics: https://github.com/apple/swift-numerics.git @ 1.1.1
Nimble: https://github.com/Quick/Nimble @ 13.8.0
CwlPreconditionTesting: https://github.com/mattgallagher/CwlPreconditionTesting.git @ 2.2.2
resolved source packages: SHSearchBar, Quick, swift-algorithms, CwlCatchException, swift-argument-parser, swift-numerics, Nimble, CwlPreconditionTesting
2026-09-19 06:49:36.462 xcodebuild[529:3040] [MT] IDERunDestination: Supported platforms for the buildables in the current scheme is empty.
{
"default_localization" : "en",
"dependencies" : [
{
"identity" : "quick",
"requirement" : {
"range" : [
{
"lower_bound" : "7.0.0",
"upper_bound" : "8.0.0"
}
]
},
"type" : "sourceControl",
"url" : "https://github.com/Quick/Quick"
},
{
"identity" : "nimble",
"requirement" : {
"range" : [
{
"lower_bound" : "13.7.1",
"upper_bound" : "14.0.0"
}
]
},
"type" : "sourceControl",
"url" : "https://github.com/Quick/Nimble"
}
],
"manifest_display_name" : "SHSearchBar",
"name" : "SHSearchBar",
"path" : "/Users/admin/builder/spi-builder-workspace",
"platforms" : [
{
"name" : "ios",
"version" : "14.0"
}
],
"products" : [
{
"name" : "SHSearchBar",
"targets" : [
"SHSearchBar"
],
"type" : {
"library" : [
"automatic"
]
}
}
],
"targets" : [
{
"c99name" : "SHSearchBarTests",
"module_type" : "SwiftTarget",
"name" : "SHSearchBarTests",
"path" : "Tests/SHSearchBarTests",
"product_dependencies" : [
"Quick",
"Nimble"
],
"sources" : [
"Mocks.swift",
"SHSearchBarSpec.swift",
"SHSearchBarTextFieldSpecs.swift"
],
"target_dependencies" : [
"SHSearchBar"
],
"type" : "test"
},
{
"c99name" : "SHSearchBar",
"module_type" : "SwiftTarget",
"name" : "SHSearchBar",
"path" : "Sources/SHSearchBar",
"product_memberships" : [
"SHSearchBar"
],
"resources" : [
{
"path" : "/Users/admin/builder/spi-builder-workspace/Sources/SHSearchBar/Resources/Strings/de.lproj/Localizable.strings",
"rule" : {
"process" : {
"localization" : "de"
}
}
},
{
"path" : "/Users/admin/builder/spi-builder-workspace/Sources/SHSearchBar/Resources/Strings/en.lproj/Localizable.strings",
"rule" : {
"process" : {
"localization" : "en"
}
}
},
{
"path" : "/Users/admin/builder/spi-builder-workspace/Sources/SHSearchBar/Resources/Strings/es.lproj/Localizable.strings",
"rule" : {
"process" : {
"localization" : "es"
}
}
},
{
"path" : "/Users/admin/builder/spi-builder-workspace/Sources/SHSearchBar/Resources/Strings/fr.lproj/Localizable.strings",
"rule" : {
"process" : {
"localization" : "fr"
}
}
},
{
"path" : "/Users/admin/builder/spi-builder-workspace/Sources/SHSearchBar/Resources/Strings/it.lproj/Localizable.strings",
"rule" : {
"process" : {
"localization" : "it"
}
}
},
{
"path" : "/Users/admin/builder/spi-builder-workspace/Sources/SHSearchBar/Resources/Strings/ja.lproj/Localizable.strings",
"rule" : {
"process" : {
"localization" : "ja"
}
}
},
{
"path" : "/Users/admin/builder/spi-builder-workspace/Sources/SHSearchBar/Resources/Strings/ru.lproj/Localizable.strings",
"rule" : {
"process" : {
"localization" : "ru"
}
}
},
{
"path" : "/Users/admin/builder/spi-builder-workspace/Sources/SHSearchBar/Resources/Strings/zh-Hans.lproj/Localizable.strings",
"rule" : {
"process" : {
"localization" : "zh-hans"
}
}
}
],
"sources" : [
"Foundation + Extensions.swift",
"SHSearchBar.swift",
"SHSearchBarConfig.swift",
"SHSearchBarDelegate.swift",
"SHSearchBarTextField.swift",
"UIImage+Style.swift"
],
"type" : "library"
}
],
"tools_version" : "5.9"
}
{
"workspace" : {
"name" : "SHSearchBar",
"schemes" : [
"SHSearchBar"
]
}
}
2026-09-19 06:50:12.334 xcodebuild[994:5535] [MT] IDERunDestination: Supported platforms for the buildables in the current scheme is empty.
Running build ...
env DEVELOPER_DIR=/Applications/Xcode-27.0.0-Release.Candidate.app xcrun xcodebuild -IDEClonedSourcePackagesDirPathOverride=$PWD/.dependencies -skipMacroValidation -skipPackagePluginValidation -derivedDataPath $PWD/.derivedData build -scheme SHSearchBar -destination platform=macOS,arch=arm64
Command line invocation:
/Applications/Xcode-27.0.0-Release.Candidate.app/Contents/Developer/usr/bin/xcodebuild -IDEClonedSourcePackagesDirPathOverride=/Users/admin/builder/spi-builder-workspace/.dependencies -skipMacroValidation -skipPackagePluginValidation -derivedDataPath /Users/admin/builder/spi-builder-workspace/.derivedData build -scheme SHSearchBar -destination platform=macOS,arch=arm64
Resolve Package Graph
Resolve Package Graph
Resolved source packages:
CwlPreconditionTesting: https://github.com/mattgallagher/CwlPreconditionTesting.git @ 2.2.2
swift-algorithms: https://github.com/apple/swift-algorithms.git @ 1.2.1
Nimble: https://github.com/Quick/Nimble @ 13.8.0
Quick: https://github.com/Quick/Quick @ 7.6.2
CwlCatchException: https://github.com/mattgallagher/CwlCatchException.git @ 2.2.1
swift-numerics: https://github.com/apple/swift-numerics.git @ 1.1.1
SHSearchBar: /Users/admin/builder/spi-builder-workspace
swift-argument-parser: https://github.com/apple/swift-argument-parser.git @ 1.8.2
ComputePackagePrebuildTargetDependencyGraph
Prepare packages
CreateBuildRequest
SendProjectDescription
CreateBuildOperation
ComputeTargetDependencyGraph
note: Building targets in dependency order
note: Target dependency graph (3 targets)
Target 'SHSearchBar-product' in project 'SHSearchBar'
➜ Explicit dependency on target 'SHSearchBar' in project 'SHSearchBar'
➜ Explicit dependency on target 'SHSearchBar_SHSearchBar' in project 'SHSearchBar'
Target 'SHSearchBar' in project 'SHSearchBar'
➜ Explicit dependency on target 'SHSearchBar_SHSearchBar' in project 'SHSearchBar'
Target 'SHSearchBar_SHSearchBar' in project 'SHSearchBar' (no dependencies)
GatherProvisioningInputs
CreateBuildDescription
ExecuteExternalTool /Applications/Xcode-27.0.0-Release.Candidate.app/Contents/Developer/Toolchains/XcodeDefault.xctoolchain/usr/bin/clang -v -E -dM -isysroot /Applications/Xcode-27.0.0-Release.Candidate.app/Contents/Developer/Platforms/MacOSX.platform/Developer/SDKs/MacOSX27.0.sdk -x c -c /dev/null
ExecuteExternalTool /Applications/Xcode-27.0.0-Release.Candidate.app/Contents/Developer/Toolchains/XcodeDefault.xctoolchain/usr/bin/swiftc --version
ExecuteExternalTool /Applications/Xcode-27.0.0-Release.Candidate.app/Contents/Developer/Toolchains/XcodeDefault.xctoolchain/usr/bin/ld -version_details
Build description signature: 073333181128f9372f4b0409cffd8f04
Build description path: /Users/admin/builder/spi-builder-workspace/.derivedData/Build/Intermediates.noindex/XCBuildData/073333181128f9372f4b0409cffd8f04.xcbuilddata
CreateBuildDirectory /Users/admin/builder/spi-builder-workspace/.derivedData/SDKExplicitPrecompiledModules
cd /Users/admin/builder/spi-builder-workspace/.swiftpm/xcode
builtin-create-build-directory /Users/admin/builder/spi-builder-workspace/.derivedData/SDKExplicitPrecompiledModules
CreateBuildDirectory /Users/admin/builder/spi-builder-workspace/.derivedData/ModuleCache.noindex
cd /Users/admin/builder/spi-builder-workspace/.swiftpm/xcode
builtin-create-build-directory /Users/admin/builder/spi-builder-workspace/.derivedData/ModuleCache.noindex
CreateBuildDirectory /Users/admin/builder/spi-builder-workspace/.derivedData/CompilationCache.noindex
cd /Users/admin/builder/spi-builder-workspace/.swiftpm/xcode
builtin-create-build-directory /Users/admin/builder/spi-builder-workspace/.derivedData/CompilationCache.noindex
CreateBuildDirectory /Users/admin/builder/spi-builder-workspace/.derivedData/Build/Intermediates.noindex
cd /Users/admin/builder/spi-builder-workspace/.swiftpm/xcode
builtin-create-build-directory /Users/admin/builder/spi-builder-workspace/.derivedData/Build/Intermediates.noindex
CreateBuildDirectory /Users/admin/builder/spi-builder-workspace/.derivedData/Build/Products
cd /Users/admin/builder/spi-builder-workspace/.swiftpm/xcode
builtin-create-build-directory /Users/admin/builder/spi-builder-workspace/.derivedData/Build/Products
ClangStatCache /Applications/Xcode-27.0.0-Release.Candidate.app/Contents/Developer/Toolchains/XcodeDefault.xctoolchain/usr/bin/clang-stat-cache /Applications/Xcode-27.0.0-Release.Candidate.app/Contents/Developer/Platforms/MacOSX.platform/Developer/SDKs/MacOSX27.0.sdk /Users/admin/builder/spi-builder-workspace/.derivedData/SDKStatCaches.noindex/macosx27.0-26A425-e829b21a6f8c9b70876ba0858053c0446a22442a12e9d48fe1a705f55a1adfc4.sdkstatcache
cd /Users/admin/builder/spi-builder-workspace/.swiftpm/xcode
/Applications/Xcode-27.0.0-Release.Candidate.app/Contents/Developer/Toolchains/XcodeDefault.xctoolchain/usr/bin/clang-stat-cache /Applications/Xcode-27.0.0-Release.Candidate.app/Contents/Developer/Platforms/MacOSX.platform/Developer/SDKs/MacOSX27.0.sdk -o /Users/admin/builder/spi-builder-workspace/.derivedData/SDKStatCaches.noindex/macosx27.0-26A425-e829b21a6f8c9b70876ba0858053c0446a22442a12e9d48fe1a705f55a1adfc4.sdkstatcache
CreateBuildDirectory /Users/admin/builder/spi-builder-workspace/.derivedData/Build/Intermediates.noindex/SwiftExplicitPrecompiledModules
cd /Users/admin/builder/spi-builder-workspace/.swiftpm/xcode
builtin-create-build-directory /Users/admin/builder/spi-builder-workspace/.derivedData/Build/Intermediates.noindex/SwiftExplicitPrecompiledModules
CreateBuildDirectory /Users/admin/builder/spi-builder-workspace/.derivedData/Build/Intermediates.noindex/PrecompiledHeaders
cd /Users/admin/builder/spi-builder-workspace/.swiftpm/xcode
builtin-create-build-directory /Users/admin/builder/spi-builder-workspace/.derivedData/Build/Intermediates.noindex/PrecompiledHeaders
CreateBuildDirectory /Users/admin/builder/spi-builder-workspace/.derivedData/Build/Intermediates.noindex/ExplicitPrecompiledModules
cd /Users/admin/builder/spi-builder-workspace/.swiftpm/xcode
builtin-create-build-directory /Users/admin/builder/spi-builder-workspace/.derivedData/Build/Intermediates.noindex/ExplicitPrecompiledModules
CreateBuildDirectory /Users/admin/builder/spi-builder-workspace/.derivedData/Build/Products/Debug
cd /Users/admin/builder/spi-builder-workspace/.swiftpm/xcode
builtin-create-build-directory /Users/admin/builder/spi-builder-workspace/.derivedData/Build/Products/Debug
CreateBuildDirectory /Users/admin/builder/spi-builder-workspace/.derivedData/Build/Intermediates.noindex/EagerLinkingTBDs/Debug
cd /Users/admin/builder/spi-builder-workspace/.swiftpm/xcode
builtin-create-build-directory /Users/admin/builder/spi-builder-workspace/.derivedData/Build/Intermediates.noindex/EagerLinkingTBDs/Debug
CreateBuildDirectory /Users/admin/builder/spi-builder-workspace/.derivedData/Build/Products/Debug/PackageFrameworks
cd /Users/admin/builder/spi-builder-workspace/.swiftpm/xcode
builtin-create-build-directory /Users/admin/builder/spi-builder-workspace/.derivedData/Build/Products/Debug/PackageFrameworks
MkDir /Users/admin/builder/spi-builder-workspace/.derivedData/Build/Products/Debug/SHSearchBar_SHSearchBar.bundle (in target 'SHSearchBar_SHSearchBar' from project 'SHSearchBar')
cd /Users/admin/builder/spi-builder-workspace
/bin/mkdir -p /Users/admin/builder/spi-builder-workspace/.derivedData/Build/Products/Debug/SHSearchBar_SHSearchBar.bundle
MkDir /Users/admin/builder/spi-builder-workspace/.derivedData/Build/Products/Debug/SHSearchBar_SHSearchBar.bundle/Contents (in target 'SHSearchBar_SHSearchBar' from project 'SHSearchBar')
cd /Users/admin/builder/spi-builder-workspace
/bin/mkdir -p /Users/admin/builder/spi-builder-workspace/.derivedData/Build/Products/Debug/SHSearchBar_SHSearchBar.bundle/Contents
WriteAuxiliaryFile /Users/admin/builder/spi-builder-workspace/.derivedData/Build/Intermediates.noindex/SHSearchBar.build/Debug/SHSearchBar_SHSearchBar-b.build/empty-SHSearchBar_SHSearchBar.plist (in target 'SHSearchBar_SHSearchBar' from project 'SHSearchBar')
cd /Users/admin/builder/spi-builder-workspace
write-file /Users/admin/builder/spi-builder-workspace/.derivedData/Build/Intermediates.noindex/SHSearchBar.build/Debug/SHSearchBar_SHSearchBar-b.build/empty-SHSearchBar_SHSearchBar.plist
WriteAuxiliaryFile /Users/admin/builder/spi-builder-workspace/.derivedData/Build/Intermediates.noindex/SHSearchBar.build/Debug/SHSearchBar_SHSearchBar-b.build/SHSearchBar_SHSearchBar.DependencyMetadataFileList (in target 'SHSearchBar_SHSearchBar' from project 'SHSearchBar')
cd /Users/admin/builder/spi-builder-workspace
write-file /Users/admin/builder/spi-builder-workspace/.derivedData/Build/Intermediates.noindex/SHSearchBar.build/Debug/SHSearchBar_SHSearchBar-b.build/SHSearchBar_SHSearchBar.DependencyMetadataFileList
WriteAuxiliaryFile /Users/admin/builder/spi-builder-workspace/.derivedData/Build/Intermediates.noindex/SHSearchBar.build/Debug/SHSearchBar_SHSearchBar-b.build/SHSearchBar_SHSearchBar.DependencyStaticMetadataFileList (in target 'SHSearchBar_SHSearchBar' from project 'SHSearchBar')
cd /Users/admin/builder/spi-builder-workspace
write-file /Users/admin/builder/spi-builder-workspace/.derivedData/Build/Intermediates.noindex/SHSearchBar.build/Debug/SHSearchBar_SHSearchBar-b.build/SHSearchBar_SHSearchBar.DependencyStaticMetadataFileList
MkDir /Users/admin/builder/spi-builder-workspace/.derivedData/Build/Products/Debug/SHSearchBar_SHSearchBar.bundle/Contents/Resources (in target 'SHSearchBar_SHSearchBar' from project 'SHSearchBar')
cd /Users/admin/builder/spi-builder-workspace
/bin/mkdir -p /Users/admin/builder/spi-builder-workspace/.derivedData/Build/Products/Debug/SHSearchBar_SHSearchBar.bundle/Contents/Resources
WriteAuxiliaryFile /Users/admin/builder/spi-builder-workspace/.derivedData/Build/Intermediates.noindex/SHSearchBar.build/Debug/SHSearchBar-t.build/SHSearchBar.DependencyMetadataFileList (in target 'SHSearchBar' from project 'SHSearchBar')
cd /Users/admin/builder/spi-builder-workspace
write-file /Users/admin/builder/spi-builder-workspace/.derivedData/Build/Intermediates.noindex/SHSearchBar.build/Debug/SHSearchBar-t.build/SHSearchBar.DependencyMetadataFileList
WriteAuxiliaryFile /Users/admin/builder/spi-builder-workspace/.derivedData/Build/Intermediates.noindex/SHSearchBar.build/Debug/SHSearchBar-t.build/SHSearchBar.DependencyStaticMetadataFileList (in target 'SHSearchBar' from project 'SHSearchBar')
cd /Users/admin/builder/spi-builder-workspace
write-file /Users/admin/builder/spi-builder-workspace/.derivedData/Build/Intermediates.noindex/SHSearchBar.build/Debug/SHSearchBar-t.build/SHSearchBar.DependencyStaticMetadataFileList
WriteAuxiliaryFile /Users/admin/builder/spi-builder-workspace/.derivedData/Build/Intermediates.noindex/SHSearchBar.build/Debug/SHSearchBar-t.build/SHSearchBar.modulemap (in target 'SHSearchBar' from project 'SHSearchBar')
cd /Users/admin/builder/spi-builder-workspace
write-file /Users/admin/builder/spi-builder-workspace/.derivedData/Build/Intermediates.noindex/SHSearchBar.build/Debug/SHSearchBar-t.build/SHSearchBar.modulemap
WriteAuxiliaryFile /Users/admin/builder/spi-builder-workspace/.derivedData/Build/Intermediates.noindex/SHSearchBar.build/Debug/SHSearchBar-t.build/Objects-normal/arm64/SHSearchBar_const_extract_protocols.json (in target 'SHSearchBar' from project 'SHSearchBar')
cd /Users/admin/builder/spi-builder-workspace
write-file /Users/admin/builder/spi-builder-workspace/.derivedData/Build/Intermediates.noindex/SHSearchBar.build/Debug/SHSearchBar-t.build/Objects-normal/arm64/SHSearchBar_const_extract_protocols.json
WriteAuxiliaryFile /Users/admin/builder/spi-builder-workspace/.derivedData/Build/Intermediates.noindex/SHSearchBar.build/Debug/SHSearchBar-t.build/Objects-normal/arm64/SHSearchBar.SwiftFileList (in target 'SHSearchBar' from project 'SHSearchBar')
cd /Users/admin/builder/spi-builder-workspace
write-file /Users/admin/builder/spi-builder-workspace/.derivedData/Build/Intermediates.noindex/SHSearchBar.build/Debug/SHSearchBar-t.build/Objects-normal/arm64/SHSearchBar.SwiftFileList
WriteAuxiliaryFile /Users/admin/builder/spi-builder-workspace/.derivedData/Build/Intermediates.noindex/SHSearchBar.build/Debug/SHSearchBar-t.build/Objects-normal/arm64/SHSearchBar.SwiftConstValuesFileList (in target 'SHSearchBar' from project 'SHSearchBar')
cd /Users/admin/builder/spi-builder-workspace
write-file /Users/admin/builder/spi-builder-workspace/.derivedData/Build/Intermediates.noindex/SHSearchBar.build/Debug/SHSearchBar-t.build/Objects-normal/arm64/SHSearchBar.SwiftConstValuesFileList
WriteAuxiliaryFile /Users/admin/builder/spi-builder-workspace/.derivedData/Build/Intermediates.noindex/SHSearchBar.build/Debug/SHSearchBar-t.build/Objects-normal/arm64/SHSearchBar.LinkFileList (in target 'SHSearchBar' from project 'SHSearchBar')
cd /Users/admin/builder/spi-builder-workspace
write-file /Users/admin/builder/spi-builder-workspace/.derivedData/Build/Intermediates.noindex/SHSearchBar.build/Debug/SHSearchBar-t.build/Objects-normal/arm64/SHSearchBar.LinkFileList
WriteAuxiliaryFile /Users/admin/builder/spi-builder-workspace/.derivedData/Build/Intermediates.noindex/SHSearchBar.build/Debug/SHSearchBar-t.build/Objects-normal/arm64/SHSearchBar-OutputFileMap.json (in target 'SHSearchBar' from project 'SHSearchBar')
cd /Users/admin/builder/spi-builder-workspace
write-file /Users/admin/builder/spi-builder-workspace/.derivedData/Build/Intermediates.noindex/SHSearchBar.build/Debug/SHSearchBar-t.build/Objects-normal/arm64/SHSearchBar-OutputFileMap.json
WriteAuxiliaryFile /Users/admin/builder/spi-builder-workspace/.derivedData/Build/Intermediates.noindex/SHSearchBar.build/Debug/SHSearchBar-t.build/DerivedSources/resource_bundle_accessor.swift (in target 'SHSearchBar' from project 'SHSearchBar')
cd /Users/admin/builder/spi-builder-workspace
write-file /Users/admin/builder/spi-builder-workspace/.derivedData/Build/Intermediates.noindex/SHSearchBar.build/Debug/SHSearchBar-t.build/DerivedSources/resource_bundle_accessor.swift
Copy /Users/admin/builder/spi-builder-workspace/.derivedData/Build/Intermediates.noindex/GeneratedModuleMaps/SHSearchBar.modulemap /Users/admin/builder/spi-builder-workspace/.derivedData/Build/Intermediates.noindex/SHSearchBar.build/Debug/SHSearchBar-t.build/SHSearchBar.modulemap (in target 'SHSearchBar' from project 'SHSearchBar')
cd /Users/admin/builder/spi-builder-workspace
builtin-copy -exclude .DS_Store -exclude CVS -exclude .svn -exclude .git -exclude .hg -resolve-src-symlinks /Users/admin/builder/spi-builder-workspace/.derivedData/Build/Intermediates.noindex/SHSearchBar.build/Debug/SHSearchBar-t.build/SHSearchBar.modulemap /Users/admin/builder/spi-builder-workspace/.derivedData/Build/Intermediates.noindex/GeneratedModuleMaps
ProcessInfoPlistFile /Users/admin/builder/spi-builder-workspace/.derivedData/Build/Products/Debug/SHSearchBar_SHSearchBar.bundle/Contents/Info.plist /Users/admin/builder/spi-builder-workspace/.derivedData/Build/Intermediates.noindex/SHSearchBar.build/Debug/SHSearchBar_SHSearchBar-b.build/empty-SHSearchBar_SHSearchBar.plist (in target 'SHSearchBar_SHSearchBar' from project 'SHSearchBar')
cd /Users/admin/builder/spi-builder-workspace
builtin-infoPlistUtility /Users/admin/builder/spi-builder-workspace/.derivedData/Build/Intermediates.noindex/SHSearchBar.build/Debug/SHSearchBar_SHSearchBar-b.build/empty-SHSearchBar_SHSearchBar.plist -producttype com.apple.product-type.bundle -expandbuildsettings -platform macosx -o /Users/admin/builder/spi-builder-workspace/.derivedData/Build/Products/Debug/SHSearchBar_SHSearchBar.bundle/Contents/Info.plist
CpResource /Users/admin/builder/spi-builder-workspace/.derivedData/Build/Products/Debug/SHSearchBar_SHSearchBar.bundle/Contents/Resources/zh-Hans.lproj/Localizable.strings /Users/admin/builder/spi-builder-workspace/Sources/SHSearchBar/Resources/Strings/zh-Hans.lproj/Localizable.strings (in target 'SHSearchBar_SHSearchBar' from project 'SHSearchBar')
cd /Users/admin/builder/spi-builder-workspace
builtin-copy -exclude .DS_Store -exclude CVS -exclude .svn -exclude .git -exclude .hg -resolve-src-symlinks /Users/admin/builder/spi-builder-workspace/Sources/SHSearchBar/Resources/Strings/zh-Hans.lproj/Localizable.strings /Users/admin/builder/spi-builder-workspace/.derivedData/Build/Products/Debug/SHSearchBar_SHSearchBar.bundle/Contents/Resources/zh-Hans.lproj
CpResource /Users/admin/builder/spi-builder-workspace/.derivedData/Build/Products/Debug/SHSearchBar_SHSearchBar.bundle/Contents/Resources/ru.lproj/Localizable.strings /Users/admin/builder/spi-builder-workspace/Sources/SHSearchBar/Resources/Strings/ru.lproj/Localizable.strings (in target 'SHSearchBar_SHSearchBar' from project 'SHSearchBar')
cd /Users/admin/builder/spi-builder-workspace
builtin-copy -exclude .DS_Store -exclude CVS -exclude .svn -exclude .git -exclude .hg -resolve-src-symlinks /Users/admin/builder/spi-builder-workspace/Sources/SHSearchBar/Resources/Strings/ru.lproj/Localizable.strings /Users/admin/builder/spi-builder-workspace/.derivedData/Build/Products/Debug/SHSearchBar_SHSearchBar.bundle/Contents/Resources/ru.lproj
CpResource /Users/admin/builder/spi-builder-workspace/.derivedData/Build/Products/Debug/SHSearchBar_SHSearchBar.bundle/Contents/Resources/it.lproj/Localizable.strings /Users/admin/builder/spi-builder-workspace/Sources/SHSearchBar/Resources/Strings/it.lproj/Localizable.strings (in target 'SHSearchBar_SHSearchBar' from project 'SHSearchBar')
cd /Users/admin/builder/spi-builder-workspace
builtin-copy -exclude .DS_Store -exclude CVS -exclude .svn -exclude .git -exclude .hg -resolve-src-symlinks /Users/admin/builder/spi-builder-workspace/Sources/SHSearchBar/Resources/Strings/it.lproj/Localizable.strings /Users/admin/builder/spi-builder-workspace/.derivedData/Build/Products/Debug/SHSearchBar_SHSearchBar.bundle/Contents/Resources/it.lproj
CpResource /Users/admin/builder/spi-builder-workspace/.derivedData/Build/Products/Debug/SHSearchBar_SHSearchBar.bundle/Contents/Resources/ja.lproj/Localizable.strings /Users/admin/builder/spi-builder-workspace/Sources/SHSearchBar/Resources/Strings/ja.lproj/Localizable.strings (in target 'SHSearchBar_SHSearchBar' from project 'SHSearchBar')
cd /Users/admin/builder/spi-builder-workspace
builtin-copy -exclude .DS_Store -exclude CVS -exclude .svn -exclude .git -exclude .hg -resolve-src-symlinks /Users/admin/builder/spi-builder-workspace/Sources/SHSearchBar/Resources/Strings/ja.lproj/Localizable.strings /Users/admin/builder/spi-builder-workspace/.derivedData/Build/Products/Debug/SHSearchBar_SHSearchBar.bundle/Contents/Resources/ja.lproj
CpResource /Users/admin/builder/spi-builder-workspace/.derivedData/Build/Products/Debug/SHSearchBar_SHSearchBar.bundle/Contents/Resources/fr.lproj/Localizable.strings /Users/admin/builder/spi-builder-workspace/Sources/SHSearchBar/Resources/Strings/fr.lproj/Localizable.strings (in target 'SHSearchBar_SHSearchBar' from project 'SHSearchBar')
cd /Users/admin/builder/spi-builder-workspace
builtin-copy -exclude .DS_Store -exclude CVS -exclude .svn -exclude .git -exclude .hg -resolve-src-symlinks /Users/admin/builder/spi-builder-workspace/Sources/SHSearchBar/Resources/Strings/fr.lproj/Localizable.strings /Users/admin/builder/spi-builder-workspace/.derivedData/Build/Products/Debug/SHSearchBar_SHSearchBar.bundle/Contents/Resources/fr.lproj
CpResource /Users/admin/builder/spi-builder-workspace/.derivedData/Build/Products/Debug/SHSearchBar_SHSearchBar.bundle/Contents/Resources/es.lproj/Localizable.strings /Users/admin/builder/spi-builder-workspace/Sources/SHSearchBar/Resources/Strings/es.lproj/Localizable.strings (in target 'SHSearchBar_SHSearchBar' from project 'SHSearchBar')
cd /Users/admin/builder/spi-builder-workspace
builtin-copy -exclude .DS_Store -exclude CVS -exclude .svn -exclude .git -exclude .hg -resolve-src-symlinks /Users/admin/builder/spi-builder-workspace/Sources/SHSearchBar/Resources/Strings/es.lproj/Localizable.strings /Users/admin/builder/spi-builder-workspace/.derivedData/Build/Products/Debug/SHSearchBar_SHSearchBar.bundle/Contents/Resources/es.lproj
CpResource /Users/admin/builder/spi-builder-workspace/.derivedData/Build/Products/Debug/SHSearchBar_SHSearchBar.bundle/Contents/Resources/en.lproj/Localizable.strings /Users/admin/builder/spi-builder-workspace/Sources/SHSearchBar/Resources/Strings/en.lproj/Localizable.strings (in target 'SHSearchBar_SHSearchBar' from project 'SHSearchBar')
cd /Users/admin/builder/spi-builder-workspace
builtin-copy -exclude .DS_Store -exclude CVS -exclude .svn -exclude .git -exclude .hg -resolve-src-symlinks /Users/admin/builder/spi-builder-workspace/Sources/SHSearchBar/Resources/Strings/en.lproj/Localizable.strings /Users/admin/builder/spi-builder-workspace/.derivedData/Build/Products/Debug/SHSearchBar_SHSearchBar.bundle/Contents/Resources/en.lproj
CpResource /Users/admin/builder/spi-builder-workspace/.derivedData/Build/Products/Debug/SHSearchBar_SHSearchBar.bundle/Contents/Resources/de.lproj/Localizable.strings /Users/admin/builder/spi-builder-workspace/Sources/SHSearchBar/Resources/Strings/de.lproj/Localizable.strings (in target 'SHSearchBar_SHSearchBar' from project 'SHSearchBar')
cd /Users/admin/builder/spi-builder-workspace
builtin-copy -exclude .DS_Store -exclude CVS -exclude .svn -exclude .git -exclude .hg -resolve-src-symlinks /Users/admin/builder/spi-builder-workspace/Sources/SHSearchBar/Resources/Strings/de.lproj/Localizable.strings /Users/admin/builder/spi-builder-workspace/.derivedData/Build/Products/Debug/SHSearchBar_SHSearchBar.bundle/Contents/Resources/de.lproj
RegisterExecutionPolicyException /Users/admin/builder/spi-builder-workspace/.derivedData/Build/Products/Debug/SHSearchBar_SHSearchBar.bundle (in target 'SHSearchBar_SHSearchBar' from project 'SHSearchBar')
cd /Users/admin/builder/spi-builder-workspace
builtin-RegisterExecutionPolicyException /Users/admin/builder/spi-builder-workspace/.derivedData/Build/Products/Debug/SHSearchBar_SHSearchBar.bundle
Touch /Users/admin/builder/spi-builder-workspace/.derivedData/Build/Products/Debug/SHSearchBar_SHSearchBar.bundle (in target 'SHSearchBar_SHSearchBar' from project 'SHSearchBar')
cd /Users/admin/builder/spi-builder-workspace
/usr/bin/touch -c /Users/admin/builder/spi-builder-workspace/.derivedData/Build/Products/Debug/SHSearchBar_SHSearchBar.bundle
SwiftDriver SHSearchBar normal arm64 com.apple.xcode.tools.swift.compiler (in target 'SHSearchBar' from project 'SHSearchBar')
cd /Users/admin/builder/spi-builder-workspace/.swiftpm/xcode
builtin-SwiftDriver -- /Applications/Xcode-27.0.0-Release.Candidate.app/Contents/Developer/Toolchains/XcodeDefault.xctoolchain/usr/bin/swiftc -parse-as-library -module-name SHSearchBar -Onone @/Users/admin/builder/spi-builder-workspace/.derivedData/Build/Intermediates.noindex/SHSearchBar.build/Debug/SHSearchBar-t.build/Objects-normal/arm64/SHSearchBar.SwiftFileList -DSWIFT_PACKAGE -DDEBUG -DSWIFT_MODULE_RESOURCE_BUNDLE_AVAILABLE -DXcode -plugin-path /Applications/Xcode-27.0.0-Release.Candidate.app/Contents/Developer/Toolchains/XcodeDefault.xctoolchain/usr/lib/swift/host/plugins/testing -enable-experimental-feature DebugDescriptionMacro -sdk /Applications/Xcode-27.0.0-Release.Candidate.app/Contents/Developer/Platforms/MacOSX.platform/Developer/SDKs/MacOSX27.0.sdk -target arm64-apple-macos12.0 -g -module-cache-path /Users/admin/builder/spi-builder-workspace/.derivedData/ModuleCache.noindex -Xfrontend -serialize-debugging-options -profile-coverage-mapping -profile-generate -enable-testing -index-store-path /Users/admin/builder/spi-builder-workspace/.derivedData/Index.noindex/DataStore -Xcc -D_LIBCPP_HARDENING_MODE\=_LIBCPP_HARDENING_MODE_DEBUG -swift-version 5 -I /Users/admin/builder/spi-builder-workspace/.derivedData/Build/Products/Debug -Isystem /Applications/Xcode-27.0.0-Release.Candidate.app/Contents/Developer/Platforms/MacOSX.platform/Developer/usr/lib -F /Users/admin/builder/spi-builder-workspace/.derivedData/Build/Products/Debug -F /Applications/Xcode-27.0.0-Release.Candidate.app/Contents/Developer/Platforms/MacOSX.platform/Developer/Library/Frameworks -emit-localized-strings -emit-localized-strings-path /Users/admin/builder/spi-builder-workspace/.derivedData/Build/Intermediates.noindex/SHSearchBar.build/Debug/SHSearchBar-t.build/Objects-normal/arm64 -c -j10 -enable-batch-mode -incremental -Xcc -ivfsstatcache -Xcc /Users/admin/builder/spi-builder-workspace/.derivedData/SDKStatCaches.noindex/macosx27.0-26A425-e829b21a6f8c9b70876ba0858053c0446a22442a12e9d48fe1a705f55a1adfc4.sdkstatcache -output-file-map /Users/admin/builder/spi-builder-workspace/.derivedData/Build/Intermediates.noindex/SHSearchBar.build/Debug/SHSearchBar-t.build/Objects-normal/arm64/SHSearchBar-OutputFileMap.json -save-temps -no-color-diagnostics -explicit-module-build -module-cache-path /Users/admin/builder/spi-builder-workspace/.derivedData/Build/Intermediates.noindex/SwiftExplicitPrecompiledModules -clang-scanner-module-cache-path /Users/admin/builder/spi-builder-workspace/.derivedData/ModuleCache.noindex -sdk-module-cache-path /Users/admin/builder/spi-builder-workspace/.derivedData/SDKExplicitPrecompiledModules -emit-dependencies -emit-module -emit-module-path /Users/admin/builder/spi-builder-workspace/.derivedData/Build/Intermediates.noindex/SHSearchBar.build/Debug/SHSearchBar-t.build/Objects-normal/arm64/SHSearchBar.swiftmodule -serialize-diagnostics -dependency-scan-serialize-diagnostics-path /Users/admin/builder/spi-builder-workspace/.derivedData/Build/Intermediates.noindex/SHSearchBar.build/Debug/SHSearchBar-t.build/Objects-normal/arm64/SHSearchBar-dependency-scan.dia -validate-clang-modules-once -clang-build-session-file /Users/admin/builder/spi-builder-workspace/.derivedData/ModuleCache.noindex/Session.modulevalidation -Xcc -fmodules-prune-interval\=86400 -Xcc -fmodules-prune-after\=345600 -package-name spi_builder_workspace -emit-const-values -const-gather-protocols-list /Users/admin/builder/spi-builder-workspace/.derivedData/Build/Intermediates.noindex/SHSearchBar.build/Debug/SHSearchBar-t.build/Objects-normal/arm64/SHSearchBar_const_extract_protocols.json -Xcc -I/Users/admin/builder/spi-builder-workspace/.derivedData/Build/Products/Debug/include -Xcc -I/Users/admin/builder/spi-builder-workspace/.derivedData/Build/Intermediates.noindex/SHSearchBar.build/Debug/SHSearchBar-t.build/DerivedSources-normal/arm64 -Xcc -I/Users/admin/builder/spi-builder-workspace/.derivedData/Build/Intermediates.noindex/SHSearchBar.build/Debug/SHSearchBar-t.build/DerivedSources/arm64 -Xcc -I/Users/admin/builder/spi-builder-workspace/.derivedData/Build/Intermediates.noindex/SHSearchBar.build/Debug/SHSearchBar-t.build/DerivedSources -Xcc -DSWIFT_PACKAGE -Xcc -DDEBUG\=1 -emit-objc-header -emit-objc-header-path /Users/admin/builder/spi-builder-workspace/.derivedData/Build/Intermediates.noindex/SHSearchBar.build/Debug/SHSearchBar-t.build/Objects-normal/arm64/SHSearchBar-Swift.h -working-directory /Users/admin/builder/spi-builder-workspace/.swiftpm/xcode -experimental-emit-module-separately -disable-cmo
/Users/admin/builder/spi-builder-workspace/Sources/SHSearchBar/SHSearchBar.swift:9:8: error: Unable to resolve module dependency: 'UIKit' (in target 'SHSearchBar' from project 'SHSearchBar')
note: A dependency of main module 'SHSearchBar'
/Users/admin/builder/spi-builder-workspace/Sources/SHSearchBar/SHSearchBarConfig.swift:9:8: note: Also imported here
/Users/admin/builder/spi-builder-workspace/Sources/SHSearchBar/SHSearchBarTextField.swift:9:8: note: Also imported here
/Users/admin/builder/spi-builder-workspace/Sources/SHSearchBar/UIImage+Style.swift:9:8: note: Also imported here
/Users/admin/builder/spi-builder-workspace/Sources/SHSearchBar/SHSearchBar.swift:9:8: note: A dependency of main module 'SHSearchBar'
import UIKit
^ (in target 'SHSearchBar' from project 'SHSearchBar')
/Users/admin/builder/spi-builder-workspace/Sources/SHSearchBar/SHSearchBarConfig.swift:9:8: note: Also imported here
import UIKit
^ (in target 'SHSearchBar' from project 'SHSearchBar')
/Users/admin/builder/spi-builder-workspace/Sources/SHSearchBar/SHSearchBarTextField.swift:9:8: note: Also imported here
import UIKit
^ (in target 'SHSearchBar' from project 'SHSearchBar')
/Users/admin/builder/spi-builder-workspace/Sources/SHSearchBar/UIImage+Style.swift:9:8: note: Also imported here
import UIKit
^ (in target 'SHSearchBar' from project 'SHSearchBar')
PruneExplicitPrecompiledModules /Users/admin/builder/spi-builder-workspace/.derivedData/SDKExplicitPrecompiledModules
PruneExplicitPrecompiledModules /Users/admin/builder/spi-builder-workspace/.derivedData/Build/Intermediates.noindex/ExplicitPrecompiledModules
PruneExplicitPrecompiledModules /Users/admin/builder/spi-builder-workspace/.derivedData/Build/Intermediates.noindex/SwiftExplicitPrecompiledModules
2026-09-19 06:50:19.156 xcodebuild[1007:5654] [MT] IDERunDestination: Supported platforms for the buildables in the current scheme is empty.
--- xcodebuild: WARNING: Using the first of multiple matching destinations:
{ platform:macOS, arch:arm64, id:20bb9cef5f0cd8000125bb53e1b0eec85384d802, name:My Mac }
{ platform:macOS, arch:arm64, variant:Mac Catalyst, id:20bb9cef5f0cd8000125bb53e1b0eec85384d802, name:My Mac }
{ platform:macOS, arch:arm64, variant:DriverKit, id:20bb9cef5f0cd8000125bb53e1b0eec85384d802, name:My Mac }
{ platform:macOS, arch:arm64, variant:Designed for [iPad,iPhone], id:20bb9cef5f0cd8000125bb53e1b0eec85384d802, name:My Mac }
** BUILD FAILED **
The following build commands failed:
SwiftDriver SHSearchBar normal arm64 com.apple.xcode.tools.swift.compiler (in target 'SHSearchBar' from project 'SHSearchBar')
Building workspace SHSearchBar with scheme SHSearchBar
(2 failures)
Command line invocation:
/Applications/Xcode-27.0.0-Release.Candidate.app/Contents/Developer/usr/bin/xcodebuild -IDEClonedSourcePackagesDirPathOverride=/Users/admin/builder/spi-builder-workspace/.dependencies -resolvePackageDependencies
Resolve Package Graph
Resolved source packages:
swift-algorithms: https://github.com/apple/swift-algorithms.git @ 1.2.1
Quick: https://github.com/Quick/Quick @ 7.6.2
swift-numerics: https://github.com/apple/swift-numerics.git @ 1.1.1
CwlCatchException: https://github.com/mattgallagher/CwlCatchException.git @ 2.2.1
swift-argument-parser: https://github.com/apple/swift-argument-parser.git @ 1.8.2
Nimble: https://github.com/Quick/Nimble @ 13.8.0
CwlPreconditionTesting: https://github.com/mattgallagher/CwlPreconditionTesting.git @ 2.2.2
SHSearchBar: /Users/admin/builder/spi-builder-workspace
resolved source packages: swift-algorithms, Quick, swift-numerics, CwlCatchException, swift-argument-parser, Nimble, CwlPreconditionTesting, SHSearchBar
2026-09-19 06:50:27.256 xcodebuild[1104:6271] [MT] IDERunDestination: Supported platforms for the buildables in the current scheme is empty.
{
"default_localization" : "en",
"dependencies" : [
{
"identity" : "quick",
"requirement" : {
"range" : [
{
"lower_bound" : "7.0.0",
"upper_bound" : "8.0.0"
}
]
},
"type" : "sourceControl",
"url" : "https://github.com/Quick/Quick"
},
{
"identity" : "nimble",
"requirement" : {
"range" : [
{
"lower_bound" : "13.7.1",
"upper_bound" : "14.0.0"
}
]
},
"type" : "sourceControl",
"url" : "https://github.com/Quick/Nimble"
}
],
"manifest_display_name" : "SHSearchBar",
"name" : "SHSearchBar",
"path" : "/Users/admin/builder/spi-builder-workspace",
"platforms" : [
{
"name" : "ios",
"version" : "14.0"
}
],
"products" : [
{
"name" : "SHSearchBar",
"targets" : [
"SHSearchBar"
],
"type" : {
"library" : [
"automatic"
]
}
}
],
"targets" : [
{
"c99name" : "SHSearchBarTests",
"module_type" : "SwiftTarget",
"name" : "SHSearchBarTests",
"path" : "Tests/SHSearchBarTests",
"product_dependencies" : [
"Quick",
"Nimble"
],
"sources" : [
"Mocks.swift",
"SHSearchBarSpec.swift",
"SHSearchBarTextFieldSpecs.swift"
],
"target_dependencies" : [
"SHSearchBar"
],
"type" : "test"
},
{
"c99name" : "SHSearchBar",
"module_type" : "SwiftTarget",
"name" : "SHSearchBar",
"path" : "Sources/SHSearchBar",
"product_memberships" : [
"SHSearchBar"
],
"resources" : [
{
"path" : "/Users/admin/builder/spi-builder-workspace/Sources/SHSearchBar/Resources/Strings/de.lproj/Localizable.strings",
"rule" : {
"process" : {
"localization" : "de"
}
}
},
{
"path" : "/Users/admin/builder/spi-builder-workspace/Sources/SHSearchBar/Resources/Strings/en.lproj/Localizable.strings",
"rule" : {
"process" : {
"localization" : "en"
}
}
},
{
"path" : "/Users/admin/builder/spi-builder-workspace/Sources/SHSearchBar/Resources/Strings/es.lproj/Localizable.strings",
"rule" : {
"process" : {
"localization" : "es"
}
}
},
{
"path" : "/Users/admin/builder/spi-builder-workspace/Sources/SHSearchBar/Resources/Strings/fr.lproj/Localizable.strings",
"rule" : {
"process" : {
"localization" : "fr"
}
}
},
{
"path" : "/Users/admin/builder/spi-builder-workspace/Sources/SHSearchBar/Resources/Strings/it.lproj/Localizable.strings",
"rule" : {
"process" : {
"localization" : "it"
}
}
},
{
"path" : "/Users/admin/builder/spi-builder-workspace/Sources/SHSearchBar/Resources/Strings/ja.lproj/Localizable.strings",
"rule" : {
"process" : {
"localization" : "ja"
}
}
},
{
"path" : "/Users/admin/builder/spi-builder-workspace/Sources/SHSearchBar/Resources/Strings/ru.lproj/Localizable.strings",
"rule" : {
"process" : {
"localization" : "ru"
}
}
},
{
"path" : "/Users/admin/builder/spi-builder-workspace/Sources/SHSearchBar/Resources/Strings/zh-Hans.lproj/Localizable.strings",
"rule" : {
"process" : {
"localization" : "zh-hans"
}
}
}
],
"sources" : [
"Foundation + Extensions.swift",
"SHSearchBar.swift",
"SHSearchBarConfig.swift",
"SHSearchBarDelegate.swift",
"SHSearchBarTextField.swift",
"UIImage+Style.swift"
],
"type" : "library"
}
],
"tools_version" : "5.9"
}
{
"workspace" : {
"name" : "SHSearchBar",
"schemes" : [
"SHSearchBar"
]
}
}
2026-09-19 06:50:30.084 xcodebuild[1124:6410] [MT] IDERunDestination: Supported platforms for the buildables in the current scheme is empty.
Running build ...
env DEVELOPER_DIR=/Applications/Xcode-27.0.0-Release.Candidate.app xcrun xcodebuild -IDEClonedSourcePackagesDirPathOverride=$PWD/.dependencies -skipMacroValidation -skipPackagePluginValidation -derivedDataPath $PWD/.derivedData build -scheme SHSearchBar -destination platform=macOS,arch=arm64
Command line invocation:
/Applications/Xcode-27.0.0-Release.Candidate.app/Contents/Developer/usr/bin/xcodebuild -IDEClonedSourcePackagesDirPathOverride=/Users/admin/builder/spi-builder-workspace/.dependencies -skipMacroValidation -skipPackagePluginValidation -derivedDataPath /Users/admin/builder/spi-builder-workspace/.derivedData build -scheme SHSearchBar -destination platform=macOS,arch=arm64
Resolve Package Graph
Resolved source packages:
swift-numerics: https://github.com/apple/swift-numerics.git @ 1.1.1
swift-algorithms: https://github.com/apple/swift-algorithms.git @ 1.2.1
Quick: https://github.com/Quick/Quick @ 7.6.2
Nimble: https://github.com/Quick/Nimble @ 13.8.0
SHSearchBar: /Users/admin/builder/spi-builder-workspace
swift-argument-parser: https://github.com/apple/swift-argument-parser.git @ 1.8.2
CwlPreconditionTesting: https://github.com/mattgallagher/CwlPreconditionTesting.git @ 2.2.2
CwlCatchException: https://github.com/mattgallagher/CwlCatchException.git @ 2.2.1
ComputePackagePrebuildTargetDependencyGraph
Prepare packages
CreateBuildRequest
SendProjectDescription
CreateBuildOperation
ComputeTargetDependencyGraph
note: Building targets in dependency order
note: Target dependency graph (3 targets)
Target 'SHSearchBar-product' in project 'SHSearchBar'
➜ Explicit dependency on target 'SHSearchBar' in project 'SHSearchBar'
➜ Explicit dependency on target 'SHSearchBar_SHSearchBar' in project 'SHSearchBar'
Target 'SHSearchBar' in project 'SHSearchBar'
➜ Explicit dependency on target 'SHSearchBar_SHSearchBar' in project 'SHSearchBar'
Target 'SHSearchBar_SHSearchBar' in project 'SHSearchBar' (no dependencies)
GatherProvisioningInputs
CreateBuildDescription
ClangStatCache /Applications/Xcode-27.0.0-Release.Candidate.app/Contents/Developer/Toolchains/XcodeDefault.xctoolchain/usr/bin/clang-stat-cache /Applications/Xcode-27.0.0-Release.Candidate.app/Contents/Developer/Platforms/MacOSX.platform/Developer/SDKs/MacOSX27.0.sdk /Users/admin/builder/spi-builder-workspace/.derivedData/SDKStatCaches.noindex/macosx27.0-26A425-e829b21a6f8c9b70876ba0858053c0446a22442a12e9d48fe1a705f55a1adfc4.sdkstatcache
cd /Users/admin/builder/spi-builder-workspace/.swiftpm/xcode
/Applications/Xcode-27.0.0-Release.Candidate.app/Contents/Developer/Toolchains/XcodeDefault.xctoolchain/usr/bin/clang-stat-cache /Applications/Xcode-27.0.0-Release.Candidate.app/Contents/Developer/Platforms/MacOSX.platform/Developer/SDKs/MacOSX27.0.sdk -o /Users/admin/builder/spi-builder-workspace/.derivedData/SDKStatCaches.noindex/macosx27.0-26A425-e829b21a6f8c9b70876ba0858053c0446a22442a12e9d48fe1a705f55a1adfc4.sdkstatcache
SwiftDriver SHSearchBar normal arm64 com.apple.xcode.tools.swift.compiler (in target 'SHSearchBar' from project 'SHSearchBar')
cd /Users/admin/builder/spi-builder-workspace/.swiftpm/xcode
builtin-SwiftDriver -- /Applications/Xcode-27.0.0-Release.Candidate.app/Contents/Developer/Toolchains/XcodeDefault.xctoolchain/usr/bin/swiftc -parse-as-library -module-name SHSearchBar -Onone @/Users/admin/builder/spi-builder-workspace/.derivedData/Build/Intermediates.noindex/SHSearchBar.build/Debug/SHSearchBar-t.build/Objects-normal/arm64/SHSearchBar.SwiftFileList -DSWIFT_PACKAGE -DDEBUG -DSWIFT_MODULE_RESOURCE_BUNDLE_AVAILABLE -DXcode -plugin-path /Applications/Xcode-27.0.0-Release.Candidate.app/Contents/Developer/Toolchains/XcodeDefault.xctoolchain/usr/lib/swift/host/plugins/testing -enable-experimental-feature DebugDescriptionMacro -sdk /Applications/Xcode-27.0.0-Release.Candidate.app/Contents/Developer/Platforms/MacOSX.platform/Developer/SDKs/MacOSX27.0.sdk -target arm64-apple-macos12.0 -g -module-cache-path /Users/admin/builder/spi-builder-workspace/.derivedData/ModuleCache.noindex -Xfrontend -serialize-debugging-options -profile-coverage-mapping -profile-generate -enable-testing -index-store-path /Users/admin/builder/spi-builder-workspace/.derivedData/Index.noindex/DataStore -Xcc -D_LIBCPP_HARDENING_MODE\=_LIBCPP_HARDENING_MODE_DEBUG -swift-version 5 -I /Users/admin/builder/spi-builder-workspace/.derivedData/Build/Products/Debug -Isystem /Applications/Xcode-27.0.0-Release.Candidate.app/Contents/Developer/Platforms/MacOSX.platform/Developer/usr/lib -F /Users/admin/builder/spi-builder-workspace/.derivedData/Build/Products/Debug -F /Applications/Xcode-27.0.0-Release.Candidate.app/Contents/Developer/Platforms/MacOSX.platform/Developer/Library/Frameworks -emit-localized-strings -emit-localized-strings-path /Users/admin/builder/spi-builder-workspace/.derivedData/Build/Intermediates.noindex/SHSearchBar.build/Debug/SHSearchBar-t.build/Objects-normal/arm64 -c -j10 -enable-batch-mode -incremental -Xcc -ivfsstatcache -Xcc /Users/admin/builder/spi-builder-workspace/.derivedData/SDKStatCaches.noindex/macosx27.0-26A425-e829b21a6f8c9b70876ba0858053c0446a22442a12e9d48fe1a705f55a1adfc4.sdkstatcache -output-file-map /Users/admin/builder/spi-builder-workspace/.derivedData/Build/Intermediates.noindex/SHSearchBar.build/Debug/SHSearchBar-t.build/Objects-normal/arm64/SHSearchBar-OutputFileMap.json -save-temps -no-color-diagnostics -explicit-module-build -module-cache-path /Users/admin/builder/spi-builder-workspace/.derivedData/Build/Intermediates.noindex/SwiftExplicitPrecompiledModules -clang-scanner-module-cache-path /Users/admin/builder/spi-builder-workspace/.derivedData/ModuleCache.noindex -sdk-module-cache-path /Users/admin/builder/spi-builder-workspace/.derivedData/SDKExplicitPrecompiledModules -emit-dependencies -emit-module -emit-module-path /Users/admin/builder/spi-builder-workspace/.derivedData/Build/Intermediates.noindex/SHSearchBar.build/Debug/SHSearchBar-t.build/Objects-normal/arm64/SHSearchBar.swiftmodule -serialize-diagnostics -dependency-scan-serialize-diagnostics-path /Users/admin/builder/spi-builder-workspace/.derivedData/Build/Intermediates.noindex/SHSearchBar.build/Debug/SHSearchBar-t.build/Objects-normal/arm64/SHSearchBar-dependency-scan.dia -validate-clang-modules-once -clang-build-session-file /Users/admin/builder/spi-builder-workspace/.derivedData/ModuleCache.noindex/Session.modulevalidation -Xcc -fmodules-prune-interval\=86400 -Xcc -fmodules-prune-after\=345600 -package-name spi_builder_workspace -emit-const-values -const-gather-protocols-list /Users/admin/builder/spi-builder-workspace/.derivedData/Build/Intermediates.noindex/SHSearchBar.build/Debug/SHSearchBar-t.build/Objects-normal/arm64/SHSearchBar_const_extract_protocols.json -Xcc -I/Users/admin/builder/spi-builder-workspace/.derivedData/Build/Products/Debug/include -Xcc -I/Users/admin/builder/spi-builder-workspace/.derivedData/Build/Intermediates.noindex/SHSearchBar.build/Debug/SHSearchBar-t.build/DerivedSources-normal/arm64 -Xcc -I/Users/admin/builder/spi-builder-workspace/.derivedData/Build/Intermediates.noindex/SHSearchBar.build/Debug/SHSearchBar-t.build/DerivedSources/arm64 -Xcc -I/Users/admin/builder/spi-builder-workspace/.derivedData/Build/Intermediates.noindex/SHSearchBar.build/Debug/SHSearchBar-t.build/DerivedSources -Xcc -DSWIFT_PACKAGE -Xcc -DDEBUG\=1 -emit-objc-header -emit-objc-header-path /Users/admin/builder/spi-builder-workspace/.derivedData/Build/Intermediates.noindex/SHSearchBar.build/Debug/SHSearchBar-t.build/Objects-normal/arm64/SHSearchBar-Swift.h -working-directory /Users/admin/builder/spi-builder-workspace/.swiftpm/xcode -experimental-emit-module-separately -disable-cmo
/Users/admin/builder/spi-builder-workspace/Sources/SHSearchBar/SHSearchBar.swift:9:8: error: Unable to resolve module dependency: 'UIKit' (in target 'SHSearchBar' from project 'SHSearchBar')
note: A dependency of main module 'SHSearchBar'
/Users/admin/builder/spi-builder-workspace/Sources/SHSearchBar/SHSearchBarConfig.swift:9:8: note: Also imported here
/Users/admin/builder/spi-builder-workspace/Sources/SHSearchBar/SHSearchBarTextField.swift:9:8: note: Also imported here
/Users/admin/builder/spi-builder-workspace/Sources/SHSearchBar/UIImage+Style.swift:9:8: note: Also imported here
/Users/admin/builder/spi-builder-workspace/Sources/SHSearchBar/SHSearchBar.swift:9:8: note: A dependency of main module 'SHSearchBar'
import UIKit
^ (in target 'SHSearchBar' from project 'SHSearchBar')
/Users/admin/builder/spi-builder-workspace/Sources/SHSearchBar/SHSearchBarConfig.swift:9:8: note: Also imported here
import UIKit
^ (in target 'SHSearchBar' from project 'SHSearchBar')
/Users/admin/builder/spi-builder-workspace/Sources/SHSearchBar/SHSearchBarTextField.swift:9:8: note: Also imported here
import UIKit
^ (in target 'SHSearchBar' from project 'SHSearchBar')
/Users/admin/builder/spi-builder-workspace/Sources/SHSearchBar/UIImage+Style.swift:9:8: note: Also imported here
import UIKit
^ (in target 'SHSearchBar' from project 'SHSearchBar')
PruneExplicitPrecompiledModules /Users/admin/builder/spi-builder-workspace/.derivedData/Build/Intermediates.noindex/SwiftExplicitPrecompiledModules
PruneExplicitPrecompiledModules /Users/admin/builder/spi-builder-workspace/.derivedData/SDKExplicitPrecompiledModules
PruneExplicitPrecompiledModules /Users/admin/builder/spi-builder-workspace/.derivedData/Build/Intermediates.noindex/ExplicitPrecompiledModules
2026-09-19 06:50:32.682 xcodebuild[1137:6509] [MT] IDERunDestination: Supported platforms for the buildables in the current scheme is empty.
--- xcodebuild: WARNING: Using the first of multiple matching destinations:
{ platform:macOS, arch:arm64, id:20bb9cef5f0cd8000125bb53e1b0eec85384d802, name:My Mac }
{ platform:macOS, arch:arm64, variant:Mac Catalyst, id:20bb9cef5f0cd8000125bb53e1b0eec85384d802, name:My Mac }
{ platform:macOS, arch:arm64, variant:DriverKit, id:20bb9cef5f0cd8000125bb53e1b0eec85384d802, name:My Mac }
{ platform:macOS, arch:arm64, variant:Designed for [iPad,iPhone], id:20bb9cef5f0cd8000125bb53e1b0eec85384d802, name:My Mac }
** BUILD FAILED **
The following build commands failed:
SwiftDriver SHSearchBar normal arm64 com.apple.xcode.tools.swift.compiler (in target 'SHSearchBar' from project 'SHSearchBar')
Building workspace SHSearchBar with scheme SHSearchBar
(2 failures)
BUILD FAILURE 6.4 macosXcodebuild