The Swift Package Index logo.Swift Package Index

Build Information

Failed to build CocoaImageHashing, reference master (ad01ee), with Swift 6.4 for Android on 17 Sep 2026 22:22:28 UTC.

Build Command

bash -c docker run --pull=always --rm -v "checkouts-54344845-0":/host -w "$PWD" -e JAVA_HOME="/root/.sdkman/candidates/java/current" -e SPI_BUILD="1" -e SPI_PROCESSING="1" registry.gitlab.com/saguaro1/spi-images:android-6.4-latest swift build --swift-sdk aarch64-unknown-linux-android28 2>&1

Build Log

========================================
RunAll
========================================
Builder version: 5.1.0
Interrupt handler set up.
========================================
Checkout
========================================
Clone URL: https://github.com/ameingast/cocoaimagehashing.git
Reference: master
Initialized empty Git repository in /host/spi-builder-workspace/.git/
hint: Using 'master' as the name for the initial branch. This default branch name
hint: is subject to change. To configure the initial branch name to use in all
hint: of your new repositories, which will suppress this warning, call:
hint:
hint: 	git config --global init.defaultBranch <name>
hint:
hint: Names commonly chosen instead of 'master' are 'main', 'trunk' and
hint: 'development'. The just-created branch can be renamed via this command:
hint:
hint: 	git branch -m <name>
From https://github.com/ameingast/cocoaimagehashing
 * branch            master     -> FETCH_HEAD
 * [new branch]      master     -> origin/master
HEAD is now at ad01eee ARM support
Cloned https://github.com/ameingast/cocoaimagehashing.git
Revision (git rev-parse @):
ad01eee3c3f91bd181f7f4eba7f48f7cb211b51c
SUCCESS checkout https://github.com/ameingast/cocoaimagehashing.git at master
========================================
Build
========================================
Selected platform:         android
Swift version:             6.4
Building package at path:  $PWD
https://github.com/ameingast/cocoaimagehashing.git
Running build ...
bash -c docker run --pull=always --rm -v "checkouts-54344845-0":/host -w "$PWD" -e JAVA_HOME="/root/.sdkman/candidates/java/current" -e SPI_BUILD="1" -e SPI_PROCESSING="1" registry.gitlab.com/saguaro1/spi-images:android-6.4-latest swift build --swift-sdk aarch64-unknown-linux-android28 2>&1
android-6.4-latest: Pulling from saguaro1/spi-images
Digest: sha256:abadcff584c273feba50641b454858d377ba30b35ea7287a94f45ebd8afd0ea0
Status: Image is up to date for registry.gitlab.com/saguaro1/spi-images:android-6.4-latest
Building for debugging...
[Planning deferred tasks]
In file included from /host/spi-builder-workspace/CocoaImageHashing/OSPHash.m:9:
/host/spi-builder-workspace/CocoaImageHashing/OSCategories.h:9:1: error: use of '@import' when modules are disabled
    9 | @import Foundation;
      | ^
/host/spi-builder-workspace/CocoaImageHashing/OSCategories.h:19:1: error: use of '@import' when modules are disabled
   19 | @import Cocoa;
      | ^
/host/spi-builder-workspace/CocoaImageHashing/OSCategories.h:29:1: error: unknown type name 'NS_ASSUME_NONNULL_BEGIN'
   29 | NS_ASSUME_NONNULL_BEGIN
      | ^
/host/spi-builder-workspace/CocoaImageHashing/OSCategories.h:31:12: error: cannot find interface declaration for 'NSArray'
   31 | @interface NSArray (CocoaImageHashing)
      |            ^
/host/spi-builder-workspace/CocoaImageHashing/OSCategories.h:33:4: error: expected a type
   33 | - (NSArray<OSTuple<id, id> *> *)arrayWithPairCombinations;
      |    ^
/host/spi-builder-workspace/CocoaImageHashing/OSCategories.h:39:1: error: unknown type name 'NS_ASSUME_NONNULL_END'
   39 | NS_ASSUME_NONNULL_END
      | ^
/host/spi-builder-workspace/CocoaImageHashing/OSCategories.h:43:24: error: expected ';' after top level declarator
   43 | NS_ASSUME_NONNULL_BEGIN
      |                        ^
      |                        ;
/host/spi-builder-workspace/CocoaImageHashing/OSCategories.h:50:1: error: '@end' must appear in an Objective-C context
   50 | @end
      | ^
/host/spi-builder-workspace/CocoaImageHashing/OSCategories.h:52:1: error: unknown type name 'NS_ASSUME_NONNULL_END'
   52 | NS_ASSUME_NONNULL_END
      | ^
/host/spi-builder-workspace/CocoaImageHashing/OSCategories.h:58:24: error: expected ';' after top level declarator
   58 | NS_ASSUME_NONNULL_BEGIN
      |                        ^
      |                        ;
/host/spi-builder-workspace/CocoaImageHashing/OSCategories.h:67:1: error: '@end' must appear in an Objective-C context
   67 | @end
      | ^
/host/spi-builder-workspace/CocoaImageHashing/OSCategories.h:69:1: error: unknown type name 'NS_ASSUME_NONNULL_END'
   69 | NS_ASSUME_NONNULL_END
      | ^
/host/spi-builder-workspace/CocoaImageHashing/OSCategories.h:77:24: error: expected ';' after top level declarator
   77 | NS_ASSUME_NONNULL_BEGIN
      |                        ^
      |                        ;
/host/spi-builder-workspace/CocoaImageHashing/OSCategories.h:83:1: error: '@end' must appear in an Objective-C context
   83 | @end
      | ^
/host/spi-builder-workspace/CocoaImageHashing/OSCategories.h:85:1: error: unknown type name 'NS_ASSUME_NONNULL_END'
   85 | NS_ASSUME_NONNULL_END
      | ^
/host/spi-builder-workspace/CocoaImageHashing/OSCategories.h:107:24: error: expected ';' after top level declarator
  107 | NS_ASSUME_NONNULL_BEGIN
      |                        ^
      |                        ;
/host/spi-builder-workspace/CocoaImageHashing/OSCategories.h:113:1: error: '@end' must appear in an Objective-C context
  113 | @end
      | ^
/host/spi-builder-workspace/CocoaImageHashing/OSCategories.h:115:1: error: unknown type name 'NS_ASSUME_NONNULL_END'
  115 | NS_ASSUME_NONNULL_END
      | ^
In file included from /host/spi-builder-workspace/CocoaImageHashing/OSPHash.m:10:
In file included from /host/spi-builder-workspace/CocoaImageHashing/OSFastGraphics.h:9:
/host/spi-builder-workspace/CocoaImageHashing/OSTypes.h:9:2: error: prefix attribute must be followed by an interface, protocol, or implementation
    9 | @import Foundation;
      |  ^
fatal error: too many errors emitted, stopping now [-ferror-limit=]
20 errors generated.
error: CompileC /host/spi-builder-workspace/.build/out/Intermediates.noindex/CocoaImageHashing.build/Debug-android-aarch64/CocoaImageHashing-t.build/Objects-normal/aarch64/OSPHash.o /host/spi-builder-workspace/CocoaImageHashing/OSPHash.m normal aarch64 objective-c com.apple.compilers.llvm.clang.1_0.compiler failed with a nonzero exit code. Command line:     cd /host

    Using response file: /host/spi-builder-workspace/.build/out/Intermediates.noindex/CocoaImageHashing.build/Debug-android-aarch64/CocoaImageHashing-t.build/Objects-normal/aarch64/6f95552a3397ee1cec971b90cf334075d5f321c3a3b0689ad55c3d1e24702600-common-args.resp

    /root/.local/share/swiftly/toolchains/6.4.x-snapshot-2026-09-04/usr/bin/clang -x objective-c -target aarch64-unknown-linux-android28 -fmessage-length\=0 -fdiagnostics-show-note-include-stack -fmacro-backtrace-limit\=0 -fcolor-diagnostics -Wno-trigraphs -Wno-missing-field-initializers -Wno-missing-prototypes -Wno-return-type -Wno-implicit-atomic-properties -Wno-objc-interface-ivars -Wno-arc-repeated-use-of-weak -Wno-missing-braces -Wparentheses -Wswitch -Wno-unused-function -Wno-unused-label -Wno-unused-parameter -Wno-unused-variable -Wunused-value -Wno-empty-body -Wno-uninitialized -Wno-unknown-pragmas -Wno-shadow -Wno-four-char-constants -Wno-conversion -Wno-constant-conversion -Wno-int-conversion -Wno-bool-conversion -Wno-enum-conversion -Wno-float-conversion -Wno-non-literal-null-conversion -Wno-objc-literal-conversion -Wno-shorten-64-to-32 -Wpointer-sign -Wno-newline-eof -Wno-selector -Wno-strict-selector-match -Wno-undeclared-selector -Wno-deprecated-implementations -Wno-implicit-fallthrough -fstrict-aliasing -Wprotocol -Wdeprecated-declarations -Wno-sign-conversion -Wno-infinite-recursion -Wno-comma -Wno-block-capture-autoreleasing -Wno-strict-prototypes -Wno-semicolon-before-method-body --sysroot /android-ndk/android-ndk-r27d/toolchains/llvm/prebuilt/linux-x86_64/sysroot @/host/spi-builder-workspace/.build/out/Intermediates.noindex/CocoaImageHashing.build/Debug-android-aarch64/CocoaImageHashing-t.build/Objects-normal/aarch64/6f95552a3397ee1cec971b90cf334075d5f321c3a3b0689ad55c3d1e24702600-common-args.resp -MMD -MT dependencies -MF /host/spi-builder-workspace/.build/out/Intermediates.noindex/CocoaImageHashing.build/Debug-android-aarch64/CocoaImageHashing-t.build/Objects-normal/aarch64/OSPHash.d --serialize-diagnostics /host/spi-builder-workspace/.build/out/Intermediates.noindex/CocoaImageHashing.build/Debug-android-aarch64/CocoaImageHashing-t.build/Objects-normal/aarch64/OSPHash.dia -c /host/spi-builder-workspace/CocoaImageHashing/OSPHash.m -o /host/spi-builder-workspace/.build/out/Intermediates.noindex/CocoaImageHashing.build/Debug-android-aarch64/CocoaImageHashing-t.build/Objects-normal/aarch64/OSPHash.o
In file included from /host/spi-builder-workspace/CocoaImageHashing/OSSimilaritySearch.m:9:
/host/spi-builder-workspace/CocoaImageHashing/OSCategories.h:9:1: error: use of '@import' when modules are disabled
    9 | @import Foundation;
      | ^
/host/spi-builder-workspace/CocoaImageHashing/OSCategories.h:19:1: error: use of '@import' when modules are disabled
   19 | @import Cocoa;
      | ^
/host/spi-builder-workspace/CocoaImageHashing/OSCategories.h:29:1: error: unknown type name 'NS_ASSUME_NONNULL_BEGIN'
   29 | NS_ASSUME_NONNULL_BEGIN
      | ^
/host/spi-builder-workspace/CocoaImageHashing/OSCategories.h:31:12: error: cannot find interface declaration for 'NSArray'
   31 | @interface NSArray (CocoaImageHashing)
      |            ^
/host/spi-builder-workspace/CocoaImageHashing/OSCategories.h:33:4: error: expected a type
   33 | - (NSArray<OSTuple<id, id> *> *)arrayWithPairCombinations;
      |    ^
/host/spi-builder-workspace/CocoaImageHashing/OSCategories.h:39:1: error: unknown type name 'NS_ASSUME_NONNULL_END'
   39 | NS_ASSUME_NONNULL_END
      | ^
/host/spi-builder-workspace/CocoaImageHashing/OSCategories.h:43:24: error: expected ';' after top level declarator
   43 | NS_ASSUME_NONNULL_BEGIN
      |                        ^
      |                        ;
/host/spi-builder-workspace/CocoaImageHashing/OSCategories.h:50:1: error: '@end' must appear in an Objective-C context
   50 | @end
      | ^
/host/spi-builder-workspace/CocoaImageHashing/OSCategories.h:52:1: error: unknown type name 'NS_ASSUME_NONNULL_END'
   52 | NS_ASSUME_NONNULL_END
      | ^
/host/spi-builder-workspace/CocoaImageHashing/OSCategories.h:58:24: error: expected ';' after top level declarator
   58 | NS_ASSUME_NONNULL_BEGIN
      |                        ^
      |                        ;
/host/spi-builder-workspace/CocoaImageHashing/OSCategories.h:67:1: error: '@end' must appear in an Objective-C context
   67 | @end
      | ^
/host/spi-builder-workspace/CocoaImageHashing/OSCategories.h:69:1: error: unknown type name 'NS_ASSUME_NONNULL_END'
   69 | NS_ASSUME_NONNULL_END
      | ^
/host/spi-builder-workspace/CocoaImageHashing/OSCategories.h:77:24: error: expected ';' after top level declarator
   77 | NS_ASSUME_NONNULL_BEGIN
      |                        ^
      |                        ;
/host/spi-builder-workspace/CocoaImageHashing/OSCategories.h:83:1: error: '@end' must appear in an Objective-C context
   83 | @end
      | ^
/host/spi-builder-workspace/CocoaImageHashing/OSCategories.h:85:1: error: unknown type name 'NS_ASSUME_NONNULL_END'
   85 | NS_ASSUME_NONNULL_END
      | ^
/host/spi-builder-workspace/CocoaImageHashing/OSCategories.h:107:24: error: expected ';' after top level declarator
  107 | NS_ASSUME_NONNULL_BEGIN
      |                        ^
      |                        ;
/host/spi-builder-workspace/CocoaImageHashing/OSCategories.h:113:1: error: '@end' must appear in an Objective-C context
  113 | @end
      | ^
/host/spi-builder-workspace/CocoaImageHashing/OSCategories.h:115:1: error: unknown type name 'NS_ASSUME_NONNULL_END'
  115 | NS_ASSUME_NONNULL_END
      | ^
In file included from /host/spi-builder-workspace/CocoaImageHashing/OSSimilaritySearch.m:10:
In file included from /host/spi-builder-workspace/CocoaImageHashing/OSImageHashing.h:9:
/host/spi-builder-workspace/CocoaImageHashing/OSTypes.h:9:2: error: prefix attribute must be followed by an interface, protocol, or implementation
    9 | @import Foundation;
      |  ^
fatal error: too many errors emitted, stopping now [-ferror-limit=]
20 errors generated.
error: CompileC /host/spi-builder-workspace/.build/out/Intermediates.noindex/CocoaImageHashing.build/Debug-android-aarch64/CocoaImageHashing-t.build/Objects-normal/aarch64/OSSimilaritySearch.o /host/spi-builder-workspace/CocoaImageHashing/OSSimilaritySearch.m normal aarch64 objective-c com.apple.compilers.llvm.clang.1_0.compiler failed with a nonzero exit code. Command line:     cd /host

    Using response file: /host/spi-builder-workspace/.build/out/Intermediates.noindex/CocoaImageHashing.build/Debug-android-aarch64/CocoaImageHashing-t.build/Objects-normal/aarch64/6f95552a3397ee1cec971b90cf334075d5f321c3a3b0689ad55c3d1e24702600-common-args.resp

    /root/.local/share/swiftly/toolchains/6.4.x-snapshot-2026-09-04/usr/bin/clang -x objective-c -target aarch64-unknown-linux-android28 -fmessage-length\=0 -fdiagnostics-show-note-include-stack -fmacro-backtrace-limit\=0 -fcolor-diagnostics -Wno-trigraphs -Wno-missing-field-initializers -Wno-missing-prototypes -Wno-return-type -Wno-implicit-atomic-properties -Wno-objc-interface-ivars -Wno-arc-repeated-use-of-weak -Wno-missing-braces -Wparentheses -Wswitch -Wno-unused-function -Wno-unused-label -Wno-unused-parameter -Wno-unused-variable -Wunused-value -Wno-empty-body -Wno-uninitialized -Wno-unknown-pragmas -Wno-shadow -Wno-four-char-constants -Wno-conversion -Wno-constant-conversion -Wno-int-conversion -Wno-bool-conversion -Wno-enum-conversion -Wno-float-conversion -Wno-non-literal-null-conversion -Wno-objc-literal-conversion -Wno-shorten-64-to-32 -Wpointer-sign -Wno-newline-eof -Wno-selector -Wno-strict-selector-match -Wno-undeclared-selector -Wno-deprecated-implementations -Wno-implicit-fallthrough -fstrict-aliasing -Wprotocol -Wdeprecated-declarations -Wno-sign-conversion -Wno-infinite-recursion -Wno-comma -Wno-block-capture-autoreleasing -Wno-strict-prototypes -Wno-semicolon-before-method-body --sysroot /android-ndk/android-ndk-r27d/toolchains/llvm/prebuilt/linux-x86_64/sysroot @/host/spi-builder-workspace/.build/out/Intermediates.noindex/CocoaImageHashing.build/Debug-android-aarch64/CocoaImageHashing-t.build/Objects-normal/aarch64/6f95552a3397ee1cec971b90cf334075d5f321c3a3b0689ad55c3d1e24702600-common-args.resp -MMD -MT dependencies -MF /host/spi-builder-workspace/.build/out/Intermediates.noindex/CocoaImageHashing.build/Debug-android-aarch64/CocoaImageHashing-t.build/Objects-normal/aarch64/OSSimilaritySearch.d --serialize-diagnostics /host/spi-builder-workspace/.build/out/Intermediates.noindex/CocoaImageHashing.build/Debug-android-aarch64/CocoaImageHashing-t.build/Objects-normal/aarch64/OSSimilaritySearch.dia -c /host/spi-builder-workspace/CocoaImageHashing/OSSimilaritySearch.m -o /host/spi-builder-workspace/.build/out/Intermediates.noindex/CocoaImageHashing.build/Debug-android-aarch64/CocoaImageHashing-t.build/Objects-normal/aarch64/OSSimilaritySearch.o
In file included from /host/spi-builder-workspace/CocoaImageHashing/OSCategories.m:9:
/host/spi-builder-workspace/CocoaImageHashing/OSCategories.h:9:1: error: use of '@import' when modules are disabled
    9 | @import Foundation;
      | ^
/host/spi-builder-workspace/CocoaImageHashing/OSCategories.h:19:1: error: use of '@import' when modules are disabled
   19 | @import Cocoa;
      | ^
/host/spi-builder-workspace/CocoaImageHashing/OSCategories.h:29:1: error: unknown type name 'NS_ASSUME_NONNULL_BEGIN'
   29 | NS_ASSUME_NONNULL_BEGIN
      | ^
/host/spi-builder-workspace/CocoaImageHashing/OSCategories.h:31:12: error: cannot find interface declaration for 'NSArray'
   31 | @interface NSArray (CocoaImageHashing)
      |            ^
/host/spi-builder-workspace/CocoaImageHashing/OSCategories.h:33:4: error: expected a type
   33 | - (NSArray<OSTuple<id, id> *> *)arrayWithPairCombinations;
      |    ^
/host/spi-builder-workspace/CocoaImageHashing/OSCategories.h:39:1: error: unknown type name 'NS_ASSUME_NONNULL_END'
   39 | NS_ASSUME_NONNULL_END
      | ^
/host/spi-builder-workspace/CocoaImageHashing/OSCategories.h:43:24: error: expected ';' after top level declarator
   43 | NS_ASSUME_NONNULL_BEGIN
      |                        ^
      |                        ;
/host/spi-builder-workspace/CocoaImageHashing/OSCategories.h:50:1: error: '@end' must appear in an Objective-C context
   50 | @end
      | ^
/host/spi-builder-workspace/CocoaImageHashing/OSCategories.h:52:1: error: unknown type name 'NS_ASSUME_NONNULL_END'
   52 | NS_ASSUME_NONNULL_END
      | ^
/host/spi-builder-workspace/CocoaImageHashing/OSCategories.h:58:24: error: expected ';' after top level declarator
   58 | NS_ASSUME_NONNULL_BEGIN
      |                        ^
      |                        ;
/host/spi-builder-workspace/CocoaImageHashing/OSCategories.h:67:1: error: '@end' must appear in an Objective-C context
   67 | @end
      | ^
/host/spi-builder-workspace/CocoaImageHashing/OSCategories.h:69:1: error: unknown type name 'NS_ASSUME_NONNULL_END'
   69 | NS_ASSUME_NONNULL_END
      | ^
/host/spi-builder-workspace/CocoaImageHashing/OSCategories.h:77:24: error: expected ';' after top level declarator
   77 | NS_ASSUME_NONNULL_BEGIN
      |                        ^
      |                        ;
/host/spi-builder-workspace/CocoaImageHashing/OSCategories.h:83:1: error: '@end' must appear in an Objective-C context
   83 | @end
      | ^
/host/spi-builder-workspace/CocoaImageHashing/OSCategories.h:85:1: error: unknown type name 'NS_ASSUME_NONNULL_END'
   85 | NS_ASSUME_NONNULL_END
      | ^
/host/spi-builder-workspace/CocoaImageHashing/OSCategories.h:107:24: error: expected ';' after top level declarator
  107 | NS_ASSUME_NONNULL_BEGIN
      |                        ^
      |                        ;
/host/spi-builder-workspace/CocoaImageHashing/OSCategories.h:113:1: error: '@end' must appear in an Objective-C context
  113 | @end
      | ^
/host/spi-builder-workspace/CocoaImageHashing/OSCategories.h:115:1: error: unknown type name 'NS_ASSUME_NONNULL_END'
  115 | NS_ASSUME_NONNULL_END
      | ^
In file included from /host/spi-builder-workspace/CocoaImageHashing/OSCategories.m:10:
In file included from /host/spi-builder-workspace/CocoaImageHashing/OSTypes+Internal.h:6:
/host/spi-builder-workspace/CocoaImageHashing/OSTypes.h:9:2: error: prefix attribute must be followed by an interface, protocol, or implementation
    9 | @import Foundation;
      |  ^
fatal error: too many errors emitted, stopping now [-ferror-limit=]
20 errors generated.
error: CompileC /host/spi-builder-workspace/.build/out/Intermediates.noindex/CocoaImageHashing.build/Debug-android-aarch64/CocoaImageHashing-t.build/Objects-normal/aarch64/OSCategories.o /host/spi-builder-workspace/CocoaImageHashing/OSCategories.m normal aarch64 objective-c com.apple.compilers.llvm.clang.1_0.compiler failed with a nonzero exit code. Command line:     cd /host

    Using response file: /host/spi-builder-workspace/.build/out/Intermediates.noindex/CocoaImageHashing.build/Debug-android-aarch64/CocoaImageHashing-t.build/Objects-normal/aarch64/6f95552a3397ee1cec971b90cf334075d5f321c3a3b0689ad55c3d1e24702600-common-args.resp

    /root/.local/share/swiftly/toolchains/6.4.x-snapshot-2026-09-04/usr/bin/clang -x objective-c -target aarch64-unknown-linux-android28 -fmessage-length\=0 -fdiagnostics-show-note-include-stack -fmacro-backtrace-limit\=0 -fcolor-diagnostics -Wno-trigraphs -Wno-missing-field-initializers -Wno-missing-prototypes -Wno-return-type -Wno-implicit-atomic-properties -Wno-objc-interface-ivars -Wno-arc-repeated-use-of-weak -Wno-missing-braces -Wparentheses -Wswitch -Wno-unused-function -Wno-unused-label -Wno-unused-parameter -Wno-unused-variable -Wunused-value -Wno-empty-body -Wno-uninitialized -Wno-unknown-pragmas -Wno-shadow -Wno-four-char-constants -Wno-conversion -Wno-constant-conversion -Wno-int-conversion -Wno-bool-conversion -Wno-enum-conversion -Wno-float-conversion -Wno-non-literal-null-conversion -Wno-objc-literal-conversion -Wno-shorten-64-to-32 -Wpointer-sign -Wno-newline-eof -Wno-selector -Wno-strict-selector-match -Wno-undeclared-selector -Wno-deprecated-implementations -Wno-implicit-fallthrough -fstrict-aliasing -Wprotocol -Wdeprecated-declarations -Wno-sign-conversion -Wno-infinite-recursion -Wno-comma -Wno-block-capture-autoreleasing -Wno-strict-prototypes -Wno-semicolon-before-method-body --sysroot /android-ndk/android-ndk-r27d/toolchains/llvm/prebuilt/linux-x86_64/sysroot @/host/spi-builder-workspace/.build/out/Intermediates.noindex/CocoaImageHashing.build/Debug-android-aarch64/CocoaImageHashing-t.build/Objects-normal/aarch64/6f95552a3397ee1cec971b90cf334075d5f321c3a3b0689ad55c3d1e24702600-common-args.resp -MMD -MT dependencies -MF /host/spi-builder-workspace/.build/out/Intermediates.noindex/CocoaImageHashing.build/Debug-android-aarch64/CocoaImageHashing-t.build/Objects-normal/aarch64/OSCategories.d --serialize-diagnostics /host/spi-builder-workspace/.build/out/Intermediates.noindex/CocoaImageHashing.build/Debug-android-aarch64/CocoaImageHashing-t.build/Objects-normal/aarch64/OSCategories.dia -c /host/spi-builder-workspace/CocoaImageHashing/OSCategories.m -o /host/spi-builder-workspace/.build/out/Intermediates.noindex/CocoaImageHashing.build/Debug-android-aarch64/CocoaImageHashing-t.build/Objects-normal/aarch64/OSCategories.o
In file included from /host/spi-builder-workspace/CocoaImageHashing/OSDHash.m:9:
/host/spi-builder-workspace/CocoaImageHashing/OSCategories.h:9:1: error: use of '@import' when modules are disabled
    9 | @import Foundation;
      | ^
/host/spi-builder-workspace/CocoaImageHashing/OSCategories.h:19:1: error: use of '@import' when modules are disabled
   19 | @import Cocoa;
      | ^
/host/spi-builder-workspace/CocoaImageHashing/OSCategories.h:29:1: error: unknown type name 'NS_ASSUME_NONNULL_BEGIN'
   29 | NS_ASSUME_NONNULL_BEGIN
      | ^
/host/spi-builder-workspace/CocoaImageHashing/OSCategories.h:31:12: error: cannot find interface declaration for 'NSArray'
   31 | @interface NSArray (CocoaImageHashing)
      |            ^
/host/spi-builder-workspace/CocoaImageHashing/OSCategories.h:33:4: error: expected a type
   33 | - (NSArray<OSTuple<id, id> *> *)arrayWithPairCombinations;
      |    ^
/host/spi-builder-workspace/CocoaImageHashing/OSCategories.h:39:1: error: unknown type name 'NS_ASSUME_NONNULL_END'
   39 | NS_ASSUME_NONNULL_END
      | ^
/host/spi-builder-workspace/CocoaImageHashing/OSCategories.h:43:24: error: expected ';' after top level declarator
   43 | NS_ASSUME_NONNULL_BEGIN
      |                        ^
      |                        ;
/host/spi-builder-workspace/CocoaImageHashing/OSCategories.h:50:1: error: '@end' must appear in an Objective-C context
   50 | @end
      | ^
/host/spi-builder-workspace/CocoaImageHashing/OSCategories.h:52:1: error: unknown type name 'NS_ASSUME_NONNULL_END'
   52 | NS_ASSUME_NONNULL_END
      | ^
/host/spi-builder-workspace/CocoaImageHashing/OSCategories.h:58:24: error: expected ';' after top level declarator
   58 | NS_ASSUME_NONNULL_BEGIN
      |                        ^
      |                        ;
/host/spi-builder-workspace/CocoaImageHashing/OSCategories.h:67:1: error: '@end' must appear in an Objective-C context
   67 | @end
      | ^
/host/spi-builder-workspace/CocoaImageHashing/OSCategories.h:69:1: error: unknown type name 'NS_ASSUME_NONNULL_END'
   69 | NS_ASSUME_NONNULL_END
      | ^
/host/spi-builder-workspace/CocoaImageHashing/OSCategories.h:77:24: error: expected ';' after top level declarator
   77 | NS_ASSUME_NONNULL_BEGIN
      |                        ^
      |                        ;
/host/spi-builder-workspace/CocoaImageHashing/OSCategories.h:83:1: error: '@end' must appear in an Objective-C context
   83 | @end
      | ^
/host/spi-builder-workspace/CocoaImageHashing/OSCategories.h:85:1: error: unknown type name 'NS_ASSUME_NONNULL_END'
   85 | NS_ASSUME_NONNULL_END
      | ^
/host/spi-builder-workspace/CocoaImageHashing/OSCategories.h:107:24: error: expected ';' after top level declarator
  107 | NS_ASSUME_NONNULL_BEGIN
      |                        ^
      |                        ;
/host/spi-builder-workspace/CocoaImageHashing/OSCategories.h:113:1: error: '@end' must appear in an Objective-C context
  113 | @end
      | ^
/host/spi-builder-workspace/CocoaImageHashing/OSCategories.h:115:1: error: unknown type name 'NS_ASSUME_NONNULL_END'
  115 | NS_ASSUME_NONNULL_END
      | ^
In file included from /host/spi-builder-workspace/CocoaImageHashing/OSDHash.m:10:
In file included from /host/spi-builder-workspace/CocoaImageHashing/OSDHash.h:9:
In file included from /host/spi-builder-workspace/CocoaImageHashing/OSImageHashing.h:9:
/host/spi-builder-workspace/CocoaImageHashing/OSTypes.h:9:2: error: prefix attribute must be followed by an interface, protocol, or implementation
    9 | @import Foundation;
      |  ^
fatal error: too many errors emitted, stopping now [-ferror-limit=]
20 errors generated.
error: CompileC /host/spi-builder-workspace/.build/out/Intermediates.noindex/CocoaImageHashing.build/Debug-android-aarch64/CocoaImageHashing-t.build/Objects-normal/aarch64/OSDHash.o /host/spi-builder-workspace/CocoaImageHashing/OSDHash.m normal aarch64 objective-c com.apple.compilers.llvm.clang.1_0.compiler failed with a nonzero exit code. Command line:     cd /host

    Using response file: /host/spi-builder-workspace/.build/out/Intermediates.noindex/CocoaImageHashing.build/Debug-android-aarch64/CocoaImageHashing-t.build/Objects-normal/aarch64/6f95552a3397ee1cec971b90cf334075d5f321c3a3b0689ad55c3d1e24702600-common-args.resp

    /root/.local/share/swiftly/toolchains/6.4.x-snapshot-2026-09-04/usr/bin/clang -x objective-c -target aarch64-unknown-linux-android28 -fmessage-length\=0 -fdiagnostics-show-note-include-stack -fmacro-backtrace-limit\=0 -fcolor-diagnostics -Wno-trigraphs -Wno-missing-field-initializers -Wno-missing-prototypes -Wno-return-type -Wno-implicit-atomic-properties -Wno-objc-interface-ivars -Wno-arc-repeated-use-of-weak -Wno-missing-braces -Wparentheses -Wswitch -Wno-unused-function -Wno-unused-label -Wno-unused-parameter -Wno-unused-variable -Wunused-value -Wno-empty-body -Wno-uninitialized -Wno-unknown-pragmas -Wno-shadow -Wno-four-char-constants -Wno-conversion -Wno-constant-conversion -Wno-int-conversion -Wno-bool-conversion -Wno-enum-conversion -Wno-float-conversion -Wno-non-literal-null-conversion -Wno-objc-literal-conversion -Wno-shorten-64-to-32 -Wpointer-sign -Wno-newline-eof -Wno-selector -Wno-strict-selector-match -Wno-undeclared-selector -Wno-deprecated-implementations -Wno-implicit-fallthrough -fstrict-aliasing -Wprotocol -Wdeprecated-declarations -Wno-sign-conversion -Wno-infinite-recursion -Wno-comma -Wno-block-capture-autoreleasing -Wno-strict-prototypes -Wno-semicolon-before-method-body --sysroot /android-ndk/android-ndk-r27d/toolchains/llvm/prebuilt/linux-x86_64/sysroot @/host/spi-builder-workspace/.build/out/Intermediates.noindex/CocoaImageHashing.build/Debug-android-aarch64/CocoaImageHashing-t.build/Objects-normal/aarch64/6f95552a3397ee1cec971b90cf334075d5f321c3a3b0689ad55c3d1e24702600-common-args.resp -MMD -MT dependencies -MF /host/spi-builder-workspace/.build/out/Intermediates.noindex/CocoaImageHashing.build/Debug-android-aarch64/CocoaImageHashing-t.build/Objects-normal/aarch64/OSDHash.d --serialize-diagnostics /host/spi-builder-workspace/.build/out/Intermediates.noindex/CocoaImageHashing.build/Debug-android-aarch64/CocoaImageHashing-t.build/Objects-normal/aarch64/OSDHash.dia -c /host/spi-builder-workspace/CocoaImageHashing/OSDHash.m -o /host/spi-builder-workspace/.build/out/Intermediates.noindex/CocoaImageHashing.build/Debug-android-aarch64/CocoaImageHashing-t.build/Objects-normal/aarch64/OSDHash.o
error: Build failed
BUILD FAILURE 6.4 android