The Swift Package Index logo.Swift Package Index

Build Information

Failed to build PowerSync, reference 1.16.4 (e6d57d), with Swift 6.3 for Android on 10 Oct 2026 18:12:03 UTC.

Build Command

bash -c docker run --pull=always --rm -v "checkouts-53886768-0":/host -w "$PWD" -e JAVA_HOME="/root/.sdkman/candidates/java/current" -e SPI_BUILD="1" -e SPI_PROCESSING="1" registry.gitlab.com/saguaro1/spi-images:android-6.3-latest swift build --swift-sdk aarch64-unknown-linux-android28 2>&1

Build Log

========================================
RunAll
========================================
Builder version: 5.1.1
Interrupt handler set up.
========================================
Checkout
========================================
Clone URL: https://github.com/powersync-ja/powersync-swift.git
Reference: 1.16.4
Initialized empty Git repository in /host/spi-builder-workspace/.git/
hint: Using 'master' as the name for the initial branch. This default branch name
hint: is subject to change. To configure the initial branch name to use in all
hint: of your new repositories, which will suppress this warning, call:
hint:
hint: 	git config --global init.defaultBranch <name>
hint:
hint: Names commonly chosen instead of 'master' are 'main', 'trunk' and
hint: 'development'. The just-created branch can be renamed via this command:
hint:
hint: 	git branch -m <name>
From https://github.com/powersync-ja/powersync-swift
 * tag               1.16.4     -> FETCH_HEAD
HEAD is now at e6d57d6 Update SQLite to 3.53.4
Cloned https://github.com/powersync-ja/powersync-swift.git
Revision (git rev-parse @):
e6d57d6acb76369b6cd3b459834615a8f90b544e
SUCCESS checkout https://github.com/powersync-ja/powersync-swift.git at 1.16.4
========================================
Build
========================================
Selected platform:         android
Swift version:             6.3
Building package at path:  $PWD
https://github.com/powersync-ja/powersync-swift.git
Running build ...
bash -c docker run --pull=always --rm -v "checkouts-53886768-0":/host -w "$PWD" -e JAVA_HOME="/root/.sdkman/candidates/java/current" -e SPI_BUILD="1" -e SPI_PROCESSING="1" registry.gitlab.com/saguaro1/spi-images:android-6.3-latest swift build --swift-sdk aarch64-unknown-linux-android28 2>&1
android-6.3-latest: Pulling from saguaro1/spi-images
Digest: sha256:a57e63703100e13e1ecb61b565870501ccb169d7515bc7af7f0994f211e1b1f6
Status: Image is up to date for registry.gitlab.com/saguaro1/spi-images:android-6.3-latest
Fetching https://github.com/powersync-ja/powersync-sqlite-core-swift.git
Fetching https://github.com/groue/GRDB.swift.git
Fetching https://github.com/powersync-ja/CSQLite.git
Fetching https://github.com/apple/swift-async-algorithms.git
[1/132] Fetching powersync-sqlite-core-swift
Fetching https://github.com/apple/swift-collections.git
[133/229] Fetching powersync-sqlite-core-swift, csqlite
[198/7048] Fetching powersync-sqlite-core-swift, csqlite, swift-async-algorithms
[3813/121105] Fetching powersync-sqlite-core-swift, csqlite, swift-async-algorithms, grdb.swift
Fetched https://github.com/apple/swift-async-algorithms.git from cache (0.58s)
[10495/114286] Fetching powersync-sqlite-core-swift, csqlite, grdb.swift
Fetched https://github.com/powersync-ja/CSQLite.git from cache (0.75s)
[14960/114189] Fetching powersync-sqlite-core-swift, grdb.swift
[33210/142884] Fetching powersync-sqlite-core-swift, grdb.swift, swift-collections
Fetched https://github.com/apple/swift-collections.git from cache (1.74s)
[44615/114189] Fetching powersync-sqlite-core-swift, grdb.swift
Fetched https://github.com/powersync-ja/powersync-sqlite-core-swift.git from cache (8.79s)
Fetched https://github.com/groue/GRDB.swift.git from cache (8.91s)
Computing version for https://github.com/powersync-ja/CSQLite.git
Computed https://github.com/powersync-ja/CSQLite.git at 3.53.4 (9.75s)
Computing version for https://github.com/powersync-ja/powersync-sqlite-core-swift.git
Computed https://github.com/powersync-ja/powersync-sqlite-core-swift.git at 0.5.3 (1.17s)
Computing version for https://github.com/groue/GRDB.swift.git
Computed https://github.com/groue/GRDB.swift.git at 7.11.1 (0.90s)
Computing version for https://github.com/apple/swift-collections.git
Computed https://github.com/apple/swift-collections.git at 1.7.2 (0.23s)
Computing version for https://github.com/apple/swift-async-algorithms.git
Computed https://github.com/apple/swift-async-algorithms.git at 1.1.7 (0.18s)
Creating working copy for https://github.com/powersync-ja/powersync-sqlite-core-swift.git
Working copy of https://github.com/powersync-ja/powersync-sqlite-core-swift.git resolved at 0.5.3
Creating working copy for https://github.com/groue/GRDB.swift.git
Working copy of https://github.com/groue/GRDB.swift.git resolved at 7.11.1
Creating working copy for https://github.com/apple/swift-async-algorithms.git
Working copy of https://github.com/apple/swift-async-algorithms.git resolved at 1.1.7
Creating working copy for https://github.com/apple/swift-collections.git
Working copy of https://github.com/apple/swift-collections.git resolved at 1.7.2
Creating working copy for https://github.com/powersync-ja/CSQLite.git
Working copy of https://github.com/powersync-ja/CSQLite.git resolved at 3.53.4
Downloading binary artifact https://github.com/powersync-ja/powersync-sqlite-core/releases/download/v0.5.3/powersync-sqlite-core.xcframework.zip
[7711/35495216] Downloading https://github.com/powersync-ja/powersync-sqlite-core/releases/download/v0.5.3/powersync-sqlite-core.xcframework.zip
Downloaded https://github.com/powersync-ja/powersync-sqlite-core/releases/download/v0.5.3/powersync-sqlite-core.xcframework.zip (2.16s)
warning: 'spi-builder-workspace': found 1 file(s) which are unhandled; explicitly declare them as resources or exclude from the target
    /host/spi-builder-workspace/Sources/PowerSync/attachments/README.md
Building for debugging...
[0/27] Copying PrivacyInfo.xcprivacy
[0/27] Copying Info.plist
[2/27] Write sources
[12/27] Compiling PowerSyncCoreShim empty.c
[13/27] Write swift-version-272D24FF697CF451.txt
[15/203] Emitting module InternalCollectionsUtilities
[16/206] Compiling GRDB StandardLibrary.swift
[17/206] Compiling GRDB TransactionClock.swift
[18/206] Compiling GRDB TransactionObserver.swift
[19/206] Compiling GRDB WALSnapshot.swift
[20/206] Compiling GRDB EncodableRecord.swift
[21/206] Compiling GRDB FetchableRecord+Decodable.swift
[22/206] Compiling GRDB FetchableRecord+TableRecord.swift
[23/206] Compiling GRDB FetchableRecord.swift
[24/206] Compiling InternalCollectionsUtilities UnsafeRawBufferPointer+Extras.swift
[25/206] Compiling InternalCollectionsUtilities _SortedCollection.swift
[26/206] Compiling InternalCollectionsUtilities _UniqueCollection.swift
[27/206] Compiling GRDB NSData.swift
[28/206] Compiling GRDB NSNull.swift
[29/206] Compiling GRDB NSNumber.swift
[30/206] Compiling GRDB NSString.swift
[31/206] Compiling GRDB DatabaseValueConvertible+Encodable.swift
[32/206] Compiling GRDB DatabaseValueConvertible+RawRepresentable.swift
[33/206] Compiling GRDB JSONRequiredEncoder.swift
[34/206] Compiling GRDB Optional.swift
[35/206] Compiling GRDB SQLiteDateParser.swift
[36/206] Compiling GRDB URL.swift
[37/206] Compiling GRDB UUID.swift
[38/206] Compiling GRDB DatabaseValueConvertible+Decodable.swift
[39/206] Compiling GRDB WALSnapshotTransaction.swift
[40/206] Compiling GRDB Database+Dump.swift
[41/206] Compiling GRDB DatabaseReader+dump.swift
[42/206] Compiling GRDB DumpFormat.swift
[43/206] Compiling GRDB DebugDumpFormat.swift
[44/206] Compiling GRDB TableRecord+QueryInterfaceRequest.swift
[45/206] Compiling GRDB EncodableRecord+Encodable.swift
[46/207] Wrapping AST for InternalCollectionsUtilities for debugging
[48/228] Emitting module SpanPreview
[49/245] Compiling SpanPreview OutputSpan+InputSpanHelpers.swift
[50/245] Compiling SpanPreview InputSpan.swift
[51/245] Compiling SpanPreview MutableSpan+InputSpanHelpers.swift
[52/269] Wrapping AST for SpanPreview for debugging
[54/394] Compiling BasicContainers RigidDictionary+Hashable.swift
[55/394] Compiling BasicContainers RigidDictionary+Index.swift
[56/394] Compiling BasicContainers RigidDictionary+Indices.swift
[57/394] Compiling BasicContainers RigidDictionary+Initializers.swift
[58/394] Compiling BasicContainers RigidDictionary+Insertions.swift
[59/394] Compiling BasicContainers RigidDictionary+Keys.swift
[60/399] Compiling BasicContainers RigidDictionary+Lookup.swift
[61/399] Compiling BasicContainers RigidDictionary+Removals.swift
[62/399] Compiling BasicContainers RigidDictionary+Resizing.swift
[63/399] Compiling BasicContainers RigidDictionary.swift
[64/399] Compiling BasicContainers RigidSet+Consumption.swift
[65/399] Compiling BasicContainers RigidSet+Debugging.swift
[66/399] Compiling BasicContainers RigidSet+Deprecated.swift
[67/399] Compiling BasicContainers RigidSet+Equatable.swift
[68/399] Compiling BasicContainers RigidSet+Hashable.swift
[69/399] Compiling BasicContainers RigidSet+Index.swift
[70/399] Compiling BasicContainers RigidSet+Initializers.swift
[71/399] Compiling BasicContainers RigidSet+Insertions.swift
[72/399] Compiling BasicContainers UniqueDictionary+Index.swift
[73/399] Compiling BasicContainers UniqueDictionary+Indices.swift
[74/399] Compiling BasicContainers UniqueDictionary+Initializers.swift
[75/399] Compiling BasicContainers UniqueDictionary+Insertions.swift
[76/399] Compiling BasicContainers UniqueDictionary+Keys.swift
[77/399] Compiling BasicContainers UniqueDictionary+Lookup.swift
[78/399] Compiling BasicContainers UniqueDictionary+Removals.swift
[79/399] Compiling BasicContainers UniqueDictionary+Resizing.swift
[80/399] Compiling BasicContainers UniqueDictionary.swift
[81/399] Compiling BasicContainers UniqueSet+Consumption.swift
[82/399] Compiling BasicContainers UniqueSet+Debugging.swift
[83/409] Compiling BasicContainers RigidArray+Removals.swift
[84/409] Compiling BasicContainers RigidArray+Replacements.swift
[85/409] Compiling BasicContainers RigidArray.swift
[86/409] Compiling BasicContainers RigidDictionary+Consumption.swift
[87/409] Compiling BasicContainers RigidDictionary+Debugging.swift
[88/409] Compiling BasicContainers RigidDictionary+Equatable.swift
[89/410] Compiling BasicContainers UniqueArray+Removals.swift
[90/410] Compiling DequeModule UniqueDeque+Replacements.swift
[91/410] Compiling DequeModule UniqueDeque.swift
[92/410] Compiling DequeModule _DequeSlot.swift
[93/410] Compiling DequeModule _UnsafeDequeHandle.swift
[94/410] Compiling DequeModule _UnsafeDequeSegments.swift
[95/410] Compiling BasicContainers UniqueDictionary+Hashable.swift
[97/410] Compiling BasicContainers RigidArray+Append.swift
[98/410] Compiling BasicContainers RigidArray+Consumption.swift
[99/410] Compiling BasicContainers RigidArray+ContainerOperations.swift
[100/410] Compiling BasicContainers RigidArray+Deprecated.swift
[101/410] Compiling BasicContainers RigidArray+Descriptions.swift
[102/417] Compiling BasicContainers UniqueSet+Deprecated.swift
[103/417] Compiling BasicContainers UniqueSet+Equatable.swift
[104/417] Compiling BasicContainers UniqueSet+Hashable.swift
[105/417] Compiling BasicContainers UniqueSet+Index.swift
[106/417] Compiling BasicContainers UniqueSet+Initializers.swift
[107/417] Compiling BasicContainers UniqueSet+Insertions.swift
[108/417] Compiling BasicContainers UniqueSet+Iterable.swift
[109/417] Compiling BasicContainers UniqueSet+Lookup.swift
[110/417] Compiling BasicContainers UniqueSet+Removals.swift
[111/417] Compiling BasicContainers UniqueSet+Resizing.swift
[112/417] Compiling BasicContainers UniqueSet.swift
[113/417] Compiling BasicContainers RigidArray+Iterable.swift
[114/417] Compiling BasicContainers UniqueArray+Hashable.swift
[115/417] Compiling BasicContainers UniqueArray+Initializers.swift
[116/417] Compiling BasicContainers UniqueArray+Insertions.swift
[117/417] Compiling BasicContainers UniqueArray+Iterable.swift
[119/417] Compiling BasicContainers RigidArray+Hashable.swift
[120/417] Compiling BasicContainers RigidArray+Initializers.swift
[121/417] Compiling BasicContainers RigidArray+Insertions.swift
[127/417] Compiling BasicContainers _HTable+Removal.swift
[128/417] Compiling BasicContainers _HTable+Resizing.swift
[129/417] Compiling BasicContainers _HTable+Sizing.swift
[130/417] Compiling BasicContainers _HTable.swift
[143/417] Emitting module BasicContainers
[144/417] Compiling GRDB SQLOrdering.swift
<module-includes>:1:10: note: in file included from <module-includes>:1:
1 | #include "shim.h"
  |          `- note: in file included from <module-includes>:1:
2 |
/host/spi-builder-workspace/.build/checkouts/GRDB.swift/Sources/GRDBSQLite/shim.h:1:10: error: 'sqlite3.h' file not found
 1 | #include <sqlite3.h>
   |          `- error: 'sqlite3.h' file not found
 2 |
 3 | typedef void(*_errorLogCallback)(void *pArg, int iErrCode, const char *zMsg);
/host/spi-builder-workspace/.build/checkouts/GRDB.swift/GRDB/Core/Configuration.swift:10:8: error: could not build C module 'GRDBSQLite'
  8 | import SQLCipher
  9 | #else // Default SPM trait must be the default. It impossible to detect from Xcode.
 10 | import GRDBSQLite
    |        `- error: could not build C module 'GRDBSQLite'
 11 | #endif
 12 |
[145/417] Compiling GRDB SQLRelation.swift
<module-includes>:1:10: note: in file included from <module-includes>:1:
1 | #include "shim.h"
  |          `- note: in file included from <module-includes>:1:
2 |
/host/spi-builder-workspace/.build/checkouts/GRDB.swift/Sources/GRDBSQLite/shim.h:1:10: error: 'sqlite3.h' file not found
 1 | #include <sqlite3.h>
   |          `- error: 'sqlite3.h' file not found
 2 |
 3 | typedef void(*_errorLogCallback)(void *pArg, int iErrCode, const char *zMsg);
/host/spi-builder-workspace/.build/checkouts/GRDB.swift/GRDB/Core/Configuration.swift:10:8: error: could not build C module 'GRDBSQLite'
  8 | import SQLCipher
  9 | #else // Default SPM trait must be the default. It impossible to detect from Xcode.
 10 | import GRDBSQLite
    |        `- error: could not build C module 'GRDBSQLite'
 11 | #endif
 12 |
[146/417] Compiling GRDB SQLSelection.swift
<module-includes>:1:10: note: in file included from <module-includes>:1:
1 | #include "shim.h"
  |          `- note: in file included from <module-includes>:1:
2 |
/host/spi-builder-workspace/.build/checkouts/GRDB.swift/Sources/GRDBSQLite/shim.h:1:10: error: 'sqlite3.h' file not found
 1 | #include <sqlite3.h>
   |          `- error: 'sqlite3.h' file not found
 2 |
 3 | typedef void(*_errorLogCallback)(void *pArg, int iErrCode, const char *zMsg);
/host/spi-builder-workspace/.build/checkouts/GRDB.swift/GRDB/Core/Configuration.swift:10:8: error: could not build C module 'GRDBSQLite'
  8 | import SQLCipher
  9 | #else // Default SPM trait must be the default. It impossible to detect from Xcode.
 10 | import GRDBSQLite
    |        `- error: could not build C module 'GRDBSQLite'
 11 | #endif
 12 |
[147/417] Compiling GRDB SQLSubquery.swift
<module-includes>:1:10: note: in file included from <module-includes>:1:
1 | #include "shim.h"
  |          `- note: in file included from <module-includes>:1:
2 |
/host/spi-builder-workspace/.build/checkouts/GRDB.swift/Sources/GRDBSQLite/shim.h:1:10: error: 'sqlite3.h' file not found
 1 | #include <sqlite3.h>
   |          `- error: 'sqlite3.h' file not found
 2 |
 3 | typedef void(*_errorLogCallback)(void *pArg, int iErrCode, const char *zMsg);
/host/spi-builder-workspace/.build/checkouts/GRDB.swift/GRDB/Core/Configuration.swift:10:8: error: could not build C module 'GRDBSQLite'
  8 | import SQLCipher
  9 | #else // Default SPM trait must be the default. It impossible to detect from Xcode.
 10 | import GRDBSQLite
    |        `- error: could not build C module 'GRDBSQLite'
 11 | #endif
 12 |
[148/417] Compiling GRDB Table.swift
<module-includes>:1:10: note: in file included from <module-includes>:1:
1 | #include "shim.h"
  |          `- note: in file included from <module-includes>:1:
2 |
/host/spi-builder-workspace/.build/checkouts/GRDB.swift/Sources/GRDBSQLite/shim.h:1:10: error: 'sqlite3.h' file not found
 1 | #include <sqlite3.h>
   |          `- error: 'sqlite3.h' file not found
 2 |
 3 | typedef void(*_errorLogCallback)(void *pArg, int iErrCode, const char *zMsg);
/host/spi-builder-workspace/.build/checkouts/GRDB.swift/GRDB/Core/Configuration.swift:10:8: error: could not build C module 'GRDBSQLite'
  8 | import SQLCipher
  9 | #else // Default SPM trait must be the default. It impossible to detect from Xcode.
 10 | import GRDBSQLite
    |        `- error: could not build C module 'GRDBSQLite'
 11 | #endif
 12 |
[149/417] Compiling GRDB SQLColumnGenerator.swift
<module-includes>:1:10: note: in file included from <module-includes>:1:
1 | #include "shim.h"
  |          `- note: in file included from <module-includes>:1:
2 |
/host/spi-builder-workspace/.build/checkouts/GRDB.swift/Sources/GRDBSQLite/shim.h:1:10: error: 'sqlite3.h' file not found
 1 | #include <sqlite3.h>
   |          `- error: 'sqlite3.h' file not found
 2 |
 3 | typedef void(*_errorLogCallback)(void *pArg, int iErrCode, const char *zMsg);
/host/spi-builder-workspace/.build/checkouts/GRDB.swift/GRDB/Core/Configuration.swift:10:8: error: could not build C module 'GRDBSQLite'
  8 | import SQLCipher
  9 | #else // Default SPM trait must be the default. It impossible to detect from Xcode.
 10 | import GRDBSQLite
    |        `- error: could not build C module 'GRDBSQLite'
 11 | #endif
 12 |
[150/417] Compiling GRDB SQLGenerationContext.swift
<module-includes>:1:10: note: in file included from <module-includes>:1:
1 | #include "shim.h"
  |          `- note: in file included from <module-includes>:1:
2 |
/host/spi-builder-workspace/.build/checkouts/GRDB.swift/Sources/GRDBSQLite/shim.h:1:10: error: 'sqlite3.h' file not found
 1 | #include <sqlite3.h>
   |          `- error: 'sqlite3.h' file not found
 2 |
 3 | typedef void(*_errorLogCallback)(void *pArg, int iErrCode, const char *zMsg);
/host/spi-builder-workspace/.build/checkouts/GRDB.swift/GRDB/Core/Configuration.swift:10:8: error: could not build C module 'GRDBSQLite'
  8 | import SQLCipher
  9 | #else // Default SPM trait must be the default. It impossible to detect from Xcode.
 10 | import GRDBSQLite
    |        `- error: could not build C module 'GRDBSQLite'
 11 | #endif
 12 |
[151/417] Compiling GRDB SQLIndexGenerator.swift
<module-includes>:1:10: note: in file included from <module-includes>:1:
1 | #include "shim.h"
  |          `- note: in file included from <module-includes>:1:
2 |
/host/spi-builder-workspace/.build/checkouts/GRDB.swift/Sources/GRDBSQLite/shim.h:1:10: error: 'sqlite3.h' file not found
 1 | #include <sqlite3.h>
   |          `- error: 'sqlite3.h' file not found
 2 |
 3 | typedef void(*_errorLogCallback)(void *pArg, int iErrCode, const char *zMsg);
/host/spi-builder-workspace/.build/checkouts/GRDB.swift/GRDB/Core/Configuration.swift:10:8: error: could not build C module 'GRDBSQLite'
  8 | import SQLCipher
  9 | #else // Default SPM trait must be the default. It impossible to detect from Xcode.
 10 | import GRDBSQLite
    |        `- error: could not build C module 'GRDBSQLite'
 11 | #endif
 12 |
[152/417] Compiling GRDB SQLQueryGenerator.swift
<module-includes>:1:10: note: in file included from <module-includes>:1:
1 | #include "shim.h"
  |          `- note: in file included from <module-includes>:1:
2 |
/host/spi-builder-workspace/.build/checkouts/GRDB.swift/Sources/GRDBSQLite/shim.h:1:10: error: 'sqlite3.h' file not found
 1 | #include <sqlite3.h>
   |          `- error: 'sqlite3.h' file not found
 2 |
 3 | typedef void(*_errorLogCallback)(void *pArg, int iErrCode, const char *zMsg);
/host/spi-builder-workspace/.build/checkouts/GRDB.swift/GRDB/Core/Configuration.swift:10:8: error: could not build C module 'GRDBSQLite'
  8 | import SQLCipher
  9 | #else // Default SPM trait must be the default. It impossible to detect from Xcode.
 10 | import GRDBSQLite
    |        `- error: could not build C module 'GRDBSQLite'
 11 | #endif
 12 |
[153/417] Compiling GRDB SQLTableAlterationGenerator.swift
<module-includes>:1:10: note: in file included from <module-includes>:1:
1 | #include "shim.h"
  |          `- note: in file included from <module-includes>:1:
2 |
/host/spi-builder-workspace/.build/checkouts/GRDB.swift/Sources/GRDBSQLite/shim.h:1:10: error: 'sqlite3.h' file not found
 1 | #include <sqlite3.h>
   |          `- error: 'sqlite3.h' file not found
 2 |
 3 | typedef void(*_errorLogCallback)(void *pArg, int iErrCode, const char *zMsg);
/host/spi-builder-workspace/.build/checkouts/GRDB.swift/GRDB/Core/Configuration.swift:10:8: error: could not build C module 'GRDBSQLite'
  8 | import SQLCipher
  9 | #else // Default SPM trait must be the default. It impossible to detect from Xcode.
 10 | import GRDBSQLite
    |        `- error: could not build C module 'GRDBSQLite'
 11 | #endif
 12 |
[154/417] Compiling GRDB SQLTableGenerator.swift
<module-includes>:1:10: note: in file included from <module-includes>:1:
1 | #include "shim.h"
  |          `- note: in file included from <module-includes>:1:
2 |
/host/spi-builder-workspace/.build/checkouts/GRDB.swift/Sources/GRDBSQLite/shim.h:1:10: error: 'sqlite3.h' file not found
 1 | #include <sqlite3.h>
   |          `- error: 'sqlite3.h' file not found
 2 |
 3 | typedef void(*_errorLogCallback)(void *pArg, int iErrCode, const char *zMsg);
/host/spi-builder-workspace/.build/checkouts/GRDB.swift/GRDB/Core/Configuration.swift:10:8: error: could not build C module 'GRDBSQLite'
  8 | import SQLCipher
  9 | #else // Default SPM trait must be the default. It impossible to detect from Xcode.
 10 | import GRDBSQLite
    |        `- error: could not build C module 'GRDBSQLite'
 11 | #endif
 12 |
[155/417] Compiling GRDB TableAlias.swift
<module-includes>:1:10: note: in file included from <module-includes>:1:
1 | #include "shim.h"
  |          `- note: in file included from <module-includes>:1:
2 |
/host/spi-builder-workspace/.build/checkouts/GRDB.swift/Sources/GRDBSQLite/shim.h:1:10: error: 'sqlite3.h' file not found
 1 | #include <sqlite3.h>
   |          `- error: 'sqlite3.h' file not found
 2 |
 3 | typedef void(*_errorLogCallback)(void *pArg, int iErrCode, const char *zMsg);
/host/spi-builder-workspace/.build/checkouts/GRDB.swift/GRDB/Core/Configuration.swift:10:8: error: could not build C module 'GRDBSQLite'
  8 | import SQLCipher
  9 | #else // Default SPM trait must be the default. It impossible to detect from Xcode.
 10 | import GRDBSQLite
    |        `- error: could not build C module 'GRDBSQLite'
 11 | #endif
 12 |
[156/417] Compiling GRDB SQLInterpolation+QueryInterface.swift
<module-includes>:1:10: note: in file included from <module-includes>:1:
1 | #include "shim.h"
  |          `- note: in file included from <module-includes>:1:
2 |
/host/spi-builder-workspace/.build/checkouts/GRDB.swift/Sources/GRDBSQLite/shim.h:1:10: error: 'sqlite3.h' file not found
 1 | #include <sqlite3.h>
   |          `- error: 'sqlite3.h' file not found
 2 |
 3 | typedef void(*_errorLogCallback)(void *pArg, int iErrCode, const char *zMsg);
/host/spi-builder-workspace/.build/checkouts/GRDB.swift/GRDB/Core/Configuration.swift:10:8: error: could not build C module 'GRDBSQLite'
  8 | import SQLCipher
  9 | #else // Default SPM trait must be the default. It impossible to detect from Xcode.
 10 | import GRDBSQLite
    |        `- error: could not build C module 'GRDBSQLite'
 11 | #endif
 12 |
[157/417] Compiling GRDB ColumnDefinition.swift
<module-includes>:1:10: note: in file included from <module-includes>:1:
1 | #include "shim.h"
  |          `- note: in file included from <module-includes>:1:
2 |
/host/spi-builder-workspace/.build/checkouts/GRDB.swift/Sources/GRDBSQLite/shim.h:1:10: error: 'sqlite3.h' file not found
 1 | #include <sqlite3.h>
   |          `- error: 'sqlite3.h' file not found
 2 |
 3 | typedef void(*_errorLogCallback)(void *pArg, int iErrCode, const char *zMsg);
/host/spi-builder-workspace/.build/checkouts/GRDB.swift/GRDB/Core/Configuration.swift:10:8: error: could not build C module 'GRDBSQLite'
  8 | import SQLCipher
  9 | #else // Default SPM trait must be the default. It impossible to detect from Xcode.
 10 | import GRDBSQLite
    |        `- error: could not build C module 'GRDBSQLite'
 11 | #endif
 12 |
[158/417] Compiling GRDB Database+SchemaDefinition.swift
<module-includes>:1:10: note: in file included from <module-includes>:1:
1 | #include "shim.h"
  |          `- note: in file included from <module-includes>:1:
2 |
/host/spi-builder-workspace/.build/checkouts/GRDB.swift/Sources/GRDBSQLite/shim.h:1:10: error: 'sqlite3.h' file not found
 1 | #include <sqlite3.h>
   |          `- error: 'sqlite3.h' file not found
 2 |
 3 | typedef void(*_errorLogCallback)(void *pArg, int iErrCode, const char *zMsg);
/host/spi-builder-workspace/.build/checkouts/GRDB.swift/GRDB/Core/Configuration.swift:10:8: error: could not build C module 'GRDBSQLite'
  8 | import SQLCipher
  9 | #else // Default SPM trait must be the default. It impossible to detect from Xcode.
 10 | import GRDBSQLite
    |        `- error: could not build C module 'GRDBSQLite'
 11 | #endif
 12 |
[159/417] Compiling GRDB ForeignKeyDefinition.swift
<module-includes>:1:10: note: in file included from <module-includes>:1:
1 | #include "shim.h"
  |          `- note: in file included from <module-includes>:1:
2 |
/host/spi-builder-workspace/.build/checkouts/GRDB.swift/Sources/GRDBSQLite/shim.h:1:10: error: 'sqlite3.h' file not found
 1 | #include <sqlite3.h>
   |          `- error: 'sqlite3.h' file not found
 2 |
 3 | typedef void(*_errorLogCallback)(void *pArg, int iErrCode, const char *zMsg);
/host/spi-builder-workspace/.build/checkouts/GRDB.swift/GRDB/Core/Configuration.swift:10:8: error: could not build C module 'GRDBSQLite'
  8 | import SQLCipher
  9 | #else // Default SPM trait must be the default. It impossible to detect from Xcode.
 10 | import GRDBSQLite
    |        `- error: could not build C module 'GRDBSQLite'
 11 | #endif
 12 |
[160/417] Compiling GRDB IndexDefinition.swift
<module-includes>:1:10: note: in file included from <module-includes>:1:
1 | #include "shim.h"
  |          `- note: in file included from <module-includes>:1:
2 |
/host/spi-builder-workspace/.build/checkouts/GRDB.swift/Sources/GRDBSQLite/shim.h:1:10: error: 'sqlite3.h' file not found
 1 | #include <sqlite3.h>
   |          `- error: 'sqlite3.h' file not found
 2 |
 3 | typedef void(*_errorLogCallback)(void *pArg, int iErrCode, const char *zMsg);
/host/spi-builder-workspace/.build/checkouts/GRDB.swift/GRDB/Core/Configuration.swift:10:8: error: could not build C module 'GRDBSQLite'
  8 | import SQLCipher
  9 | #else // Default SPM trait must be the default. It impossible to detect from Xcode.
 10 | import GRDBSQLite
    |        `- error: could not build C module 'GRDBSQLite'
 11 | #endif
 12 |
[161/417] Compiling GRDB TableAlteration.swift
<module-includes>:1:10: note: in file included from <module-includes>:1:
1 | #include "shim.h"
  |          `- note: in file included from <module-includes>:1:
2 |
/host/spi-builder-workspace/.build/checkouts/GRDB.swift/Sources/GRDBSQLite/shim.h:1:10: error: 'sqlite3.h' file not found
 1 | #include <sqlite3.h>
   |          `- error: 'sqlite3.h' file not found
 2 |
 3 | typedef void(*_errorLogCallback)(void *pArg, int iErrCode, const char *zMsg);
/host/spi-builder-workspace/.build/checkouts/GRDB.swift/GRDB/Core/Configuration.swift:10:8: error: could not build C module 'GRDBSQLite'
  8 | import SQLCipher
  9 | #else // Default SPM trait must be the default. It impossible to detect from Xcode.
 10 | import GRDBSQLite
    |        `- error: could not build C module 'GRDBSQLite'
 11 | #endif
 12 |
[162/417] Compiling GRDB TableDefinition.swift
<module-includes>:1:10: note: in file included from <module-includes>:1:
1 | #include "shim.h"
  |          `- note: in file included from <module-includes>:1:
2 |
/host/spi-builder-workspace/.build/checkouts/GRDB.swift/Sources/GRDBSQLite/shim.h:1:10: error: 'sqlite3.h' file not found
 1 | #include <sqlite3.h>
   |          `- error: 'sqlite3.h' file not found
 2 |
 3 | typedef void(*_errorLogCallback)(void *pArg, int iErrCode, const char *zMsg);
/host/spi-builder-workspace/.build/checkouts/GRDB.swift/GRDB/Core/Configuration.swift:10:8: error: could not build C module 'GRDBSQLite'
  8 | import SQLCipher
  9 | #else // Default SPM trait must be the default. It impossible to detect from Xcode.
 10 | import GRDBSQLite
    |        `- error: could not build C module 'GRDBSQLite'
 11 | #endif
 12 |
[163/417] Compiling GRDB VirtualTableModule.swift
<module-includes>:1:10: note: in file included from <module-includes>:1:
1 | #include "shim.h"
  |          `- note: in file included from <module-includes>:1:
2 |
/host/spi-builder-workspace/.build/checkouts/GRDB.swift/Sources/GRDBSQLite/shim.h:1:10: error: 'sqlite3.h' file not found
 1 | #include <sqlite3.h>
   |          `- error: 'sqlite3.h' file not found
 2 |
 3 | typedef void(*_errorLogCallback)(void *pArg, int iErrCode, const char *zMsg);
/host/spi-builder-workspace/.build/checkouts/GRDB.swift/GRDB/Core/Configuration.swift:10:8: error: could not build C module 'GRDBSQLite'
  8 | import SQLCipher
  9 | #else // Default SPM trait must be the default. It impossible to detect from Xcode.
 10 | import GRDBSQLite
    |        `- error: could not build C module 'GRDBSQLite'
 11 | #endif
 12 |
[164/417] Compiling GRDB TableRecord+Association.swift
<module-includes>:1:10: note: in file included from <module-includes>:1:
1 | #include "shim.h"
  |          `- note: in file included from <module-includes>:1:
2 |
/host/spi-builder-workspace/.build/checkouts/GRDB.swift/Sources/GRDBSQLite/shim.h:1:10: error: 'sqlite3.h' file not found
 1 | #include <sqlite3.h>
   |          `- error: 'sqlite3.h' file not found
 2 |
 3 | typedef void(*_errorLogCallback)(void *pArg, int iErrCode, const char *zMsg);
/host/spi-builder-workspace/.build/checkouts/GRDB.swift/GRDB/Core/Configuration.swift:10:8: error: could not build C module 'GRDBSQLite'
  8 | import SQLCipher
  9 | #else // Default SPM trait must be the default. It impossible to detect from Xcode.
 10 | import GRDBSQLite
    |        `- error: could not build C module 'GRDBSQLite'
 11 | #endif
 12 |
[193/417] Compiling BasicContainers RigidArray+Equatable.swift
[194/417] Compiling BasicContainers RigidArray+Experimental.swift
[195/417] Compiling BasicContainers RigidArray+Formatter.swift
error: emit-module command failed with exit code 1 (use -v to see invocation)
[206/417] Emitting module GRDB
<module-includes>:1:10: note: in file included from <module-includes>:1:
1 | #include "shim.h"
  |          `- note: in file included from <module-includes>:1:
2 |
/host/spi-builder-workspace/.build/checkouts/GRDB.swift/Sources/GRDBSQLite/shim.h:1:10: error: 'sqlite3.h' file not found
 1 | #include <sqlite3.h>
   |          `- error: 'sqlite3.h' file not found
 2 |
 3 | typedef void(*_errorLogCallback)(void *pArg, int iErrCode, const char *zMsg);
/host/spi-builder-workspace/.build/checkouts/GRDB.swift/GRDB/Core/Configuration.swift:10:8: error: could not build C module 'GRDBSQLite'
  8 | import SQLCipher
  9 | #else // Default SPM trait must be the default. It impossible to detect from Xcode.
 10 | import GRDBSQLite
    |        `- error: could not build C module 'GRDBSQLite'
 11 | #endif
 12 |
[207/438] Compiling BasicContainers RigidSet+Iterable.swift
[208/438] Compiling BasicContainers RigidSet+Lookup.swift
[209/438] Compiling BasicContainers RigidSet+Removals.swift
[210/438] Compiling BasicContainers RigidSet+Resizing.swift
[211/438] Compiling BasicContainers RigidSet.swift
[212/438] Compiling BasicContainers UniqueArray+Append.swift
[213/438] Compiling BasicContainers UniqueArray+Consumption.swift
[214/438] Compiling BasicContainers UniqueArray+ContainerOperations.swift
[215/438] Compiling BasicContainers UniqueArray+Deprecated.swift
[216/438] Compiling BasicContainers UniqueArray+Descriptions.swift
[217/438] Compiling BasicContainers UniqueArray+Equatable.swift
[218/438] Compiling BasicContainers UniqueArray+Experimental.swift
[219/438] Compiling BasicContainers _HTable+Insert.swift
[220/438] Compiling BasicContainers _HTable+Iteration.swift
[224/438] Compiling CSQLite sqlite3_entry.c
[226/438] Compiling BasicContainers _HTable+Bitmap.swift
[227/438] Compiling BasicContainers _HTable+Bucket.swift
[228/438] Compiling BasicContainers _HTable+Consumption.swift
[229/438] Compiling BasicContainers _HTable+Debug.swift
[230/438] Compiling BasicContainers _HTable+Deprecated.swift
[231/438] Compiling BasicContainers _HTable+Find.swift
[256/438] Compiling OrderedCollections OrderedSet+Sendable.swift
[257/438] Compiling OrderedCollections OrderedSet+SubSequence.swift
[258/438] Compiling OrderedCollections OrderedSet+Testing.swift
[259/438] Compiling OrderedCollections OrderedSet+UnorderedView.swift
[260/438] Compiling OrderedCollections OrderedSet+UnstableInternals.swift
[261/438] Compiling OrderedCollections OrderedSet.swift
[262/438] Compiling OrderedCollections _UnsafeBitset.swift
[263/438] Emitting module OrderedCollections
[264/439] Wrapping AST for OrderedCollections for debugging
[283/439] Emitting module DequeModule
[285/442] Wrapping AST for BasicContainers for debugging
[286/442] Wrapping AST for DequeModule for debugging
[288/494] Emitting module AsyncAlgorithms
[289/501] Compiling AsyncAlgorithms UnboundedBufferStateMachine.swift
[290/501] Compiling AsyncAlgorithms UnboundedBufferStorage.swift
[291/501] Compiling AsyncAlgorithms AsyncChannel.swift
[292/501] Compiling AsyncAlgorithms AsyncThrowingChannel.swift
[293/501] Compiling AsyncAlgorithms ChannelStateMachine.swift
[294/501] Compiling AsyncAlgorithms ChannelStorage.swift
[295/501] Compiling AsyncAlgorithms AsyncCombineLatest2Sequence.swift
[296/501] Compiling AsyncAlgorithms AsyncAdjacentPairsSequence.swift
[297/501] Compiling AsyncAlgorithms AsyncBufferedByteIterator.swift
[298/501] Compiling AsyncAlgorithms AsyncChain2Sequence.swift
[299/501] Compiling AsyncAlgorithms AsyncChain3Sequence.swift
[300/501] Compiling AsyncAlgorithms AsyncChunkedByGroupSequence.swift
[301/501] Compiling AsyncAlgorithms AsyncChunkedOnProjectionSequence.swift
[302/501] Compiling AsyncAlgorithms AsyncChunksOfCountOrSignalSequence.swift
[303/501] Compiling AsyncAlgorithms AsyncChunksOfCountSequence.swift
[304/501] Compiling AsyncAlgorithms Rethrow.swift
[305/501] Compiling AsyncAlgorithms SetAlgebra.swift
[306/501] Compiling AsyncAlgorithms UnsafeTransfer.swift
[307/501] Compiling AsyncAlgorithms AsyncZip2Sequence.swift
[308/501] Compiling AsyncAlgorithms AsyncZip3Sequence.swift
[309/501] Compiling AsyncAlgorithms ZipStateMachine.swift
[310/501] Compiling AsyncAlgorithms ZipStorage.swift
[311/501] Compiling AsyncAlgorithms AsyncCombineLatest3Sequence.swift
[312/501] Compiling AsyncAlgorithms CombineLatestStateMachine.swift
[313/501] Compiling AsyncAlgorithms CombineLatestStorage.swift
[314/501] Compiling AsyncAlgorithms AsyncDebounceSequence.swift
[315/501] Compiling AsyncAlgorithms DebounceStateMachine.swift
[316/501] Compiling AsyncAlgorithms DebounceStorage.swift
[317/501] Compiling AsyncAlgorithms Dictionary.swift
[318/501] Compiling AsyncAlgorithms AsyncFlatMapLatestSequence.swift
[319/501] Compiling AsyncAlgorithms FlatMapLatestStateMachine.swift
[320/501] Compiling AsyncAlgorithms FlatMapLatestStorage.swift
[321/501] Compiling AsyncAlgorithms Disconnected.swift
[322/501] Compiling AsyncAlgorithms _TinyArray.swift
[323/501] Compiling AsyncAlgorithms AsyncInterspersedSequence.swift
[324/501] Compiling AsyncAlgorithms Locking.swift
[325/501] Compiling AsyncAlgorithms AsyncCompactedSequence.swift
[326/501] Compiling AsyncAlgorithms AsyncExclusiveReductionsSequence.swift
[327/501] Compiling AsyncAlgorithms AsyncInclusiveReductionsSequence.swift
[328/501] Compiling AsyncAlgorithms AsyncJoinedBySeparatorSequence.swift
[329/501] Compiling AsyncAlgorithms AsyncJoinedSequence.swift
[330/501] Compiling AsyncAlgorithms AsyncMapErrorSequence.swift
[331/501] Compiling AsyncAlgorithms AsyncRemoveDuplicatesSequence.swift
[332/501] Compiling AsyncAlgorithms AsyncShareSequence.swift
[333/501] Compiling AsyncAlgorithms AsyncSyncSequence.swift
[334/501] Compiling AsyncAlgorithms AsyncThrottleSequence.swift
[335/501] Compiling AsyncAlgorithms AsyncThrowingExclusiveReductionsSequence.swift
[336/501] Compiling AsyncAlgorithms AsyncThrowingInclusiveReductionsSequence.swift
[337/501] Compiling AsyncAlgorithms AsyncTimerSequence.swift
[338/501] Compiling AsyncAlgorithms AsyncBufferSequence.swift
[339/501] Compiling AsyncAlgorithms BoundedBufferStateMachine.swift
[340/501] Compiling AsyncAlgorithms BoundedBufferStorage.swift
[341/501] Compiling AsyncAlgorithms AsyncMerge2Sequence.swift
[342/501] Compiling AsyncAlgorithms AsyncMerge3Sequence.swift
[343/501] Compiling AsyncAlgorithms MergeStateMachine.swift
[344/501] Compiling AsyncAlgorithms MergeStorage.swift
[345/501] Compiling AsyncAlgorithms MultiProducerSingleConsumerAsyncChannel+Internal.swift
[346/501] Compiling AsyncAlgorithms MultiProducerSingleConsumerAsyncChannel.swift
[347/501] Compiling AsyncAlgorithms RangeReplaceableCollection.swift
[348/502] Wrapping AST for AsyncAlgorithms for debugging
<module-includes>:1:10: note: in file included from <module-includes>:1:
1 | #include "shim.h"
  |          `- note: in file included from <module-includes>:1:
2 |
/host/spi-builder-workspace/.build/checkouts/GRDB.swift/Sources/GRDBSQLite/shim.h:1:10: error: 'sqlite3.h' file not found
 1 | #include <sqlite3.h>
   |          `- error: 'sqlite3.h' file not found
 2 |
 3 | typedef void(*_errorLogCallback)(void *pArg, int iErrCode, const char *zMsg);
/host/spi-builder-workspace/.build/checkouts/GRDB.swift/GRDB/Core/Configuration.swift:10:8: error: could not build C module 'GRDBSQLite'
  8 | import SQLCipher
  9 | #else // Default SPM trait must be the default. It impossible to detect from Xcode.
 10 | import GRDBSQLite
    |        `- error: could not build C module 'GRDBSQLite'
 11 | #endif
 12 |
<module-includes>:1:10: note: in file included from <module-includes>:1:
1 | #include "shim.h"
  |          `- note: in file included from <module-includes>:1:
2 |
/host/spi-builder-workspace/.build/checkouts/GRDB.swift/Sources/GRDBSQLite/shim.h:1:10: error: 'sqlite3.h' file not found
 1 | #include <sqlite3.h>
   |          `- error: 'sqlite3.h' file not found
 2 |
 3 | typedef void(*_errorLogCallback)(void *pArg, int iErrCode, const char *zMsg);
/host/spi-builder-workspace/.build/checkouts/GRDB.swift/GRDB/Core/Configuration.swift:10:8: error: could not build C module 'GRDBSQLite'
  8 | import SQLCipher
  9 | #else // Default SPM trait must be the default. It impossible to detect from Xcode.
 10 | import GRDBSQLite
    |        `- error: could not build C module 'GRDBSQLite'
 11 | #endif
 12 |
<module-includes>:1:10: note: in file included from <module-includes>:1:
1 | #include "shim.h"
  |          `- note: in file included from <module-includes>:1:
2 |
/host/spi-builder-workspace/.build/checkouts/GRDB.swift/Sources/GRDBSQLite/shim.h:1:10: error: 'sqlite3.h' file not found
 1 | #include <sqlite3.h>
   |          `- error: 'sqlite3.h' file not found
 2 |
 3 | typedef void(*_errorLogCallback)(void *pArg, int iErrCode, const char *zMsg);
/host/spi-builder-workspace/.build/checkouts/GRDB.swift/GRDB/Core/Configuration.swift:10:8: error: could not build C module 'GRDBSQLite'
  8 | import SQLCipher
  9 | #else // Default SPM trait must be the default. It impossible to detect from Xcode.
 10 | import GRDBSQLite
    |        `- error: could not build C module 'GRDBSQLite'
 11 | #endif
 12 |
<module-includes>:1:10: note: in file included from <module-includes>:1:
1 | #include "shim.h"
  |          `- note: in file included from <module-includes>:1:
2 |
/host/spi-builder-workspace/.build/checkouts/GRDB.swift/Sources/GRDBSQLite/shim.h:1:10: error: 'sqlite3.h' file not found
 1 | #include <sqlite3.h>
   |          `- error: 'sqlite3.h' file not found
 2 |
 3 | typedef void(*_errorLogCallback)(void *pArg, int iErrCode, const char *zMsg);
/host/spi-builder-workspace/.build/checkouts/GRDB.swift/GRDB/Core/Configuration.swift:10:8: error: could not build C module 'GRDBSQLite'
  8 | import SQLCipher
  9 | #else // Default SPM trait must be the default. It impossible to detect from Xcode.
 10 | import GRDBSQLite
    |        `- error: could not build C module 'GRDBSQLite'
 11 | #endif
 12 |
<module-includes>:1:10: note: in file included from <module-includes>:1:
1 | #include "shim.h"
  |          `- note: in file included from <module-includes>:1:
2 |
/host/spi-builder-workspace/.build/checkouts/GRDB.swift/Sources/GRDBSQLite/shim.h:1:10: error: 'sqlite3.h' file not found
 1 | #include <sqlite3.h>
   |          `- error: 'sqlite3.h' file not found
 2 |
 3 | typedef void(*_errorLogCallback)(void *pArg, int iErrCode, const char *zMsg);
/host/spi-builder-workspace/.build/checkouts/GRDB.swift/GRDB/Core/Configuration.swift:10:8: error: could not build C module 'GRDBSQLite'
  8 | import SQLCipher
  9 | #else // Default SPM trait must be the default. It impossible to detect from Xcode.
 10 | import GRDBSQLite
    |        `- error: could not build C module 'GRDBSQLite'
 11 | #endif
 12 |
<module-includes>:1:10: note: in file included from <module-includes>:1:
1 | #include "shim.h"
  |          `- note: in file included from <module-includes>:1:
2 |
/host/spi-builder-workspace/.build/checkouts/GRDB.swift/Sources/GRDBSQLite/shim.h:1:10: error: 'sqlite3.h' file not found
 1 | #include <sqlite3.h>
   |          `- error: 'sqlite3.h' file not found
 2 |
 3 | typedef void(*_errorLogCallback)(void *pArg, int iErrCode, const char *zMsg);
/host/spi-builder-workspace/.build/checkouts/GRDB.swift/GRDB/Core/Configuration.swift:10:8: error: could not build C module 'GRDBSQLite'
  8 | import SQLCipher
  9 | #else // Default SPM trait must be the default. It impossible to detect from Xcode.
 10 | import GRDBSQLite
    |        `- error: could not build C module 'GRDBSQLite'
 11 | #endif
 12 |
<module-includes>:1:10: note: in file included from <module-includes>:1:
1 | #include "shim.h"
  |          `- note: in file included from <module-includes>:1:
2 |
/host/spi-builder-workspace/.build/checkouts/GRDB.swift/Sources/GRDBSQLite/shim.h:1:10: error: 'sqlite3.h' file not found
 1 | #include <sqlite3.h>
   |          `- error: 'sqlite3.h' file not found
 2 |
 3 | typedef void(*_errorLogCallback)(void *pArg, int iErrCode, const char *zMsg);
/host/spi-builder-workspace/.build/checkouts/GRDB.swift/GRDB/Core/Configuration.swift:10:8: error: could not build C module 'GRDBSQLite'
  8 | import SQLCipher
  9 | #else // Default SPM trait must be the default. It impossible to detect from Xcode.
 10 | import GRDBSQLite
    |        `- error: could not build C module 'GRDBSQLite'
 11 | #endif
 12 |
<module-includes>:1:10: note: in file included from <module-includes>:1:
1 | #include "shim.h"
  |          `- note: in file included from <module-includes>:1:
2 |
/host/spi-builder-workspace/.build/checkouts/GRDB.swift/Sources/GRDBSQLite/shim.h:1:10: error: 'sqlite3.h' file not found
 1 | #include <sqlite3.h>
   |          `- error: 'sqlite3.h' file not found
 2 |
 3 | typedef void(*_errorLogCallback)(void *pArg, int iErrCode, const char *zMsg);
/host/spi-builder-workspace/.build/checkouts/GRDB.swift/GRDB/Core/Configuration.swift:10:8: error: could not build C module 'GRDBSQLite'
  8 | import SQLCipher
  9 | #else // Default SPM trait must be the default. It impossible to detect from Xcode.
 10 | import GRDBSQLite
    |        `- error: could not build C module 'GRDBSQLite'
 11 | #endif
 12 |
<module-includes>:1:10: note: in file included from <module-includes>:1:
1 | #include "shim.h"
  |          `- note: in file included from <module-includes>:1:
2 |
/host/spi-builder-workspace/.build/checkouts/GRDB.swift/Sources/GRDBSQLite/shim.h:1:10: error: 'sqlite3.h' file not found
 1 | #include <sqlite3.h>
   |          `- error: 'sqlite3.h' file not found
 2 |
 3 | typedef void(*_errorLogCallback)(void *pArg, int iErrCode, const char *zMsg);
/host/spi-builder-workspace/.build/checkouts/GRDB.swift/GRDB/Core/Configuration.swift:10:8: error: could not build C module 'GRDBSQLite'
  8 | import SQLCipher
  9 | #else // Default SPM trait must be the default. It impossible to detect from Xcode.
 10 | import GRDBSQLite
    |        `- error: could not build C module 'GRDBSQLite'
 11 | #endif
 12 |
<module-includes>:1:10: note: in file included from <module-includes>:1:
1 | #include "shim.h"
  |          `- note: in file included from <module-includes>:1:
2 |
/host/spi-builder-workspace/.build/checkouts/GRDB.swift/Sources/GRDBSQLite/shim.h:1:10: error: 'sqlite3.h' file not found
 1 | #include <sqlite3.h>
   |          `- error: 'sqlite3.h' file not found
 2 |
 3 | typedef void(*_errorLogCallback)(void *pArg, int iErrCode, const char *zMsg);
/host/spi-builder-workspace/.build/checkouts/GRDB.swift/GRDB/Core/Configuration.swift:10:8: error: could not build C module 'GRDBSQLite'
  8 | import SQLCipher
  9 | #else // Default SPM trait must be the default. It impossible to detect from Xcode.
 10 | import GRDBSQLite
    |        `- error: could not build C module 'GRDBSQLite'
 11 | #endif
 12 |
<module-includes>:1:10: note: in file included from <module-includes>:1:
1 | #include "shim.h"
  |          `- note: in file included from <module-includes>:1:
2 |
/host/spi-builder-workspace/.build/checkouts/GRDB.swift/Sources/GRDBSQLite/shim.h:1:10: error: 'sqlite3.h' file not found
 1 | #include <sqlite3.h>
   |          `- error: 'sqlite3.h' file not found
 2 |
 3 | typedef void(*_errorLogCallback)(void *pArg, int iErrCode, const char *zMsg);
/host/spi-builder-workspace/.build/checkouts/GRDB.swift/GRDB/Core/Configuration.swift:10:8: error: could not build C module 'GRDBSQLite'
  8 | import SQLCipher
  9 | #else // Default SPM trait must be the default. It impossible to detect from Xcode.
 10 | import GRDBSQLite
    |        `- error: could not build C module 'GRDBSQLite'
 11 | #endif
 12 |
<module-includes>:1:10: note: in file included from <module-includes>:1:
1 | #include "shim.h"
  |          `- note: in file included from <module-includes>:1:
2 |
/host/spi-builder-workspace/.build/checkouts/GRDB.swift/Sources/GRDBSQLite/shim.h:1:10: error: 'sqlite3.h' file not found
 1 | #include <sqlite3.h>
   |          `- error: 'sqlite3.h' file not found
 2 |
 3 | typedef void(*_errorLogCallback)(void *pArg, int iErrCode, const char *zMsg);
/host/spi-builder-workspace/.build/checkouts/GRDB.swift/GRDB/Core/Configuration.swift:10:8: error: could not build C module 'GRDBSQLite'
  8 | import SQLCipher
  9 | #else // Default SPM trait must be the default. It impossible to detect from Xcode.
 10 | import GRDBSQLite
    |        `- error: could not build C module 'GRDBSQLite'
 11 | #endif
 12 |
<module-includes>:1:10: note: in file included from <module-includes>:1:
1 | #include "shim.h"
  |          `- note: in file included from <module-includes>:1:
2 |
/host/spi-builder-workspace/.build/checkouts/GRDB.swift/Sources/GRDBSQLite/shim.h:1:10: error: 'sqlite3.h' file not found
 1 | #include <sqlite3.h>
   |          `- error: 'sqlite3.h' file not found
 2 |
 3 | typedef void(*_errorLogCallback)(void *pArg, int iErrCode, const char *zMsg);
/host/spi-builder-workspace/.build/checkouts/GRDB.swift/GRDB/Core/Configuration.swift:10:8: error: could not build C module 'GRDBSQLite'
  8 | import SQLCipher
  9 | #else // Default SPM trait must be the default. It impossible to detect from Xcode.
 10 | import GRDBSQLite
    |        `- error: could not build C module 'GRDBSQLite'
 11 | #endif
 12 |
<module-includes>:1:10: note: in file included from <module-includes>:1:
1 | #include "shim.h"
  |          `- note: in file included from <module-includes>:1:
2 |
/host/spi-builder-workspace/.build/checkouts/GRDB.swift/Sources/GRDBSQLite/shim.h:1:10: error: 'sqlite3.h' file not found
 1 | #include <sqlite3.h>
   |          `- error: 'sqlite3.h' file not found
 2 |
 3 | typedef void(*_errorLogCallback)(void *pArg, int iErrCode, const char *zMsg);
/host/spi-builder-workspace/.build/checkouts/GRDB.swift/GRDB/Core/Configuration.swift:10:8: error: could not build C module 'GRDBSQLite'
  8 | import SQLCipher
  9 | #else // Default SPM trait must be the default. It impossible to detect from Xcode.
 10 | import GRDBSQLite
    |        `- error: could not build C module 'GRDBSQLite'
 11 | #endif
 12 |
<module-includes>:1:10: note: in file included from <module-includes>:1:
1 | #include "shim.h"
  |          `- note: in file included from <module-includes>:1:
2 |
/host/spi-builder-workspace/.build/checkouts/GRDB.swift/Sources/GRDBSQLite/shim.h:1:10: error: 'sqlite3.h' file not found
 1 | #include <sqlite3.h>
   |          `- error: 'sqlite3.h' file not found
 2 |
 3 | typedef void(*_errorLogCallback)(void *pArg, int iErrCode, const char *zMsg);
/host/spi-builder-workspace/.build/checkouts/GRDB.swift/GRDB/Core/Configuration.swift:10:8: error: could not build C module 'GRDBSQLite'
  8 | import SQLCipher
  9 | #else // Default SPM trait must be the default. It impossible to detect from Xcode.
 10 | import GRDBSQLite
    |        `- error: could not build C module 'GRDBSQLite'
 11 | #endif
 12 |
<module-includes>:1:10: note: in file included from <module-includes>:1:
1 | #include "shim.h"
  |          `- note: in file included from <module-includes>:1:
2 |
/host/spi-builder-workspace/.build/checkouts/GRDB.swift/Sources/GRDBSQLite/shim.h:1:10: error: 'sqlite3.h' file not found
 1 | #include <sqlite3.h>
   |          `- error: 'sqlite3.h' file not found
 2 |
 3 | typedef void(*_errorLogCallback)(void *pArg, int iErrCode, const char *zMsg);
/host/spi-builder-workspace/.build/checkouts/GRDB.swift/GRDB/Core/Configuration.swift:10:8: error: could not build C module 'GRDBSQLite'
  8 | import SQLCipher
  9 | #else // Default SPM trait must be the default. It impossible to detect from Xcode.
 10 | import GRDBSQLite
    |        `- error: could not build C module 'GRDBSQLite'
 11 | #endif
 12 |
<module-includes>:1:10: note: in file included from <module-includes>:1:
1 | #include "shim.h"
  |          `- note: in file included from <module-includes>:1:
2 |
/host/spi-builder-workspace/.build/checkouts/GRDB.swift/Sources/GRDBSQLite/shim.h:1:10: error: 'sqlite3.h' file not found
 1 | #include <sqlite3.h>
   |          `- error: 'sqlite3.h' file not found
 2 |
 3 | typedef void(*_errorLogCallback)(void *pArg, int iErrCode, const char *zMsg);
/host/spi-builder-workspace/.build/checkouts/GRDB.swift/GRDB/Core/Configuration.swift:10:8: error: could not build C module 'GRDBSQLite'
  8 | import SQLCipher
  9 | #else // Default SPM trait must be the default. It impossible to detect from Xcode.
 10 | import GRDBSQLite
    |        `- error: could not build C module 'GRDBSQLite'
 11 | #endif
 12 |
<module-includes>:1:10: note: in file included from <module-includes>:1:
1 | #include "shim.h"
  |          `- note: in file included from <module-includes>:1:
2 |
/host/spi-builder-workspace/.build/checkouts/GRDB.swift/Sources/GRDBSQLite/shim.h:1:10: error: 'sqlite3.h' file not found
 1 | #include <sqlite3.h>
   |          `- error: 'sqlite3.h' file not found
 2 |
 3 | typedef void(*_errorLogCallback)(void *pArg, int iErrCode, const char *zMsg);
/host/spi-builder-workspace/.build/checkouts/GRDB.swift/GRDB/Core/Configuration.swift:10:8: error: could not build C module 'GRDBSQLite'
  8 | import SQLCipher
  9 | #else // Default SPM trait must be the default. It impossible to detect from Xcode.
 10 | import GRDBSQLite
    |        `- error: could not build C module 'GRDBSQLite'
 11 | #endif
 12 |
<module-includes>:1:10: note: in file included from <module-includes>:1:
1 | #include "shim.h"
  |          `- note: in file included from <module-includes>:1:
2 |
/host/spi-builder-workspace/.build/checkouts/GRDB.swift/Sources/GRDBSQLite/shim.h:1:10: error: 'sqlite3.h' file not found
 1 | #include <sqlite3.h>
   |          `- error: 'sqlite3.h' file not found
 2 |
 3 | typedef void(*_errorLogCallback)(void *pArg, int iErrCode, const char *zMsg);
/host/spi-builder-workspace/.build/checkouts/GRDB.swift/GRDB/Core/Configuration.swift:10:8: error: could not build C module 'GRDBSQLite'
  8 | import SQLCipher
  9 | #else // Default SPM trait must be the default. It impossible to detect from Xcode.
 10 | import GRDBSQLite
    |        `- error: could not build C module 'GRDBSQLite'
 11 | #endif
 12 |
<module-includes>:1:10: note: in file included from <module-includes>:1:
1 | #include "shim.h"
  |          `- note: in file included from <module-includes>:1:
2 |
/host/spi-builder-workspace/.build/checkouts/GRDB.swift/Sources/GRDBSQLite/shim.h:1:10: error: 'sqlite3.h' file not found
 1 | #include <sqlite3.h>
   |          `- error: 'sqlite3.h' file not found
 2 |
 3 | typedef void(*_errorLogCallback)(void *pArg, int iErrCode, const char *zMsg);
/host/spi-builder-workspace/.build/checkouts/GRDB.swift/GRDB/Core/Configuration.swift:10:8: error: could not build C module 'GRDBSQLite'
  8 | import SQLCipher
  9 | #else // Default SPM trait must be the default. It impossible to detect from Xcode.
 10 | import GRDBSQLite
    |        `- error: could not build C module 'GRDBSQLite'
 11 | #endif
 12 |
<module-includes>:1:10: note: in file included from <module-includes>:1:
1 | #include "shim.h"
  |          `- note: in file included from <module-includes>:1:
2 |
/host/spi-builder-workspace/.build/checkouts/GRDB.swift/Sources/GRDBSQLite/shim.h:1:10: error: 'sqlite3.h' file not found
 1 | #include <sqlite3.h>
   |          `- error: 'sqlite3.h' file not found
 2 |
 3 | typedef void(*_errorLogCallback)(void *pArg, int iErrCode, const char *zMsg);
/host/spi-builder-workspace/.build/checkouts/GRDB.swift/GRDB/Core/Configuration.swift:10:8: error: could not build C module 'GRDBSQLite'
  8 | import SQLCipher
  9 | #else // Default SPM trait must be the default. It impossible to detect from Xcode.
 10 | import GRDBSQLite
    |        `- error: could not build C module 'GRDBSQLite'
 11 | #endif
 12 |
<module-includes>:1:10: note: in file included from <module-includes>:1:
1 | #include "shim.h"
  |          `- note: in file included from <module-includes>:1:
2 |
/host/spi-builder-workspace/.build/checkouts/GRDB.swift/Sources/GRDBSQLite/shim.h:1:10: error: 'sqlite3.h' file not found
 1 | #include <sqlite3.h>
   |          `- error: 'sqlite3.h' file not found
 2 |
 3 | typedef void(*_errorLogCallback)(void *pArg, int iErrCode, const char *zMsg);
/host/spi-builder-workspace/.build/checkouts/GRDB.swift/GRDB/Core/Configuration.swift:10:8: error: could not build C module 'GRDBSQLite'
  8 | import SQLCipher
  9 | #else // Default SPM trait must be the default. It impossible to detect from Xcode.
 10 | import GRDBSQLite
    |        `- error: could not build C module 'GRDBSQLite'
 11 | #endif
 12 |
<module-includes>:1:10: note: in file included from <module-includes>:1:
1 | #include "shim.h"
  |          `- note: in file included from <module-includes>:1:
2 |
/host/spi-builder-workspace/.build/checkouts/GRDB.swift/Sources/GRDBSQLite/shim.h:1:10: error: 'sqlite3.h' file not found
 1 | #include <sqlite3.h>
   |          `- error: 'sqlite3.h' file not found
 2 |
 3 | typedef void(*_errorLogCallback)(void *pArg, int iErrCode, const char *zMsg);
/host/spi-builder-workspace/.build/checkouts/GRDB.swift/GRDB/Core/Configuration.swift:10:8: error: could not build C module 'GRDBSQLite'
  8 | import SQLCipher
  9 | #else // Default SPM trait must be the default. It impossible to detect from Xcode.
 10 | import GRDBSQLite
    |        `- error: could not build C module 'GRDBSQLite'
 11 | #endif
 12 |
<module-includes>:1:10: note: in file included from <module-includes>:1:
1 | #include "shim.h"
  |          `- note: in file included from <module-includes>:1:
2 |
/host/spi-builder-workspace/.build/checkouts/GRDB.swift/Sources/GRDBSQLite/shim.h:1:10: error: 'sqlite3.h' file not found
 1 | #include <sqlite3.h>
   |          `- error: 'sqlite3.h' file not found
 2 |
 3 | typedef void(*_errorLogCallback)(void *pArg, int iErrCode, const char *zMsg);
/host/spi-builder-workspace/.build/checkouts/GRDB.swift/GRDB/Core/Configuration.swift:10:8: error: could not build C module 'GRDBSQLite'
  8 | import SQLCipher
  9 | #else // Default SPM trait must be the default. It impossible to detect from Xcode.
 10 | import GRDBSQLite
    |        `- error: could not build C module 'GRDBSQLite'
 11 | #endif
 12 |
<module-includes>:1:10: note: in file included from <module-includes>:1:
1 | #include "shim.h"
  |          `- note: in file included from <module-includes>:1:
2 |
/host/spi-builder-workspace/.build/checkouts/GRDB.swift/Sources/GRDBSQLite/shim.h:1:10: error: 'sqlite3.h' file not found
 1 | #include <sqlite3.h>
   |          `- error: 'sqlite3.h' file not found
 2 |
 3 | typedef void(*_errorLogCallback)(void *pArg, int iErrCode, const char *zMsg);
/host/spi-builder-workspace/.build/checkouts/GRDB.swift/GRDB/Core/Configuration.swift:10:8: error: could not build C module 'GRDBSQLite'
  8 | import SQLCipher
  9 | #else // Default SPM trait must be the default. It impossible to detect from Xcode.
 10 | import GRDBSQLite
    |        `- error: could not build C module 'GRDBSQLite'
 11 | #endif
 12 |
<module-includes>:1:10: note: in file included from <module-includes>:1:
1 | #include "shim.h"
  |          `- note: in file included from <module-includes>:1:
2 |
/host/spi-builder-workspace/.build/checkouts/GRDB.swift/Sources/GRDBSQLite/shim.h:1:10: error: 'sqlite3.h' file not found
 1 | #include <sqlite3.h>
   |          `- error: 'sqlite3.h' file not found
 2 |
 3 | typedef void(*_errorLogCallback)(void *pArg, int iErrCode, const char *zMsg);
/host/spi-builder-workspace/.build/checkouts/GRDB.swift/GRDB/Core/Configuration.swift:10:8: error: could not build C module 'GRDBSQLite'
  8 | import SQLCipher
  9 | #else // Default SPM trait must be the default. It impossible to detect from Xcode.
 10 | import GRDBSQLite
    |        `- error: could not build C module 'GRDBSQLite'
 11 | #endif
 12 |
<module-includes>:1:10: note: in file included from <module-includes>:1:
1 | #include "shim.h"
  |          `- note: in file included from <module-includes>:1:
2 |
/host/spi-builder-workspace/.build/checkouts/GRDB.swift/Sources/GRDBSQLite/shim.h:1:10: error: 'sqlite3.h' file not found
 1 | #include <sqlite3.h>
   |          `- error: 'sqlite3.h' file not found
 2 |
 3 | typedef void(*_errorLogCallback)(void *pArg, int iErrCode, const char *zMsg);
/host/spi-builder-workspace/.build/checkouts/GRDB.swift/GRDB/Core/Configuration.swift:10:8: error: could not build C module 'GRDBSQLite'
  8 | import SQLCipher
  9 | #else // Default SPM trait must be the default. It impossible to detect from Xcode.
 10 | import GRDBSQLite
    |        `- error: could not build C module 'GRDBSQLite'
 11 | #endif
 12 |
<module-includes>:1:10: note: in file included from <module-includes>:1:
1 | #include "shim.h"
  |          `- note: in file included from <module-includes>:1:
2 |
/host/spi-builder-workspace/.build/checkouts/GRDB.swift/Sources/GRDBSQLite/shim.h:1:10: error: 'sqlite3.h' file not found
 1 | #include <sqlite3.h>
   |          `- error: 'sqlite3.h' file not found
 2 |
 3 | typedef void(*_errorLogCallback)(void *pArg, int iErrCode, const char *zMsg);
/host/spi-builder-workspace/.build/checkouts/GRDB.swift/GRDB/Core/Configuration.swift:10:8: error: could not build C module 'GRDBSQLite'
  8 | import SQLCipher
  9 | #else // Default SPM trait must be the default. It impossible to detect from Xcode.
 10 | import GRDBSQLite
    |        `- error: could not build C module 'GRDBSQLite'
 11 | #endif
 12 |
<module-includes>:1:10: note: in file included from <module-includes>:1:
1 | #include "shim.h"
  |          `- note: in file included from <module-includes>:1:
2 |
/host/spi-builder-workspace/.build/checkouts/GRDB.swift/Sources/GRDBSQLite/shim.h:1:10: error: 'sqlite3.h' file not found
 1 | #include <sqlite3.h>
   |          `- error: 'sqlite3.h' file not found
 2 |
 3 | typedef void(*_errorLogCallback)(void *pArg, int iErrCode, const char *zMsg);
/host/spi-builder-workspace/.build/checkouts/GRDB.swift/GRDB/Core/Configuration.swift:10:8: error: could not build C module 'GRDBSQLite'
  8 | import SQLCipher
  9 | #else // Default SPM trait must be the default. It impossible to detect from Xcode.
 10 | import GRDBSQLite
    |        `- error: could not build C module 'GRDBSQLite'
 11 | #endif
 12 |
<module-includes>:1:10: note: in file included from <module-includes>:1:
1 | #include "shim.h"
  |          `- note: in file included from <module-includes>:1:
2 |
/host/spi-builder-workspace/.build/checkouts/GRDB.swift/Sources/GRDBSQLite/shim.h:1:10: error: 'sqlite3.h' file not found
 1 | #include <sqlite3.h>
   |          `- error: 'sqlite3.h' file not found
 2 |
 3 | typedef void(*_errorLogCallback)(void *pArg, int iErrCode, const char *zMsg);
/host/spi-builder-workspace/.build/checkouts/GRDB.swift/GRDB/Core/Configuration.swift:10:8: error: could not build C module 'GRDBSQLite'
  8 | import SQLCipher
  9 | #else // Default SPM trait must be the default. It impossible to detect from Xcode.
 10 | import GRDBSQLite
    |        `- error: could not build C module 'GRDBSQLite'
 11 | #endif
 12 |
[380/503] Compiling GRDB SQLRequest.swift
<module-includes>:1:10: note: in file included from <module-includes>:1:
1 | #include "shim.h"
  |          `- note: in file included from <module-includes>:1:
2 |
/host/spi-builder-workspace/.build/checkouts/GRDB.swift/Sources/GRDBSQLite/shim.h:1:10: error: 'sqlite3.h' file not found
 1 | #include <sqlite3.h>
   |          `- error: 'sqlite3.h' file not found
 2 |
 3 | typedef void(*_errorLogCallback)(void *pArg, int iErrCode, const char *zMsg);
/host/spi-builder-workspace/.build/checkouts/GRDB.swift/GRDB/Core/Configuration.swift:10:8: error: could not build C module 'GRDBSQLite'
  8 | import SQLCipher
  9 | #else // Default SPM trait must be the default. It impossible to detect from Xcode.
 10 | import GRDBSQLite
    |        `- error: could not build C module 'GRDBSQLite'
 11 | #endif
 12 |
[381/503] Compiling GRDB SchedulingWatchdog.swift
<module-includes>:1:10: note: in file included from <module-includes>:1:
1 | #include "shim.h"
  |          `- note: in file included from <module-includes>:1:
2 |
/host/spi-builder-workspace/.build/checkouts/GRDB.swift/Sources/GRDBSQLite/shim.h:1:10: error: 'sqlite3.h' file not found
 1 | #include <sqlite3.h>
   |          `- error: 'sqlite3.h' file not found
 2 |
 3 | typedef void(*_errorLogCallback)(void *pArg, int iErrCode, const char *zMsg);
/host/spi-builder-workspace/.build/checkouts/GRDB.swift/GRDB/Core/Configuration.swift:10:8: error: could not build C module 'GRDBSQLite'
  8 | import SQLCipher
  9 | #else // Default SPM trait must be the default. It impossible to detect from Xcode.
 10 | import GRDBSQLite
    |        `- error: could not build C module 'GRDBSQLite'
 11 | #endif
 12 |
[382/503] Compiling GRDB SerializedDatabase.swift
<module-includes>:1:10: note: in file included from <module-includes>:1:
1 | #include "shim.h"
  |          `- note: in file included from <module-includes>:1:
2 |
/host/spi-builder-workspace/.build/checkouts/GRDB.swift/Sources/GRDBSQLite/shim.h:1:10: error: 'sqlite3.h' file not found
 1 | #include <sqlite3.h>
   |          `- error: 'sqlite3.h' file not found
 2 |
 3 | typedef void(*_errorLogCallback)(void *pArg, int iErrCode, const char *zMsg);
/host/spi-builder-workspace/.build/checkouts/GRDB.swift/GRDB/Core/Configuration.swift:10:8: error: could not build C module 'GRDBSQLite'
  8 | import SQLCipher
  9 | #else // Default SPM trait must be the default. It impossible to detect from Xcode.
 10 | import GRDBSQLite
    |        `- error: could not build C module 'GRDBSQLite'
 11 | #endif
 12 |
[383/503] Compiling GRDB Statement.swift
<module-includes>:1:10: note: in file included from <module-includes>:1:
1 | #include "shim.h"
  |          `- note: in file included from <module-includes>:1:
2 |
/host/spi-builder-workspace/.build/checkouts/GRDB.swift/Sources/GRDBSQLite/shim.h:1:10: error: 'sqlite3.h' file not found
 1 | #include <sqlite3.h>
   |          `- error: 'sqlite3.h' file not found
 2 |
 3 | typedef void(*_errorLogCallback)(void *pArg, int iErrCode, const char *zMsg);
/host/spi-builder-workspace/.build/checkouts/GRDB.swift/GRDB/Core/Configuration.swift:10:8: error: could not build C module 'GRDBSQLite'
  8 | import SQLCipher
  9 | #else // Default SPM trait must be the default. It impossible to detect from Xcode.
 10 | import GRDBSQLite
    |        `- error: could not build C module 'GRDBSQLite'
 11 | #endif
 12 |
[384/503] Compiling GRDB StatementAuthorizer.swift
<module-includes>:1:10: note: in file included from <module-includes>:1:
1 | #include "shim.h"
  |          `- note: in file included from <module-includes>:1:
2 |
/host/spi-builder-workspace/.build/checkouts/GRDB.swift/Sources/GRDBSQLite/shim.h:1:10: error: 'sqlite3.h' file not found
 1 | #include <sqlite3.h>
   |          `- error: 'sqlite3.h' file not found
 2 |
 3 | typedef void(*_errorLogCallback)(void *pArg, int iErrCode, const char *zMsg);
/host/spi-builder-workspace/.build/checkouts/GRDB.swift/GRDB/Core/Configuration.swift:10:8: error: could not build C module 'GRDBSQLite'
  8 | import SQLCipher
  9 | #else // Default SPM trait must be the default. It impossible to detect from Xcode.
 10 | import GRDBSQLite
    |        `- error: could not build C module 'GRDBSQLite'
 11 | #endif
 12 |
[385/503] Compiling GRDB StatementColumnConvertible.swift
<module-includes>:1:10: note: in file included from <module-includes>:1:
1 | #include "shim.h"
  |          `- note: in file included from <module-includes>:1:
2 |
/host/spi-builder-workspace/.build/checkouts/GRDB.swift/Sources/GRDBSQLite/shim.h:1:10: error: 'sqlite3.h' file not found
 1 | #include <sqlite3.h>
   |          `- error: 'sqlite3.h' file not found
 2 |
 3 | typedef void(*_errorLogCallback)(void *pArg, int iErrCode, const char *zMsg);
/host/spi-builder-workspace/.build/checkouts/GRDB.swift/GRDB/Core/Configuration.swift:10:8: error: could not build C module 'GRDBSQLite'
  8 | import SQLCipher
  9 | #else // Default SPM trait must be the default. It impossible to detect from Xcode.
 10 | import GRDBSQLite
    |        `- error: could not build C module 'GRDBSQLite'
 11 | #endif
 12 |
[386/503] Compiling GRDB CGFloat.swift
<module-includes>:1:10: note: in file included from <module-includes>:1:
1 | #include "shim.h"
  |          `- note: in file included from <module-includes>:1:
2 |
/host/spi-builder-workspace/.build/checkouts/GRDB.swift/Sources/GRDBSQLite/shim.h:1:10: error: 'sqlite3.h' file not found
 1 | #include <sqlite3.h>
   |          `- error: 'sqlite3.h' file not found
 2 |
 3 | typedef void(*_errorLogCallback)(void *pArg, int iErrCode, const char *zMsg);
/host/spi-builder-workspace/.build/checkouts/GRDB.swift/GRDB/Core/Configuration.swift:10:8: error: could not build C module 'GRDBSQLite'
  8 | import SQLCipher
  9 | #else // Default SPM trait must be the default. It impossible to detect from Xcode.
 10 | import GRDBSQLite
    |        `- error: could not build C module 'GRDBSQLite'
 11 | #endif
 12 |
[387/503] Compiling GRDB Data.swift
<module-includes>:1:10: note: in file included from <module-includes>:1:
1 | #include "shim.h"
  |          `- note: in file included from <module-includes>:1:
2 |
/host/spi-builder-workspace/.build/checkouts/GRDB.swift/Sources/GRDBSQLite/shim.h:1:10: error: 'sqlite3.h' file not found
 1 | #include <sqlite3.h>
   |          `- error: 'sqlite3.h' file not found
 2 |
 3 | typedef void(*_errorLogCallback)(void *pArg, int iErrCode, const char *zMsg);
/host/spi-builder-workspace/.build/checkouts/GRDB.swift/GRDB/Core/Configuration.swift:10:8: error: could not build C module 'GRDBSQLite'
  8 | import SQLCipher
  9 | #else // Default SPM trait must be the default. It impossible to detect from Xcode.
 10 | import GRDBSQLite
    |        `- error: could not build C module 'GRDBSQLite'
 11 | #endif
 12 |
[388/503] Compiling GRDB DatabaseDateComponents.swift
<module-includes>:1:10: note: in file included from <module-includes>:1:
1 | #include "shim.h"
  |          `- note: in file included from <module-includes>:1:
2 |
/host/spi-builder-workspace/.build/checkouts/GRDB.swift/Sources/GRDBSQLite/shim.h:1:10: error: 'sqlite3.h' file not found
 1 | #include <sqlite3.h>
   |          `- error: 'sqlite3.h' file not found
 2 |
 3 | typedef void(*_errorLogCallback)(void *pArg, int iErrCode, const char *zMsg);
/host/spi-builder-workspace/.build/checkouts/GRDB.swift/GRDB/Core/Configuration.swift:10:8: error: could not build C module 'GRDBSQLite'
  8 | import SQLCipher
  9 | #else // Default SPM trait must be the default. It impossible to detect from Xcode.
 10 | import GRDBSQLite
    |        `- error: could not build C module 'GRDBSQLite'
 11 | #endif
 12 |
[389/503] Compiling GRDB DatabaseValueConvertible+ReferenceConvertible.swift
<module-includes>:1:10: note: in file included from <module-includes>:1:
1 | #include "shim.h"
  |          `- note: in file included from <module-includes>:1:
2 |
/host/spi-builder-workspace/.build/checkouts/GRDB.swift/Sources/GRDBSQLite/shim.h:1:10: error: 'sqlite3.h' file not found
 1 | #include <sqlite3.h>
   |          `- error: 'sqlite3.h' file not found
 2 |
 3 | typedef void(*_errorLogCallback)(void *pArg, int iErrCode, const char *zMsg);
/host/spi-builder-workspace/.build/checkouts/GRDB.swift/GRDB/Core/Configuration.swift:10:8: error: could not build C module 'GRDBSQLite'
  8 | import SQLCipher
  9 | #else // Default SPM trait must be the default. It impossible to detect from Xcode.
 10 | import GRDBSQLite
    |        `- error: could not build C module 'GRDBSQLite'
 11 | #endif
 12 |
[390/503] Compiling GRDB Date.swift
<module-includes>:1:10: note: in file included from <module-includes>:1:
1 | #include "shim.h"
  |          `- note: in file included from <module-includes>:1:
2 |
/host/spi-builder-workspace/.build/checkouts/GRDB.swift/Sources/GRDBSQLite/shim.h:1:10: error: 'sqlite3.h' file not found
 1 | #include <sqlite3.h>
   |          `- error: 'sqlite3.h' file not found
 2 |
 3 | typedef void(*_errorLogCallback)(void *pArg, int iErrCode, const char *zMsg);
/host/spi-builder-workspace/.build/checkouts/GRDB.swift/GRDB/Core/Configuration.swift:10:8: error: could not build C module 'GRDBSQLite'
  8 | import SQLCipher
  9 | #else // Default SPM trait must be the default. It impossible to detect from Xcode.
 10 | import GRDBSQLite
    |        `- error: could not build C module 'GRDBSQLite'
 11 | #endif
 12 |
[391/503] Compiling GRDB Decimal.swift
<module-includes>:1:10: note: in file included from <module-includes>:1:
1 | #include "shim.h"
  |          `- note: in file included from <module-includes>:1:
2 |
/host/spi-builder-workspace/.build/checkouts/GRDB.swift/Sources/GRDBSQLite/shim.h:1:10: error: 'sqlite3.h' file not found
 1 | #include <sqlite3.h>
   |          `- error: 'sqlite3.h' file not found
 2 |
 3 | typedef void(*_errorLogCallback)(void *pArg, int iErrCode, const char *zMsg);
/host/spi-builder-workspace/.build/checkouts/GRDB.swift/GRDB/Core/Configuration.swift:10:8: error: could not build C module 'GRDBSQLite'
  8 | import SQLCipher
  9 | #else // Default SPM trait must be the default. It impossible to detect from Xcode.
 10 | import GRDBSQLite
    |        `- error: could not build C module 'GRDBSQLite'
 11 | #endif
 12 |
[392/570] Compiling GRDB Inflections.swift
<module-includes>:1:10: note: in file included from <module-includes>:1:
1 | #include "shim.h"
  |          `- note: in file included from <module-includes>:1:
2 |
/host/spi-builder-workspace/.build/checkouts/GRDB.swift/Sources/GRDBSQLite/shim.h:1:10: error: 'sqlite3.h' file not found
 1 | #include <sqlite3.h>
   |          `- error: 'sqlite3.h' file not found
 2 |
 3 | typedef void(*_errorLogCallback)(void *pArg, int iErrCode, const char *zMsg);
/host/spi-builder-workspace/.build/checkouts/GRDB.swift/GRDB/Core/Configuration.swift:10:8: error: could not build C module 'GRDBSQLite'
  8 | import SQLCipher
  9 | #else // Default SPM trait must be the default. It impossible to detect from Xcode.
 10 | import GRDBSQLite
    |        `- error: could not build C module 'GRDBSQLite'
 11 | #endif
 12 |
[393/570] Compiling GRDB Mutex.swift
<module-includes>:1:10: note: in file included from <module-includes>:1:
1 | #include "shim.h"
  |          `- note: in file included from <module-includes>:1:
2 |
/host/spi-builder-workspace/.build/checkouts/GRDB.swift/Sources/GRDBSQLite/shim.h:1:10: error: 'sqlite3.h' file not found
 1 | #include <sqlite3.h>
   |          `- error: 'sqlite3.h' file not found
 2 |
 3 | typedef void(*_errorLogCallback)(void *pArg, int iErrCode, const char *zMsg);
/host/spi-builder-workspace/.build/checkouts/GRDB.swift/GRDB/Core/Configuration.swift:10:8: error: could not build C module 'GRDBSQLite'
  8 | import SQLCipher
  9 | #else // Default SPM trait must be the default. It impossible to detect from Xcode.
 10 | import GRDBSQLite
    |        `- error: could not build C module 'GRDBSQLite'
 11 | #endif
 12 |
[394/570] Compiling GRDB OnDemandFuture.swift
<module-includes>:1:10: note: in file included from <module-includes>:1:
1 | #include "shim.h"
  |          `- note: in file included from <module-includes>:1:
2 |
/host/spi-builder-workspace/.build/checkouts/GRDB.swift/Sources/GRDBSQLite/shim.h:1:10: error: 'sqlite3.h' file not found
 1 | #include <sqlite3.h>
   |          `- error: 'sqlite3.h' file not found
 2 |
 3 | typedef void(*_errorLogCallback)(void *pArg, int iErrCode, const char *zMsg);
/host/spi-builder-workspace/.build/checkouts/GRDB.swift/GRDB/Core/Configuration.swift:10:8: error: could not build C module 'GRDBSQLite'
  8 | import SQLCipher
  9 | #else // Default SPM trait must be the default. It impossible to detect from Xcode.
 10 | import GRDBSQLite
    |        `- error: could not build C module 'GRDBSQLite'
 11 | #endif
 12 |
[395/570] Compiling GRDB OrderedDictionary.swift
<module-includes>:1:10: note: in file included from <module-includes>:1:
1 | #include "shim.h"
  |          `- note: in file included from <module-includes>:1:
2 |
/host/spi-builder-workspace/.build/checkouts/GRDB.swift/Sources/GRDBSQLite/shim.h:1:10: error: 'sqlite3.h' file not found
 1 | #include <sqlite3.h>
   |          `- error: 'sqlite3.h' file not found
 2 |
 3 | typedef void(*_errorLogCallback)(void *pArg, int iErrCode, const char *zMsg);
/host/spi-builder-workspace/.build/checkouts/GRDB.swift/GRDB/Core/Configuration.swift:10:8: error: could not build C module 'GRDBSQLite'
  8 | import SQLCipher
  9 | #else // Default SPM trait must be the default. It impossible to detect from Xcode.
 10 | import GRDBSQLite
    |        `- error: could not build C module 'GRDBSQLite'
 11 | #endif
 12 |
[396/570] Compiling GRDB Pool.swift
<module-includes>:1:10: note: in file included from <module-includes>:1:
1 | #include "shim.h"
  |          `- note: in file included from <module-includes>:1:
2 |
/host/spi-builder-workspace/.build/checkouts/GRDB.swift/Sources/GRDBSQLite/shim.h:1:10: error: 'sqlite3.h' file not found
 1 | #include <sqlite3.h>
   |          `- error: 'sqlite3.h' file not found
 2 |
 3 | typedef void(*_errorLogCallback)(void *pArg, int iErrCode, const char *zMsg);
/host/spi-builder-workspace/.build/checkouts/GRDB.swift/GRDB/Core/Configuration.swift:10:8: error: could not build C module 'GRDBSQLite'
  8 | import SQLCipher
  9 | #else // Default SPM trait must be the default. It impossible to detect from Xcode.
 10 | import GRDBSQLite
    |        `- error: could not build C module 'GRDBSQLite'
 11 | #endif
 12 |
[397/570] Compiling GRDB ReadWriteLock.swift
<module-includes>:1:10: note: in file included from <module-includes>:1:
1 | #include "shim.h"
  |          `- note: in file included from <module-includes>:1:
2 |
/host/spi-builder-workspace/.build/checkouts/GRDB.swift/Sources/GRDBSQLite/shim.h:1:10: error: 'sqlite3.h' file not found
 1 | #include <sqlite3.h>
   |          `- error: 'sqlite3.h' file not found
 2 |
 3 | typedef void(*_errorLogCallback)(void *pArg, int iErrCode, const char *zMsg);
/host/spi-builder-workspace/.build/checkouts/GRDB.swift/GRDB/Core/Configuration.swift:10:8: error: could not build C module 'GRDBSQLite'
  8 | import SQLCipher
  9 | #else // Default SPM trait must be the default. It impossible to detect from Xcode.
 10 | import GRDBSQLite
    |        `- error: could not build C module 'GRDBSQLite'
 11 | #endif
 12 |
[398/570] Compiling GRDB ReceiveValuesOn.swift
<module-includes>:1:10: note: in file included from <module-includes>:1:
1 | #include "shim.h"
  |          `- note: in file included from <module-includes>:1:
2 |
/host/spi-builder-workspace/.build/checkouts/GRDB.swift/Sources/GRDBSQLite/shim.h:1:10: error: 'sqlite3.h' file not found
 1 | #include <sqlite3.h>
   |          `- error: 'sqlite3.h' file not found
 2 |
 3 | typedef void(*_errorLogCallback)(void *pArg, int iErrCode, const char *zMsg);
/host/spi-builder-workspace/.build/checkouts/GRDB.swift/GRDB/Core/Configuration.swift:10:8: error: could not build C module 'GRDBSQLite'
  8 | import SQLCipher
  9 | #else // Default SPM trait must be the default. It impossible to detect from Xcode.
 10 | import GRDBSQLite
    |        `- error: could not build C module 'GRDBSQLite'
 11 | #endif
 12 |
[399/570] Compiling GRDB Refinable.swift
<module-includes>:1:10: note: in file included from <module-includes>:1:
1 | #include "shim.h"
  |          `- note: in file included from <module-includes>:1:
2 |
/host/spi-builder-workspace/.build/checkouts/GRDB.swift/Sources/GRDBSQLite/shim.h:1:10: error: 'sqlite3.h' file not found
 1 | #include <sqlite3.h>
   |          `- error: 'sqlite3.h' file not found
 2 |
 3 | typedef void(*_errorLogCallback)(void *pArg, int iErrCode, const char *zMsg);
/host/spi-builder-workspace/.build/checkouts/GRDB.swift/GRDB/Core/Configuration.swift:10:8: error: could not build C module 'GRDBSQLite'
  8 | import SQLCipher
  9 | #else // Default SPM trait must be the default. It impossible to detect from Xcode.
 10 | import GRDBSQLite
    |        `- error: could not build C module 'GRDBSQLite'
 11 | #endif
 12 |
[400/570] Compiling GRDB Utils.swift
<module-includes>:1:10: note: in file included from <module-includes>:1:
1 | #include "shim.h"
  |          `- note: in file included from <module-includes>:1:
2 |
/host/spi-builder-workspace/.build/checkouts/GRDB.swift/Sources/GRDBSQLite/shim.h:1:10: error: 'sqlite3.h' file not found
 1 | #include <sqlite3.h>
   |          `- error: 'sqlite3.h' file not found
 2 |
 3 | typedef void(*_errorLogCallback)(void *pArg, int iErrCode, const char *zMsg);
/host/spi-builder-workspace/.build/checkouts/GRDB.swift/GRDB/Core/Configuration.swift:10:8: error: could not build C module 'GRDBSQLite'
  8 | import SQLCipher
  9 | #else // Default SPM trait must be the default. It impossible to detect from Xcode.
 10 | import GRDBSQLite
    |        `- error: could not build C module 'GRDBSQLite'
 11 | #endif
 12 |
[401/570] Compiling GRDB DatabaseCancellable.swift
<module-includes>:1:10: note: in file included from <module-includes>:1:
1 | #include "shim.h"
  |          `- note: in file included from <module-includes>:1:
2 |
/host/spi-builder-workspace/.build/checkouts/GRDB.swift/Sources/GRDBSQLite/shim.h:1:10: error: 'sqlite3.h' file not found
 1 | #include <sqlite3.h>
   |          `- error: 'sqlite3.h' file not found
 2 |
 3 | typedef void(*_errorLogCallback)(void *pArg, int iErrCode, const char *zMsg);
/host/spi-builder-workspace/.build/checkouts/GRDB.swift/GRDB/Core/Configuration.swift:10:8: error: could not build C module 'GRDBSQLite'
  8 | import SQLCipher
  9 | #else // Default SPM trait must be the default. It impossible to detect from Xcode.
 10 | import GRDBSQLite
    |        `- error: could not build C module 'GRDBSQLite'
 11 | #endif
 12 |
[402/570] Compiling GRDB ValueConcurrentObserver.swift
<module-includes>:1:10: note: in file included from <module-includes>:1:
1 | #include "shim.h"
  |          `- note: in file included from <module-includes>:1:
2 |
/host/spi-builder-workspace/.build/checkouts/GRDB.swift/Sources/GRDBSQLite/shim.h:1:10: error: 'sqlite3.h' file not found
 1 | #include <sqlite3.h>
   |          `- error: 'sqlite3.h' file not found
 2 |
 3 | typedef void(*_errorLogCallback)(void *pArg, int iErrCode, const char *zMsg);
/host/spi-builder-workspace/.build/checkouts/GRDB.swift/GRDB/Core/Configuration.swift:10:8: error: could not build C module 'GRDBSQLite'
  8 | import SQLCipher
  9 | #else // Default SPM trait must be the default. It impossible to detect from Xcode.
 10 | import GRDBSQLite
    |        `- error: could not build C module 'GRDBSQLite'
 11 | #endif
 12 |
[403/570] Compiling GRDB ValueWriteOnlyObserver.swift
<module-includes>:1:10: note: in file included from <module-includes>:1:
1 | #include "shim.h"
  |          `- note: in file included from <module-includes>:1:
2 |
/host/spi-builder-workspace/.build/checkouts/GRDB.swift/Sources/GRDBSQLite/shim.h:1:10: error: 'sqlite3.h' file not found
 1 | #include <sqlite3.h>
   |          `- error: 'sqlite3.h' file not found
 2 |
 3 | typedef void(*_errorLogCallback)(void *pArg, int iErrCode, const char *zMsg);
/host/spi-builder-workspace/.build/checkouts/GRDB.swift/GRDB/Core/Configuration.swift:10:8: error: could not build C module 'GRDBSQLite'
  8 | import SQLCipher
  9 | #else // Default SPM trait must be the default. It impossible to detect from Xcode.
 10 | import GRDBSQLite
    |        `- error: could not build C module 'GRDBSQLite'
 11 | #endif
 12 |
[404/570] Compiling GRDB Fetch.swift
<module-includes>:1:10: note: in file included from <module-includes>:1:
1 | #include "shim.h"
  |          `- note: in file included from <module-includes>:1:
2 |
/host/spi-builder-workspace/.build/checkouts/GRDB.swift/Sources/GRDBSQLite/shim.h:1:10: error: 'sqlite3.h' file not found
 1 | #include <sqlite3.h>
   |          `- error: 'sqlite3.h' file not found
 2 |
 3 | typedef void(*_errorLogCallback)(void *pArg, int iErrCode, const char *zMsg);
/host/spi-builder-workspace/.build/checkouts/GRDB.swift/GRDB/Core/Configuration.swift:10:8: error: could not build C module 'GRDBSQLite'
  8 | import SQLCipher
  9 | #else // Default SPM trait must be the default. It impossible to detect from Xcode.
 10 | import GRDBSQLite
    |        `- error: could not build C module 'GRDBSQLite'
 11 | #endif
 12 |
[405/570] Compiling GRDB Map.swift
<module-includes>:1:10: note: in file included from <module-includes>:1:
1 | #include "shim.h"
  |          `- note: in file included from <module-includes>:1:
2 |
/host/spi-builder-workspace/.build/checkouts/GRDB.swift/Sources/GRDBSQLite/shim.h:1:10: error: 'sqlite3.h' file not found
 1 | #include <sqlite3.h>
   |          `- error: 'sqlite3.h' file not found
 2 |
 3 | typedef void(*_errorLogCallback)(void *pArg, int iErrCode, const char *zMsg);
/host/spi-builder-workspace/.build/checkouts/GRDB.swift/GRDB/Core/Configuration.swift:10:8: error: could not build C module 'GRDBSQLite'
  8 | import SQLCipher
  9 | #else // Default SPM trait must be the default. It impossible to detect from Xcode.
 10 | import GRDBSQLite
    |        `- error: could not build C module 'GRDBSQLite'
 11 | #endif
 12 |
[406/570] Compiling GRDB RemoveDuplicates.swift
<module-includes>:1:10: note: in file included from <module-includes>:1:
1 | #include "shim.h"
  |          `- note: in file included from <module-includes>:1:
2 |
/host/spi-builder-workspace/.build/checkouts/GRDB.swift/Sources/GRDBSQLite/shim.h:1:10: error: 'sqlite3.h' file not found
 1 | #include <sqlite3.h>
   |          `- error: 'sqlite3.h' file not found
 2 |
 3 | typedef void(*_errorLogCallback)(void *pArg, int iErrCode, const char *zMsg);
/host/spi-builder-workspace/.build/checkouts/GRDB.swift/GRDB/Core/Configuration.swift:10:8: error: could not build C module 'GRDBSQLite'
  8 | import SQLCipher
  9 | #else // Default SPM trait must be the default. It impossible to detect from Xcode.
 10 | import GRDBSQLite
    |        `- error: could not build C module 'GRDBSQLite'
 11 | #endif
 12 |
[407/570] Compiling GRDB Trace.swift
<module-includes>:1:10: note: in file included from <module-includes>:1:
1 | #include "shim.h"
  |          `- note: in file included from <module-includes>:1:
2 |
/host/spi-builder-workspace/.build/checkouts/GRDB.swift/Sources/GRDBSQLite/shim.h:1:10: error: 'sqlite3.h' file not found
 1 | #include <sqlite3.h>
   |          `- error: 'sqlite3.h' file not found
 2 |
 3 | typedef void(*_errorLogCallback)(void *pArg, int iErrCode, const char *zMsg);
/host/spi-builder-workspace/.build/checkouts/GRDB.swift/GRDB/Core/Configuration.swift:10:8: error: could not build C module 'GRDBSQLite'
  8 | import SQLCipher
  9 | #else // Default SPM trait must be the default. It impossible to detect from Xcode.
 10 | import GRDBSQLite
    |        `- error: could not build C module 'GRDBSQLite'
 11 | #endif
 12 |
[408/570] Compiling GRDB ValueReducer.swift
<module-includes>:1:10: note: in file included from <module-includes>:1:
1 | #include "shim.h"
  |          `- note: in file included from <module-includes>:1:
2 |
/host/spi-builder-workspace/.build/checkouts/GRDB.swift/Sources/GRDBSQLite/shim.h:1:10: error: 'sqlite3.h' file not found
 1 | #include <sqlite3.h>
   |          `- error: 'sqlite3.h' file not found
 2 |
 3 | typedef void(*_errorLogCallback)(void *pArg, int iErrCode, const char *zMsg);
/host/spi-builder-workspace/.build/checkouts/GRDB.swift/GRDB/Core/Configuration.swift:10:8: error: could not build C module 'GRDBSQLite'
  8 | import SQLCipher
  9 | #else // Default SPM trait must be the default. It impossible to detect from Xcode.
 10 | import GRDBSQLite
    |        `- error: could not build C module 'GRDBSQLite'
 11 | #endif
 12 |
[409/570] Compiling GRDB SharedValueObservation.swift
<module-includes>:1:10: note: in file included from <module-includes>:1:
1 | #include "shim.h"
  |          `- note: in file included from <module-includes>:1:
2 |
/host/spi-builder-workspace/.build/checkouts/GRDB.swift/Sources/GRDBSQLite/shim.h:1:10: error: 'sqlite3.h' file not found
 1 | #include <sqlite3.h>
   |          `- error: 'sqlite3.h' file not found
 2 |
 3 | typedef void(*_errorLogCallback)(void *pArg, int iErrCode, const char *zMsg);
/host/spi-builder-workspace/.build/checkouts/GRDB.swift/GRDB/Core/Configuration.swift:10:8: error: could not build C module 'GRDBSQLite'
  8 | import SQLCipher
  9 | #else // Default SPM trait must be the default. It impossible to detect from Xcode.
 10 | import GRDBSQLite
    |        `- error: could not build C module 'GRDBSQLite'
 11 | #endif
 12 |
[410/570] Compiling GRDB ValueObservation.swift
<module-includes>:1:10: note: in file included from <module-includes>:1:
1 | #include "shim.h"
  |          `- note: in file included from <module-includes>:1:
2 |
/host/spi-builder-workspace/.build/checkouts/GRDB.swift/Sources/GRDBSQLite/shim.h:1:10: error: 'sqlite3.h' file not found
 1 | #include <sqlite3.h>
   |          `- error: 'sqlite3.h' file not found
 2 |
 3 | typedef void(*_errorLogCallback)(void *pArg, int iErrCode, const char *zMsg);
/host/spi-builder-workspace/.build/checkouts/GRDB.swift/GRDB/Core/Configuration.swift:10:8: error: could not build C module 'GRDBSQLite'
  8 | import SQLCipher
  9 | #else // Default SPM trait must be the default. It impossible to detect from Xcode.
 10 | import GRDBSQLite
    |        `- error: could not build C module 'GRDBSQLite'
 11 | #endif
 12 |
[411/570] Compiling GRDB ValueObservationScheduler.swift
<module-includes>:1:10: note: in file included from <module-includes>:1:
1 | #include "shim.h"
  |          `- note: in file included from <module-includes>:1:
2 |
/host/spi-builder-workspace/.build/checkouts/GRDB.swift/Sources/GRDBSQLite/shim.h:1:10: error: 'sqlite3.h' file not found
 1 | #include <sqlite3.h>
   |          `- error: 'sqlite3.h' file not found
 2 |
 3 | typedef void(*_errorLogCallback)(void *pArg, int iErrCode, const char *zMsg);
/host/spi-builder-workspace/.build/checkouts/GRDB.swift/GRDB/Core/Configuration.swift:10:8: error: could not build C module 'GRDBSQLite'
  8 | import SQLCipher
  9 | #else // Default SPM trait must be the default. It impossible to detect from Xcode.
 10 | import GRDBSQLite
    |        `- error: could not build C module 'GRDBSQLite'
 11 | #endif
 12 |
[412/570] Compiling GRDB resource_bundle_accessor.swift
<module-includes>:1:10: note: in file included from <module-includes>:1:
1 | #include "shim.h"
  |          `- note: in file included from <module-includes>:1:
2 |
/host/spi-builder-workspace/.build/checkouts/GRDB.swift/Sources/GRDBSQLite/shim.h:1:10: error: 'sqlite3.h' file not found
 1 | #include <sqlite3.h>
   |          `- error: 'sqlite3.h' file not found
 2 |
 3 | typedef void(*_errorLogCallback)(void *pArg, int iErrCode, const char *zMsg);
/host/spi-builder-workspace/.build/checkouts/GRDB.swift/GRDB/Core/Configuration.swift:10:8: error: could not build C module 'GRDBSQLite'
  8 | import SQLCipher
  9 | #else // Default SPM trait must be the default. It impossible to detect from Xcode.
 10 | import GRDBSQLite
    |        `- error: could not build C module 'GRDBSQLite'
 11 | #endif
 12 |
[413/570] Compiling PowerSync watch.swift
<module-includes>:1:10: note: in file included from <module-includes>:1:
1 | #include "shim.h"
  |          `- note: in file included from <module-includes>:1:
2 |
/host/spi-builder-workspace/.build/checkouts/GRDB.swift/Sources/GRDBSQLite/shim.h:1:10: error: 'sqlite3.h' file not found
 1 | #include <sqlite3.h>
   |          `- error: 'sqlite3.h' file not found
 2 |
 3 | typedef void(*_errorLogCallback)(void *pArg, int iErrCode, const char *zMsg);
/host/spi-builder-workspace/.build/checkouts/GRDB.swift/GRDB/Core/Configuration.swift:10:8: error: could not build C module 'GRDBSQLite'
  8 | import SQLCipher
  9 | #else // Default SPM trait must be the default. It impossible to detect from Xcode.
 10 | import GRDBSQLite
    |        `- error: could not build C module 'GRDBSQLite'
 11 | #endif
 12 |
[414/570] Compiling PowerSync NativeConnectionPool.swift
<module-includes>:1:10: note: in file included from <module-includes>:1:
1 | #include "shim.h"
  |          `- note: in file included from <module-includes>:1:
2 |
/host/spi-builder-workspace/.build/checkouts/GRDB.swift/Sources/GRDBSQLite/shim.h:1:10: error: 'sqlite3.h' file not found
 1 | #include <sqlite3.h>
   |          `- error: 'sqlite3.h' file not found
 2 |
 3 | typedef void(*_errorLogCallback)(void *pArg, int iErrCode, const char *zMsg);
/host/spi-builder-workspace/.build/checkouts/GRDB.swift/GRDB/Core/Configuration.swift:10:8: error: could not build C module 'GRDBSQLite'
  8 | import SQLCipher
  9 | #else // Default SPM trait must be the default. It impossible to detect from Xcode.
 10 | import GRDBSQLite
    |        `- error: could not build C module 'GRDBSQLite'
 11 | #endif
 12 |
[415/570] Compiling PowerSync NativeStatement.swift
<module-includes>:1:10: note: in file included from <module-includes>:1:
1 | #include "shim.h"
  |          `- note: in file included from <module-includes>:1:
2 |
/host/spi-builder-workspace/.build/checkouts/GRDB.swift/Sources/GRDBSQLite/shim.h:1:10: error: 'sqlite3.h' file not found
 1 | #include <sqlite3.h>
   |          `- error: 'sqlite3.h' file not found
 2 |
 3 | typedef void(*_errorLogCallback)(void *pArg, int iErrCode, const char *zMsg);
/host/spi-builder-workspace/.build/checkouts/GRDB.swift/GRDB/Core/Configuration.swift:10:8: error: could not build C module 'GRDBSQLite'
  8 | import SQLCipher
  9 | #else // Default SPM trait must be the default. It impossible to detect from Xcode.
 10 | import GRDBSQLite
    |        `- error: could not build C module 'GRDBSQLite'
 11 | #endif
 12 |
[416/570] Compiling PowerSync StatementCursor.swift
<module-includes>:1:10: note: in file included from <module-includes>:1:
1 | #include "shim.h"
  |          `- note: in file included from <module-includes>:1:
2 |
/host/spi-builder-workspace/.build/checkouts/GRDB.swift/Sources/GRDBSQLite/shim.h:1:10: error: 'sqlite3.h' file not found
 1 | #include <sqlite3.h>
   |          `- error: 'sqlite3.h' file not found
 2 |
 3 | typedef void(*_errorLogCallback)(void *pArg, int iErrCode, const char *zMsg);
/host/spi-builder-workspace/.build/checkouts/GRDB.swift/GRDB/Core/Configuration.swift:10:8: error: could not build C module 'GRDBSQLite'
  8 | import SQLCipher
  9 | #else // Default SPM trait must be the default. It impossible to detect from Xcode.
 10 | import GRDBSQLite
    |        `- error: could not build C module 'GRDBSQLite'
 11 | #endif
 12 |
[417/570] Compiling PowerSync registerPowerSyncCoreExtension.swift
<module-includes>:1:10: note: in file included from <module-includes>:1:
1 | #include "shim.h"
  |          `- note: in file included from <module-includes>:1:
2 |
/host/spi-builder-workspace/.build/checkouts/GRDB.swift/Sources/GRDBSQLite/shim.h:1:10: error: 'sqlite3.h' file not found
 1 | #include <sqlite3.h>
   |          `- error: 'sqlite3.h' file not found
 2 |
 3 | typedef void(*_errorLogCallback)(void *pArg, int iErrCode, const char *zMsg);
/host/spi-builder-workspace/.build/checkouts/GRDB.swift/GRDB/Core/Configuration.swift:10:8: error: could not build C module 'GRDBSQLite'
  8 | import SQLCipher
  9 | #else // Default SPM trait must be the default. It impossible to detect from Xcode.
 10 | import GRDBSQLite
    |        `- error: could not build C module 'GRDBSQLite'
 11 | #endif
 12 |
[418/570] Compiling PowerSync throwDatabaseError.swift
<module-includes>:1:10: note: in file included from <module-includes>:1:
1 | #include "shim.h"
  |          `- note: in file included from <module-includes>:1:
2 |
/host/spi-builder-workspace/.build/checkouts/GRDB.swift/Sources/GRDBSQLite/shim.h:1:10: error: 'sqlite3.h' file not found
 1 | #include <sqlite3.h>
   |          `- error: 'sqlite3.h' file not found
 2 |
 3 | typedef void(*_errorLogCallback)(void *pArg, int iErrCode, const char *zMsg);
/host/spi-builder-workspace/.build/checkouts/GRDB.swift/GRDB/Core/Configuration.swift:10:8: error: could not build C module 'GRDBSQLite'
  8 | import SQLCipher
  9 | #else // Default SPM trait must be the default. It impossible to detect from Xcode.
 10 | import GRDBSQLite
    |        `- error: could not build C module 'GRDBSQLite'
 11 | #endif
 12 |
[419/570] Compiling PowerSync CachingCredentialsConnector.swift
<module-includes>:1:10: note: in file included from <module-includes>:1:
1 | #include "shim.h"
  |          `- note: in file included from <module-includes>:1:
2 |
/host/spi-builder-workspace/.build/checkouts/GRDB.swift/Sources/GRDBSQLite/shim.h:1:10: error: 'sqlite3.h' file not found
 1 | #include <sqlite3.h>
   |          `- error: 'sqlite3.h' file not found
 2 |
 3 | typedef void(*_errorLogCallback)(void *pArg, int iErrCode, const char *zMsg);
/host/spi-builder-workspace/.build/checkouts/GRDB.swift/GRDB/Core/Configuration.swift:10:8: error: could not build C module 'GRDBSQLite'
  8 | import SQLCipher
  9 | #else // Default SPM trait must be the default. It impossible to detect from Xcode.
 10 | import GRDBSQLite
    |        `- error: could not build C module 'GRDBSQLite'
 11 | #endif
 12 |
[420/570] Compiling PowerSync CoreSyncStatus.swift
<module-includes>:1:10: note: in file included from <module-includes>:1:
1 | #include "shim.h"
  |          `- note: in file included from <module-includes>:1:
2 |
/host/spi-builder-workspace/.build/checkouts/GRDB.swift/Sources/GRDBSQLite/shim.h:1:10: error: 'sqlite3.h' file not found
 1 | #include <sqlite3.h>
   |          `- error: 'sqlite3.h' file not found
 2 |
 3 | typedef void(*_errorLogCallback)(void *pArg, int iErrCode, const char *zMsg);
/host/spi-builder-workspace/.build/checkouts/GRDB.swift/GRDB/Core/Configuration.swift:10:8: error: could not build C module 'GRDBSQLite'
  8 | import SQLCipher
  9 | #else // Default SPM trait must be the default. It impossible to detect from Xcode.
 10 | import GRDBSQLite
    |        `- error: could not build C module 'GRDBSQLite'
 11 | #endif
 12 |
[421/570] Compiling PowerSync HttpClient.swift
<module-includes>:1:10: note: in file included from <module-includes>:1:
1 | #include "shim.h"
  |          `- note: in file included from <module-includes>:1:
2 |
/host/spi-builder-workspace/.build/checkouts/GRDB.swift/Sources/GRDBSQLite/shim.h:1:10: error: 'sqlite3.h' file not found
 1 | #include <sqlite3.h>
   |          `- error: 'sqlite3.h' file not found
 2 |
 3 | typedef void(*_errorLogCallback)(void *pArg, int iErrCode, const char *zMsg);
/host/spi-builder-workspace/.build/checkouts/GRDB.swift/GRDB/Core/Configuration.swift:10:8: error: could not build C module 'GRDBSQLite'
  8 | import SQLCipher
  9 | #else // Default SPM trait must be the default. It impossible to detect from Xcode.
 10 | import GRDBSQLite
    |        `- error: could not build C module 'GRDBSQLite'
 11 | #endif
 12 |
[422/570] Compiling PowerSync Instruction.swift
<module-includes>:1:10: note: in file included from <module-includes>:1:
1 | #include "shim.h"
  |          `- note: in file included from <module-includes>:1:
2 |
/host/spi-builder-workspace/.build/checkouts/GRDB.swift/Sources/GRDBSQLite/shim.h:1:10: error: 'sqlite3.h' file not found
 1 | #include <sqlite3.h>
   |          `- error: 'sqlite3.h' file not found
 2 |
 3 | typedef void(*_errorLogCallback)(void *pArg, int iErrCode, const char *zMsg);
/host/spi-builder-workspace/.build/checkouts/GRDB.swift/GRDB/Core/Configuration.swift:10:8: error: could not build C module 'GRDBSQLite'
  8 | import SQLCipher
  9 | #else // Default SPM trait must be the default. It impossible to detect from Xcode.
 10 | import GRDBSQLite
    |        `- error: could not build C module 'GRDBSQLite'
 11 | #endif
 12 |
[423/570] Compiling PowerSync CheckpointRequest.swift
<module-includes>:1:10: note: in file included from <module-includes>:1:
1 | #include "shim.h"
  |          `- note: in file included from <module-includes>:1:
2 |
/host/spi-builder-workspace/.build/checkouts/GRDB.swift/Sources/GRDBSQLite/shim.h:1:10: error: 'sqlite3.h' file not found
 1 | #include <sqlite3.h>
   |          `- error: 'sqlite3.h' file not found
 2 |
 3 | typedef void(*_errorLogCallback)(void *pArg, int iErrCode, const char *zMsg);
/host/spi-builder-workspace/.build/checkouts/GRDB.swift/GRDB/Core/Configuration.swift:10:8: error: could not build C module 'GRDBSQLite'
  8 | import SQLCipher
  9 | #else // Default SPM trait must be the default. It impossible to detect from Xcode.
 10 | import GRDBSQLite
    |        `- error: could not build C module 'GRDBSQLite'
 11 | #endif
 12 |
[424/570] Compiling PowerSync LoggerProtocol.swift
<module-includes>:1:10: note: in file included from <module-includes>:1:
1 | #include "shim.h"
  |          `- note: in file included from <module-includes>:1:
2 |
/host/spi-builder-workspace/.build/checkouts/GRDB.swift/Sources/GRDBSQLite/shim.h:1:10: error: 'sqlite3.h' file not found
 1 | #include <sqlite3.h>
   |          `- error: 'sqlite3.h' file not found
 2 |
 3 | typedef void(*_errorLogCallback)(void *pArg, int iErrCode, const char *zMsg);
/host/spi-builder-workspace/.build/checkouts/GRDB.swift/GRDB/Core/Configuration.swift:10:8: error: could not build C module 'GRDBSQLite'
  8 | import SQLCipher
  9 | #else // Default SPM trait must be the default. It impossible to detect from Xcode.
 10 | import GRDBSQLite
    |        `- error: could not build C module 'GRDBSQLite'
 11 | #endif
 12 |
[425/570] Compiling PowerSync PowerSyncBackendConnector.swift
<module-includes>:1:10: note: in file included from <module-includes>:1:
1 | #include "shim.h"
  |          `- note: in file included from <module-includes>:1:
2 |
/host/spi-builder-workspace/.build/checkouts/GRDB.swift/Sources/GRDBSQLite/shim.h:1:10: error: 'sqlite3.h' file not found
 1 | #include <sqlite3.h>
   |          `- error: 'sqlite3.h' file not found
 2 |
 3 | typedef void(*_errorLogCallback)(void *pArg, int iErrCode, const char *zMsg);
/host/spi-builder-workspace/.build/checkouts/GRDB.swift/GRDB/Core/Configuration.swift:10:8: error: could not build C module 'GRDBSQLite'
  8 | import SQLCipher
  9 | #else // Default SPM trait must be the default. It impossible to detect from Xcode.
 10 | import GRDBSQLite
    |        `- error: could not build C module 'GRDBSQLite'
 11 | #endif
 12 |
[426/570] Compiling PowerSync PowerSyncDatabaseProtocol.swift
<module-includes>:1:10: note: in file included from <module-includes>:1:
1 | #include "shim.h"
  |          `- note: in file included from <module-includes>:1:
2 |
/host/spi-builder-workspace/.build/checkouts/GRDB.swift/Sources/GRDBSQLite/shim.h:1:10: error: 'sqlite3.h' file not found
 1 | #include <sqlite3.h>
   |          `- error: 'sqlite3.h' file not found
 2 |
 3 | typedef void(*_errorLogCallback)(void *pArg, int iErrCode, const char *zMsg);
/host/spi-builder-workspace/.build/checkouts/GRDB.swift/GRDB/Core/Configuration.swift:10:8: error: could not build C module 'GRDBSQLite'
  8 | import SQLCipher
  9 | #else // Default SPM trait must be the default. It impossible to detect from Xcode.
 10 | import GRDBSQLite
    |        `- error: could not build C module 'GRDBSQLite'
 11 | #endif
 12 |
[427/570] Compiling PowerSync PowerSyncError.swift
<module-includes>:1:10: note: in file included from <module-includes>:1:
1 | #include "shim.h"
  |          `- note: in file included from <module-includes>:1:
2 |
/host/spi-builder-workspace/.build/checkouts/GRDB.swift/Sources/GRDBSQLite/shim.h:1:10: error: 'sqlite3.h' file not found
 1 | #include <sqlite3.h>
   |          `- error: 'sqlite3.h' file not found
 2 |
 3 | typedef void(*_errorLogCallback)(void *pArg, int iErrCode, const char *zMsg);
/host/spi-builder-workspace/.build/checkouts/GRDB.swift/GRDB/Core/Configuration.swift:10:8: error: could not build C module 'GRDBSQLite'
  8 | import SQLCipher
  9 | #else // Default SPM trait must be the default. It impossible to detect from Xcode.
 10 | import GRDBSQLite
    |        `- error: could not build C module 'GRDBSQLite'
 11 | #endif
 12 |
[428/570] Compiling PowerSync QueriesProtocol.swift
<module-includes>:1:10: note: in file included from <module-includes>:1:
1 | #include "shim.h"
  |          `- note: in file included from <module-includes>:1:
2 |
/host/spi-builder-workspace/.build/checkouts/GRDB.swift/Sources/GRDBSQLite/shim.h:1:10: error: 'sqlite3.h' file not found
 1 | #include <sqlite3.h>
   |          `- error: 'sqlite3.h' file not found
 2 |
 3 | typedef void(*_errorLogCallback)(void *pArg, int iErrCode, const char *zMsg);
/host/spi-builder-workspace/.build/checkouts/GRDB.swift/GRDB/Core/Configuration.swift:10:8: error: could not build C module 'GRDBSQLite'
  8 | import SQLCipher
  9 | #else // Default SPM trait must be the default. It impossible to detect from Xcode.
 10 | import GRDBSQLite
    |        `- error: could not build C module 'GRDBSQLite'
 11 | #endif
 12 |
[429/570] Compiling PowerSync SQLiteConnectionPool.swift
<module-includes>:1:10: note: in file included from <module-includes>:1:
1 | #include "shim.h"
  |          `- note: in file included from <module-includes>:1:
2 |
/host/spi-builder-workspace/.build/checkouts/GRDB.swift/Sources/GRDBSQLite/shim.h:1:10: error: 'sqlite3.h' file not found
 1 | #include <sqlite3.h>
   |          `- error: 'sqlite3.h' file not found
 2 |
 3 | typedef void(*_errorLogCallback)(void *pArg, int iErrCode, const char *zMsg);
/host/spi-builder-workspace/.build/checkouts/GRDB.swift/GRDB/Core/Configuration.swift:10:8: error: could not build C module 'GRDBSQLite'
  8 | import SQLCipher
  9 | #else // Default SPM trait must be the default. It impossible to detect from Xcode.
 10 | import GRDBSQLite
    |        `- error: could not build C module 'GRDBSQLite'
 11 | #endif
 12 |
[430/570] Compiling PowerSync Column.swift
<module-includes>:1:10: note: in file included from <module-includes>:1:
1 | #include "shim.h"
  |          `- note: in file included from <module-includes>:1:
2 |
/host/spi-builder-workspace/.build/checkouts/GRDB.swift/Sources/GRDBSQLite/shim.h:1:10: error: 'sqlite3.h' file not found
 1 | #include <sqlite3.h>
   |          `- error: 'sqlite3.h' file not found
 2 |
 3 | typedef void(*_errorLogCallback)(void *pArg, int iErrCode, const char *zMsg);
/host/spi-builder-workspace/.build/checkouts/GRDB.swift/GRDB/Core/Configuration.swift:10:8: error: could not build C module 'GRDBSQLite'
  8 | import SQLCipher
  9 | #else // Default SPM trait must be the default. It impossible to detect from Xcode.
 10 | import GRDBSQLite
    |        `- error: could not build C module 'GRDBSQLite'
 11 | #endif
 12 |
[431/570] Compiling PowerSync Index.swift
<module-includes>:1:10: note: in file included from <module-includes>:1:
1 | #include "shim.h"
  |          `- note: in file included from <module-includes>:1:
2 |
/host/spi-builder-workspace/.build/checkouts/GRDB.swift/Sources/GRDBSQLite/shim.h:1:10: error: 'sqlite3.h' file not found
 1 | #include <sqlite3.h>
   |          `- error: 'sqlite3.h' file not found
 2 |
 3 | typedef void(*_errorLogCallback)(void *pArg, int iErrCode, const char *zMsg);
/host/spi-builder-workspace/.build/checkouts/GRDB.swift/GRDB/Core/Configuration.swift:10:8: error: could not build C module 'GRDBSQLite'
  8 | import SQLCipher
  9 | #else // Default SPM trait must be the default. It impossible to detect from Xcode.
 10 | import GRDBSQLite
    |        `- error: could not build C module 'GRDBSQLite'
 11 | #endif
 12 |
[432/570] Compiling PowerSync IndexedColumn.swift
<module-includes>:1:10: note: in file included from <module-includes>:1:
1 | #include "shim.h"
  |          `- note: in file included from <module-includes>:1:
2 |
/host/spi-builder-workspace/.build/checkouts/GRDB.swift/Sources/GRDBSQLite/shim.h:1:10: error: 'sqlite3.h' file not found
 1 | #include <sqlite3.h>
   |          `- error: 'sqlite3.h' file not found
 2 |
 3 | typedef void(*_errorLogCallback)(void *pArg, int iErrCode, const char *zMsg);
/host/spi-builder-workspace/.build/checkouts/GRDB.swift/GRDB/Core/Configuration.swift:10:8: error: could not build C module 'GRDBSQLite'
  8 | import SQLCipher
  9 | #else // Default SPM trait must be the default. It impossible to detect from Xcode.
 10 | import GRDBSQLite
    |        `- error: could not build C module 'GRDBSQLite'
 11 | #endif
 12 |
[433/570] Compiling PowerSync SyncStream.swift
<module-includes>:1:10: note: in file included from <module-includes>:1:
1 | #include "shim.h"
  |          `- note: in file included from <module-includes>:1:
2 |
/host/spi-builder-workspace/.build/checkouts/GRDB.swift/Sources/GRDBSQLite/shim.h:1:10: error: 'sqlite3.h' file not found
 1 | #include <sqlite3.h>
   |          `- error: 'sqlite3.h' file not found
 2 |
 3 | typedef void(*_errorLogCallback)(void *pArg, int iErrCode, const char *zMsg);
/host/spi-builder-workspace/.build/checkouts/GRDB.swift/GRDB/Core/Configuration.swift:10:8: error: could not build C module 'GRDBSQLite'
  8 | import SQLCipher
  9 | #else // Default SPM trait must be the default. It impossible to detect from Xcode.
 10 | import GRDBSQLite
    |        `- error: could not build C module 'GRDBSQLite'
 11 | #endif
 12 |
[434/570] Compiling GRDB FTS5+QueryInterface.swift
<module-includes>:1:10: note: in file included from <module-includes>:1:
1 | #include "shim.h"
  |          `- note: in file included from <module-includes>:1:
2 |
/host/spi-builder-workspace/.build/checkouts/GRDB.swift/Sources/GRDBSQLite/shim.h:1:10: error: 'sqlite3.h' file not found
 1 | #include <sqlite3.h>
   |          `- error: 'sqlite3.h' file not found
 2 |
 3 | typedef void(*_errorLogCallback)(void *pArg, int iErrCode, const char *zMsg);
/host/spi-builder-workspace/.build/checkouts/GRDB.swift/GRDB/Core/Configuration.swift:10:8: error: could not build C module 'GRDBSQLite'
  8 | import SQLCipher
  9 | #else // Default SPM trait must be the default. It impossible to detect from Xcode.
 10 | import GRDBSQLite
    |        `- error: could not build C module 'GRDBSQLite'
 11 | #endif
 12 |
[435/570] Compiling GRDB ForeignKey.swift
<module-includes>:1:10: note: in file included from <module-includes>:1:
1 | #include "shim.h"
  |          `- note: in file included from <module-includes>:1:
2 |
/host/spi-builder-workspace/.build/checkouts/GRDB.swift/Sources/GRDBSQLite/shim.h:1:10: error: 'sqlite3.h' file not found
 1 | #include <sqlite3.h>
   |          `- error: 'sqlite3.h' file not found
 2 |
 3 | typedef void(*_errorLogCallback)(void *pArg, int iErrCode, const char *zMsg);
/host/spi-builder-workspace/.build/checkouts/GRDB.swift/GRDB/Core/Configuration.swift:10:8: error: could not build C module 'GRDBSQLite'
  8 | import SQLCipher
  9 | #else // Default SPM trait must be the default. It impossible to detect from Xcode.
 10 | import GRDBSQLite
    |        `- error: could not build C module 'GRDBSQLite'
 11 | #endif
 12 |
[436/570] Compiling GRDB Association.swift
<module-includes>:1:10: note: in file included from <module-includes>:1:
1 | #include "shim.h"
  |          `- note: in file included from <module-includes>:1:
2 |
/host/spi-builder-workspace/.build/checkouts/GRDB.swift/Sources/GRDBSQLite/shim.h:1:10: error: 'sqlite3.h' file not found
 1 | #include <sqlite3.h>
   |          `- error: 'sqlite3.h' file not found
 2 |
 3 | typedef void(*_errorLogCallback)(void *pArg, int iErrCode, const char *zMsg);
/host/spi-builder-workspace/.build/checkouts/GRDB.swift/GRDB/Core/Configuration.swift:10:8: error: could not build C module 'GRDBSQLite'
  8 | import SQLCipher
  9 | #else // Default SPM trait must be the default. It impossible to detect from Xcode.
 10 | import GRDBSQLite
    |        `- error: could not build C module 'GRDBSQLite'
 11 | #endif
 12 |
[437/570] Compiling GRDB AssociationAggregate.swift
<module-includes>:1:10: note: in file included from <module-includes>:1:
1 | #include "shim.h"
  |          `- note: in file included from <module-includes>:1:
2 |
/host/spi-builder-workspace/.build/checkouts/GRDB.swift/Sources/GRDBSQLite/shim.h:1:10: error: 'sqlite3.h' file not found
 1 | #include <sqlite3.h>
   |          `- error: 'sqlite3.h' file not found
 2 |
 3 | typedef void(*_errorLogCallback)(void *pArg, int iErrCode, const char *zMsg);
/host/spi-builder-workspace/.build/checkouts/GRDB.swift/GRDB/Core/Configuration.swift:10:8: error: could not build C module 'GRDBSQLite'
  8 | import SQLCipher
  9 | #else // Default SPM trait must be the default. It impossible to detect from Xcode.
 10 | import GRDBSQLite
    |        `- error: could not build C module 'GRDBSQLite'
 11 | #endif
 12 |
[438/570] Compiling GRDB BelongsToAssociation.swift
<module-includes>:1:10: note: in file included from <module-includes>:1:
1 | #include "shim.h"
  |          `- note: in file included from <module-includes>:1:
2 |
/host/spi-builder-workspace/.build/checkouts/GRDB.swift/Sources/GRDBSQLite/shim.h:1:10: error: 'sqlite3.h' file not found
 1 | #include <sqlite3.h>
   |          `- error: 'sqlite3.h' file not found
 2 |
 3 | typedef void(*_errorLogCallback)(void *pArg, int iErrCode, const char *zMsg);
/host/spi-builder-workspace/.build/checkouts/GRDB.swift/GRDB/Core/Configuration.swift:10:8: error: could not build C module 'GRDBSQLite'
  8 | import SQLCipher
  9 | #else // Default SPM trait must be the default. It impossible to detect from Xcode.
 10 | import GRDBSQLite
    |        `- error: could not build C module 'GRDBSQLite'
 11 | #endif
 12 |
[439/570] Compiling GRDB HasManyAssociation.swift
<module-includes>:1:10: note: in file included from <module-includes>:1:
1 | #include "shim.h"
  |          `- note: in file included from <module-includes>:1:
2 |
/host/spi-builder-workspace/.build/checkouts/GRDB.swift/Sources/GRDBSQLite/shim.h:1:10: error: 'sqlite3.h' file not found
 1 | #include <sqlite3.h>
   |          `- error: 'sqlite3.h' file not found
 2 |
 3 | typedef void(*_errorLogCallback)(void *pArg, int iErrCode, const char *zMsg);
/host/spi-builder-workspace/.build/checkouts/GRDB.swift/GRDB/Core/Configuration.swift:10:8: error: could not build C module 'GRDBSQLite'
  8 | import SQLCipher
  9 | #else // Default SPM trait must be the default. It impossible to detect from Xcode.
 10 | import GRDBSQLite
    |        `- error: could not build C module 'GRDBSQLite'
 11 | #endif
 12 |
[440/570] Compiling GRDB HasManyThroughAssociation.swift
<module-includes>:1:10: note: in file included from <module-includes>:1:
1 | #include "shim.h"
  |          `- note: in file included from <module-includes>:1:
2 |
/host/spi-builder-workspace/.build/checkouts/GRDB.swift/Sources/GRDBSQLite/shim.h:1:10: error: 'sqlite3.h' file not found
 1 | #include <sqlite3.h>
   |          `- error: 'sqlite3.h' file not found
 2 |
 3 | typedef void(*_errorLogCallback)(void *pArg, int iErrCode, const char *zMsg);
/host/spi-builder-workspace/.build/checkouts/GRDB.swift/GRDB/Core/Configuration.swift:10:8: error: could not build C module 'GRDBSQLite'
  8 | import SQLCipher
  9 | #else // Default SPM trait must be the default. It impossible to detect from Xcode.
 10 | import GRDBSQLite
    |        `- error: could not build C module 'GRDBSQLite'
 11 | #endif
 12 |
[441/570] Compiling GRDB HasOneAssociation.swift
<module-includes>:1:10: note: in file included from <module-includes>:1:
1 | #include "shim.h"
  |          `- note: in file included from <module-includes>:1:
2 |
/host/spi-builder-workspace/.build/checkouts/GRDB.swift/Sources/GRDBSQLite/shim.h:1:10: error: 'sqlite3.h' file not found
 1 | #include <sqlite3.h>
   |          `- error: 'sqlite3.h' file not found
 2 |
 3 | typedef void(*_errorLogCallback)(void *pArg, int iErrCode, const char *zMsg);
/host/spi-builder-workspace/.build/checkouts/GRDB.swift/GRDB/Core/Configuration.swift:10:8: error: could not build C module 'GRDBSQLite'
  8 | import SQLCipher
  9 | #else // Default SPM trait must be the default. It impossible to detect from Xcode.
 10 | import GRDBSQLite
    |        `- error: could not build C module 'GRDBSQLite'
 11 | #endif
 12 |
[442/570] Compiling GRDB HasOneThroughAssociation.swift
<module-includes>:1:10: note: in file included from <module-includes>:1:
1 | #include "shim.h"
  |          `- note: in file included from <module-includes>:1:
2 |
/host/spi-builder-workspace/.build/checkouts/GRDB.swift/Sources/GRDBSQLite/shim.h:1:10: error: 'sqlite3.h' file not found
 1 | #include <sqlite3.h>
   |          `- error: 'sqlite3.h' file not found
 2 |
 3 | typedef void(*_errorLogCallback)(void *pArg, int iErrCode, const char *zMsg);
/host/spi-builder-workspace/.build/checkouts/GRDB.swift/GRDB/Core/Configuration.swift:10:8: error: could not build C module 'GRDBSQLite'
  8 | import SQLCipher
  9 | #else // Default SPM trait must be the default. It impossible to detect from Xcode.
 10 | import GRDBSQLite
    |        `- error: could not build C module 'GRDBSQLite'
 11 | #endif
 12 |
[443/570] Compiling GRDB JoinAssociation.swift
<module-includes>:1:10: note: in file included from <module-includes>:1:
1 | #include "shim.h"
  |          `- note: in file included from <module-includes>:1:
2 |
/host/spi-builder-workspace/.build/checkouts/GRDB.swift/Sources/GRDBSQLite/shim.h:1:10: error: 'sqlite3.h' file not found
 1 | #include <sqlite3.h>
   |          `- error: 'sqlite3.h' file not found
 2 |
 3 | typedef void(*_errorLogCallback)(void *pArg, int iErrCode, const char *zMsg);
/host/spi-builder-workspace/.build/checkouts/GRDB.swift/GRDB/Core/Configuration.swift:10:8: error: could not build C module 'GRDBSQLite'
  8 | import SQLCipher
  9 | #else // Default SPM trait must be the default. It impossible to detect from Xcode.
 10 | import GRDBSQLite
    |        `- error: could not build C module 'GRDBSQLite'
 11 | #endif
 12 |
[444/570] Compiling GRDB CommonTableExpression.swift
<module-includes>:1:10: note: in file included from <module-includes>:1:
1 | #include "shim.h"
  |          `- note: in file included from <module-includes>:1:
2 |
/host/spi-builder-workspace/.build/checkouts/GRDB.swift/Sources/GRDBSQLite/shim.h:1:10: error: 'sqlite3.h' file not found
 1 | #include <sqlite3.h>
   |          `- error: 'sqlite3.h' file not found
 2 |
 3 | typedef void(*_errorLogCallback)(void *pArg, int iErrCode, const char *zMsg);
/host/spi-builder-workspace/.build/checkouts/GRDB.swift/GRDB/Core/Configuration.swift:10:8: error: could not build C module 'GRDBSQLite'
  8 | import SQLCipher
  9 | #else // Default SPM trait must be the default. It impossible to detect from Xcode.
 10 | import GRDBSQLite
    |        `- error: could not build C module 'GRDBSQLite'
 11 | #endif
 12 |
[445/570] Compiling GRDB QueryInterfaceRequest.swift
<module-includes>:1:10: note: in file included from <module-includes>:1:
1 | #include "shim.h"
  |          `- note: in file included from <module-includes>:1:
2 |
/host/spi-builder-workspace/.build/checkouts/GRDB.swift/Sources/GRDBSQLite/shim.h:1:10: error: 'sqlite3.h' file not found
 1 | #include <sqlite3.h>
   |          `- error: 'sqlite3.h' file not found
 2 |
 3 | typedef void(*_errorLogCallback)(void *pArg, int iErrCode, const char *zMsg);
/host/spi-builder-workspace/.build/checkouts/GRDB.swift/GRDB/Core/Configuration.swift:10:8: error: could not build C module 'GRDBSQLite'
  8 | import SQLCipher
  9 | #else // Default SPM trait must be the default. It impossible to detect from Xcode.
 10 | import GRDBSQLite
    |        `- error: could not build C module 'GRDBSQLite'
 11 | #endif
 12 |
[446/570] Compiling GRDB RequestProtocols.swift
<module-includes>:1:10: note: in file included from <module-includes>:1:
1 | #include "shim.h"
  |          `- note: in file included from <module-includes>:1:
2 |
/host/spi-builder-workspace/.build/checkouts/GRDB.swift/Sources/GRDBSQLite/shim.h:1:10: error: 'sqlite3.h' file not found
 1 | #include <sqlite3.h>
   |          `- error: 'sqlite3.h' file not found
 2 |
 3 | typedef void(*_errorLogCallback)(void *pArg, int iErrCode, const char *zMsg);
/host/spi-builder-workspace/.build/checkouts/GRDB.swift/GRDB/Core/Configuration.swift:10:8: error: could not build C module 'GRDBSQLite'
  8 | import SQLCipher
  9 | #else // Default SPM trait must be the default. It impossible to detect from Xcode.
 10 | import GRDBSQLite
    |        `- error: could not build C module 'GRDBSQLite'
 11 | #endif
 12 |
[447/570] Compiling GRDB Column.swift
<module-includes>:1:10: note: in file included from <module-includes>:1:
1 | #include "shim.h"
  |          `- note: in file included from <module-includes>:1:
2 |
/host/spi-builder-workspace/.build/checkouts/GRDB.swift/Sources/GRDBSQLite/shim.h:1:10: error: 'sqlite3.h' file not found
 1 | #include <sqlite3.h>
   |          `- error: 'sqlite3.h' file not found
 2 |
 3 | typedef void(*_errorLogCallback)(void *pArg, int iErrCode, const char *zMsg);
/host/spi-builder-workspace/.build/checkouts/GRDB.swift/GRDB/Core/Configuration.swift:10:8: error: could not build C module 'GRDBSQLite'
  8 | import SQLCipher
  9 | #else // Default SPM trait must be the default. It impossible to detect from Xcode.
 10 | import GRDBSQLite
    |        `- error: could not build C module 'GRDBSQLite'
 11 | #endif
 12 |
[448/570] Compiling GRDB DatabasePromise.swift
<module-includes>:1:10: note: in file included from <module-includes>:1:
1 | #include "shim.h"
  |          `- note: in file included from <module-includes>:1:
2 |
/host/spi-builder-workspace/.build/checkouts/GRDB.swift/Sources/GRDBSQLite/shim.h:1:10: error: 'sqlite3.h' file not found
 1 | #include <sqlite3.h>
   |          `- error: 'sqlite3.h' file not found
 2 |
 3 | typedef void(*_errorLogCallback)(void *pArg, int iErrCode, const char *zMsg);
/host/spi-builder-workspace/.build/checkouts/GRDB.swift/GRDB/Core/Configuration.swift:10:8: error: could not build C module 'GRDBSQLite'
  8 | import SQLCipher
  9 | #else // Default SPM trait must be the default. It impossible to detect from Xcode.
 10 | import GRDBSQLite
    |        `- error: could not build C module 'GRDBSQLite'
 11 | #endif
 12 |
[449/570] Compiling GRDB SQLAssociation.swift
<module-includes>:1:10: note: in file included from <module-includes>:1:
1 | #include "shim.h"
  |          `- note: in file included from <module-includes>:1:
2 |
/host/spi-builder-workspace/.build/checkouts/GRDB.swift/Sources/GRDBSQLite/shim.h:1:10: error: 'sqlite3.h' file not found
 1 | #include <sqlite3.h>
   |          `- error: 'sqlite3.h' file not found
 2 |
 3 | typedef void(*_errorLogCallback)(void *pArg, int iErrCode, const char *zMsg);
/host/spi-builder-workspace/.build/checkouts/GRDB.swift/GRDB/Core/Configuration.swift:10:8: error: could not build C module 'GRDBSQLite'
  8 | import SQLCipher
  9 | #else // Default SPM trait must be the default. It impossible to detect from Xcode.
 10 | import GRDBSQLite
    |        `- error: could not build C module 'GRDBSQLite'
 11 | #endif
 12 |
[450/570] Compiling GRDB SQLCollection.swift
<module-includes>:1:10: note: in file included from <module-includes>:1:
1 | #include "shim.h"
  |          `- note: in file included from <module-includes>:1:
2 |
/host/spi-builder-workspace/.build/checkouts/GRDB.swift/Sources/GRDBSQLite/shim.h:1:10: error: 'sqlite3.h' file not found
 1 | #include <sqlite3.h>
   |          `- error: 'sqlite3.h' file not found
 2 |
 3 | typedef void(*_errorLogCallback)(void *pArg, int iErrCode, const char *zMsg);
/host/spi-builder-workspace/.build/checkouts/GRDB.swift/GRDB/Core/Configuration.swift:10:8: error: could not build C module 'GRDBSQLite'
  8 | import SQLCipher
  9 | #else // Default SPM trait must be the default. It impossible to detect from Xcode.
 10 | import GRDBSQLite
    |        `- error: could not build C module 'GRDBSQLite'
 11 | #endif
 12 |
[451/570] Compiling GRDB SQLExpression.swift
<module-includes>:1:10: note: in file included from <module-includes>:1:
1 | #include "shim.h"
  |          `- note: in file included from <module-includes>:1:
2 |
/host/spi-builder-workspace/.build/checkouts/GRDB.swift/Sources/GRDBSQLite/shim.h:1:10: error: 'sqlite3.h' file not found
 1 | #include <sqlite3.h>
   |          `- error: 'sqlite3.h' file not found
 2 |
 3 | typedef void(*_errorLogCallback)(void *pArg, int iErrCode, const char *zMsg);
/host/spi-builder-workspace/.build/checkouts/GRDB.swift/GRDB/Core/Configuration.swift:10:8: error: could not build C module 'GRDBSQLite'
  8 | import SQLCipher
  9 | #else // Default SPM trait must be the default. It impossible to detect from Xcode.
 10 | import GRDBSQLite
    |        `- error: could not build C module 'GRDBSQLite'
 11 | #endif
 12 |
[452/570] Compiling GRDB SQLForeignKeyRequest.swift
<module-includes>:1:10: note: in file included from <module-includes>:1:
1 | #include "shim.h"
  |          `- note: in file included from <module-includes>:1:
2 |
/host/spi-builder-workspace/.build/checkouts/GRDB.swift/Sources/GRDBSQLite/shim.h:1:10: error: 'sqlite3.h' file not found
 1 | #include <sqlite3.h>
   |          `- error: 'sqlite3.h' file not found
 2 |
 3 | typedef void(*_errorLogCallback)(void *pArg, int iErrCode, const char *zMsg);
/host/spi-builder-workspace/.build/checkouts/GRDB.swift/GRDB/Core/Configuration.swift:10:8: error: could not build C module 'GRDBSQLite'
  8 | import SQLCipher
  9 | #else // Default SPM trait must be the default. It impossible to detect from Xcode.
 10 | import GRDBSQLite
    |        `- error: could not build C module 'GRDBSQLite'
 11 | #endif
 12 |
[453/570] Compiling GRDB SQLFunctions.swift
<module-includes>:1:10: note: in file included from <module-includes>:1:
1 | #include "shim.h"
  |          `- note: in file included from <module-includes>:1:
2 |
/host/spi-builder-workspace/.build/checkouts/GRDB.swift/Sources/GRDBSQLite/shim.h:1:10: error: 'sqlite3.h' file not found
 1 | #include <sqlite3.h>
   |          `- error: 'sqlite3.h' file not found
 2 |
 3 | typedef void(*_errorLogCallback)(void *pArg, int iErrCode, const char *zMsg);
/host/spi-builder-workspace/.build/checkouts/GRDB.swift/GRDB/Core/Configuration.swift:10:8: error: could not build C module 'GRDBSQLite'
  8 | import SQLCipher
  9 | #else // Default SPM trait must be the default. It impossible to detect from Xcode.
 10 | import GRDBSQLite
    |        `- error: could not build C module 'GRDBSQLite'
 11 | #endif
 12 |
[454/570] Compiling GRDB SQLOperators.swift
<module-includes>:1:10: note: in file included from <module-includes>:1:
1 | #include "shim.h"
  |          `- note: in file included from <module-includes>:1:
2 |
/host/spi-builder-workspace/.build/checkouts/GRDB.swift/Sources/GRDBSQLite/shim.h:1:10: error: 'sqlite3.h' file not found
 1 | #include <sqlite3.h>
   |          `- error: 'sqlite3.h' file not found
 2 |
 3 | typedef void(*_errorLogCallback)(void *pArg, int iErrCode, const char *zMsg);
/host/spi-builder-workspace/.build/checkouts/GRDB.swift/GRDB/Core/Configuration.swift:10:8: error: could not build C module 'GRDBSQLite'
  8 | import SQLCipher
  9 | #else // Default SPM trait must be the default. It impossible to detect from Xcode.
 10 | import GRDBSQLite
    |        `- error: could not build C module 'GRDBSQLite'
 11 | #endif
 12 |
[455/570] Compiling PowerSync SyncCoordinator.swift
<module-includes>:1:10: note: in file included from <module-includes>:1:
1 | #include "shim.h"
  |          `- note: in file included from <module-includes>:1:
2 |
/host/spi-builder-workspace/.build/checkouts/GRDB.swift/Sources/GRDBSQLite/shim.h:1:10: error: 'sqlite3.h' file not found
 1 | #include <sqlite3.h>
   |          `- error: 'sqlite3.h' file not found
 2 |
 3 | typedef void(*_errorLogCallback)(void *pArg, int iErrCode, const char *zMsg);
/host/spi-builder-workspace/.build/checkouts/GRDB.swift/GRDB/Core/Configuration.swift:10:8: error: could not build C module 'GRDBSQLite'
  8 | import SQLCipher
  9 | #else // Default SPM trait must be the default. It impossible to detect from Xcode.
 10 | import GRDBSQLite
    |        `- error: could not build C module 'GRDBSQLite'
 11 | #endif
 12 |
[456/570] Compiling PowerSync SyncSignals.swift
<module-includes>:1:10: note: in file included from <module-includes>:1:
1 | #include "shim.h"
  |          `- note: in file included from <module-includes>:1:
2 |
/host/spi-builder-workspace/.build/checkouts/GRDB.swift/Sources/GRDBSQLite/shim.h:1:10: error: 'sqlite3.h' file not found
 1 | #include <sqlite3.h>
   |          `- error: 'sqlite3.h' file not found
 2 |
 3 | typedef void(*_errorLogCallback)(void *pArg, int iErrCode, const char *zMsg);
/host/spi-builder-workspace/.build/checkouts/GRDB.swift/GRDB/Core/Configuration.swift:10:8: error: could not build C module 'GRDBSQLite'
  8 | import SQLCipher
  9 | #else // Default SPM trait must be the default. It impossible to detect from Xcode.
 10 | import GRDBSQLite
    |        `- error: could not build C module 'GRDBSQLite'
 11 | #endif
 12 |
[457/570] Compiling PowerSync Transaction+PowerSyncControl.swift
<module-includes>:1:10: note: in file included from <module-includes>:1:
1 | #include "shim.h"
  |          `- note: in file included from <module-includes>:1:
2 |
/host/spi-builder-workspace/.build/checkouts/GRDB.swift/Sources/GRDBSQLite/shim.h:1:10: error: 'sqlite3.h' file not found
 1 | #include <sqlite3.h>
   |          `- error: 'sqlite3.h' file not found
 2 |
 3 | typedef void(*_errorLogCallback)(void *pArg, int iErrCode, const char *zMsg);
/host/spi-builder-workspace/.build/checkouts/GRDB.swift/GRDB/Core/Configuration.swift:10:8: error: could not build C module 'GRDBSQLite'
  8 | import SQLCipher
  9 | #else // Default SPM trait must be the default. It impossible to detect from Xcode.
 10 | import GRDBSQLite
    |        `- error: could not build C module 'GRDBSQLite'
 11 | #endif
 12 |
[458/570] Compiling PowerSync UserAgent.swift
<module-includes>:1:10: note: in file included from <module-includes>:1:
1 | #include "shim.h"
  |          `- note: in file included from <module-includes>:1:
2 |
/host/spi-builder-workspace/.build/checkouts/GRDB.swift/Sources/GRDBSQLite/shim.h:1:10: error: 'sqlite3.h' file not found
 1 | #include <sqlite3.h>
   |          `- error: 'sqlite3.h' file not found
 2 |
 3 | typedef void(*_errorLogCallback)(void *pArg, int iErrCode, const char *zMsg);
/host/spi-builder-workspace/.build/checkouts/GRDB.swift/GRDB/Core/Configuration.swift:10:8: error: could not build C module 'GRDBSQLite'
  8 | import SQLCipher
  9 | #else // Default SPM trait must be the default. It impossible to detect from Xcode.
 10 | import GRDBSQLite
    |        `- error: could not build C module 'GRDBSQLite'
 11 | #endif
 12 |
[459/570] Compiling PowerSync Logger.swift
<module-includes>:1:10: note: in file included from <module-includes>:1:
1 | #include "shim.h"
  |          `- note: in file included from <module-includes>:1:
2 |
/host/spi-builder-workspace/.build/checkouts/GRDB.swift/Sources/GRDBSQLite/shim.h:1:10: error: 'sqlite3.h' file not found
 1 | #include <sqlite3.h>
   |          `- error: 'sqlite3.h' file not found
 2 |
 3 | typedef void(*_errorLogCallback)(void *pArg, int iErrCode, const char *zMsg);
/host/spi-builder-workspace/.build/checkouts/GRDB.swift/GRDB/Core/Configuration.swift:10:8: error: could not build C module 'GRDBSQLite'
  8 | import SQLCipher
  9 | #else // Default SPM trait must be the default. It impossible to detect from Xcode.
 10 | import GRDBSQLite
    |        `- error: could not build C module 'GRDBSQLite'
 11 | #endif
 12 |
[460/570] Compiling PowerSync PowerSyncCredentials.swift
<module-includes>:1:10: note: in file included from <module-includes>:1:
1 | #include "shim.h"
  |          `- note: in file included from <module-includes>:1:
2 |
/host/spi-builder-workspace/.build/checkouts/GRDB.swift/Sources/GRDBSQLite/shim.h:1:10: error: 'sqlite3.h' file not found
 1 | #include <sqlite3.h>
   |          `- error: 'sqlite3.h' file not found
 2 |
 3 | typedef void(*_errorLogCallback)(void *pArg, int iErrCode, const char *zMsg);
/host/spi-builder-workspace/.build/checkouts/GRDB.swift/GRDB/Core/Configuration.swift:10:8: error: could not build C module 'GRDBSQLite'
  8 | import SQLCipher
  9 | #else // Default SPM trait must be the default. It impossible to detect from Xcode.
 10 | import GRDBSQLite
    |        `- error: could not build C module 'GRDBSQLite'
 11 | #endif
 12 |
[461/570] Compiling PowerSync PowerSyncDatabase.swift
<module-includes>:1:10: note: in file included from <module-includes>:1:
1 | #include "shim.h"
  |          `- note: in file included from <module-includes>:1:
2 |
/host/spi-builder-workspace/.build/checkouts/GRDB.swift/Sources/GRDBSQLite/shim.h:1:10: error: 'sqlite3.h' file not found
 1 | #include <sqlite3.h>
   |          `- error: 'sqlite3.h' file not found
 2 |
 3 | typedef void(*_errorLogCallback)(void *pArg, int iErrCode, const char *zMsg);
/host/spi-builder-workspace/.build/checkouts/GRDB.swift/GRDB/Core/Configuration.swift:10:8: error: could not build C module 'GRDBSQLite'
  8 | import SQLCipher
  9 | #else // Default SPM trait must be the default. It impossible to detect from Xcode.
 10 | import GRDBSQLite
    |        `- error: could not build C module 'GRDBSQLite'
 11 | #endif
 12 |
[462/570] Compiling PowerSync RawTable.swift
<module-includes>:1:10: note: in file included from <module-includes>:1:
1 | #include "shim.h"
  |          `- note: in file included from <module-includes>:1:
2 |
/host/spi-builder-workspace/.build/checkouts/GRDB.swift/Sources/GRDBSQLite/shim.h:1:10: error: 'sqlite3.h' file not found
 1 | #include <sqlite3.h>
   |          `- error: 'sqlite3.h' file not found
 2 |
 3 | typedef void(*_errorLogCallback)(void *pArg, int iErrCode, const char *zMsg);
/host/spi-builder-workspace/.build/checkouts/GRDB.swift/GRDB/Core/Configuration.swift:10:8: error: could not build C module 'GRDBSQLite'
  8 | import SQLCipher
  9 | #else // Default SPM trait must be the default. It impossible to detect from Xcode.
 10 | import GRDBSQLite
    |        `- error: could not build C module 'GRDBSQLite'
 11 | #endif
 12 |
[463/570] Compiling PowerSync Schema.swift
<module-includes>:1:10: note: in file included from <module-includes>:1:
1 | #include "shim.h"
  |          `- note: in file included from <module-includes>:1:
2 |
/host/spi-builder-workspace/.build/checkouts/GRDB.swift/Sources/GRDBSQLite/shim.h:1:10: error: 'sqlite3.h' file not found
 1 | #include <sqlite3.h>
   |          `- error: 'sqlite3.h' file not found
 2 |
 3 | typedef void(*_errorLogCallback)(void *pArg, int iErrCode, const char *zMsg);
/host/spi-builder-workspace/.build/checkouts/GRDB.swift/GRDB/Core/Configuration.swift:10:8: error: could not build C module 'GRDBSQLite'
  8 | import SQLCipher
  9 | #else // Default SPM trait must be the default. It impossible to detect from Xcode.
 10 | import GRDBSQLite
    |        `- error: could not build C module 'GRDBSQLite'
 11 | #endif
 12 |
[464/570] Compiling PowerSync Table.swift
<module-includes>:1:10: note: in file included from <module-includes>:1:
1 | #include "shim.h"
  |          `- note: in file included from <module-includes>:1:
2 |
/host/spi-builder-workspace/.build/checkouts/GRDB.swift/Sources/GRDBSQLite/shim.h:1:10: error: 'sqlite3.h' file not found
 1 | #include <sqlite3.h>
   |          `- error: 'sqlite3.h' file not found
 2 |
 3 | typedef void(*_errorLogCallback)(void *pArg, int iErrCode, const char *zMsg);
/host/spi-builder-workspace/.build/checkouts/GRDB.swift/GRDB/Core/Configuration.swift:10:8: error: could not build C module 'GRDBSQLite'
  8 | import SQLCipher
  9 | #else // Default SPM trait must be the default. It impossible to detect from Xcode.
 10 | import GRDBSQLite
    |        `- error: could not build C module 'GRDBSQLite'
 11 | #endif
 12 |
[465/570] Compiling PowerSync TableOptions.swift
<module-includes>:1:10: note: in file included from <module-includes>:1:
1 | #include "shim.h"
  |          `- note: in file included from <module-includes>:1:
2 |
/host/spi-builder-workspace/.build/checkouts/GRDB.swift/Sources/GRDBSQLite/shim.h:1:10: error: 'sqlite3.h' file not found
 1 | #include <sqlite3.h>
   |          `- error: 'sqlite3.h' file not found
 2 |
 3 | typedef void(*_errorLogCallback)(void *pArg, int iErrCode, const char *zMsg);
/host/spi-builder-workspace/.build/checkouts/GRDB.swift/GRDB/Core/Configuration.swift:10:8: error: could not build C module 'GRDBSQLite'
  8 | import SQLCipher
  9 | #else // Default SPM trait must be the default. It impossible to detect from Xcode.
 10 | import GRDBSQLite
    |        `- error: could not build C module 'GRDBSQLite'
 11 | #endif
 12 |
[466/570] Compiling PowerSync SyncRequestLogger.swift
<module-includes>:1:10: note: in file included from <module-includes>:1:
1 | #include "shim.h"
  |          `- note: in file included from <module-includes>:1:
2 |
/host/spi-builder-workspace/.build/checkouts/GRDB.swift/Sources/GRDBSQLite/shim.h:1:10: error: 'sqlite3.h' file not found
 1 | #include <sqlite3.h>
   |          `- error: 'sqlite3.h' file not found
 2 |
 3 | typedef void(*_errorLogCallback)(void *pArg, int iErrCode, const char *zMsg);
/host/spi-builder-workspace/.build/checkouts/GRDB.swift/GRDB/Core/Configuration.swift:10:8: error: could not build C module 'GRDBSQLite'
  8 | import SQLCipher
  9 | #else // Default SPM trait must be the default. It impossible to detect from Xcode.
 10 | import GRDBSQLite
    |        `- error: could not build C module 'GRDBSQLite'
 11 | #endif
 12 |
[467/570] Compiling PowerSync ConnectionContext.swift
<module-includes>:1:10: note: in file included from <module-includes>:1:
1 | #include "shim.h"
  |          `- note: in file included from <module-includes>:1:
2 |
/host/spi-builder-workspace/.build/checkouts/GRDB.swift/Sources/GRDBSQLite/shim.h:1:10: error: 'sqlite3.h' file not found
 1 | #include <sqlite3.h>
   |          `- error: 'sqlite3.h' file not found
 2 |
 3 | typedef void(*_errorLogCallback)(void *pArg, int iErrCode, const char *zMsg);
/host/spi-builder-workspace/.build/checkouts/GRDB.swift/GRDB/Core/Configuration.swift:10:8: error: could not build C module 'GRDBSQLite'
  8 | import SQLCipher
  9 | #else // Default SPM trait must be the default. It impossible to detect from Xcode.
 10 | import GRDBSQLite
    |        `- error: could not build C module 'GRDBSQLite'
 11 | #endif
 12 |
[468/570] Compiling PowerSync CrudBatch.swift
<module-includes>:1:10: note: in file included from <module-includes>:1:
1 | #include "shim.h"
  |          `- note: in file included from <module-includes>:1:
2 |
/host/spi-builder-workspace/.build/checkouts/GRDB.swift/Sources/GRDBSQLite/shim.h:1:10: error: 'sqlite3.h' file not found
 1 | #include <sqlite3.h>
   |          `- error: 'sqlite3.h' file not found
 2 |
 3 | typedef void(*_errorLogCallback)(void *pArg, int iErrCode, const char *zMsg);
/host/spi-builder-workspace/.build/checkouts/GRDB.swift/GRDB/Core/Configuration.swift:10:8: error: could not build C module 'GRDBSQLite'
  8 | import SQLCipher
  9 | #else // Default SPM trait must be the default. It impossible to detect from Xcode.
 10 | import GRDBSQLite
    |        `- error: could not build C module 'GRDBSQLite'
 11 | #endif
 12 |
[469/570] Compiling PowerSync CrudEntry.swift
<module-includes>:1:10: note: in file included from <module-includes>:1:
1 | #include "shim.h"
  |          `- note: in file included from <module-includes>:1:
2 |
/host/spi-builder-workspace/.build/checkouts/GRDB.swift/Sources/GRDBSQLite/shim.h:1:10: error: 'sqlite3.h' file not found
 1 | #include <sqlite3.h>
   |          `- error: 'sqlite3.h' file not found
 2 |
 3 | typedef void(*_errorLogCallback)(void *pArg, int iErrCode, const char *zMsg);
/host/spi-builder-workspace/.build/checkouts/GRDB.swift/GRDB/Core/Configuration.swift:10:8: error: could not build C module 'GRDBSQLite'
  8 | import SQLCipher
  9 | #else // Default SPM trait must be the default. It impossible to detect from Xcode.
 10 | import GRDBSQLite
    |        `- error: could not build C module 'GRDBSQLite'
 11 | #endif
 12 |
[470/570] Compiling PowerSync CrudTransaction.swift
<module-includes>:1:10: note: in file included from <module-includes>:1:
1 | #include "shim.h"
  |          `- note: in file included from <module-includes>:1:
2 |
/host/spi-builder-workspace/.build/checkouts/GRDB.swift/Sources/GRDBSQLite/shim.h:1:10: error: 'sqlite3.h' file not found
 1 | #include <sqlite3.h>
   |          `- error: 'sqlite3.h' file not found
 2 |
 3 | typedef void(*_errorLogCallback)(void *pArg, int iErrCode, const char *zMsg);
/host/spi-builder-workspace/.build/checkouts/GRDB.swift/GRDB/Core/Configuration.swift:10:8: error: could not build C module 'GRDBSQLite'
  8 | import SQLCipher
  9 | #else // Default SPM trait must be the default. It impossible to detect from Xcode.
 10 | import GRDBSQLite
    |        `- error: could not build C module 'GRDBSQLite'
 11 | #endif
 12 |
[471/570] Compiling PowerSync DataConvertible.swift
<module-includes>:1:10: note: in file included from <module-includes>:1:
1 | #include "shim.h"
  |          `- note: in file included from <module-includes>:1:
2 |
/host/spi-builder-workspace/.build/checkouts/GRDB.swift/Sources/GRDBSQLite/shim.h:1:10: error: 'sqlite3.h' file not found
 1 | #include <sqlite3.h>
   |          `- error: 'sqlite3.h' file not found
 2 |
 3 | typedef void(*_errorLogCallback)(void *pArg, int iErrCode, const char *zMsg);
/host/spi-builder-workspace/.build/checkouts/GRDB.swift/GRDB/Core/Configuration.swift:10:8: error: could not build C module 'GRDBSQLite'
  8 | import SQLCipher
  9 | #else // Default SPM trait must be the default. It impossible to detect from Xcode.
 10 | import GRDBSQLite
    |        `- error: could not build C module 'GRDBSQLite'
 11 | #endif
 12 |
[472/570] Compiling PowerSync JsonParam.swift
<module-includes>:1:10: note: in file included from <module-includes>:1:
1 | #include "shim.h"
  |          `- note: in file included from <module-includes>:1:
2 |
/host/spi-builder-workspace/.build/checkouts/GRDB.swift/Sources/GRDBSQLite/shim.h:1:10: error: 'sqlite3.h' file not found
 1 | #include <sqlite3.h>
   |          `- error: 'sqlite3.h' file not found
 2 |
 3 | typedef void(*_errorLogCallback)(void *pArg, int iErrCode, const char *zMsg);
/host/spi-builder-workspace/.build/checkouts/GRDB.swift/GRDB/Core/Configuration.swift:10:8: error: could not build C module 'GRDBSQLite'
  8 | import SQLCipher
  9 | #else // Default SPM trait must be the default. It impossible to detect from Xcode.
 10 | import GRDBSQLite
    |        `- error: could not build C module 'GRDBSQLite'
 11 | #endif
 12 |
[473/570] Compiling PowerSync SqlCursor.swift
<module-includes>:1:10: note: in file included from <module-includes>:1:
1 | #include "shim.h"
  |          `- note: in file included from <module-includes>:1:
2 |
/host/spi-builder-workspace/.build/checkouts/GRDB.swift/Sources/GRDBSQLite/shim.h:1:10: error: 'sqlite3.h' file not found
 1 | #include <sqlite3.h>
   |          `- error: 'sqlite3.h' file not found
 2 |
 3 | typedef void(*_errorLogCallback)(void *pArg, int iErrCode, const char *zMsg);
/host/spi-builder-workspace/.build/checkouts/GRDB.swift/GRDB/Core/Configuration.swift:10:8: error: could not build C module 'GRDBSQLite'
  8 | import SQLCipher
  9 | #else // Default SPM trait must be the default. It impossible to detect from Xcode.
 10 | import GRDBSQLite
    |        `- error: could not build C module 'GRDBSQLite'
 11 | #endif
 12 |
[474/570] Compiling PowerSync Transaction.swift
<module-includes>:1:10: note: in file included from <module-includes>:1:
1 | #include "shim.h"
  |          `- note: in file included from <module-includes>:1:
2 |
/host/spi-builder-workspace/.build/checkouts/GRDB.swift/Sources/GRDBSQLite/shim.h:1:10: error: 'sqlite3.h' file not found
 1 | #include <sqlite3.h>
   |          `- error: 'sqlite3.h' file not found
 2 |
 3 | typedef void(*_errorLogCallback)(void *pArg, int iErrCode, const char *zMsg);
/host/spi-builder-workspace/.build/checkouts/GRDB.swift/GRDB/Core/Configuration.swift:10:8: error: could not build C module 'GRDBSQLite'
  8 | import SQLCipher
  9 | #else // Default SPM trait must be the default. It impossible to detect from Xcode.
 10 | import GRDBSQLite
    |        `- error: could not build C module 'GRDBSQLite'
 11 | #endif
 12 |
[475/570] Compiling PowerSync BucketPriority.swift
<module-includes>:1:10: note: in file included from <module-includes>:1:
1 | #include "shim.h"
  |          `- note: in file included from <module-includes>:1:
2 |
/host/spi-builder-workspace/.build/checkouts/GRDB.swift/Sources/GRDBSQLite/shim.h:1:10: error: 'sqlite3.h' file not found
 1 | #include <sqlite3.h>
   |          `- error: 'sqlite3.h' file not found
 2 |
 3 | typedef void(*_errorLogCallback)(void *pArg, int iErrCode, const char *zMsg);
/host/spi-builder-workspace/.build/checkouts/GRDB.swift/GRDB/Core/Configuration.swift:10:8: error: could not build C module 'GRDBSQLite'
  8 | import SQLCipher
  9 | #else // Default SPM trait must be the default. It impossible to detect from Xcode.
 10 | import GRDBSQLite
    |        `- error: could not build C module 'GRDBSQLite'
 11 | #endif
 12 |
[476/570] Compiling PowerSync AsyncMutex.swift
<module-includes>:1:10: note: in file included from <module-includes>:1:
1 | #include "shim.h"
  |          `- note: in file included from <module-includes>:1:
2 |
/host/spi-builder-workspace/.build/checkouts/GRDB.swift/Sources/GRDBSQLite/shim.h:1:10: error: 'sqlite3.h' file not found
 1 | #include <sqlite3.h>
   |          `- error: 'sqlite3.h' file not found
 2 |
 3 | typedef void(*_errorLogCallback)(void *pArg, int iErrCode, const char *zMsg);
/host/spi-builder-workspace/.build/checkouts/GRDB.swift/GRDB/Core/Configuration.swift:10:8: error: could not build C module 'GRDBSQLite'
  8 | import SQLCipher
  9 | #else // Default SPM trait must be the default. It impossible to detect from Xcode.
 10 | import GRDBSQLite
    |        `- error: could not build C module 'GRDBSQLite'
 11 | #endif
 12 |
[477/570] Compiling PowerSync BroadcastStream.swift
<module-includes>:1:10: note: in file included from <module-includes>:1:
1 | #include "shim.h"
  |          `- note: in file included from <module-includes>:1:
2 |
/host/spi-builder-workspace/.build/checkouts/GRDB.swift/Sources/GRDBSQLite/shim.h:1:10: error: 'sqlite3.h' file not found
 1 | #include <sqlite3.h>
   |          `- error: 'sqlite3.h' file not found
 2 |
 3 | typedef void(*_errorLogCallback)(void *pArg, int iErrCode, const char *zMsg);
/host/spi-builder-workspace/.build/checkouts/GRDB.swift/GRDB/Core/Configuration.swift:10:8: error: could not build C module 'GRDBSQLite'
  8 | import SQLCipher
  9 | #else // Default SPM trait must be the default. It impossible to detect from Xcode.
 10 | import GRDBSQLite
    |        `- error: could not build C module 'GRDBSQLite'
 11 | #endif
 12 |
[478/570] Compiling PowerSync MergeItemSequence.swift
<module-includes>:1:10: note: in file included from <module-includes>:1:
1 | #include "shim.h"
  |          `- note: in file included from <module-includes>:1:
2 |
/host/spi-builder-workspace/.build/checkouts/GRDB.swift/Sources/GRDBSQLite/shim.h:1:10: error: 'sqlite3.h' file not found
 1 | #include <sqlite3.h>
   |          `- error: 'sqlite3.h' file not found
 2 |
 3 | typedef void(*_errorLogCallback)(void *pArg, int iErrCode, const char *zMsg);
/host/spi-builder-workspace/.build/checkouts/GRDB.swift/GRDB/Core/Configuration.swift:10:8: error: could not build C module 'GRDBSQLite'
  8 | import SQLCipher
  9 | #else // Default SPM trait must be the default. It impossible to detect from Xcode.
 10 | import GRDBSQLite
    |        `- error: could not build C module 'GRDBSQLite'
 11 | #endif
 12 |
[479/570] Compiling PowerSync Mutex.swift
<module-includes>:1:10: note: in file included from <module-includes>:1:
1 | #include "shim.h"
  |          `- note: in file included from <module-includes>:1:
2 |
/host/spi-builder-workspace/.build/checkouts/GRDB.swift/Sources/GRDBSQLite/shim.h:1:10: error: 'sqlite3.h' file not found
 1 | #include <sqlite3.h>
   |          `- error: 'sqlite3.h' file not found
 2 |
 3 | typedef void(*_errorLogCallback)(void *pArg, int iErrCode, const char *zMsg);
/host/spi-builder-workspace/.build/checkouts/GRDB.swift/GRDB/Core/Configuration.swift:10:8: error: could not build C module 'GRDBSQLite'
  8 | import SQLCipher
  9 | #else // Default SPM trait must be the default. It impossible to detect from Xcode.
 10 | import GRDBSQLite
    |        `- error: could not build C module 'GRDBSQLite'
 11 | #endif
 12 |
[480/570] Compiling PowerSync sleepForSeconds.swift
<module-includes>:1:10: note: in file included from <module-includes>:1:
1 | #include "shim.h"
  |          `- note: in file included from <module-includes>:1:
2 |
/host/spi-builder-workspace/.build/checkouts/GRDB.swift/Sources/GRDBSQLite/shim.h:1:10: error: 'sqlite3.h' file not found
 1 | #include <sqlite3.h>
   |          `- error: 'sqlite3.h' file not found
 2 |
 3 | typedef void(*_errorLogCallback)(void *pArg, int iErrCode, const char *zMsg);
/host/spi-builder-workspace/.build/checkouts/GRDB.swift/GRDB/Core/Configuration.swift:10:8: error: could not build C module 'GRDBSQLite'
  8 | import SQLCipher
  9 | #else // Default SPM trait must be the default. It impossible to detect from Xcode.
 10 | import GRDBSQLite
    |        `- error: could not build C module 'GRDBSQLite'
 11 | #endif
 12 |
[481/570] Compiling PowerSync Attachment.swift
<module-includes>:1:10: note: in file included from <module-includes>:1:
1 | #include "shim.h"
  |          `- note: in file included from <module-includes>:1:
2 |
/host/spi-builder-workspace/.build/checkouts/GRDB.swift/Sources/GRDBSQLite/shim.h:1:10: error: 'sqlite3.h' file not found
 1 | #include <sqlite3.h>
   |          `- error: 'sqlite3.h' file not found
 2 |
 3 | typedef void(*_errorLogCallback)(void *pArg, int iErrCode, const char *zMsg);
/host/spi-builder-workspace/.build/checkouts/GRDB.swift/GRDB/Core/Configuration.swift:10:8: error: could not build C module 'GRDBSQLite'
  8 | import SQLCipher
  9 | #else // Default SPM trait must be the default. It impossible to detect from Xcode.
 10 | import GRDBSQLite
    |        `- error: could not build C module 'GRDBSQLite'
 11 | #endif
 12 |
[482/570] Compiling PowerSync AttachmentContext.swift
<module-includes>:1:10: note: in file included from <module-includes>:1:
1 | #include "shim.h"
  |          `- note: in file included from <module-includes>:1:
2 |
/host/spi-builder-workspace/.build/checkouts/GRDB.swift/Sources/GRDBSQLite/shim.h:1:10: error: 'sqlite3.h' file not found
 1 | #include <sqlite3.h>
   |          `- error: 'sqlite3.h' file not found
 2 |
 3 | typedef void(*_errorLogCallback)(void *pArg, int iErrCode, const char *zMsg);
/host/spi-builder-workspace/.build/checkouts/GRDB.swift/GRDB/Core/Configuration.swift:10:8: error: could not build C module 'GRDBSQLite'
  8 | import SQLCipher
  9 | #else // Default SPM trait must be the default. It impossible to detect from Xcode.
 10 | import GRDBSQLite
    |        `- error: could not build C module 'GRDBSQLite'
 11 | #endif
 12 |
[483/570] Compiling PowerSync AttachmentQueue.swift
<module-includes>:1:10: note: in file included from <module-includes>:1:
1 | #include "shim.h"
  |          `- note: in file included from <module-includes>:1:
2 |
/host/spi-builder-workspace/.build/checkouts/GRDB.swift/Sources/GRDBSQLite/shim.h:1:10: error: 'sqlite3.h' file not found
 1 | #include <sqlite3.h>
   |          `- error: 'sqlite3.h' file not found
 2 |
 3 | typedef void(*_errorLogCallback)(void *pArg, int iErrCode, const char *zMsg);
/host/spi-builder-workspace/.build/checkouts/GRDB.swift/GRDB/Core/Configuration.swift:10:8: error: could not build C module 'GRDBSQLite'
  8 | import SQLCipher
  9 | #else // Default SPM trait must be the default. It impossible to detect from Xcode.
 10 | import GRDBSQLite
    |        `- error: could not build C module 'GRDBSQLite'
 11 | #endif
 12 |
[484/570] Compiling PowerSync CurrentVersion.swift
<module-includes>:1:10: note: in file included from <module-includes>:1:
1 | #include "shim.h"
  |          `- note: in file included from <module-includes>:1:
2 |
/host/spi-builder-workspace/.build/checkouts/GRDB.swift/Sources/GRDBSQLite/shim.h:1:10: error: 'sqlite3.h' file not found
 1 | #include <sqlite3.h>
   |          `- error: 'sqlite3.h' file not found
 2 |
 3 | typedef void(*_errorLogCallback)(void *pArg, int iErrCode, const char *zMsg);
/host/spi-builder-workspace/.build/checkouts/GRDB.swift/GRDB/Core/Configuration.swift:10:8: error: could not build C module 'GRDBSQLite'
  8 | import SQLCipher
  9 | #else // Default SPM trait must be the default. It impossible to detect from Xcode.
 10 | import GRDBSQLite
    |        `- error: could not build C module 'GRDBSQLite'
 11 | #endif
 12 |
[485/570] Compiling PowerSync ActiveInstanceStore.swift
<module-includes>:1:10: note: in file included from <module-includes>:1:
1 | #include "shim.h"
  |          `- note: in file included from <module-includes>:1:
2 |
/host/spi-builder-workspace/.build/checkouts/GRDB.swift/Sources/GRDBSQLite/shim.h:1:10: error: 'sqlite3.h' file not found
 1 | #include <sqlite3.h>
   |          `- error: 'sqlite3.h' file not found
 2 |
 3 | typedef void(*_errorLogCallback)(void *pArg, int iErrCode, const char *zMsg);
/host/spi-builder-workspace/.build/checkouts/GRDB.swift/GRDB/Core/Configuration.swift:10:8: error: could not build C module 'GRDBSQLite'
  8 | import SQLCipher
  9 | #else // Default SPM trait must be the default. It impossible to detect from Xcode.
 10 | import GRDBSQLite
    |        `- error: could not build C module 'GRDBSQLite'
 11 | #endif
 12 |
[486/570] Compiling PowerSync AsyncConnectionPool.swift
<module-includes>:1:10: note: in file included from <module-includes>:1:
1 | #include "shim.h"
  |          `- note: in file included from <module-includes>:1:
2 |
/host/spi-builder-workspace/.build/checkouts/GRDB.swift/Sources/GRDBSQLite/shim.h:1:10: error: 'sqlite3.h' file not found
 1 | #include <sqlite3.h>
   |          `- error: 'sqlite3.h' file not found
 2 |
 3 | typedef void(*_errorLogCallback)(void *pArg, int iErrCode, const char *zMsg);
/host/spi-builder-workspace/.build/checkouts/GRDB.swift/GRDB/Core/Configuration.swift:10:8: error: could not build C module 'GRDBSQLite'
  8 | import SQLCipher
  9 | #else // Default SPM trait must be the default. It impossible to detect from Xcode.
 10 | import GRDBSQLite
    |        `- error: could not build C module 'GRDBSQLite'
 11 | #endif
 12 |
[487/570] Compiling PowerSync CheckpointRequestImpl.swift
<module-includes>:1:10: note: in file included from <module-includes>:1:
1 | #include "shim.h"
  |          `- note: in file included from <module-includes>:1:
2 |
/host/spi-builder-workspace/.build/checkouts/GRDB.swift/Sources/GRDBSQLite/shim.h:1:10: error: 'sqlite3.h' file not found
 1 | #include <sqlite3.h>
   |          `- error: 'sqlite3.h' file not found
 2 |
 3 | typedef void(*_errorLogCallback)(void *pArg, int iErrCode, const char *zMsg);
/host/spi-builder-workspace/.build/checkouts/GRDB.swift/GRDB/Core/Configuration.swift:10:8: error: could not build C module 'GRDBSQLite'
  8 | import SQLCipher
  9 | #else // Default SPM trait must be the default. It impossible to detect from Xcode.
 10 | import GRDBSQLite
    |        `- error: could not build C module 'GRDBSQLite'
 11 | #endif
 12 |
[488/570] Compiling PowerSync CrossProcessChangeSignal.swift
<module-includes>:1:10: note: in file included from <module-includes>:1:
1 | #include "shim.h"
  |          `- note: in file included from <module-includes>:1:
2 |
/host/spi-builder-workspace/.build/checkouts/GRDB.swift/Sources/GRDBSQLite/shim.h:1:10: error: 'sqlite3.h' file not found
 1 | #include <sqlite3.h>
   |          `- error: 'sqlite3.h' file not found
 2 |
 3 | typedef void(*_errorLogCallback)(void *pArg, int iErrCode, const char *zMsg);
/host/spi-builder-workspace/.build/checkouts/GRDB.swift/GRDB/Core/Configuration.swift:10:8: error: could not build C module 'GRDBSQLite'
  8 | import SQLCipher
  9 | #else // Default SPM trait must be the default. It impossible to detect from Xcode.
 10 | import GRDBSQLite
    |        `- error: could not build C module 'GRDBSQLite'
 11 | #endif
 12 |
[489/570] Compiling PowerSync CrossProcessUpdateLog.swift
<module-includes>:1:10: note: in file included from <module-includes>:1:
1 | #include "shim.h"
  |          `- note: in file included from <module-includes>:1:
2 |
/host/spi-builder-workspace/.build/checkouts/GRDB.swift/Sources/GRDBSQLite/shim.h:1:10: error: 'sqlite3.h' file not found
 1 | #include <sqlite3.h>
   |          `- error: 'sqlite3.h' file not found
 2 |
 3 | typedef void(*_errorLogCallback)(void *pArg, int iErrCode, const char *zMsg);
/host/spi-builder-workspace/.build/checkouts/GRDB.swift/GRDB/Core/Configuration.swift:10:8: error: could not build C module 'GRDBSQLite'
  8 | import SQLCipher
  9 | #else // Default SPM trait must be the default. It impossible to detect from Xcode.
 10 | import GRDBSQLite
    |        `- error: could not build C module 'GRDBSQLite'
 11 | #endif
 12 |
[490/570] Compiling PowerSync PowerSyncDatabaseImpl.swift
<module-includes>:1:10: note: in file included from <module-includes>:1:
1 | #include "shim.h"
  |          `- note: in file included from <module-includes>:1:
2 |
/host/spi-builder-workspace/.build/checkouts/GRDB.swift/Sources/GRDBSQLite/shim.h:1:10: error: 'sqlite3.h' file not found
 1 | #include <sqlite3.h>
   |          `- error: 'sqlite3.h' file not found
 2 |
 3 | typedef void(*_errorLogCallback)(void *pArg, int iErrCode, const char *zMsg);
/host/spi-builder-workspace/.build/checkouts/GRDB.swift/GRDB/Core/Configuration.swift:10:8: error: could not build C module 'GRDBSQLite'
  8 | import SQLCipher
  9 | #else // Default SPM trait must be the default. It impossible to detect from Xcode.
 10 | import GRDBSQLite
    |        `- error: could not build C module 'GRDBSQLite'
 11 | #endif
 12 |
[491/570] Compiling PowerSync SyncStreams.swift
<module-includes>:1:10: note: in file included from <module-includes>:1:
1 | #include "shim.h"
  |          `- note: in file included from <module-includes>:1:
2 |
/host/spi-builder-workspace/.build/checkouts/GRDB.swift/Sources/GRDBSQLite/shim.h:1:10: error: 'sqlite3.h' file not found
 1 | #include <sqlite3.h>
   |          `- error: 'sqlite3.h' file not found
 2 |
 3 | typedef void(*_errorLogCallback)(void *pArg, int iErrCode, const char *zMsg);
/host/spi-builder-workspace/.build/checkouts/GRDB.swift/GRDB/Core/Configuration.swift:10:8: error: could not build C module 'GRDBSQLite'
  8 | import SQLCipher
  9 | #else // Default SPM trait must be the default. It impossible to detect from Xcode.
 10 | import GRDBSQLite
    |        `- error: could not build C module 'GRDBSQLite'
 11 | #endif
 12 |
[492/570] Compiling PowerSync LeaseContext.swift
<module-includes>:1:10: note: in file included from <module-includes>:1:
1 | #include "shim.h"
  |          `- note: in file included from <module-includes>:1:
2 |
/host/spi-builder-workspace/.build/checkouts/GRDB.swift/Sources/GRDBSQLite/shim.h:1:10: error: 'sqlite3.h' file not found
 1 | #include <sqlite3.h>
   |          `- error: 'sqlite3.h' file not found
 2 |
 3 | typedef void(*_errorLogCallback)(void *pArg, int iErrCode, const char *zMsg);
/host/spi-builder-workspace/.build/checkouts/GRDB.swift/GRDB/Core/Configuration.swift:10:8: error: could not build C module 'GRDBSQLite'
  8 | import SQLCipher
  9 | #else // Default SPM trait must be the default. It impossible to detect from Xcode.
 10 | import GRDBSQLite
    |        `- error: could not build C module 'GRDBSQLite'
 11 | #endif
 12 |
[493/570] Compiling PowerSync TransactionImpl.swift
<module-includes>:1:10: note: in file included from <module-includes>:1:
1 | #include "shim.h"
  |          `- note: in file included from <module-includes>:1:
2 |
/host/spi-builder-workspace/.build/checkouts/GRDB.swift/Sources/GRDBSQLite/shim.h:1:10: error: 'sqlite3.h' file not found
 1 | #include <sqlite3.h>
   |          `- error: 'sqlite3.h' file not found
 2 |
 3 | typedef void(*_errorLogCallback)(void *pArg, int iErrCode, const char *zMsg);
/host/spi-builder-workspace/.build/checkouts/GRDB.swift/GRDB/Core/Configuration.swift:10:8: error: could not build C module 'GRDBSQLite'
  8 | import SQLCipher
  9 | #else // Default SPM trait must be the default. It impossible to detect from Xcode.
 10 | import GRDBSQLite
    |        `- error: could not build C module 'GRDBSQLite'
 11 | #endif
 12 |
[494/570] Compiling PowerSync PowerSyncControlArguments.swift
<module-includes>:1:10: note: in file included from <module-includes>:1:
1 | #include "shim.h"
  |          `- note: in file included from <module-includes>:1:
2 |
/host/spi-builder-workspace/.build/checkouts/GRDB.swift/Sources/GRDBSQLite/shim.h:1:10: error: 'sqlite3.h' file not found
 1 | #include <sqlite3.h>
   |          `- error: 'sqlite3.h' file not found
 2 |
 3 | typedef void(*_errorLogCallback)(void *pArg, int iErrCode, const char *zMsg);
/host/spi-builder-workspace/.build/checkouts/GRDB.swift/GRDB/Core/Configuration.swift:10:8: error: could not build C module 'GRDBSQLite'
  8 | import SQLCipher
  9 | #else // Default SPM trait must be the default. It impossible to detect from Xcode.
 10 | import GRDBSQLite
    |        `- error: could not build C module 'GRDBSQLite'
 11 | #endif
 12 |
[495/570] Compiling PowerSync Status.swift
<module-includes>:1:10: note: in file included from <module-includes>:1:
1 | #include "shim.h"
  |          `- note: in file included from <module-includes>:1:
2 |
/host/spi-builder-workspace/.build/checkouts/GRDB.swift/Sources/GRDBSQLite/shim.h:1:10: error: 'sqlite3.h' file not found
 1 | #include <sqlite3.h>
   |          `- error: 'sqlite3.h' file not found
 2 |
 3 | typedef void(*_errorLogCallback)(void *pArg, int iErrCode, const char *zMsg);
/host/spi-builder-workspace/.build/checkouts/GRDB.swift/GRDB/Core/Configuration.swift:10:8: error: could not build C module 'GRDBSQLite'
  8 | import SQLCipher
  9 | #else // Default SPM trait must be the default. It impossible to detect from Xcode.
 10 | import GRDBSQLite
    |        `- error: could not build C module 'GRDBSQLite'
 11 | #endif
 12 |
[496/570] Compiling PowerSync StreamingSyncClient.swift
<module-includes>:1:10: note: in file included from <module-includes>:1:
1 | #include "shim.h"
  |          `- note: in file included from <module-includes>:1:
2 |
/host/spi-builder-workspace/.build/checkouts/GRDB.swift/Sources/GRDBSQLite/shim.h:1:10: error: 'sqlite3.h' file not found
 1 | #include <sqlite3.h>
   |          `- error: 'sqlite3.h' file not found
 2 |
 3 | typedef void(*_errorLogCallback)(void *pArg, int iErrCode, const char *zMsg);
/host/spi-builder-workspace/.build/checkouts/GRDB.swift/GRDB/Core/Configuration.swift:10:8: error: could not build C module 'GRDBSQLite'
  8 | import SQLCipher
  9 | #else // Default SPM trait must be the default. It impossible to detect from Xcode.
 10 | import GRDBSQLite
    |        `- error: could not build C module 'GRDBSQLite'
 11 | #endif
 12 |
BUILD FAILURE 6.3 android