The Swift Package Index logo.Swift Package Index

Build Information

Failed to build FZMetadata, reference main (14bc70), with Swift 6.3 for Wasm on 4 Sep 2026 21:54:42 UTC.

Build Command

bash -c docker run --pull=always --rm -v "checkouts-54344845-2":/host -w "$PWD" -e JAVA_HOME="/root/.sdkman/candidates/java/current" -e SPI_BUILD="1" -e SPI_PROCESSING="1" registry.gitlab.com/saguaro1/spi-images:wasm-6.3-latest swift build --swift-sdk swift-6.3.2-RELEASE_wasm 2>&1

Build Log

========================================
RunAll
========================================
Builder version: 5.0.2
Interrupt handler set up.
========================================
Checkout
========================================
Clone URL: https://github.com/flocked/FZMetadata.git
Reference: main
Initialized empty Git repository in /host/spi-builder-workspace/.git/
hint: Using 'master' as the name for the initial branch. This default branch name
hint: is subject to change. To configure the initial branch name to use in all
hint: of your new repositories, which will suppress this warning, call:
hint:
hint: 	git config --global init.defaultBranch <name>
hint:
hint: Names commonly chosen instead of 'master' are 'main', 'trunk' and
hint: 'development'. The just-created branch can be renamed via this command:
hint:
hint: 	git branch -m <name>
From https://github.com/flocked/FZMetadata
 * branch            main       -> FETCH_HEAD
 * [new branch]      main       -> origin/main
HEAD is now at 14bc706 Update NSPredicateEditorRowTemplate+.swift
Cloned https://github.com/flocked/FZMetadata.git
Revision (git rev-parse @):
14bc706bb25364e42b982d2a6a247c57672e09fb
SPI manifest file found: $PWD/.spi.yml
SUCCESS checkout https://github.com/flocked/FZMetadata.git at main
========================================
Build
========================================
Selected platform:         wasm
Swift version:             6.3
Building package at path:  $PWD
https://github.com/flocked/FZMetadata.git
Running build ...
bash -c docker run --pull=always --rm -v "checkouts-54344845-2":/host -w "$PWD" -e JAVA_HOME="/root/.sdkman/candidates/java/current" -e SPI_BUILD="1" -e SPI_PROCESSING="1" registry.gitlab.com/saguaro1/spi-images:wasm-6.3-latest swift build --swift-sdk swift-6.3.2-RELEASE_wasm 2>&1
wasm-6.3-latest: Pulling from saguaro1/spi-images
Digest: sha256:e92e38b97676c18adb57b57429ddfb766786102cb50cb918e0d9e8055d05b35d
Status: Image is up to date for registry.gitlab.com/saguaro1/spi-images:wasm-6.3-latest
Fetching https://github.com/flocked/FZSwiftUtils.git
[1/75608] Fetching fzswiftutils
Fetched https://github.com/flocked/FZSwiftUtils.git from cache (1.66s)
Creating working copy for https://github.com/flocked/FZSwiftUtils.git
Working copy of https://github.com/flocked/FZSwiftUtils.git resolved at main (994ee92)
Building for debugging...
[0/10] Write sources
In file included from /host/spi-builder-workspace/.build/checkouts/FZSwiftUtils/Sources/FZSwiftUtils+ObjC/ObjectProxy.m:8:
/host/spi-builder-workspace/.build/checkouts/FZSwiftUtils/Sources/FZSwiftUtils+ObjC/include/ObjectProxy.h:8:9: fatal error: 'Foundation/Foundation.h' file not found
    8 | #import <Foundation/Foundation.h>
      |         ^~~~~~~~~~~~~~~~~~~~~~~~~
1 error generated.
[2/10] Compiling _FZSwiftUtilsObjC ObjectProxy.m
In file included from /host/spi-builder-workspace/.build/checkouts/FZSwiftUtils/Sources/FZSwiftUtils+ObjC/MethodSignature.m:9:
/host/spi-builder-workspace/.build/checkouts/FZSwiftUtils/Sources/FZSwiftUtils+ObjC/include/MethodSignature.h:9:9: fatal error: 'Foundation/Foundation.h' file not found
    9 | #import <Foundation/Foundation.h>
      |         ^~~~~~~~~~~~~~~~~~~~~~~~~
1 error generated.
[2/10] Compiling _FZSwiftUtilsObjC MethodSignature.m
In file included from /host/spi-builder-workspace/.build/checkouts/FZSwiftUtils/Sources/FZSwiftUtils+ObjC/SHObjectiveCUtilities.m:9:
/host/spi-builder-workspace/.build/checkouts/FZSwiftUtils/Sources/FZSwiftUtils+ObjC/include/SHObjectiveCUtilities.h:9:9: fatal error: 'Foundation/Foundation.h' file not found
    9 | #import <Foundation/Foundation.h>
      |         ^~~~~~~~~~~~~~~~~~~~~~~~~
1 error generated.
[2/10] Compiling _FZSwiftUtilsObjC SHObjectiveCUtilities.m
In file included from /host/spi-builder-workspace/.build/checkouts/FZSwiftUtils/Sources/FZSwiftUtils+ObjC/NSObject+ExceptionCatcher.m:8:
/host/spi-builder-workspace/.build/checkouts/FZSwiftUtils/Sources/FZSwiftUtils+ObjC/include/NSObject+ExceptionCatcher.h:8:9: fatal error: 'Foundation/Foundation.h' file not found
    8 | #import <Foundation/Foundation.h>
      |         ^~~~~~~~~~~~~~~~~~~~~~~~~
1 error generated.
[2/10] Compiling _FZSwiftUtilsObjC NSObject+ExceptionCatcher.m
[2/10] Compiling _FZSwiftUtilsObjC SHFFITypeContext.m
In file included from /host/spi-builder-workspace/.build/checkouts/FZSwiftUtils/Sources/FZSwiftUtils+ObjC/SHMethodSignature.m:9:
/host/spi-builder-workspace/.build/checkouts/FZSwiftUtils/Sources/FZSwiftUtils+ObjC/include/SHMethodSignature.h:9:9: fatal error: 'Foundation/Foundation.h' file not found
    9 | #import <Foundation/Foundation.h>
      |         ^~~~~~~~~~~~~~~~~~~~~~~~~
1 error generated.
[2/10] Compiling _FZSwiftUtilsObjC SHMethodSignature.m
In file included from /host/spi-builder-workspace/.build/checkouts/FZSwiftUtils/Sources/FZSwiftUtils+ObjC/Invocation.m:8:
/host/spi-builder-workspace/.build/checkouts/FZSwiftUtils/Sources/FZSwiftUtils+ObjC/include/Invocation.h:8:9: fatal error: 'Foundation/Foundation.h' file not found
    8 | #import <Foundation/Foundation.h>
      |         ^~~~~~~~~~~~~~~~~~~~~~~~~
[2/10] Compiling _FZSwiftUtilsObjC Invocation.m
[2/10] Write swift-version-24593BA9C3E375BF.txt
BUILD FAILURE 6.3 wasm