Build Information
Failed to build iosMath, reference 2.5.0 (838cdd), with Swift 6.2 for tvOS using Xcode 26.3 on 18 Jul 2026 16:31:41 UTC.
Build Command
No build command. This typically means the build failed at an early stage where we determine the build command.Build Log
========================================
RunAll
========================================
Builder version: undefined version: run 'make version' to update
Interrupt handler set up.
========================================
Checkout
========================================
Clone URL: https://github.com/kostub/iosMath.git
Reference: 2.5.0
Initialized empty Git repository in /Users/admin/builder/spi-builder-workspace/.git/
From https://github.com/kostub/iosMath
* tag 2.5.0 -> FETCH_HEAD
HEAD is now at 838cddc Changelog for v2.5.0
Cloned https://github.com/kostub/iosMath.git
Revision (git rev-parse @):
838cddc01fdd67efd530f8bb67959ad2715f9b06
SUCCESS checkout https://github.com/kostub/iosMath.git at 2.5.0
========================================
Build
========================================
Selected platform: tvOS
Swift version: 6.2
Building package at path: $PWD
https://github.com/kostub/iosMath.git
Command line invocation:
/Applications/Xcode-26.3.0.app/Contents/Developer/usr/bin/xcodebuild -IDEClonedSourcePackagesDirPathOverride=/Users/admin/builder/spi-builder-workspace/.dependencies -resolvePackageDependencies
2026-07-18 12:31:40.405 xcodebuild[538:3115] Writing error result bundle to /var/folders/xq/y_g06wb113726d38xsyx71_h0000gn/T/ResultBundle_2026-18-07_12-31-0040.xcresult
xcodebuild: error: The directory /Users/admin/builder/spi-builder-workspace contains 3 projects, including multiple projects with the current extension (.xcodeproj). Specify the project to use with the -project option.
Command line invocation:
/Applications/Xcode-26.3.0.app/Contents/Developer/usr/bin/xcodebuild -IDEClonedSourcePackagesDirPathOverride=/Users/admin/builder/spi-builder-workspace/.dependencies -resolvePackageDependencies
2026-07-18 12:31:41.729 xcodebuild[569:3390] Writing error result bundle to /var/folders/xq/y_g06wb113726d38xsyx71_h0000gn/T/ResultBundle_2026-18-07_12-31-0041.xcresult
xcodebuild: error: The directory /Users/admin/builder/spi-builder-workspace contains 3 projects, including multiple projects with the current extension (.xcodeproj). Specify the project to use with the -project option.
BUILD FAILURE 6.2 tvOS