The Swift Package Index logo.Swift Package Index

Build Information

Failed to build UIView-Shimmer, reference 1.0.4 (6b2506), with Swift 6.4 for macOS (Xcode) using Xcode 27.0 on 17 Sep 2026 12:10:25 UTC.

Build Command

env DEVELOPER_DIR=/Applications/Xcode-27.0.0-Release.Candidate.app xcrun xcodebuild -IDEClonedSourcePackagesDirPathOverride=$PWD/.dependencies -skipMacroValidation -skipPackagePluginValidation -derivedDataPath $PWD/.derivedData build -scheme UIView-Shimmer -destination platform=macOS,arch=arm64

Build Log

========================================
RunAll
========================================
Builder version: 5.1.0
Interrupt handler set up.
========================================
Checkout
========================================
Clone URL: https://github.com/omerfarukozturk/UIView-Shimmer.git
Reference: 1.0.4
Initialized empty Git repository in /Users/admin/builder/spi-builder-workspace/.git/
From https://github.com/omerfarukozturk/UIView-Shimmer
 * tag               1.0.4      -> FETCH_HEAD
HEAD is now at 6b25069 Merge branch 'master' of https://github.com/omerfarukozturk/UIView-Shimmer
Cloned https://github.com/omerfarukozturk/UIView-Shimmer.git
Revision (git rev-parse @):
6b25069ae46e10295dd9f06e821def70ae197698
SUCCESS checkout https://github.com/omerfarukozturk/UIView-Shimmer.git at 1.0.4
========================================
Build
========================================
Selected platform:         macosXcodebuild
Swift version:             6.4
Building package at path:  $PWD
https://github.com/omerfarukozturk/UIView-Shimmer.git
Command line invocation:
    /Applications/Xcode-27.0.0-Release.Candidate.app/Contents/Developer/usr/bin/xcodebuild -IDEClonedSourcePackagesDirPathOverride=/Users/admin/builder/spi-builder-workspace/.dependencies -resolvePackageDependencies
resolved source packages:
{
  "dependencies" : [
  ],
  "manifest_display_name" : "UIView-Shimmer",
  "name" : "UIView-Shimmer",
  "path" : "/Users/admin/builder/spi-builder-workspace",
  "platforms" : [
    {
      "name" : "ios",
      "version" : "10.0"
    }
  ],
  "products" : [
    {
      "name" : "UIView-Shimmer",
      "targets" : [
        "UIView-Shimmer"
      ],
      "type" : {
        "library" : [
          "automatic"
        ]
      }
    }
  ],
  "targets" : [
    {
      "c99name" : "UIView_ShimmerTests",
      "module_type" : "SwiftTarget",
      "name" : "UIView-ShimmerTests",
      "path" : "Tests/UIView-ShimmerTests",
      "sources" : [
        "UIViewExtensionsTests.swift",
        "UIView_ShimmerTests.swift"
      ],
      "target_dependencies" : [
        "UIView-Shimmer"
      ],
      "type" : "test"
    },
    {
      "c99name" : "UIView_Shimmer",
      "module_type" : "SwiftTarget",
      "name" : "UIView-Shimmer",
      "path" : "Sources/UIView-Shimmer",
      "product_memberships" : [
        "UIView-Shimmer"
      ],
      "sources" : [
        "Models/Constants.swift",
        "Models/ShimmeringViewProtocol.swift",
        "UIView+Extensions/UIView+Extensions.swift",
        "UIView+Extensions/UIView+Shimmer.swift",
        "UIView+Extensions/UIView+Template.swift"
      ],
      "type" : "library"
    }
  ],
  "tools_version" : "5.3"
}
{
  "project" : {
    "configurations" : [
      "Debug",
      "Release"
    ],
    "name" : "UIView-Shimmer",
    "schemes" : [
      "ShimmerExamples",
      "UIView-Shimmer"
    ],
    "targets" : [
      "UIView-Shimmer",
      "UIView-ShimmerTests",
      "ShimmerExamples"
    ]
  }
}
{
  "workspace" : {
    "name" : "UIView-Shimmer",
    "schemes" : [
      "UIView-Shimmer"
    ]
  }
}
2026-09-17 08:10:16.594 xcodebuild[616:3844] [MT] IDERunDestination: Supported platforms for the buildables in the current scheme is empty.
Running build ...
env DEVELOPER_DIR=/Applications/Xcode-27.0.0-Release.Candidate.app xcrun xcodebuild -IDEClonedSourcePackagesDirPathOverride=$PWD/.dependencies -skipMacroValidation -skipPackagePluginValidation -derivedDataPath $PWD/.derivedData build -scheme UIView-Shimmer -destination platform=macOS,arch=arm64
Command line invocation:
    /Applications/Xcode-27.0.0-Release.Candidate.app/Contents/Developer/usr/bin/xcodebuild -IDEClonedSourcePackagesDirPathOverride=/Users/admin/builder/spi-builder-workspace/.dependencies -skipMacroValidation -skipPackagePluginValidation -derivedDataPath /Users/admin/builder/spi-builder-workspace/.derivedData build -scheme UIView-Shimmer -destination platform=macOS,arch=arm64
Resolve Package Graph
Resolved source packages:
  UIView-Shimmer: /Users/admin/builder/spi-builder-workspace
ComputePackagePrebuildTargetDependencyGraph
Prepare packages
CreateBuildRequest
SendProjectDescription
CreateBuildOperation
ComputeTargetDependencyGraph
note: Building targets in dependency order
note: Target dependency graph (2 targets)
    Target 'UIView-Shimmer-product' in project 'UIView-Shimmer'
        ➜ Explicit dependency on target 'UIView-Shimmer' in project 'UIView-Shimmer'
    Target 'UIView-Shimmer' in project 'UIView-Shimmer' (no dependencies)
GatherProvisioningInputs
CreateBuildDescription
ExecuteExternalTool /Applications/Xcode-27.0.0-Release.Candidate.app/Contents/Developer/Toolchains/XcodeDefault.xctoolchain/usr/bin/clang -v -E -dM -isysroot /Applications/Xcode-27.0.0-Release.Candidate.app/Contents/Developer/Platforms/MacOSX.platform/Developer/SDKs/MacOSX27.0.sdk -x c -c /dev/null
ExecuteExternalTool /Applications/Xcode-27.0.0-Release.Candidate.app/Contents/Developer/Toolchains/XcodeDefault.xctoolchain/usr/bin/swiftc --version
ExecuteExternalTool /Applications/Xcode-27.0.0-Release.Candidate.app/Contents/Developer/Toolchains/XcodeDefault.xctoolchain/usr/bin/ld -version_details
Build description signature: e35e3c490308fe7543afe4e964d2e0de
Build description path: /Users/admin/builder/spi-builder-workspace/.derivedData/Build/Intermediates.noindex/XCBuildData/e35e3c490308fe7543afe4e964d2e0de.xcbuilddata
CreateBuildDirectory /Users/admin/builder/spi-builder-workspace/.derivedData/ModuleCache.noindex
    cd /Users/admin/builder/spi-builder-workspace/.swiftpm/xcode
    builtin-create-build-directory /Users/admin/builder/spi-builder-workspace/.derivedData/ModuleCache.noindex
CreateBuildDirectory /Users/admin/builder/spi-builder-workspace/.derivedData/SDKExplicitPrecompiledModules
    cd /Users/admin/builder/spi-builder-workspace/.swiftpm/xcode
    builtin-create-build-directory /Users/admin/builder/spi-builder-workspace/.derivedData/SDKExplicitPrecompiledModules
CreateBuildDirectory /Users/admin/builder/spi-builder-workspace/.derivedData/CompilationCache.noindex
    cd /Users/admin/builder/spi-builder-workspace/.swiftpm/xcode
    builtin-create-build-directory /Users/admin/builder/spi-builder-workspace/.derivedData/CompilationCache.noindex
CreateBuildDirectory /Users/admin/builder/spi-builder-workspace/.derivedData/Build/Intermediates.noindex
    cd /Users/admin/builder/spi-builder-workspace/.swiftpm/xcode
    builtin-create-build-directory /Users/admin/builder/spi-builder-workspace/.derivedData/Build/Intermediates.noindex
CreateBuildDirectory /Users/admin/builder/spi-builder-workspace/.derivedData/Build/Products
    cd /Users/admin/builder/spi-builder-workspace/.swiftpm/xcode
    builtin-create-build-directory /Users/admin/builder/spi-builder-workspace/.derivedData/Build/Products
ClangStatCache /Applications/Xcode-27.0.0-Release.Candidate.app/Contents/Developer/Toolchains/XcodeDefault.xctoolchain/usr/bin/clang-stat-cache /Applications/Xcode-27.0.0-Release.Candidate.app/Contents/Developer/Platforms/MacOSX.platform/Developer/SDKs/MacOSX27.0.sdk /Users/admin/builder/spi-builder-workspace/.derivedData/SDKStatCaches.noindex/macosx27.0-26A425-e829b21a6f8c9b70876ba0858053c0446a22442a12e9d48fe1a705f55a1adfc4.sdkstatcache
    cd /Users/admin/builder/spi-builder-workspace/.swiftpm/xcode
    /Applications/Xcode-27.0.0-Release.Candidate.app/Contents/Developer/Toolchains/XcodeDefault.xctoolchain/usr/bin/clang-stat-cache /Applications/Xcode-27.0.0-Release.Candidate.app/Contents/Developer/Platforms/MacOSX.platform/Developer/SDKs/MacOSX27.0.sdk -o /Users/admin/builder/spi-builder-workspace/.derivedData/SDKStatCaches.noindex/macosx27.0-26A425-e829b21a6f8c9b70876ba0858053c0446a22442a12e9d48fe1a705f55a1adfc4.sdkstatcache
CreateBuildDirectory /Users/admin/builder/spi-builder-workspace/.derivedData/Build/Intermediates.noindex/SwiftExplicitPrecompiledModules
    cd /Users/admin/builder/spi-builder-workspace/.swiftpm/xcode
    builtin-create-build-directory /Users/admin/builder/spi-builder-workspace/.derivedData/Build/Intermediates.noindex/SwiftExplicitPrecompiledModules
CreateBuildDirectory /Users/admin/builder/spi-builder-workspace/.derivedData/Build/Intermediates.noindex/PrecompiledHeaders
    cd /Users/admin/builder/spi-builder-workspace/.swiftpm/xcode
    builtin-create-build-directory /Users/admin/builder/spi-builder-workspace/.derivedData/Build/Intermediates.noindex/PrecompiledHeaders
CreateBuildDirectory /Users/admin/builder/spi-builder-workspace/.derivedData/Build/Intermediates.noindex/ExplicitPrecompiledModules
    cd /Users/admin/builder/spi-builder-workspace/.swiftpm/xcode
    builtin-create-build-directory /Users/admin/builder/spi-builder-workspace/.derivedData/Build/Intermediates.noindex/ExplicitPrecompiledModules
CreateBuildDirectory /Users/admin/builder/spi-builder-workspace/.derivedData/Build/Intermediates.noindex/EagerLinkingTBDs/Debug
    cd /Users/admin/builder/spi-builder-workspace/.swiftpm/xcode
    builtin-create-build-directory /Users/admin/builder/spi-builder-workspace/.derivedData/Build/Intermediates.noindex/EagerLinkingTBDs/Debug
CreateBuildDirectory /Users/admin/builder/spi-builder-workspace/.derivedData/Build/Products/Debug
    cd /Users/admin/builder/spi-builder-workspace/.swiftpm/xcode
    builtin-create-build-directory /Users/admin/builder/spi-builder-workspace/.derivedData/Build/Products/Debug
CreateBuildDirectory /Users/admin/builder/spi-builder-workspace/.derivedData/Build/Products/Debug/PackageFrameworks
    cd /Users/admin/builder/spi-builder-workspace/.swiftpm/xcode
    builtin-create-build-directory /Users/admin/builder/spi-builder-workspace/.derivedData/Build/Products/Debug/PackageFrameworks
WriteAuxiliaryFile /Users/admin/builder/spi-builder-workspace/.derivedData/Build/Intermediates.noindex/UIView-Shimmer.build/Debug/UIView-Shimmer-t.build/UIView-Shimmer.modulemap (in target 'UIView-Shimmer' from project 'UIView-Shimmer')
    cd /Users/admin/builder/spi-builder-workspace
    write-file /Users/admin/builder/spi-builder-workspace/.derivedData/Build/Intermediates.noindex/UIView-Shimmer.build/Debug/UIView-Shimmer-t.build/UIView-Shimmer.modulemap
WriteAuxiliaryFile /Users/admin/builder/spi-builder-workspace/.derivedData/Build/Intermediates.noindex/UIView-Shimmer.build/Debug/UIView-Shimmer-t.build/UIView-Shimmer.DependencyStaticMetadataFileList (in target 'UIView-Shimmer' from project 'UIView-Shimmer')
    cd /Users/admin/builder/spi-builder-workspace
    write-file /Users/admin/builder/spi-builder-workspace/.derivedData/Build/Intermediates.noindex/UIView-Shimmer.build/Debug/UIView-Shimmer-t.build/UIView-Shimmer.DependencyStaticMetadataFileList
WriteAuxiliaryFile /Users/admin/builder/spi-builder-workspace/.derivedData/Build/Intermediates.noindex/UIView-Shimmer.build/Debug/UIView-Shimmer-t.build/UIView-Shimmer.DependencyMetadataFileList (in target 'UIView-Shimmer' from project 'UIView-Shimmer')
    cd /Users/admin/builder/spi-builder-workspace
    write-file /Users/admin/builder/spi-builder-workspace/.derivedData/Build/Intermediates.noindex/UIView-Shimmer.build/Debug/UIView-Shimmer-t.build/UIView-Shimmer.DependencyMetadataFileList
WriteAuxiliaryFile /Users/admin/builder/spi-builder-workspace/.derivedData/Build/Intermediates.noindex/UIView-Shimmer.build/Debug/UIView-Shimmer-t.build/Objects-normal/arm64/UIView-Shimmer_const_extract_protocols.json (in target 'UIView-Shimmer' from project 'UIView-Shimmer')
    cd /Users/admin/builder/spi-builder-workspace
    write-file /Users/admin/builder/spi-builder-workspace/.derivedData/Build/Intermediates.noindex/UIView-Shimmer.build/Debug/UIView-Shimmer-t.build/Objects-normal/arm64/UIView-Shimmer_const_extract_protocols.json
WriteAuxiliaryFile /Users/admin/builder/spi-builder-workspace/.derivedData/Build/Intermediates.noindex/UIView-Shimmer.build/Debug/UIView-Shimmer-t.build/Objects-normal/arm64/UIView-Shimmer.SwiftFileList (in target 'UIView-Shimmer' from project 'UIView-Shimmer')
    cd /Users/admin/builder/spi-builder-workspace
    write-file /Users/admin/builder/spi-builder-workspace/.derivedData/Build/Intermediates.noindex/UIView-Shimmer.build/Debug/UIView-Shimmer-t.build/Objects-normal/arm64/UIView-Shimmer.SwiftFileList
WriteAuxiliaryFile /Users/admin/builder/spi-builder-workspace/.derivedData/Build/Intermediates.noindex/UIView-Shimmer.build/Debug/UIView-Shimmer-t.build/Objects-normal/arm64/UIView-Shimmer.SwiftConstValuesFileList (in target 'UIView-Shimmer' from project 'UIView-Shimmer')
    cd /Users/admin/builder/spi-builder-workspace
    write-file /Users/admin/builder/spi-builder-workspace/.derivedData/Build/Intermediates.noindex/UIView-Shimmer.build/Debug/UIView-Shimmer-t.build/Objects-normal/arm64/UIView-Shimmer.SwiftConstValuesFileList
WriteAuxiliaryFile /Users/admin/builder/spi-builder-workspace/.derivedData/Build/Intermediates.noindex/UIView-Shimmer.build/Debug/UIView-Shimmer-t.build/Objects-normal/arm64/UIView-Shimmer.LinkFileList (in target 'UIView-Shimmer' from project 'UIView-Shimmer')
    cd /Users/admin/builder/spi-builder-workspace
    write-file /Users/admin/builder/spi-builder-workspace/.derivedData/Build/Intermediates.noindex/UIView-Shimmer.build/Debug/UIView-Shimmer-t.build/Objects-normal/arm64/UIView-Shimmer.LinkFileList
WriteAuxiliaryFile /Users/admin/builder/spi-builder-workspace/.derivedData/Build/Intermediates.noindex/UIView-Shimmer.build/Debug/UIView-Shimmer-t.build/Objects-normal/arm64/UIView-Shimmer-OutputFileMap.json (in target 'UIView-Shimmer' from project 'UIView-Shimmer')
    cd /Users/admin/builder/spi-builder-workspace
    write-file /Users/admin/builder/spi-builder-workspace/.derivedData/Build/Intermediates.noindex/UIView-Shimmer.build/Debug/UIView-Shimmer-t.build/Objects-normal/arm64/UIView-Shimmer-OutputFileMap.json
Copy /Users/admin/builder/spi-builder-workspace/.derivedData/Build/Intermediates.noindex/GeneratedModuleMaps/UIView-Shimmer.modulemap /Users/admin/builder/spi-builder-workspace/.derivedData/Build/Intermediates.noindex/UIView-Shimmer.build/Debug/UIView-Shimmer-t.build/UIView-Shimmer.modulemap (in target 'UIView-Shimmer' from project 'UIView-Shimmer')
    cd /Users/admin/builder/spi-builder-workspace
    builtin-copy -exclude .DS_Store -exclude CVS -exclude .svn -exclude .git -exclude .hg -resolve-src-symlinks /Users/admin/builder/spi-builder-workspace/.derivedData/Build/Intermediates.noindex/UIView-Shimmer.build/Debug/UIView-Shimmer-t.build/UIView-Shimmer.modulemap /Users/admin/builder/spi-builder-workspace/.derivedData/Build/Intermediates.noindex/GeneratedModuleMaps
SwiftDriver UIView-Shimmer normal arm64 com.apple.xcode.tools.swift.compiler (in target 'UIView-Shimmer' from project 'UIView-Shimmer')
    cd /Users/admin/builder/spi-builder-workspace/.swiftpm/xcode
    builtin-SwiftDriver -- /Applications/Xcode-27.0.0-Release.Candidate.app/Contents/Developer/Toolchains/XcodeDefault.xctoolchain/usr/bin/swiftc -parse-as-library -module-name UIView_Shimmer -Onone @/Users/admin/builder/spi-builder-workspace/.derivedData/Build/Intermediates.noindex/UIView-Shimmer.build/Debug/UIView-Shimmer-t.build/Objects-normal/arm64/UIView-Shimmer.SwiftFileList -DSWIFT_PACKAGE -DDEBUG -DSWIFT_MODULE_RESOURCE_BUNDLE_UNAVAILABLE -DXcode -plugin-path /Applications/Xcode-27.0.0-Release.Candidate.app/Contents/Developer/Toolchains/XcodeDefault.xctoolchain/usr/lib/swift/host/plugins/testing -enable-experimental-feature DebugDescriptionMacro -sdk /Applications/Xcode-27.0.0-Release.Candidate.app/Contents/Developer/Platforms/MacOSX.platform/Developer/SDKs/MacOSX27.0.sdk -target arm64-apple-macos12.0 -g -module-cache-path /Users/admin/builder/spi-builder-workspace/.derivedData/ModuleCache.noindex -Xfrontend -serialize-debugging-options -profile-coverage-mapping -profile-generate -enable-testing -index-store-path /Users/admin/builder/spi-builder-workspace/.derivedData/Index.noindex/DataStore -Xcc -D_LIBCPP_HARDENING_MODE\=_LIBCPP_HARDENING_MODE_DEBUG -swift-version 5 -I /Users/admin/builder/spi-builder-workspace/.derivedData/Build/Products/Debug -Isystem /Applications/Xcode-27.0.0-Release.Candidate.app/Contents/Developer/Platforms/MacOSX.platform/Developer/usr/lib -F /Users/admin/builder/spi-builder-workspace/.derivedData/Build/Products/Debug -F /Applications/Xcode-27.0.0-Release.Candidate.app/Contents/Developer/Platforms/MacOSX.platform/Developer/Library/Frameworks -c -j10 -enable-batch-mode -incremental -Xcc -ivfsstatcache -Xcc /Users/admin/builder/spi-builder-workspace/.derivedData/SDKStatCaches.noindex/macosx27.0-26A425-e829b21a6f8c9b70876ba0858053c0446a22442a12e9d48fe1a705f55a1adfc4.sdkstatcache -output-file-map /Users/admin/builder/spi-builder-workspace/.derivedData/Build/Intermediates.noindex/UIView-Shimmer.build/Debug/UIView-Shimmer-t.build/Objects-normal/arm64/UIView-Shimmer-OutputFileMap.json -save-temps -no-color-diagnostics -explicit-module-build -module-cache-path /Users/admin/builder/spi-builder-workspace/.derivedData/Build/Intermediates.noindex/SwiftExplicitPrecompiledModules -clang-scanner-module-cache-path /Users/admin/builder/spi-builder-workspace/.derivedData/ModuleCache.noindex -sdk-module-cache-path /Users/admin/builder/spi-builder-workspace/.derivedData/SDKExplicitPrecompiledModules -emit-dependencies -emit-module -emit-module-path /Users/admin/builder/spi-builder-workspace/.derivedData/Build/Intermediates.noindex/UIView-Shimmer.build/Debug/UIView-Shimmer-t.build/Objects-normal/arm64/UIView_Shimmer.swiftmodule -serialize-diagnostics -dependency-scan-serialize-diagnostics-path /Users/admin/builder/spi-builder-workspace/.derivedData/Build/Intermediates.noindex/UIView-Shimmer.build/Debug/UIView-Shimmer-t.build/Objects-normal/arm64/UIView_Shimmer-dependency-scan.dia -validate-clang-modules-once -clang-build-session-file /Users/admin/builder/spi-builder-workspace/.derivedData/ModuleCache.noindex/Session.modulevalidation -Xcc -fmodules-prune-interval\=86400 -Xcc -fmodules-prune-after\=345600 -emit-const-values -const-gather-protocols-list /Users/admin/builder/spi-builder-workspace/.derivedData/Build/Intermediates.noindex/UIView-Shimmer.build/Debug/UIView-Shimmer-t.build/Objects-normal/arm64/UIView-Shimmer_const_extract_protocols.json -Xcc -I/Users/admin/builder/spi-builder-workspace/.derivedData/Build/Products/Debug/include -Xcc -I/Users/admin/builder/spi-builder-workspace/.derivedData/Build/Intermediates.noindex/UIView-Shimmer.build/Debug/UIView-Shimmer-t.build/DerivedSources-normal/arm64 -Xcc -I/Users/admin/builder/spi-builder-workspace/.derivedData/Build/Intermediates.noindex/UIView-Shimmer.build/Debug/UIView-Shimmer-t.build/DerivedSources/arm64 -Xcc -I/Users/admin/builder/spi-builder-workspace/.derivedData/Build/Intermediates.noindex/UIView-Shimmer.build/Debug/UIView-Shimmer-t.build/DerivedSources -Xcc -DSWIFT_PACKAGE -Xcc -DDEBUG\=1 -emit-objc-header -emit-objc-header-path /Users/admin/builder/spi-builder-workspace/.derivedData/Build/Intermediates.noindex/UIView-Shimmer.build/Debug/UIView-Shimmer-t.build/Objects-normal/arm64/UIView-Shimmer-Swift.h -working-directory /Users/admin/builder/spi-builder-workspace/.swiftpm/xcode -experimental-emit-module-separately -disable-cmo
/Users/admin/builder/spi-builder-workspace/Sources/UIView-Shimmer/Models/Constants.swift:8:8: error: Unable to resolve module dependency: 'UIKit' (in target 'UIView-Shimmer' from project 'UIView-Shimmer')
    note: A dependency of main module 'UIView_Shimmer'
    /Users/admin/builder/spi-builder-workspace/Sources/UIView-Shimmer/Models/ShimmeringViewProtocol.swift:8:8: note: Also imported here
    /Users/admin/builder/spi-builder-workspace/Sources/UIView-Shimmer/UIView+Extensions/UIView+Extensions.swift:8:8: note: Also imported here
    /Users/admin/builder/spi-builder-workspace/Sources/UIView-Shimmer/UIView+Extensions/UIView+Shimmer.swift:8:8: note: Also imported here
    /Users/admin/builder/spi-builder-workspace/Sources/UIView-Shimmer/UIView+Extensions/UIView+Template.swift:8:8: note: Also imported here
/Users/admin/builder/spi-builder-workspace/Sources/UIView-Shimmer/Models/Constants.swift:8:8: note: A dependency of main module 'UIView_Shimmer'
import UIKit
       ^ (in target 'UIView-Shimmer' from project 'UIView-Shimmer')
/Users/admin/builder/spi-builder-workspace/Sources/UIView-Shimmer/Models/ShimmeringViewProtocol.swift:8:8: note: Also imported here
import UIKit
       ^ (in target 'UIView-Shimmer' from project 'UIView-Shimmer')
/Users/admin/builder/spi-builder-workspace/Sources/UIView-Shimmer/UIView+Extensions/UIView+Extensions.swift:8:8: note: Also imported here
import UIKit
       ^ (in target 'UIView-Shimmer' from project 'UIView-Shimmer')
/Users/admin/builder/spi-builder-workspace/Sources/UIView-Shimmer/UIView+Extensions/UIView+Shimmer.swift:8:8: note: Also imported here
import UIKit
       ^ (in target 'UIView-Shimmer' from project 'UIView-Shimmer')
/Users/admin/builder/spi-builder-workspace/Sources/UIView-Shimmer/UIView+Extensions/UIView+Template.swift:8:8: note: Also imported here
import UIKit
       ^ (in target 'UIView-Shimmer' from project 'UIView-Shimmer')
PruneExplicitPrecompiledModules /Users/admin/builder/spi-builder-workspace/.derivedData/SDKExplicitPrecompiledModules
PruneExplicitPrecompiledModules /Users/admin/builder/spi-builder-workspace/.derivedData/Build/Intermediates.noindex/ExplicitPrecompiledModules
PruneExplicitPrecompiledModules /Users/admin/builder/spi-builder-workspace/.derivedData/Build/Intermediates.noindex/SwiftExplicitPrecompiledModules
2026-09-17 08:10:18.196 xcodebuild[656:4242] [MT] IDERunDestination: Supported platforms for the buildables in the current scheme is empty.
--- xcodebuild: WARNING: Using the first of multiple matching destinations:
{ platform:macOS, arch:arm64, id:a3e4342ec9e908cde73123e65e5758711520025f, name:My Mac }
{ platform:macOS, arch:arm64, variant:Mac Catalyst, id:a3e4342ec9e908cde73123e65e5758711520025f, name:My Mac }
{ platform:macOS, arch:arm64, variant:DriverKit, id:a3e4342ec9e908cde73123e65e5758711520025f, name:My Mac }
{ platform:macOS, arch:arm64, variant:Designed for [iPad,iPhone], id:a3e4342ec9e908cde73123e65e5758711520025f, name:My Mac }
** BUILD FAILED **
The following build commands failed:
	SwiftDriver UIView-Shimmer normal arm64 com.apple.xcode.tools.swift.compiler (in target 'UIView-Shimmer' from project 'UIView-Shimmer')
	Building workspace UIView-Shimmer with scheme UIView-Shimmer
(2 failures)
Command line invocation:
    /Applications/Xcode-27.0.0-Release.Candidate.app/Contents/Developer/usr/bin/xcodebuild -IDEClonedSourcePackagesDirPathOverride=/Users/admin/builder/spi-builder-workspace/.dependencies -resolvePackageDependencies
Resolve Package Graph
Resolved source packages:
  UIView-Shimmer: /Users/admin/builder/spi-builder-workspace
resolved source packages: UIView-Shimmer
2026-09-17 08:10:22.610 xcodebuild[671:4376] [MT] IDERunDestination: Supported platforms for the buildables in the current scheme is empty.
{
  "dependencies" : [
  ],
  "manifest_display_name" : "UIView-Shimmer",
  "name" : "UIView-Shimmer",
  "path" : "/Users/admin/builder/spi-builder-workspace",
  "platforms" : [
    {
      "name" : "ios",
      "version" : "10.0"
    }
  ],
  "products" : [
    {
      "name" : "UIView-Shimmer",
      "targets" : [
        "UIView-Shimmer"
      ],
      "type" : {
        "library" : [
          "automatic"
        ]
      }
    }
  ],
  "targets" : [
    {
      "c99name" : "UIView_ShimmerTests",
      "module_type" : "SwiftTarget",
      "name" : "UIView-ShimmerTests",
      "path" : "Tests/UIView-ShimmerTests",
      "sources" : [
        "UIViewExtensionsTests.swift",
        "UIView_ShimmerTests.swift"
      ],
      "target_dependencies" : [
        "UIView-Shimmer"
      ],
      "type" : "test"
    },
    {
      "c99name" : "UIView_Shimmer",
      "module_type" : "SwiftTarget",
      "name" : "UIView-Shimmer",
      "path" : "Sources/UIView-Shimmer",
      "product_memberships" : [
        "UIView-Shimmer"
      ],
      "sources" : [
        "Models/Constants.swift",
        "Models/ShimmeringViewProtocol.swift",
        "UIView+Extensions/UIView+Extensions.swift",
        "UIView+Extensions/UIView+Shimmer.swift",
        "UIView+Extensions/UIView+Template.swift"
      ],
      "type" : "library"
    }
  ],
  "tools_version" : "5.3"
}
{
  "workspace" : {
    "name" : "UIView-Shimmer",
    "schemes" : [
      "UIView-Shimmer"
    ]
  }
}
2026-09-17 08:10:23.868 xcodebuild[679:4443] [MT] IDERunDestination: Supported platforms for the buildables in the current scheme is empty.
Running build ...
env DEVELOPER_DIR=/Applications/Xcode-27.0.0-Release.Candidate.app xcrun xcodebuild -IDEClonedSourcePackagesDirPathOverride=$PWD/.dependencies -skipMacroValidation -skipPackagePluginValidation -derivedDataPath $PWD/.derivedData build -scheme UIView-Shimmer -destination platform=macOS,arch=arm64
Command line invocation:
    /Applications/Xcode-27.0.0-Release.Candidate.app/Contents/Developer/usr/bin/xcodebuild -IDEClonedSourcePackagesDirPathOverride=/Users/admin/builder/spi-builder-workspace/.dependencies -skipMacroValidation -skipPackagePluginValidation -derivedDataPath /Users/admin/builder/spi-builder-workspace/.derivedData build -scheme UIView-Shimmer -destination platform=macOS,arch=arm64
Resolve Package Graph
Resolved source packages:
  UIView-Shimmer: /Users/admin/builder/spi-builder-workspace
ComputePackagePrebuildTargetDependencyGraph
Prepare packages
CreateBuildRequest
SendProjectDescription
CreateBuildOperation
ComputeTargetDependencyGraph
note: Building targets in dependency order
note: Target dependency graph (2 targets)
    Target 'UIView-Shimmer-product' in project 'UIView-Shimmer'
        ➜ Explicit dependency on target 'UIView-Shimmer' in project 'UIView-Shimmer'
    Target 'UIView-Shimmer' in project 'UIView-Shimmer' (no dependencies)
GatherProvisioningInputs
CreateBuildDescription
ClangStatCache /Applications/Xcode-27.0.0-Release.Candidate.app/Contents/Developer/Toolchains/XcodeDefault.xctoolchain/usr/bin/clang-stat-cache /Applications/Xcode-27.0.0-Release.Candidate.app/Contents/Developer/Platforms/MacOSX.platform/Developer/SDKs/MacOSX27.0.sdk /Users/admin/builder/spi-builder-workspace/.derivedData/SDKStatCaches.noindex/macosx27.0-26A425-e829b21a6f8c9b70876ba0858053c0446a22442a12e9d48fe1a705f55a1adfc4.sdkstatcache
    cd /Users/admin/builder/spi-builder-workspace/.swiftpm/xcode
    /Applications/Xcode-27.0.0-Release.Candidate.app/Contents/Developer/Toolchains/XcodeDefault.xctoolchain/usr/bin/clang-stat-cache /Applications/Xcode-27.0.0-Release.Candidate.app/Contents/Developer/Platforms/MacOSX.platform/Developer/SDKs/MacOSX27.0.sdk -o /Users/admin/builder/spi-builder-workspace/.derivedData/SDKStatCaches.noindex/macosx27.0-26A425-e829b21a6f8c9b70876ba0858053c0446a22442a12e9d48fe1a705f55a1adfc4.sdkstatcache
SwiftDriver UIView-Shimmer normal arm64 com.apple.xcode.tools.swift.compiler (in target 'UIView-Shimmer' from project 'UIView-Shimmer')
    cd /Users/admin/builder/spi-builder-workspace/.swiftpm/xcode
    builtin-SwiftDriver -- /Applications/Xcode-27.0.0-Release.Candidate.app/Contents/Developer/Toolchains/XcodeDefault.xctoolchain/usr/bin/swiftc -parse-as-library -module-name UIView_Shimmer -Onone @/Users/admin/builder/spi-builder-workspace/.derivedData/Build/Intermediates.noindex/UIView-Shimmer.build/Debug/UIView-Shimmer-t.build/Objects-normal/arm64/UIView-Shimmer.SwiftFileList -DSWIFT_PACKAGE -DDEBUG -DSWIFT_MODULE_RESOURCE_BUNDLE_UNAVAILABLE -DXcode -plugin-path /Applications/Xcode-27.0.0-Release.Candidate.app/Contents/Developer/Toolchains/XcodeDefault.xctoolchain/usr/lib/swift/host/plugins/testing -enable-experimental-feature DebugDescriptionMacro -sdk /Applications/Xcode-27.0.0-Release.Candidate.app/Contents/Developer/Platforms/MacOSX.platform/Developer/SDKs/MacOSX27.0.sdk -target arm64-apple-macos12.0 -g -module-cache-path /Users/admin/builder/spi-builder-workspace/.derivedData/ModuleCache.noindex -Xfrontend -serialize-debugging-options -profile-coverage-mapping -profile-generate -enable-testing -index-store-path /Users/admin/builder/spi-builder-workspace/.derivedData/Index.noindex/DataStore -Xcc -D_LIBCPP_HARDENING_MODE\=_LIBCPP_HARDENING_MODE_DEBUG -swift-version 5 -I /Users/admin/builder/spi-builder-workspace/.derivedData/Build/Products/Debug -Isystem /Applications/Xcode-27.0.0-Release.Candidate.app/Contents/Developer/Platforms/MacOSX.platform/Developer/usr/lib -F /Users/admin/builder/spi-builder-workspace/.derivedData/Build/Products/Debug -F /Applications/Xcode-27.0.0-Release.Candidate.app/Contents/Developer/Platforms/MacOSX.platform/Developer/Library/Frameworks -c -j10 -enable-batch-mode -incremental -Xcc -ivfsstatcache -Xcc /Users/admin/builder/spi-builder-workspace/.derivedData/SDKStatCaches.noindex/macosx27.0-26A425-e829b21a6f8c9b70876ba0858053c0446a22442a12e9d48fe1a705f55a1adfc4.sdkstatcache -output-file-map /Users/admin/builder/spi-builder-workspace/.derivedData/Build/Intermediates.noindex/UIView-Shimmer.build/Debug/UIView-Shimmer-t.build/Objects-normal/arm64/UIView-Shimmer-OutputFileMap.json -save-temps -no-color-diagnostics -explicit-module-build -module-cache-path /Users/admin/builder/spi-builder-workspace/.derivedData/Build/Intermediates.noindex/SwiftExplicitPrecompiledModules -clang-scanner-module-cache-path /Users/admin/builder/spi-builder-workspace/.derivedData/ModuleCache.noindex -sdk-module-cache-path /Users/admin/builder/spi-builder-workspace/.derivedData/SDKExplicitPrecompiledModules -emit-dependencies -emit-module -emit-module-path /Users/admin/builder/spi-builder-workspace/.derivedData/Build/Intermediates.noindex/UIView-Shimmer.build/Debug/UIView-Shimmer-t.build/Objects-normal/arm64/UIView_Shimmer.swiftmodule -serialize-diagnostics -dependency-scan-serialize-diagnostics-path /Users/admin/builder/spi-builder-workspace/.derivedData/Build/Intermediates.noindex/UIView-Shimmer.build/Debug/UIView-Shimmer-t.build/Objects-normal/arm64/UIView_Shimmer-dependency-scan.dia -validate-clang-modules-once -clang-build-session-file /Users/admin/builder/spi-builder-workspace/.derivedData/ModuleCache.noindex/Session.modulevalidation -Xcc -fmodules-prune-interval\=86400 -Xcc -fmodules-prune-after\=345600 -emit-const-values -const-gather-protocols-list /Users/admin/builder/spi-builder-workspace/.derivedData/Build/Intermediates.noindex/UIView-Shimmer.build/Debug/UIView-Shimmer-t.build/Objects-normal/arm64/UIView-Shimmer_const_extract_protocols.json -Xcc -I/Users/admin/builder/spi-builder-workspace/.derivedData/Build/Products/Debug/include -Xcc -I/Users/admin/builder/spi-builder-workspace/.derivedData/Build/Intermediates.noindex/UIView-Shimmer.build/Debug/UIView-Shimmer-t.build/DerivedSources-normal/arm64 -Xcc -I/Users/admin/builder/spi-builder-workspace/.derivedData/Build/Intermediates.noindex/UIView-Shimmer.build/Debug/UIView-Shimmer-t.build/DerivedSources/arm64 -Xcc -I/Users/admin/builder/spi-builder-workspace/.derivedData/Build/Intermediates.noindex/UIView-Shimmer.build/Debug/UIView-Shimmer-t.build/DerivedSources -Xcc -DSWIFT_PACKAGE -Xcc -DDEBUG\=1 -emit-objc-header -emit-objc-header-path /Users/admin/builder/spi-builder-workspace/.derivedData/Build/Intermediates.noindex/UIView-Shimmer.build/Debug/UIView-Shimmer-t.build/Objects-normal/arm64/UIView-Shimmer-Swift.h -working-directory /Users/admin/builder/spi-builder-workspace/.swiftpm/xcode -experimental-emit-module-separately -disable-cmo
/Users/admin/builder/spi-builder-workspace/Sources/UIView-Shimmer/Models/Constants.swift:8:8: error: Unable to resolve module dependency: 'UIKit' (in target 'UIView-Shimmer' from project 'UIView-Shimmer')
    note: A dependency of main module 'UIView_Shimmer'
    /Users/admin/builder/spi-builder-workspace/Sources/UIView-Shimmer/Models/ShimmeringViewProtocol.swift:8:8: note: Also imported here
    /Users/admin/builder/spi-builder-workspace/Sources/UIView-Shimmer/UIView+Extensions/UIView+Extensions.swift:8:8: note: Also imported here
    /Users/admin/builder/spi-builder-workspace/Sources/UIView-Shimmer/UIView+Extensions/UIView+Shimmer.swift:8:8: note: Also imported here
    /Users/admin/builder/spi-builder-workspace/Sources/UIView-Shimmer/UIView+Extensions/UIView+Template.swift:8:8: note: Also imported here
/Users/admin/builder/spi-builder-workspace/Sources/UIView-Shimmer/Models/Constants.swift:8:8: note: A dependency of main module 'UIView_Shimmer'
import UIKit
       ^ (in target 'UIView-Shimmer' from project 'UIView-Shimmer')
/Users/admin/builder/spi-builder-workspace/Sources/UIView-Shimmer/Models/ShimmeringViewProtocol.swift:8:8: note: Also imported here
import UIKit
       ^ (in target 'UIView-Shimmer' from project 'UIView-Shimmer')
/Users/admin/builder/spi-builder-workspace/Sources/UIView-Shimmer/UIView+Extensions/UIView+Extensions.swift:8:8: note: Also imported here
import UIKit
       ^ (in target 'UIView-Shimmer' from project 'UIView-Shimmer')
/Users/admin/builder/spi-builder-workspace/Sources/UIView-Shimmer/UIView+Extensions/UIView+Shimmer.swift:8:8: note: Also imported here
import UIKit
       ^ (in target 'UIView-Shimmer' from project 'UIView-Shimmer')
/Users/admin/builder/spi-builder-workspace/Sources/UIView-Shimmer/UIView+Extensions/UIView+Template.swift:8:8: note: Also imported here
import UIKit
       ^ (in target 'UIView-Shimmer' from project 'UIView-Shimmer')
PruneExplicitPrecompiledModules /Users/admin/builder/spi-builder-workspace/.derivedData/SDKExplicitPrecompiledModules
PruneExplicitPrecompiledModules /Users/admin/builder/spi-builder-workspace/.derivedData/Build/Intermediates.noindex/ExplicitPrecompiledModules
PruneExplicitPrecompiledModules /Users/admin/builder/spi-builder-workspace/.derivedData/Build/Intermediates.noindex/SwiftExplicitPrecompiledModules
2026-09-17 08:10:24.769 xcodebuild[680:4471] [MT] IDERunDestination: Supported platforms for the buildables in the current scheme is empty.
--- xcodebuild: WARNING: Using the first of multiple matching destinations:
{ platform:macOS, arch:arm64, id:a3e4342ec9e908cde73123e65e5758711520025f, name:My Mac }
{ platform:macOS, arch:arm64, variant:Mac Catalyst, id:a3e4342ec9e908cde73123e65e5758711520025f, name:My Mac }
{ platform:macOS, arch:arm64, variant:DriverKit, id:a3e4342ec9e908cde73123e65e5758711520025f, name:My Mac }
{ platform:macOS, arch:arm64, variant:Designed for [iPad,iPhone], id:a3e4342ec9e908cde73123e65e5758711520025f, name:My Mac }
** BUILD FAILED **
The following build commands failed:
	SwiftDriver UIView-Shimmer normal arm64 com.apple.xcode.tools.swift.compiler (in target 'UIView-Shimmer' from project 'UIView-Shimmer')
	Building workspace UIView-Shimmer with scheme UIView-Shimmer
(2 failures)
BUILD FAILURE 6.4 macosXcodebuild