Build Information
Failed to build SwiftMoment, reference 1.3.0 (c2ed42), with Swift 6.4 for tvOS using Xcode 27.0 on 20 Sep 2026 03:49:59 UTC.
Build Command
No build command. This typically means the build failed at an early stage where we determine the build command.Build Log
========================================
RunAll
========================================
Builder version: 5.1.0
Interrupt handler set up.
========================================
Checkout
========================================
Clone URL: https://github.com/iamjono/SwiftMoment.git
Reference: 1.3.0
Initialized empty Git repository in /Users/admin/builder/spi-builder-workspace/.git/
From https://github.com/iamjono/SwiftMoment
* tag 1.3.0 -> FETCH_HEAD
HEAD is now at c2ed424 remove extension that seems unused, causes issues with swift 5.2 on Linux
Cloned https://github.com/iamjono/SwiftMoment.git
Revision (git rev-parse @):
c2ed4248beb6b3b9c93520dd32be0a92f2fee241
SUCCESS checkout https://github.com/iamjono/SwiftMoment.git at 1.3.0
========================================
Build
========================================
Selected platform: tvOS
Swift version: 6.4
Building package at path: $PWD
https://github.com/iamjono/SwiftMoment.git
Command line invocation:
/Applications/Xcode-27.0.0-Release.Candidate.app/Contents/Developer/usr/bin/xcodebuild -IDEClonedSourcePackagesDirPathOverride=/Users/admin/builder/spi-builder-workspace/.dependencies -resolvePackageDependencies
2026-09-19 23:49:57.929 xcodebuild[529:3058] Writing error result bundle to /var/folders/xq/y_g06wb113726d38xsyx71_h0000gn/T/ResultBundle_2026-19-09_23-49-0057.xcresult
xcodebuild: error: Unable to read project 'SwiftMoment.xcodeproj'.
Reason: The project at “SwiftMoment.xcodeproj” is missing its inner “project.pbxproj” file.
If possible, restore the “project.pbxproj” file from version control.
Command line invocation:
/Applications/Xcode-27.0.0-Release.Candidate.app/Contents/Developer/usr/bin/xcodebuild -IDEClonedSourcePackagesDirPathOverride=/Users/admin/builder/spi-builder-workspace/.dependencies -resolvePackageDependencies
2026-09-19 23:49:58.861 xcodebuild[539:3135] Writing error result bundle to /var/folders/xq/y_g06wb113726d38xsyx71_h0000gn/T/ResultBundle_2026-19-09_23-49-0058.xcresult
xcodebuild: error: Unable to read project 'SwiftMoment.xcodeproj'.
Reason: The project at “SwiftMoment.xcodeproj” is missing its inner “project.pbxproj” file.
If possible, restore the “project.pbxproj” file from version control.
BUILD FAILURE 6.4 tvOS