The Swift Package Index logo.Swift Package Index

Build Information

Failed to build ConsentBus, reference v0.4.0 (6e739b), with Swift 6.1 for Wasm on 15 Oct 2026 03:36:26 UTC.

Build Command

bash -c docker run --pull=always --rm -v "checkouts-54344847-0":/host -w "$PWD" -e JAVA_HOME="/root/.sdkman/candidates/java/current" -e SPI_BUILD="1" -e SPI_PROCESSING="1" registry.gitlab.com/saguaro1/spi-images:wasm-6.1-latest swift build --swift-sdk wasm32-unknown-wasi 2>&1

Build Log

========================================
RunAll
========================================
Builder version: 5.1.3
Interrupt handler set up.
========================================
Checkout
========================================
Clone URL: https://github.com/divyaravitech/ConsentBus.git
Reference: v0.4.0
Initialized empty Git repository in /host/spi-builder-workspace/.git/
hint: Using 'master' as the name for the initial branch. This default branch name
hint: is subject to change. To configure the initial branch name to use in all
hint: of your new repositories, which will suppress this warning, call:
hint:
hint: 	git config --global init.defaultBranch <name>
hint:
hint: Names commonly chosen instead of 'master' are 'main', 'trunk' and
hint: 'development'. The just-created branch can be renamed via this command:
hint:
hint: 	git branch -m <name>
From https://github.com/divyaravitech/ConsentBus
 * tag               v0.4.0     -> FETCH_HEAD
HEAD is now at 6e739b1 ConsentBus 0.4.0
Cloned https://github.com/divyaravitech/ConsentBus.git
Revision (git rev-parse @):
6e739b1e7b24f8331a47dfccfc857836d4371f66
SUCCESS checkout https://github.com/divyaravitech/ConsentBus.git at v0.4.0
========================================
Build
========================================
Selected platform:         wasm
Swift version:             6.1
Building package at path:  $PWD
https://github.com/divyaravitech/ConsentBus.git
https://github.com/divyaravitech/ConsentBus.git
WARNING: environment variable SUPPRESS_SWIFT_6_FLAGS is not set
Running build ...
bash -c docker run --pull=always --rm -v "checkouts-54344847-0":/host -w "$PWD" -e JAVA_HOME="/root/.sdkman/candidates/java/current" -e SPI_BUILD="1" -e SPI_PROCESSING="1" registry.gitlab.com/saguaro1/spi-images:wasm-6.1-latest swift build --swift-sdk wasm32-unknown-wasi -Xswiftc -Xfrontend -Xswiftc -stats-output-dir -Xswiftc -Xfrontend -Xswiftc .stats -Xswiftc -strict-concurrency=complete -Xswiftc -enable-upcoming-feature -Xswiftc StrictConcurrency -Xswiftc -enable-upcoming-feature -Xswiftc DisableOutwardActorInference -Xswiftc -enable-upcoming-feature -Xswiftc GlobalActorIsolatedTypesUsability -Xswiftc -enable-upcoming-feature -Xswiftc InferSendableFromCaptures 2>&1
wasm-6.1-latest: Pulling from saguaro1/spi-images
Digest: sha256:8209621f35c5a12749e7df75bbcb99eccb508d0196da99f6ac3bcf5f4827df31
Status: Image is up to date for registry.gitlab.com/saguaro1/spi-images:wasm-6.1-latest
Building for debugging...
[0/7] Write sources
[2/7] Write swift-version-24593BA9C3E375BF.txt
error: emit-module command failed with exit code 1 (use -v to see invocation)
[4/18] Emitting module ConsentBus
/host/spi-builder-workspace/Sources/ConsentBus/Core/ConsentBus.swift:2:8: error: no such module 'CryptoKit'
  1 | import Foundation
  2 | import CryptoKit
    |        `- error: no such module 'CryptoKit'
  3 |
  4 | /// The central consent broker: a process-resident singleton that serializes
[5/19] Compiling ConsentBus AppsFlyerAdapter.swift
/host/spi-builder-workspace/Sources/ConsentBus/Core/ConsentBus.swift:2:8: error: no such module 'CryptoKit'
  1 | import Foundation
  2 | import CryptoKit
    |        `- error: no such module 'CryptoKit'
  3 |
  4 | /// The central consent broker: a process-resident singleton that serializes
[6/19] Compiling ConsentBus ConsentAdapter.swift
/host/spi-builder-workspace/Sources/ConsentBus/Core/ConsentBus.swift:2:8: error: no such module 'CryptoKit'
  1 | import Foundation
  2 | import CryptoKit
    |        `- error: no such module 'CryptoKit'
  3 |
  4 | /// The central consent broker: a process-resident singleton that serializes
[7/19] Compiling ConsentBus FirebaseConsentAdapterExample.swift
/host/spi-builder-workspace/Sources/ConsentBus/Core/ConsentBus.swift:2:8: error: no such module 'CryptoKit'
  1 | import Foundation
  2 | import CryptoKit
    |        `- error: no such module 'CryptoKit'
  3 |
  4 | /// The central consent broker: a process-resident singleton that serializes
[8/19] Compiling ConsentBus MetaAudienceNetworkAdapter.swift
/host/spi-builder-workspace/Sources/ConsentBus/Core/ConsentBus.swift:2:8: error: no such module 'CryptoKit'
  1 | import Foundation
  2 | import CryptoKit
    |        `- error: no such module 'CryptoKit'
  3 |
  4 | /// The central consent broker: a process-resident singleton that serializes
[9/19] Compiling ConsentBus ConsentState.swift
/host/spi-builder-workspace/Sources/ConsentBus/Core/ConsentBus.swift:2:8: error: no such module 'CryptoKit'
  1 | import Foundation
  2 | import CryptoKit
    |        `- error: no such module 'CryptoKit'
  3 |
  4 | /// The central consent broker: a process-resident singleton that serializes
[10/19] Compiling ConsentBus MixpanelAdapter.swift
/host/spi-builder-workspace/Sources/ConsentBus/Core/ConsentBus.swift:2:8: error: no such module 'CryptoKit'
  1 | import Foundation
  2 | import CryptoKit
    |        `- error: no such module 'CryptoKit'
  3 |
  4 | /// The central consent broker: a process-resident singleton that serializes
[11/19] Compiling ConsentBus ConsentBus.swift
/host/spi-builder-workspace/Sources/ConsentBus/Core/ConsentBus.swift:2:8: error: no such module 'CryptoKit'
  1 | import Foundation
  2 | import CryptoKit
    |        `- error: no such module 'CryptoKit'
  3 |
  4 | /// The central consent broker: a process-resident singleton that serializes
[12/19] Compiling ConsentBus ComplianceAttestationEngine.swift
/host/spi-builder-workspace/Sources/ConsentBus/Core/ConsentBus.swift:2:8: error: no such module 'CryptoKit'
  1 | import Foundation
  2 | import CryptoKit
    |        `- error: no such module 'CryptoKit'
  3 |
  4 | /// The central consent broker: a process-resident singleton that serializes
[13/19] Compiling ConsentBus AuditLedgerPersistence.swift
/host/spi-builder-workspace/Sources/ConsentBus/Core/ConsentBus.swift:2:8: error: no such module 'CryptoKit'
  1 | import Foundation
  2 | import CryptoKit
    |        `- error: no such module 'CryptoKit'
  3 |
  4 | /// The central consent broker: a process-resident singleton that serializes
[14/19] Compiling ConsentBus ConsentEvent.swift
/host/spi-builder-workspace/Sources/ConsentBus/Core/ConsentBus.swift:2:8: error: no such module 'CryptoKit'
  1 | import Foundation
  2 | import CryptoKit
    |        `- error: no such module 'CryptoKit'
  3 |
  4 | /// The central consent broker: a process-resident singleton that serializes
[15/19] Compiling ConsentBus AuditLedger.swift
/host/spi-builder-workspace/Sources/ConsentBus/Core/ConsentBus.swift:2:8: error: no such module 'CryptoKit'
  1 | import Foundation
  2 | import CryptoKit
    |        `- error: no such module 'CryptoKit'
  3 |
  4 | /// The central consent broker: a process-resident singleton that serializes
Running build ...
bash -c docker run --pull=always --rm -v "checkouts-54344847-0":/host -w "$PWD" -e JAVA_HOME="/root/.sdkman/candidates/java/current" -e SPI_BUILD="1" -e SPI_PROCESSING="1" registry.gitlab.com/saguaro1/spi-images:wasm-6.1-latest swift build --swift-sdk wasm32-unknown-wasi 2>&1
wasm-6.1-latest: Pulling from saguaro1/spi-images
Digest: sha256:8209621f35c5a12749e7df75bbcb99eccb508d0196da99f6ac3bcf5f4827df31
Status: Image is up to date for registry.gitlab.com/saguaro1/spi-images:wasm-6.1-latest
[0/1] Planning build
Building for debugging...
[0/5] Write swift-version-24593BA9C3E375BF.txt
[2/16] Compiling ConsentBus AuditLedgerPersistence.swift
/host/spi-builder-workspace/Sources/ConsentBus/Core/ConsentBus.swift:2:8: error: no such module 'CryptoKit'
  1 | import Foundation
  2 | import CryptoKit
    |        `- error: no such module 'CryptoKit'
  3 |
  4 | /// The central consent broker: a process-resident singleton that serializes
[3/17] Compiling ConsentBus AuditLedger.swift
/host/spi-builder-workspace/Sources/ConsentBus/Core/ConsentBus.swift:2:8: error: no such module 'CryptoKit'
  1 | import Foundation
  2 | import CryptoKit
    |        `- error: no such module 'CryptoKit'
  3 |
  4 | /// The central consent broker: a process-resident singleton that serializes
[4/17] Compiling ConsentBus ConsentState.swift
/host/spi-builder-workspace/Sources/ConsentBus/Core/ConsentBus.swift:2:8: error: no such module 'CryptoKit'
  1 | import Foundation
  2 | import CryptoKit
    |        `- error: no such module 'CryptoKit'
  3 |
  4 | /// The central consent broker: a process-resident singleton that serializes
error: emit-module command failed with exit code 1 (use -v to see invocation)
[5/17] Emitting module ConsentBus
/host/spi-builder-workspace/Sources/ConsentBus/Core/ConsentBus.swift:2:8: error: no such module 'CryptoKit'
  1 | import Foundation
  2 | import CryptoKit
    |        `- error: no such module 'CryptoKit'
  3 |
  4 | /// The central consent broker: a process-resident singleton that serializes
[6/17] Compiling ConsentBus AppsFlyerAdapter.swift
/host/spi-builder-workspace/Sources/ConsentBus/Core/ConsentBus.swift:2:8: error: no such module 'CryptoKit'
  1 | import Foundation
  2 | import CryptoKit
    |        `- error: no such module 'CryptoKit'
  3 |
  4 | /// The central consent broker: a process-resident singleton that serializes
[7/17] Compiling ConsentBus ConsentAdapter.swift
/host/spi-builder-workspace/Sources/ConsentBus/Core/ConsentBus.swift:2:8: error: no such module 'CryptoKit'
  1 | import Foundation
  2 | import CryptoKit
    |        `- error: no such module 'CryptoKit'
  3 |
  4 | /// The central consent broker: a process-resident singleton that serializes
[8/17] Compiling ConsentBus FirebaseConsentAdapterExample.swift
/host/spi-builder-workspace/Sources/ConsentBus/Core/ConsentBus.swift:2:8: error: no such module 'CryptoKit'
  1 | import Foundation
  2 | import CryptoKit
    |        `- error: no such module 'CryptoKit'
  3 |
  4 | /// The central consent broker: a process-resident singleton that serializes
[9/17] Compiling ConsentBus MetaAudienceNetworkAdapter.swift
/host/spi-builder-workspace/Sources/ConsentBus/Core/ConsentBus.swift:2:8: error: no such module 'CryptoKit'
  1 | import Foundation
  2 | import CryptoKit
    |        `- error: no such module 'CryptoKit'
  3 |
  4 | /// The central consent broker: a process-resident singleton that serializes
[10/17] Compiling ConsentBus MixpanelAdapter.swift
/host/spi-builder-workspace/Sources/ConsentBus/Core/ConsentBus.swift:2:8: error: no such module 'CryptoKit'
  1 | import Foundation
  2 | import CryptoKit
    |        `- error: no such module 'CryptoKit'
  3 |
  4 | /// The central consent broker: a process-resident singleton that serializes
[11/17] Compiling ConsentBus ConsentBus.swift
/host/spi-builder-workspace/Sources/ConsentBus/Core/ConsentBus.swift:2:8: error: no such module 'CryptoKit'
  1 | import Foundation
  2 | import CryptoKit
    |        `- error: no such module 'CryptoKit'
  3 |
  4 | /// The central consent broker: a process-resident singleton that serializes
[12/17] Compiling ConsentBus ConsentEvent.swift
/host/spi-builder-workspace/Sources/ConsentBus/Core/ConsentBus.swift:2:8: error: no such module 'CryptoKit'
  1 | import Foundation
  2 | import CryptoKit
    |        `- error: no such module 'CryptoKit'
  3 |
  4 | /// The central consent broker: a process-resident singleton that serializes
[13/17] Compiling ConsentBus ComplianceAttestationEngine.swift
/host/spi-builder-workspace/Sources/ConsentBus/Core/ConsentBus.swift:2:8: error: no such module 'CryptoKit'
  1 | import Foundation
  2 | import CryptoKit
    |        `- error: no such module 'CryptoKit'
  3 |
  4 | /// The central consent broker: a process-resident singleton that serializes
BUILD FAILURE 6.1 wasm