Build Information
Failed to build VecturaKit, reference 6.3.0 (8f19de), with Swift 6.2 for Wasm on 12 Aug 2026 21:31:23 UTC.
Build Command
bash -c docker run --pull=always --rm -v "checkouts-54344847-0":/host -w "$PWD" -e JAVA_HOME="/root/.sdkman/candidates/java/current" -e SPI_BUILD="1" -e SPI_PROCESSING="1" registry.gitlab.com/saguaro1/spi-images:wasm-6.2-latest swift build --swift-sdk swift-6.2-RELEASE_wasm 2>&1Build Log
========================================
RunAll
========================================
Builder version: 5.0.1
Interrupt handler set up.
========================================
Checkout
========================================
Clone URL: https://github.com/rryam/VecturaKit.git
Reference: 6.3.0
Initialized empty Git repository in /host/spi-builder-workspace/.git/
hint: Using 'master' as the name for the initial branch. This default branch name
hint: is subject to change. To configure the initial branch name to use in all
hint: of your new repositories, which will suppress this warning, call:
hint:
hint: git config --global init.defaultBranch <name>
hint:
hint: Names commonly chosen instead of 'master' are 'main', 'trunk' and
hint: 'development'. The just-created branch can be renamed via this command:
hint:
hint: git branch -m <name>
From https://github.com/rryam/VecturaKit
* tag 6.3.0 -> FETCH_HEAD
HEAD is now at 8f19de3 Merge pull request #86 from rryam/fix/search-correctness-and-index-coherence
Cloned https://github.com/rryam/VecturaKit.git
Revision (git rev-parse @):
8f19de3ed7a84f6159aa80d93cc8261bfaff38a9
SUCCESS checkout https://github.com/rryam/VecturaKit.git at 6.3.0
========================================
Build
========================================
Selected platform: wasm
Swift version: 6.2
Building package at path: $PWD
https://github.com/rryam/VecturaKit.git
Running build ...
bash -c docker run --pull=always --rm -v "checkouts-54344847-0":/host -w "$PWD" -e JAVA_HOME="/root/.sdkman/candidates/java/current" -e SPI_BUILD="1" -e SPI_PROCESSING="1" registry.gitlab.com/saguaro1/spi-images:wasm-6.2-latest swift build --swift-sdk swift-6.2-RELEASE_wasm 2>&1
wasm-6.2-latest: Pulling from saguaro1/spi-images
Digest: sha256:70428a4f4110aef5b17a27427e965f31cf3855e8cf1dfdc416ed61c780337965
Status: Image is up to date for registry.gitlab.com/saguaro1/spi-images:wasm-6.2-latest
Fetching https://github.com/apple/swift-argument-parser.git
[1/18284] Fetching swift-argument-parser
Fetched https://github.com/apple/swift-argument-parser.git from cache (0.74s)
Computing version for https://github.com/apple/swift-argument-parser.git
Computed https://github.com/apple/swift-argument-parser.git at 1.8.2 (0.89s)
Creating working copy for https://github.com/apple/swift-argument-parser.git
Working copy of https://github.com/apple/swift-argument-parser.git resolved at 1.8.2
[1/1] Compiling plugin GenerateManual
[2/2] Compiling plugin GenerateDoccReference
Building for debugging...
[2/33] Write sources
[12/33] Write swift-version-24593BA9C3E375BF.txt
error: emit-module command failed with exit code 1 (use -v to see invocation)
[14/54] Emitting module VecturaKit
/host/spi-builder-workspace/Sources/VecturaKit/Core/VecturaKit.swift:1:8: error: no such module 'Accelerate'
1 | import Accelerate
| `- error: no such module 'Accelerate'
2 | import Foundation
3 | import OSLog
[15/56] Compiling ArgumentParserToolInfo ToolInfo.swift
[16/56] Emitting module ArgumentParserToolInfo
[17/63] Wrapping AST for ArgumentParserToolInfo for debugging
[19/104] Compiling ArgumentParser Argument.swift
/host/spi-builder-workspace/Sources/VecturaKit/Core/VecturaKit.swift:1:8: error: no such module 'Accelerate'
1 | import Accelerate
| `- error: no such module 'Accelerate'
2 | import Foundation
3 | import OSLog
[20/104] Compiling ArgumentParser ArgumentDiscussion.swift
/host/spi-builder-workspace/Sources/VecturaKit/Core/VecturaKit.swift:1:8: error: no such module 'Accelerate'
1 | import Accelerate
| `- error: no such module 'Accelerate'
2 | import Foundation
3 | import OSLog
[21/104] Compiling ArgumentParser ArgumentVisibility.swift
/host/spi-builder-workspace/Sources/VecturaKit/Core/VecturaKit.swift:1:8: error: no such module 'Accelerate'
1 | import Accelerate
| `- error: no such module 'Accelerate'
2 | import Foundation
3 | import OSLog
[22/104] Compiling ArgumentParser CompletionKind.swift
/host/spi-builder-workspace/Sources/VecturaKit/Core/VecturaKit.swift:1:8: error: no such module 'Accelerate'
1 | import Accelerate
| `- error: no such module 'Accelerate'
2 | import Foundation
3 | import OSLog
[23/104] Compiling ArgumentParser Errors.swift
/host/spi-builder-workspace/Sources/VecturaKit/Core/VecturaKit.swift:1:8: error: no such module 'Accelerate'
1 | import Accelerate
| `- error: no such module 'Accelerate'
2 | import Foundation
3 | import OSLog
[24/104] Compiling ArgumentParser Flag.swift
/host/spi-builder-workspace/Sources/VecturaKit/Core/VecturaKit.swift:1:8: error: no such module 'Accelerate'
1 | import Accelerate
| `- error: no such module 'Accelerate'
2 | import Foundation
3 | import OSLog
[25/104] Compiling ArgumentParser NameSpecification.swift
/host/spi-builder-workspace/Sources/VecturaKit/Core/VecturaKit.swift:1:8: error: no such module 'Accelerate'
1 | import Accelerate
| `- error: no such module 'Accelerate'
2 | import Foundation
3 | import OSLog
[26/104] Compiling ArgumentParser Option.swift
/host/spi-builder-workspace/Sources/VecturaKit/Core/VecturaKit.swift:1:8: error: no such module 'Accelerate'
1 | import Accelerate
| `- error: no such module 'Accelerate'
2 | import Foundation
3 | import OSLog
[27/104] Compiling ArgumentParser CommandConfiguration.swift
/host/spi-builder-workspace/Sources/VecturaKit/Core/VecturaKit.swift:1:8: error: no such module 'Accelerate'
1 | import Accelerate
| `- error: no such module 'Accelerate'
2 | import Foundation
3 | import OSLog
[28/104] Compiling ArgumentParser CommandGroup.swift
/host/spi-builder-workspace/Sources/VecturaKit/Core/VecturaKit.swift:1:8: error: no such module 'Accelerate'
1 | import Accelerate
| `- error: no such module 'Accelerate'
2 | import Foundation
3 | import OSLog
[29/104] Compiling ArgumentParser OptionGroup.swift
/host/spi-builder-workspace/Sources/VecturaKit/Core/VecturaKit.swift:1:8: error: no such module 'Accelerate'
1 | import Accelerate
| `- error: no such module 'Accelerate'
2 | import Foundation
3 | import OSLog
[30/104] Compiling ArgumentParser ParentCommand.swift
/host/spi-builder-workspace/Sources/VecturaKit/Core/VecturaKit.swift:1:8: error: no such module 'Accelerate'
1 | import Accelerate
| `- error: no such module 'Accelerate'
2 | import Foundation
3 | import OSLog
[31/104] Compiling ArgumentParser AsyncParsableCommand.swift
/host/spi-builder-workspace/Sources/VecturaKit/Core/VecturaKit.swift:1:8: error: no such module 'Accelerate'
1 | import Accelerate
| `- error: no such module 'Accelerate'
2 | import Foundation
3 | import OSLog
[32/104] Compiling ArgumentParser BashCompletionsGenerator.swift
/host/spi-builder-workspace/Sources/VecturaKit/Core/VecturaKit.swift:1:8: error: no such module 'Accelerate'
1 | import Accelerate
| `- error: no such module 'Accelerate'
2 | import Foundation
3 | import OSLog
[33/104] Compiling ArgumentParser CompletionsGenerator.swift
/host/spi-builder-workspace/Sources/VecturaKit/Core/VecturaKit.swift:1:8: error: no such module 'Accelerate'
1 | import Accelerate
| `- error: no such module 'Accelerate'
2 | import Foundation
3 | import OSLog
[34/104] Compiling ArgumentParser FishCompletionsGenerator.swift
/host/spi-builder-workspace/Sources/VecturaKit/Core/VecturaKit.swift:1:8: error: no such module 'Accelerate'
1 | import Accelerate
| `- error: no such module 'Accelerate'
2 | import Foundation
3 | import OSLog
[35/104] Compiling ArgumentParser ZshCompletionsGenerator.swift
/host/spi-builder-workspace/Sources/VecturaKit/Core/VecturaKit.swift:1:8: error: no such module 'Accelerate'
1 | import Accelerate
| `- error: no such module 'Accelerate'
2 | import Foundation
3 | import OSLog
[36/104] Compiling ArgumentParser EnumerableFlag.swift
/host/spi-builder-workspace/Sources/VecturaKit/Core/VecturaKit.swift:1:8: error: no such module 'Accelerate'
1 | import Accelerate
| `- error: no such module 'Accelerate'
2 | import Foundation
3 | import OSLog
[37/104] Compiling ArgumentParser ExpressibleByArgument.swift
/host/spi-builder-workspace/Sources/VecturaKit/Core/VecturaKit.swift:1:8: error: no such module 'Accelerate'
1 | import Accelerate
| `- error: no such module 'Accelerate'
2 | import Foundation
3 | import OSLog
[38/104] Compiling ArgumentParser ParsableArguments.swift
/host/spi-builder-workspace/Sources/VecturaKit/Core/VecturaKit.swift:1:8: error: no such module 'Accelerate'
1 | import Accelerate
| `- error: no such module 'Accelerate'
2 | import Foundation
3 | import OSLog
BUILD FAILURE 6.2 wasm