Build Information
Failed to build Sparkle, reference 2.10.1 (ab7d71), with Swift 6.4 for watchOS using Xcode 27.0 on 28 Oct 2026 00:19:22 UTC.
Build Command
env DEVELOPER_DIR=/Applications/Xcode-27.0.0.app xcrun xcodebuild -IDEClonedSourcePackagesDirPathOverride=$PWD/.dependencies -skipMacroValidation -skipPackagePluginValidation -derivedDataPath $PWD/.derivedData build -scheme Sparkle -destination generic/platform=watchOSBuild Log
========================================
RunAll
========================================
Builder version: 5.1.3
Interrupt handler set up.
========================================
Checkout
========================================
Clone URL: https://github.com/sparkle-project/Sparkle.git
Reference: 2.10.1
Initialized empty Git repository in /Users/admin/builder/spi-builder-workspace/.git/
From https://github.com/sparkle-project/Sparkle
* tag 2.10.1 -> FETCH_HEAD
HEAD is now at ab7d712 Update Package management files for version 2.10.1
Cloned https://github.com/sparkle-project/Sparkle.git
Revision (git rev-parse @):
ab7d71291238df6e0492143b120c9b696a35f603
SUCCESS checkout https://github.com/sparkle-project/Sparkle.git at 2.10.1
========================================
Build
========================================
Selected platform: watchOS
Swift version: 6.4
Building package at path: $PWD
https://github.com/sparkle-project/Sparkle.git
Command line invocation:
/Applications/Xcode-27.0.0.app/Contents/Developer/usr/bin/xcodebuild -IDEClonedSourcePackagesDirPathOverride=/Users/admin/builder/spi-builder-workspace/.dependencies -resolvePackageDependencies
Resolve Package Graph
Fetching from https://github.com/apple/swift-argument-parser.git
Creating working copy of package ‘swift-argument-parser’
Checking out 0.4.4 of package ‘swift-argument-parser’
Resolved source packages:
swift-argument-parser: https://github.com/apple/swift-argument-parser.git @ 0.4.4
resolved source packages: swift-argument-parser
{
"dependencies" : [
],
"manifest_display_name" : "Sparkle",
"name" : "Sparkle",
"path" : "/Users/admin/builder/spi-builder-workspace",
"platforms" : [
{
"name" : "macos",
"version" : "12.0"
}
],
"products" : [
{
"name" : "Sparkle",
"targets" : [
"Sparkle"
],
"type" : {
"library" : [
"automatic"
]
}
}
],
"targets" : [
{
"c99name" : "Sparkle",
"module_type" : "BinaryTarget",
"name" : "Sparkle",
"path" : "remote/archive/Sparkle-for-Swift-Package-Manager.zip",
"product_memberships" : [
"Sparkle"
],
"sources" : [
],
"type" : "binary"
}
],
"tools_version" : "5.5"
}
{
"project" : {
"configurations" : [
"Debug",
"Coverage",
"Release"
],
"name" : "Sparkle",
"schemes" : [
"All",
"Autoupdate",
"BinaryDelta",
"bsdiff",
"Distribution",
"ed25519",
"generate_appcast",
"generate_keys",
"Installer Progress",
"sign_update",
"Sparkle",
"Sparkle Test App",
"sparkle-cli",
"SparkleDownloader",
"SparkleInstallerConnection",
"SparkleInstallerLauncher",
"SparkleInstallerStatus",
"TestAppHelper",
"UITests",
"XCFrameworks"
],
"targets" : [
"Sparkle",
"Autoupdate",
"SparkleInstallerLauncher",
"SparkleInstallerConnection",
"SparkleInstallerStatus",
"SparkleDownloader",
"Sparkle Test App",
"TestAppHelper",
"Sparkle Unit Tests",
"BinaryDelta",
"sparkle-cli",
"Installer Progress",
"Distribution",
"All",
"XCFrameworks",
"UI Tests",
"generate_appcast",
"generate_keys",
"sign_update",
"bsdiff",
"ed25519"
]
}
}
{
"workspace" : {
"name" : "Sparkle",
"schemes" : [
"Sparkle"
]
}
}
2026-10-27 20:19:16.281 xcodebuild[732:4676] [MT] IDERunDestination: Supported platforms for the buildables in the current scheme is empty.
Running build ...
env DEVELOPER_DIR=/Applications/Xcode-27.0.0.app xcrun xcodebuild -IDEClonedSourcePackagesDirPathOverride=$PWD/.dependencies -skipMacroValidation -skipPackagePluginValidation -derivedDataPath $PWD/.derivedData build -scheme Sparkle -destination generic/platform=watchOS
Command line invocation:
/Applications/Xcode-27.0.0.app/Contents/Developer/usr/bin/xcodebuild -IDEClonedSourcePackagesDirPathOverride=/Users/admin/builder/spi-builder-workspace/.dependencies -skipMacroValidation -skipPackagePluginValidation -derivedDataPath /Users/admin/builder/spi-builder-workspace/.derivedData build -scheme Sparkle -destination generic/platform=watchOS
Resolve Package Graph
Resolved source packages:
Sparkle: /Users/admin/builder/spi-builder-workspace
ComputePackagePrebuildTargetDependencyGraph
Prepare packages
CreateBuildRequest
SendProjectDescription
CreateBuildOperation
ComputeTargetDependencyGraph
note: Building targets in dependency order
note: Target dependency graph (1 target)
Target 'Sparkle-product' in project 'Sparkle' (no dependencies)
GatherProvisioningInputs
CreateBuildDescription
ExecuteExternalTool /Applications/Xcode-27.0.0.app/Contents/Developer/Toolchains/XcodeDefault.xctoolchain/usr/bin/clang -v -E -dM -isysroot /Applications/Xcode-27.0.0.app/Contents/Developer/Platforms/WatchOS.platform/Developer/SDKs/WatchOS27.0.sdk -x c -c /dev/null
Build description signature: 18325803821e0c60ed9ec70cfbaac057
Build description path: /Users/admin/builder/spi-builder-workspace/.derivedData/Build/Intermediates.noindex/XCBuildData/18325803821e0c60ed9ec70cfbaac057.xcbuilddata
/Users/admin/builder/spi-builder-workspace/.dependencies/artifacts/spi-builder-workspace/Sparkle/Sparkle.xcframework:1:1: error: While building for watchOS, no library for this platform was found in '/Users/admin/builder/spi-builder-workspace/.dependencies/artifacts/spi-builder-workspace/Sparkle/Sparkle.xcframework'. (in target 'Sparkle-product' from project 'Sparkle')
2026-10-27 20:19:17.924 xcodebuild[753:4776] [MT] IDERunDestination: Supported platforms for the buildables in the current scheme is empty.
** BUILD FAILED **
The following build commands failed:
Building workspace Sparkle with scheme Sparkle
(1 failure)
Command line invocation:
/Applications/Xcode-27.0.0.app/Contents/Developer/usr/bin/xcodebuild -IDEClonedSourcePackagesDirPathOverride=/Users/admin/builder/spi-builder-workspace/.dependencies -resolvePackageDependencies
Resolve Package Graph
Resolved source packages:
Sparkle: /Users/admin/builder/spi-builder-workspace
resolved source packages: Sparkle
2026-10-27 20:19:19.575 xcodebuild[765:4863] [MT] IDERunDestination: Supported platforms for the buildables in the current scheme is empty.
{
"dependencies" : [
],
"manifest_display_name" : "Sparkle",
"name" : "Sparkle",
"path" : "/Users/admin/builder/spi-builder-workspace",
"platforms" : [
{
"name" : "macos",
"version" : "12.0"
}
],
"products" : [
{
"name" : "Sparkle",
"targets" : [
"Sparkle"
],
"type" : {
"library" : [
"automatic"
]
}
}
],
"targets" : [
{
"c99name" : "Sparkle",
"module_type" : "BinaryTarget",
"name" : "Sparkle",
"path" : "remote/archive/Sparkle-for-Swift-Package-Manager.zip",
"product_memberships" : [
"Sparkle"
],
"sources" : [
],
"type" : "binary"
}
],
"tools_version" : "5.5"
}
{
"workspace" : {
"name" : "Sparkle",
"schemes" : [
"Sparkle"
]
}
}
2026-10-27 20:19:20.823 xcodebuild[773:4920] [MT] IDERunDestination: Supported platforms for the buildables in the current scheme is empty.
Running build ...
env DEVELOPER_DIR=/Applications/Xcode-27.0.0.app xcrun xcodebuild -IDEClonedSourcePackagesDirPathOverride=$PWD/.dependencies -skipMacroValidation -skipPackagePluginValidation -derivedDataPath $PWD/.derivedData build -scheme Sparkle -destination generic/platform=watchOS
Command line invocation:
/Applications/Xcode-27.0.0.app/Contents/Developer/usr/bin/xcodebuild -IDEClonedSourcePackagesDirPathOverride=/Users/admin/builder/spi-builder-workspace/.dependencies -skipMacroValidation -skipPackagePluginValidation -derivedDataPath /Users/admin/builder/spi-builder-workspace/.derivedData build -scheme Sparkle -destination generic/platform=watchOS
Resolve Package Graph
Resolved source packages:
Sparkle: /Users/admin/builder/spi-builder-workspace
ComputePackagePrebuildTargetDependencyGraph
Prepare packages
CreateBuildRequest
SendProjectDescription
CreateBuildOperation
ComputeTargetDependencyGraph
note: Building targets in dependency order
note: Target dependency graph (1 target)
Target 'Sparkle-product' in project 'Sparkle' (no dependencies)
GatherProvisioningInputs
CreateBuildDescription
/Users/admin/builder/spi-builder-workspace/.dependencies/artifacts/spi-builder-workspace/Sparkle/Sparkle.xcframework:1:1: error: While building for watchOS, no library for this platform was found in '/Users/admin/builder/spi-builder-workspace/.dependencies/artifacts/spi-builder-workspace/Sparkle/Sparkle.xcframework'. (in target 'Sparkle-product' from project 'Sparkle')
2026-10-27 20:19:21.787 xcodebuild[774:4944] [MT] IDERunDestination: Supported platforms for the buildables in the current scheme is empty.
** BUILD FAILED **
The following build commands failed:
Building workspace Sparkle with scheme Sparkle
(1 failure)
BUILD FAILURE 6.4 watchOS