The Swift Package Index logo.Swift Package Index

Build Information

Failed to build Lift, reference master (783204), with Swift 6.4 for watchOS using Xcode 27.0 on 18 Sep 2026 17:15:04 UTC.

Build Command

env DEVELOPER_DIR=/Applications/Xcode-27.0.0-Release.Candidate.app xcrun xcodebuild -IDEClonedSourcePackagesDirPathOverride=$PWD/.dependencies -skipMacroValidation -skipPackagePluginValidation -derivedDataPath $PWD/.derivedData build -scheme Lift -destination generic/platform=watchOS

Build Log

========================================
RunAll
========================================
Builder version: 5.1.0
Interrupt handler set up.
========================================
Checkout
========================================
Clone URL: https://github.com/iZettle/Lift.git
Reference: master
Initialized empty Git repository in /Users/admin/builder/spi-builder-workspace/.git/
From https://github.com/iZettle/Lift
 * branch            master     -> FETCH_HEAD
 * [new branch]      master     -> origin/master
HEAD is now at 7832047 Merge pull request #43 from iZettle/bump-xcode-versions
Cloned https://github.com/iZettle/Lift.git
Revision (git rev-parse @):
7832047b61eb53b40f7dad003bdc331ec98f2523
SUCCESS checkout https://github.com/iZettle/Lift.git at master
========================================
Build
========================================
Selected platform:         watchOS
Swift version:             6.4
Building package at path:  $PWD
https://github.com/iZettle/Lift.git
Command line invocation:
    /Applications/Xcode-27.0.0-Release.Candidate.app/Contents/Developer/usr/bin/xcodebuild -IDEClonedSourcePackagesDirPathOverride=/Users/admin/builder/spi-builder-workspace/.dependencies -resolvePackageDependencies
resolved source packages:
{
  "dependencies" : [
  ],
  "manifest_display_name" : "Lift",
  "name" : "Lift",
  "path" : "/Users/admin/builder/spi-builder-workspace",
  "platforms" : [
  ],
  "products" : [
    {
      "name" : "Lift",
      "targets" : [
        "Lift"
      ],
      "type" : {
        "library" : [
          "automatic"
        ]
      }
    }
  ],
  "targets" : [
    {
      "c99name" : "LiftTests",
      "module_type" : "SwiftTarget",
      "name" : "LiftTests",
      "path" : "Tests/LiftTests",
      "sources" : [
        "IntegerTests.swift",
        "JarTests.swift"
      ],
      "target_dependencies" : [
        "Lift"
      ],
      "type" : "test"
    },
    {
      "c99name" : "Lift",
      "module_type" : "SwiftTarget",
      "name" : "Lift",
      "path" : "Lift",
      "product_memberships" : [
        "Lift"
      ],
      "sources" : [
        "Jar+Additions.swift",
        "Jar+Array.swift",
        "Jar+Context.swift",
        "Jar+Dictionary.swift",
        "Jar+Expressible.swift",
        "Jar+Object.swift",
        "Jar.swift",
        "JarElement+Primitives.swift",
        "JarElement.swift",
        "LiftError.swift",
        "ValueForKey.swift"
      ],
      "type" : "library"
    }
  ],
  "tools_version" : "5.3"
}
{
  "project" : {
    "configurations" : [
      "Debug",
      "Release"
    ],
    "name" : "Lift",
    "schemes" : [
      "Lift"
    ],
    "targets" : [
      "Lift",
      "Tests"
    ]
  }
}
Running build ...
env DEVELOPER_DIR=/Applications/Xcode-27.0.0-Release.Candidate.app xcrun xcodebuild -IDEClonedSourcePackagesDirPathOverride=$PWD/.dependencies -skipMacroValidation -skipPackagePluginValidation -derivedDataPath $PWD/.derivedData build -scheme Lift -destination generic/platform=watchOS
Command line invocation:
    /Applications/Xcode-27.0.0-Release.Candidate.app/Contents/Developer/usr/bin/xcodebuild -IDEClonedSourcePackagesDirPathOverride=/Users/admin/builder/spi-builder-workspace/.dependencies -skipMacroValidation -skipPackagePluginValidation -derivedDataPath /Users/admin/builder/spi-builder-workspace/.derivedData build -scheme Lift -destination generic/platform=watchOS
ComputePackagePrebuildTargetDependencyGraph
Prepare packages
CreateBuildRequest
SendProjectDescription
CreateBuildOperation
ComputeTargetDependencyGraph
note: Building targets in dependency order
note: Target dependency graph (1 target)
    Target 'Lift' in project 'Lift' (no dependencies)
GatherProvisioningInputs
CreateBuildDescription
ExecuteExternalTool /Applications/Xcode-27.0.0-Release.Candidate.app/Contents/Developer/Toolchains/XcodeDefault.xctoolchain/usr/bin/clang -v -E -dM -isysroot /Applications/Xcode-27.0.0-Release.Candidate.app/Contents/Developer/Platforms/WatchOS.platform/Developer/SDKs/WatchOS27.0.sdk -x c -c /dev/null
ExecuteExternalTool /Applications/Xcode-27.0.0-Release.Candidate.app/Contents/Developer/Toolchains/XcodeDefault.xctoolchain/usr/bin/clang -v -E -dM -arch arm64 -isysroot /Applications/Xcode-27.0.0-Release.Candidate.app/Contents/Developer/Platforms/WatchOS.platform/Developer/SDKs/WatchOS27.0.sdk -x c -c /dev/null
ExecuteExternalTool /Applications/Xcode-27.0.0-Release.Candidate.app/Contents/Developer/Toolchains/XcodeDefault.xctoolchain/usr/bin/swiftc --version
ExecuteExternalTool /Applications/Xcode-27.0.0-Release.Candidate.app/Contents/Developer/Toolchains/XcodeDefault.xctoolchain/usr/bin/ld -version_details
ExecuteExternalTool /Applications/Xcode-27.0.0-Release.Candidate.app/Contents/Developer/Toolchains/XcodeDefault.xctoolchain/usr/bin/clang -v -E -dM -arch arm64_32 -isysroot /Applications/Xcode-27.0.0-Release.Candidate.app/Contents/Developer/Platforms/WatchOS.platform/Developer/SDKs/WatchOS27.0.sdk -x c -c /dev/null
Build description signature: b8d0c2ce76efe9b447c0dcdb13c770f0
Build description path: /Users/admin/builder/spi-builder-workspace/.derivedData/Build/Intermediates.noindex/XCBuildData/b8d0c2ce76efe9b447c0dcdb13c770f0.xcbuilddata
/Users/admin/builder/spi-builder-workspace/Lift.xcodeproj: error: The watchOS deployment target 'WATCHOS_DEPLOYMENT_TARGET' is set to 2.0, but the range of supported deployment target versions is 9.0 to 27.0.x. (in target 'Lift' from project 'Lift')
error: The armv7k architecture is deprecated. You should update your ARCHS build setting to remove the armv7k architecture. (in target 'Lift' from project 'Lift')
** BUILD FAILED **
The following build commands failed:
	Building project Lift with scheme Lift
(1 failure)
Command line invocation:
    /Applications/Xcode-27.0.0-Release.Candidate.app/Contents/Developer/usr/bin/xcodebuild -IDEClonedSourcePackagesDirPathOverride=/Users/admin/builder/spi-builder-workspace/.dependencies -resolvePackageDependencies
resolved source packages:
{
  "dependencies" : [
  ],
  "manifest_display_name" : "Lift",
  "name" : "Lift",
  "path" : "/Users/admin/builder/spi-builder-workspace",
  "platforms" : [
  ],
  "products" : [
    {
      "name" : "Lift",
      "targets" : [
        "Lift"
      ],
      "type" : {
        "library" : [
          "automatic"
        ]
      }
    }
  ],
  "targets" : [
    {
      "c99name" : "LiftTests",
      "module_type" : "SwiftTarget",
      "name" : "LiftTests",
      "path" : "Tests/LiftTests",
      "sources" : [
        "IntegerTests.swift",
        "JarTests.swift"
      ],
      "target_dependencies" : [
        "Lift"
      ],
      "type" : "test"
    },
    {
      "c99name" : "Lift",
      "module_type" : "SwiftTarget",
      "name" : "Lift",
      "path" : "Lift",
      "product_memberships" : [
        "Lift"
      ],
      "sources" : [
        "Jar+Additions.swift",
        "Jar+Array.swift",
        "Jar+Context.swift",
        "Jar+Dictionary.swift",
        "Jar+Expressible.swift",
        "Jar+Object.swift",
        "Jar.swift",
        "JarElement+Primitives.swift",
        "JarElement.swift",
        "LiftError.swift",
        "ValueForKey.swift"
      ],
      "type" : "library"
    }
  ],
  "tools_version" : "5.3"
}
{
  "project" : {
    "configurations" : [
      "Debug",
      "Release"
    ],
    "name" : "Lift",
    "schemes" : [
      "Lift"
    ],
    "targets" : [
      "Lift",
      "Tests"
    ]
  }
}
Running build ...
env DEVELOPER_DIR=/Applications/Xcode-27.0.0-Release.Candidate.app xcrun xcodebuild -IDEClonedSourcePackagesDirPathOverride=$PWD/.dependencies -skipMacroValidation -skipPackagePluginValidation -derivedDataPath $PWD/.derivedData build -scheme Lift -destination generic/platform=watchOS
Command line invocation:
    /Applications/Xcode-27.0.0-Release.Candidate.app/Contents/Developer/usr/bin/xcodebuild -IDEClonedSourcePackagesDirPathOverride=/Users/admin/builder/spi-builder-workspace/.dependencies -skipMacroValidation -skipPackagePluginValidation -derivedDataPath /Users/admin/builder/spi-builder-workspace/.derivedData build -scheme Lift -destination generic/platform=watchOS
ComputePackagePrebuildTargetDependencyGraph
Prepare packages
CreateBuildRequest
SendProjectDescription
CreateBuildOperation
ComputeTargetDependencyGraph
note: Building targets in dependency order
note: Target dependency graph (1 target)
    Target 'Lift' in project 'Lift' (no dependencies)
GatherProvisioningInputs
CreateBuildDescription
error: The armv7k architecture is deprecated. You should update your ARCHS build setting to remove the armv7k architecture. (in target 'Lift' from project 'Lift')
/Users/admin/builder/spi-builder-workspace/Lift.xcodeproj: error: The watchOS deployment target 'WATCHOS_DEPLOYMENT_TARGET' is set to 2.0, but the range of supported deployment target versions is 9.0 to 27.0.x. (in target 'Lift' from project 'Lift')
** BUILD FAILED **
The following build commands failed:
	Building project Lift with scheme Lift
(1 failure)
BUILD FAILURE 6.4 watchOS