The Swift Package Index logo.Swift Package Index

Build Information

Failed to build SixZeroSevenAuth, reference main (04f048), with Swift 6.4 for watchOS using Xcode 27.0 on 21 Sep 2026 01:47:51 UTC.

Build Command

No build command. This typically means the build failed at an early stage where we determine the build command.

Build Log

========================================
RunAll
========================================
Builder version: 5.1.0
Interrupt handler set up.
========================================
Checkout
========================================
Clone URL: https://github.com/assad62/SZSAuthentication.git
Reference: main
Initialized empty Git repository in /Users/admin/builder/spi-builder-workspace/.git/
From https://github.com/assad62/SZSAuthentication
 * branch            main       -> FETCH_HEAD
 * [new branch]      main       -> origin/main
HEAD is now at 04f048e Added deprecation notice to readme
Cloned https://github.com/assad62/SZSAuthentication.git
Revision (git rev-parse @):
04f048effd76b5d067c779810bd6b3a37c3fedb9
SUCCESS checkout https://github.com/assad62/SZSAuthentication.git at main
========================================
Build
========================================
Selected platform:         watchOS
Swift version:             6.4
Building package at path:  $PWD
https://github.com/assad62/SZSAuthentication.git
Command line invocation:
    /Applications/Xcode-27.0.0-Release.Candidate.app/Contents/Developer/usr/bin/xcodebuild -IDEClonedSourcePackagesDirPathOverride=/Users/admin/builder/spi-builder-workspace/.dependencies -resolvePackageDependencies
Resolve Package Graph
Fetching from https://github.com/supabase-community/supabase-swift.git
Fetching from https://github.com/firebase/firebase-ios-sdk.git
Fetching from https://github.com/supabase-community/postgrest-swift
Fetching from https://github.com/supabase-community/realtime-swift.git
Fetching from https://github.com/supabase-community/functions-swift
Fetching from https://github.com/supabase-community/gotrue-swift
Fetching from https://github.com/supabase-community/storage-swift.git
Fetching from https://github.com/kean/Get
Fetching from https://github.com/binaryscraping/GetExtensions
Fetching from https://github.com/kishikawakatsumi/KeychainAccess
Fetching from https://github.com/kean/URLQueryEncoder
Fetching from https://github.com/google/GoogleUtilities.git
Fetching from https://github.com/google/app-check.git
Fetching from https://github.com/google/interop-ios-for-google-sdks.git
Fetching from https://github.com/firebase/leveldb.git
Fetching from https://github.com/google/grpc-binary.git
Fetching from https://github.com/google/gtm-session-fetcher.git
Fetching from https://github.com/google/GoogleDataTransport.git
Fetching from https://github.com/google/abseil-cpp-binary.git
Fetching from https://github.com/apple/swift-protobuf.git
Fetching from https://github.com/google/GoogleAppMeasurement.git
Fetching from https://github.com/firebase/nanopb.git
Fetching from https://github.com/google/promises.git
Creating working copy of package ‘supabase-swift’
Checking out 0.3.0 of package ‘supabase-swift’
Creating working copy of package ‘promises’
Checking out 2.4.1 of package ‘promises’
Creating working copy of package ‘gotrue-swift’
Checking out 1.3.0 of package ‘gotrue-swift’
Creating working copy of package ‘leveldb’
Checking out 1.22.5 of package ‘leveldb’
Creating working copy of package ‘GoogleUtilities’
Checking out 7.13.3 of package ‘GoogleUtilities’
Creating working copy of package ‘functions-swift’
Checking out 1.1.1 of package ‘functions-swift’
Creating working copy of package ‘gtm-session-fetcher’
Checking out 3.5.0 of package ‘gtm-session-fetcher’
Creating working copy of package ‘GoogleDataTransport’
Checking out 9.4.0 of package ‘GoogleDataTransport’
Creating working copy of package ‘GoogleAppMeasurement’
Checking out 10.28.0 of package ‘GoogleAppMeasurement’
Creating working copy of package ‘interop-ios-for-google-sdks’
Checking out 100.0.0 of package ‘interop-ios-for-google-sdks’
Creating working copy of package ‘storage-swift’
Checking out 0.1.4 of package ‘storage-swift’
Creating working copy of package ‘swift-protobuf’
Checking out 1.38.1 of package ‘swift-protobuf’
Creating working copy of package ‘realtime-swift’
Checking out 0.0.2 of package ‘realtime-swift’
Creating working copy of package ‘URLQueryEncoder’
Checking out 0.2.1 of package ‘URLQueryEncoder’
Creating working copy of package ‘grpc-binary’
Checking out 1.62.2 of package ‘grpc-binary’
Creating working copy of package ‘Get’
Checking out 2.2.1 of package ‘Get’
Creating working copy of package ‘app-check’
Checking out 10.19.2 of package ‘app-check’
Creating working copy of package ‘postgrest-swift’
Checking out 1.0.3 of package ‘postgrest-swift’
Creating working copy of package ‘firebase-ios-sdk’
Checking out 10.29.0 of package ‘firebase-ios-sdk’
Creating working copy of package ‘GetExtensions’
Checking out 1.0.0 of package ‘GetExtensions’
Creating working copy of package ‘KeychainAccess’
Checking out 4.2.2 of package ‘KeychainAccess’
Creating working copy of package ‘abseil-cpp-binary’
Checking out 1.2024011602.0 of package ‘abseil-cpp-binary’
Creating working copy of package ‘nanopb’
Checking out 2.30910.1 of package ‘nanopb’
target 'SixZeroSevenAuthTests' has overlapping sources: /Users/admin/builder/spi-builder-workspace/Sources/607Auth/Firebase/FirebaseAuthentication.swift, /Users/admin/builder/spi-builder-workspace/Sources/607Auth/Supabase/SupabaseAuthentication.swift, /Users/admin/builder/spi-builder-workspace/Sources/607Auth/RestApi/RestAPIConfig.swift, /Users/admin/builder/spi-builder-workspace/Sources/607Auth/RestApi/RestAPIAuthentication.swift, /Users/admin/builder/spi-builder-workspace/Sources/607Auth/Supabase/SupabaseConfig.swift, /Users/admin/builder/spi-builder-workspace/Sources/607Auth/SZSAuthManager.swift, /Users/admin/builder/spi-builder-workspace/Sources/607Auth/Model/SZSUser.swift, /Users/admin/builder/spi-builder-workspace/Sources/607Auth/Firebase/FirebaseConfig.swiftResolve Package Graph
target 'SixZeroSevenAuthTests' has overlapping sources: /Users/admin/builder/spi-builder-workspace/Sources/607Auth/Model/SZSUser.swift, /Users/admin/builder/spi-builder-workspace/Sources/607Auth/RestApi/RestAPIConfig.swift, /Users/admin/builder/spi-builder-workspace/Sources/607Auth/SZSAuthManager.swift, /Users/admin/builder/spi-builder-workspace/Sources/607Auth/Supabase/SupabaseConfig.swift, /Users/admin/builder/spi-builder-workspace/Sources/607Auth/Firebase/FirebaseConfig.swift, /Users/admin/builder/spi-builder-workspace/Sources/607Auth/Firebase/FirebaseAuthentication.swift, /Users/admin/builder/spi-builder-workspace/Sources/607Auth/RestApi/RestAPIAuthentication.swift, /Users/admin/builder/spi-builder-workspace/Sources/607Auth/Supabase/SupabaseAuthentication.swift
Resolved source packages:
  spi-builder-workspace: (null)
2026-09-20 21:47:49.108 xcodebuild[525:3021] Writing error result bundle to /var/folders/xq/y_g06wb113726d38xsyx71_h0000gn/T/ResultBundle_2026-20-09_21-47-0049.xcresult
xcodebuild: error: Could not resolve package dependencies:
  target 'SixZeroSevenAuthTests' has overlapping sources: /Users/admin/builder/spi-builder-workspace/Sources/607Auth/Model/SZSUser.swift, /Users/admin/builder/spi-builder-workspace/Sources/607Auth/RestApi/RestAPIConfig.swift, /Users/admin/builder/spi-builder-workspace/Sources/607Auth/SZSAuthManager.swift, /Users/admin/builder/spi-builder-workspace/Sources/607Auth/Supabase/SupabaseConfig.swift, /Users/admin/builder/spi-builder-workspace/Sources/607Auth/Firebase/FirebaseConfig.swift, /Users/admin/builder/spi-builder-workspace/Sources/607Auth/Firebase/FirebaseAuthentication.swift, /Users/admin/builder/spi-builder-workspace/Sources/607Auth/RestApi/RestAPIAuthentication.swift, /Users/admin/builder/spi-builder-workspace/Sources/607Auth/Supabase/SupabaseAuthentication.swift
Command line invocation:
    /Applications/Xcode-27.0.0-Release.Candidate.app/Contents/Developer/usr/bin/xcodebuild -IDEClonedSourcePackagesDirPathOverride=/Users/admin/builder/spi-builder-workspace/.dependencies -resolvePackageDependencies
Resolve Package Graph
target 'SixZeroSevenAuthTests' has overlapping sources: /Users/admin/builder/spi-builder-workspace/Sources/607Auth/SZSAuthManager.swift, /Users/admin/builder/spi-builder-workspace/Sources/607Auth/Model/SZSUser.swift, /Users/admin/builder/spi-builder-workspace/Sources/607Auth/Supabase/SupabaseAuthentication.swift, /Users/admin/builder/spi-builder-workspace/Sources/607Auth/Firebase/FirebaseConfig.swift, /Users/admin/builder/spi-builder-workspace/Sources/607Auth/Firebase/FirebaseAuthentication.swift, /Users/admin/builder/spi-builder-workspace/Sources/607Auth/RestApi/RestAPIAuthentication.swift, /Users/admin/builder/spi-builder-workspace/Sources/607Auth/Supabase/SupabaseConfig.swift, /Users/admin/builder/spi-builder-workspace/Sources/607Auth/RestApi/RestAPIConfig.swift
Resolved source packages:
  spi-builder-workspace: (null)
2026-09-20 21:47:51.267 xcodebuild[1580:7764] Writing error result bundle to /var/folders/xq/y_g06wb113726d38xsyx71_h0000gn/T/ResultBundle_2026-20-09_21-47-0051.xcresult
xcodebuild: error: Could not resolve package dependencies:
  target 'SixZeroSevenAuthTests' has overlapping sources: /Users/admin/builder/spi-builder-workspace/Sources/607Auth/SZSAuthManager.swift, /Users/admin/builder/spi-builder-workspace/Sources/607Auth/Model/SZSUser.swift, /Users/admin/builder/spi-builder-workspace/Sources/607Auth/Supabase/SupabaseAuthentication.swift, /Users/admin/builder/spi-builder-workspace/Sources/607Auth/Firebase/FirebaseConfig.swift, /Users/admin/builder/spi-builder-workspace/Sources/607Auth/Firebase/FirebaseAuthentication.swift, /Users/admin/builder/spi-builder-workspace/Sources/607Auth/RestApi/RestAPIAuthentication.swift, /Users/admin/builder/spi-builder-workspace/Sources/607Auth/Supabase/SupabaseConfig.swift, /Users/admin/builder/spi-builder-workspace/Sources/607Auth/RestApi/RestAPIConfig.swift
BUILD FAILURE 6.4 watchOS