The Swift Package Index logo.Swift Package Index

Build Information

Failed to build YubiKit, reference v1.4.0 (e19212), with Swift 6.1 for watchOS using Xcode 16.3 on 30 Sep 2026 05:56:54 UTC.

Build Command

env DEVELOPER_DIR=/Applications/Xcode-16.3.0.app xcrun xcodebuild -IDEClonedSourcePackagesDirPathOverride=$PWD/.dependencies -skipMacroValidation -skipPackagePluginValidation -derivedDataPath $PWD/.derivedData build -scheme YubiKit-Package -destination generic/platform=watchOS

Build Log

    cd /Users/admin/builder/spi-builder-workspace/.swiftpm/xcode

SwiftCompile normal arm64 /Users/admin/builder/spi-builder-workspace/YubiKit/YubiKit/FIDO/WebAuthn/Client/Shared/CTAP2Backend+Extensions.swift (in target 'YubiKit' from project 'YubiKit')
    cd /Users/admin/builder/spi-builder-workspace/.swiftpm/xcode

SwiftCompile normal arm64 /Users/admin/builder/spi-builder-workspace/YubiKit/YubiKit/FIDO/WebAuthn/Client/Shared/CTAP2Backend+UserVerification.swift (in target 'YubiKit' from project 'YubiKit')
    cd /Users/admin/builder/spi-builder-workspace/.swiftpm/xcode

SwiftCompile normal arm64 /Users/admin/builder/spi-builder-workspace/YubiKit/YubiKit/FIDO/WebAuthn/Client/Shared/Client+Validation.swift (in target 'YubiKit' from project 'YubiKit')
    cd /Users/admin/builder/spi-builder-workspace/.swiftpm/xcode

SwiftCompile normal arm64 /Users/admin/builder/spi-builder-workspace/YubiKit/YubiKit/FIDO/WebAuthn/Extensions/ExtensionInputs.swift (in target 'YubiKit' from project 'YubiKit')
    cd /Users/admin/builder/spi-builder-workspace/.swiftpm/xcode

SwiftCompile normal arm64 /Users/admin/builder/spi-builder-workspace/YubiKit/YubiKit/FIDO/WebAuthn/Extensions/ExtensionOutputs.swift (in target 'YubiKit' from project 'YubiKit')
    cd /Users/admin/builder/spi-builder-workspace/.swiftpm/xcode

SwiftCompile normal arm64 /Users/admin/builder/spi-builder-workspace/YubiKit/YubiKit/FIDO/WebAuthn/Extensions/Extensions+JSON.swift (in target 'YubiKit' from project 'YubiKit')
    cd /Users/admin/builder/spi-builder-workspace/.swiftpm/xcode

SwiftCompile normal arm64 /Users/admin/builder/spi-builder-workspace/YubiKit/YubiKit/FIDO/WebAuthn/Extensions/WebAuthnCredBlob.swift (in target 'YubiKit' from project 'YubiKit')
    cd /Users/admin/builder/spi-builder-workspace/.swiftpm/xcode

SwiftCompile normal arm64 /Users/admin/builder/spi-builder-workspace/YubiKit/YubiKit/FIDO/WebAuthn/Extensions/WebAuthnCredProps.swift (in target 'YubiKit' from project 'YubiKit')
    cd /Users/admin/builder/spi-builder-workspace/.swiftpm/xcode

SwiftCompile normal arm64 /Users/admin/builder/spi-builder-workspace/YubiKit/YubiKit/FIDO/WebAuthn/Extensions/WebAuthnCredProtect.swift (in target 'YubiKit' from project 'YubiKit')
    cd /Users/admin/builder/spi-builder-workspace/.swiftpm/xcode

SwiftCompile normal arm64 /Users/admin/builder/spi-builder-workspace/YubiKit/YubiKit/FIDO/WebAuthn/Extensions/WebAuthnLargeBlob.swift (in target 'YubiKit' from project 'YubiKit')
    cd /Users/admin/builder/spi-builder-workspace/.swiftpm/xcode

SwiftCompile normal arm64 /Users/admin/builder/spi-builder-workspace/YubiKit/YubiKit/FIDO/WebAuthn/Extensions/WebAuthnMinPinLength.swift (in target 'YubiKit' from project 'YubiKit')
    cd /Users/admin/builder/spi-builder-workspace/.swiftpm/xcode

SwiftCompile normal arm64 /Users/admin/builder/spi-builder-workspace/YubiKit/YubiKit/FIDO/WebAuthn/Extensions/WebAuthnPRF.swift (in target 'YubiKit' from project 'YubiKit')
    cd /Users/admin/builder/spi-builder-workspace/.swiftpm/xcode

SwiftCompile normal arm64 /Users/admin/builder/spi-builder-workspace/YubiKit/YubiKit/FIDO/WebAuthn/Extensions/WebAuthnPreviewSign.swift (in target 'YubiKit' from project 'YubiKit')
    cd /Users/admin/builder/spi-builder-workspace/.swiftpm/xcode

SwiftCompile normal arm64 /Users/admin/builder/spi-builder-workspace/YubiKit/YubiKit/FIDO/WebAuthn/Extensions/WebAuthnThirdPartyPayment.swift (in target 'YubiKit' from project 'YubiKit')
    cd /Users/admin/builder/spi-builder-workspace/.swiftpm/xcode

SwiftCompile normal arm64 /Users/admin/builder/spi-builder-workspace/YubiKit/YubiKit/FIDO/WebAuthn/WebAuthn+CBOR.swift (in target 'YubiKit' from project 'YubiKit')
    cd /Users/admin/builder/spi-builder-workspace/.swiftpm/xcode

SwiftCompile normal arm64 /Users/admin/builder/spi-builder-workspace/YubiKit/YubiKit/FIDO/WebAuthn/WebAuthn+JSON.swift (in target 'YubiKit' from project 'YubiKit')
    cd /Users/admin/builder/spi-builder-workspace/.swiftpm/xcode

SwiftCompile normal arm64 /Users/admin/builder/spi-builder-workspace/YubiKit/YubiKit/FIDO/WebAuthn/WebAuthn.swift (in target 'YubiKit' from project 'YubiKit')
    cd /Users/admin/builder/spi-builder-workspace/.swiftpm/xcode

SwiftCompile normal arm64 /Users/admin/builder/spi-builder-workspace/YubiKit/YubiKit/Keys/Curve25519Keys.swift (in target 'YubiKit' from project 'YubiKit')
    cd /Users/admin/builder/spi-builder-workspace/.swiftpm/xcode

SwiftCompile normal arm64 Compiling\ CredentialManagement+Types.swift,\ CredentialManagement.swift,\ CredBlob.swift,\ CredProtect.swift,\ Extension.swift,\ HmacSecret.swift,\ LargeBlobKey.swift,\ MinPinLength.swift,\ PreviewSign.swift,\ ThirdPartyPayment.swift,\ GetAssertionParameters+CBOR.swift,\ GetAssertionParameters.swift,\ GetAssertionResponse+CBOR.swift,\ GetAssertionResponse.swift,\ AuthenticatorOptions.swift,\ GetInfoImmutableView.swift,\ GetInfoResponse+CBOR.swift,\ GetInfoResponse.swift,\ CTAPSession+LargeBlobs.swift,\ Entry+CBOR.swift /Users/admin/builder/spi-builder-workspace/YubiKit/YubiKit/FIDO/CTAP/CredentialManagement/CredentialManagement+Types.swift /Users/admin/builder/spi-builder-workspace/YubiKit/YubiKit/FIDO/CTAP/CredentialManagement/CredentialManagement.swift /Users/admin/builder/spi-builder-workspace/YubiKit/YubiKit/FIDO/CTAP/Extensions/CredBlob.swift /Users/admin/builder/spi-builder-workspace/YubiKit/YubiKit/FIDO/CTAP/Extensions/CredProtect.swift /Users/admin/builder/spi-builder-workspace/YubiKit/YubiKit/FIDO/CTAP/Extensions/Extension.swift /Users/admin/builder/spi-builder-workspace/YubiKit/YubiKit/FIDO/CTAP/Extensions/HmacSecret.swift /Users/admin/builder/spi-builder-workspace/YubiKit/YubiKit/FIDO/CTAP/Extensions/LargeBlobKey.swift /Users/admin/builder/spi-builder-workspace/YubiKit/YubiKit/FIDO/CTAP/Extensions/MinPinLength.swift /Users/admin/builder/spi-builder-workspace/YubiKit/YubiKit/FIDO/CTAP/Extensions/PreviewSign.swift /Users/admin/builder/spi-builder-workspace/YubiKit/YubiKit/FIDO/CTAP/Extensions/ThirdPartyPayment.swift /Users/admin/builder/spi-builder-workspace/YubiKit/YubiKit/FIDO/CTAP/GetAssertion/GetAssertionParameters+CBOR.swift /Users/admin/builder/spi-builder-workspace/YubiKit/YubiKit/FIDO/CTAP/GetAssertion/GetAssertionParameters.swift /Users/admin/builder/spi-builder-workspace/YubiKit/YubiKit/FIDO/CTAP/GetAssertion/GetAssertionResponse+CBOR.swift /Users/admin/builder/spi-builder-workspace/YubiKit/YubiKit/FIDO/CTAP/GetAssertion/GetAssertionResponse.swift /Users/admin/builder/spi-builder-workspace/YubiKit/YubiKit/FIDO/CTAP/GetInfo/AuthenticatorOptions.swift /Users/admin/builder/spi-builder-workspace/YubiKit/YubiKit/FIDO/CTAP/GetInfo/GetInfoImmutableView.swift /Users/admin/builder/spi-builder-workspace/YubiKit/YubiKit/FIDO/CTAP/GetInfo/GetInfoResponse+CBOR.swift /Users/admin/builder/spi-builder-workspace/YubiKit/YubiKit/FIDO/CTAP/GetInfo/GetInfoResponse.swift /Users/admin/builder/spi-builder-workspace/YubiKit/YubiKit/FIDO/CTAP/LargeBlobs/CTAPSession+LargeBlobs.swift /Users/admin/builder/spi-builder-workspace/YubiKit/YubiKit/FIDO/CTAP/LargeBlobs/Entry+CBOR.swift (in target 'YubiKit' from project 'YubiKit')
<unknown>:0: warning: upcoming feature 'InferSendableFromCaptures' is already enabled as of Swift version 6
<unknown>:0: warning: upcoming feature 'GlobalActorIsolatedTypesUsability' is already enabled as of Swift version 6
<unknown>:0: warning: upcoming feature 'DisableOutwardActorInference' is already enabled as of Swift version 6
SwiftCompile normal arm64 /Users/admin/builder/spi-builder-workspace/YubiKit/YubiKit/FIDO/CTAP/CredentialManagement/CredentialManagement+Types.swift (in target 'YubiKit' from project 'YubiKit')
    cd /Users/admin/builder/spi-builder-workspace/.swiftpm/xcode

SwiftCompile normal arm64 /Users/admin/builder/spi-builder-workspace/YubiKit/YubiKit/FIDO/CTAP/CredentialManagement/CredentialManagement.swift (in target 'YubiKit' from project 'YubiKit')
    cd /Users/admin/builder/spi-builder-workspace/.swiftpm/xcode

SwiftCompile normal arm64 /Users/admin/builder/spi-builder-workspace/YubiKit/YubiKit/FIDO/CTAP/Extensions/CredBlob.swift (in target 'YubiKit' from project 'YubiKit')
    cd /Users/admin/builder/spi-builder-workspace/.swiftpm/xcode

SwiftCompile normal arm64 /Users/admin/builder/spi-builder-workspace/YubiKit/YubiKit/FIDO/CTAP/Extensions/CredProtect.swift (in target 'YubiKit' from project 'YubiKit')
    cd /Users/admin/builder/spi-builder-workspace/.swiftpm/xcode

SwiftCompile normal arm64 /Users/admin/builder/spi-builder-workspace/YubiKit/YubiKit/FIDO/CTAP/Extensions/Extension.swift (in target 'YubiKit' from project 'YubiKit')
    cd /Users/admin/builder/spi-builder-workspace/.swiftpm/xcode

SwiftCompile normal arm64 /Users/admin/builder/spi-builder-workspace/YubiKit/YubiKit/FIDO/CTAP/Extensions/HmacSecret.swift (in target 'YubiKit' from project 'YubiKit')
    cd /Users/admin/builder/spi-builder-workspace/.swiftpm/xcode

SwiftCompile normal arm64 /Users/admin/builder/spi-builder-workspace/YubiKit/YubiKit/FIDO/CTAP/Extensions/LargeBlobKey.swift (in target 'YubiKit' from project 'YubiKit')
    cd /Users/admin/builder/spi-builder-workspace/.swiftpm/xcode

SwiftCompile normal arm64 /Users/admin/builder/spi-builder-workspace/YubiKit/YubiKit/FIDO/CTAP/Extensions/MinPinLength.swift (in target 'YubiKit' from project 'YubiKit')
    cd /Users/admin/builder/spi-builder-workspace/.swiftpm/xcode

SwiftCompile normal arm64 /Users/admin/builder/spi-builder-workspace/YubiKit/YubiKit/FIDO/CTAP/Extensions/PreviewSign.swift (in target 'YubiKit' from project 'YubiKit')
    cd /Users/admin/builder/spi-builder-workspace/.swiftpm/xcode

SwiftCompile normal arm64 /Users/admin/builder/spi-builder-workspace/YubiKit/YubiKit/FIDO/CTAP/Extensions/ThirdPartyPayment.swift (in target 'YubiKit' from project 'YubiKit')
    cd /Users/admin/builder/spi-builder-workspace/.swiftpm/xcode

SwiftCompile normal arm64 /Users/admin/builder/spi-builder-workspace/YubiKit/YubiKit/FIDO/CTAP/GetAssertion/GetAssertionParameters+CBOR.swift (in target 'YubiKit' from project 'YubiKit')
    cd /Users/admin/builder/spi-builder-workspace/.swiftpm/xcode

SwiftCompile normal arm64 /Users/admin/builder/spi-builder-workspace/YubiKit/YubiKit/FIDO/CTAP/GetAssertion/GetAssertionParameters.swift (in target 'YubiKit' from project 'YubiKit')
    cd /Users/admin/builder/spi-builder-workspace/.swiftpm/xcode

SwiftCompile normal arm64 /Users/admin/builder/spi-builder-workspace/YubiKit/YubiKit/FIDO/CTAP/GetAssertion/GetAssertionResponse+CBOR.swift (in target 'YubiKit' from project 'YubiKit')
    cd /Users/admin/builder/spi-builder-workspace/.swiftpm/xcode

SwiftCompile normal arm64 /Users/admin/builder/spi-builder-workspace/YubiKit/YubiKit/FIDO/CTAP/GetAssertion/GetAssertionResponse.swift (in target 'YubiKit' from project 'YubiKit')
    cd /Users/admin/builder/spi-builder-workspace/.swiftpm/xcode

SwiftCompile normal arm64 /Users/admin/builder/spi-builder-workspace/YubiKit/YubiKit/FIDO/CTAP/GetInfo/AuthenticatorOptions.swift (in target 'YubiKit' from project 'YubiKit')
    cd /Users/admin/builder/spi-builder-workspace/.swiftpm/xcode

SwiftCompile normal arm64 /Users/admin/builder/spi-builder-workspace/YubiKit/YubiKit/FIDO/CTAP/GetInfo/GetInfoImmutableView.swift (in target 'YubiKit' from project 'YubiKit')
    cd /Users/admin/builder/spi-builder-workspace/.swiftpm/xcode

SwiftCompile normal arm64 /Users/admin/builder/spi-builder-workspace/YubiKit/YubiKit/FIDO/CTAP/GetInfo/GetInfoResponse+CBOR.swift (in target 'YubiKit' from project 'YubiKit')
    cd /Users/admin/builder/spi-builder-workspace/.swiftpm/xcode

SwiftCompile normal arm64 /Users/admin/builder/spi-builder-workspace/YubiKit/YubiKit/FIDO/CTAP/GetInfo/GetInfoResponse.swift (in target 'YubiKit' from project 'YubiKit')
    cd /Users/admin/builder/spi-builder-workspace/.swiftpm/xcode

SwiftCompile normal arm64 /Users/admin/builder/spi-builder-workspace/YubiKit/YubiKit/FIDO/CTAP/LargeBlobs/CTAPSession+LargeBlobs.swift (in target 'YubiKit' from project 'YubiKit')
    cd /Users/admin/builder/spi-builder-workspace/.swiftpm/xcode

SwiftCompile normal arm64 /Users/admin/builder/spi-builder-workspace/YubiKit/YubiKit/FIDO/CTAP/LargeBlobs/Entry+CBOR.swift (in target 'YubiKit' from project 'YubiKit')
    cd /Users/admin/builder/spi-builder-workspace/.swiftpm/xcode

SwiftDriverJobDiscovery normal arm64 Compiling Logger+Attributes.swift (in target 'Logging' from project 'swift-log')
SwiftDriverJobDiscovery normal arm64_32 Compiling MultiplexLogHandler.swift, StreamLogHandler.swift (in target 'Logging' from project 'swift-log')
SwiftCompile normal arm64 Compiling\ Curve25519.swift,\ Data+Crypto.swift,\ Keys+Crypto.swift,\ SecKey+Crypto.swift,\ FIDOConnectionError.swift,\ OTPConnectionError.swift,\ SmartCardConnectionError.swift,\ FIDOSessionError.swift,\ ManagementSessionError.swift,\ OATHSessionError.swift,\ PIVSessionError.swift,\ SCPError.swift,\ SessionError.swift,\ SmartCardSessionError.swift,\ YubiOTP+SessionError.swift,\ SourceLocation.swift,\ CBOR+Decode.swift,\ CBOR+Encode.swift,\ CBOR.swift,\ CBORDecodables.swift /Users/admin/builder/spi-builder-workspace/YubiKit/YubiKit/Crypto/Curve25519.swift /Users/admin/builder/spi-builder-workspace/YubiKit/YubiKit/Crypto/Data+Crypto.swift /Users/admin/builder/spi-builder-workspace/YubiKit/YubiKit/Crypto/Keys+Crypto.swift /Users/admin/builder/spi-builder-workspace/YubiKit/YubiKit/Crypto/SecKey+Crypto.swift /Users/admin/builder/spi-builder-workspace/YubiKit/YubiKit/Errors/Connection/FIDOConnectionError.swift /Users/admin/builder/spi-builder-workspace/YubiKit/YubiKit/Errors/Connection/OTPConnectionError.swift /Users/admin/builder/spi-builder-workspace/YubiKit/YubiKit/Errors/Connection/SmartCardConnectionError.swift /Users/admin/builder/spi-builder-workspace/YubiKit/YubiKit/Errors/Session/FIDOSessionError.swift /Users/admin/builder/spi-builder-workspace/YubiKit/YubiKit/Errors/Session/ManagementSessionError.swift /Users/admin/builder/spi-builder-workspace/YubiKit/YubiKit/Errors/Session/OATHSessionError.swift /Users/admin/builder/spi-builder-workspace/YubiKit/YubiKit/Errors/Session/PIVSessionError.swift /Users/admin/builder/spi-builder-workspace/YubiKit/YubiKit/Errors/Session/SCPError.swift /Users/admin/builder/spi-builder-workspace/YubiKit/YubiKit/Errors/Session/SessionError.swift /Users/admin/builder/spi-builder-workspace/YubiKit/YubiKit/Errors/Session/SmartCardSessionError.swift /Users/admin/builder/spi-builder-workspace/YubiKit/YubiKit/Errors/Session/YubiOTP+SessionError.swift /Users/admin/builder/spi-builder-workspace/YubiKit/YubiKit/Errors/SourceLocation.swift /Users/admin/builder/spi-builder-workspace/YubiKit/YubiKit/FIDO/CBOR/CBOR+Decode.swift /Users/admin/builder/spi-builder-workspace/YubiKit/YubiKit/FIDO/CBOR/CBOR+Encode.swift /Users/admin/builder/spi-builder-workspace/YubiKit/YubiKit/FIDO/CBOR/CBOR.swift /Users/admin/builder/spi-builder-workspace/YubiKit/YubiKit/FIDO/CBOR/CBORDecodables.swift (in target 'YubiKit' from project 'YubiKit')
<unknown>:0: warning: upcoming feature 'InferSendableFromCaptures' is already enabled as of Swift version 6
<unknown>:0: warning: upcoming feature 'GlobalActorIsolatedTypesUsability' is already enabled as of Swift version 6
<unknown>:0: warning: upcoming feature 'DisableOutwardActorInference' is already enabled as of Swift version 6
SwiftCompile normal arm64 /Users/admin/builder/spi-builder-workspace/YubiKit/YubiKit/Crypto/Curve25519.swift (in target 'YubiKit' from project 'YubiKit')
    cd /Users/admin/builder/spi-builder-workspace/.swiftpm/xcode

SwiftCompile normal arm64 /Users/admin/builder/spi-builder-workspace/YubiKit/YubiKit/Crypto/Data+Crypto.swift (in target 'YubiKit' from project 'YubiKit')
    cd /Users/admin/builder/spi-builder-workspace/.swiftpm/xcode

SwiftCompile normal arm64 /Users/admin/builder/spi-builder-workspace/YubiKit/YubiKit/Crypto/Keys+Crypto.swift (in target 'YubiKit' from project 'YubiKit')
    cd /Users/admin/builder/spi-builder-workspace/.swiftpm/xcode

SwiftCompile normal arm64 /Users/admin/builder/spi-builder-workspace/YubiKit/YubiKit/Crypto/SecKey+Crypto.swift (in target 'YubiKit' from project 'YubiKit')
    cd /Users/admin/builder/spi-builder-workspace/.swiftpm/xcode

SwiftCompile normal arm64 /Users/admin/builder/spi-builder-workspace/YubiKit/YubiKit/Errors/Connection/FIDOConnectionError.swift (in target 'YubiKit' from project 'YubiKit')
    cd /Users/admin/builder/spi-builder-workspace/.swiftpm/xcode

SwiftCompile normal arm64 /Users/admin/builder/spi-builder-workspace/YubiKit/YubiKit/Errors/Connection/OTPConnectionError.swift (in target 'YubiKit' from project 'YubiKit')
    cd /Users/admin/builder/spi-builder-workspace/.swiftpm/xcode

SwiftCompile normal arm64 /Users/admin/builder/spi-builder-workspace/YubiKit/YubiKit/Errors/Connection/SmartCardConnectionError.swift (in target 'YubiKit' from project 'YubiKit')
    cd /Users/admin/builder/spi-builder-workspace/.swiftpm/xcode

SwiftCompile normal arm64 /Users/admin/builder/spi-builder-workspace/YubiKit/YubiKit/Errors/Session/FIDOSessionError.swift (in target 'YubiKit' from project 'YubiKit')
    cd /Users/admin/builder/spi-builder-workspace/.swiftpm/xcode

SwiftCompile normal arm64 /Users/admin/builder/spi-builder-workspace/YubiKit/YubiKit/Errors/Session/ManagementSessionError.swift (in target 'YubiKit' from project 'YubiKit')
    cd /Users/admin/builder/spi-builder-workspace/.swiftpm/xcode

SwiftCompile normal arm64 /Users/admin/builder/spi-builder-workspace/YubiKit/YubiKit/Errors/Session/OATHSessionError.swift (in target 'YubiKit' from project 'YubiKit')
    cd /Users/admin/builder/spi-builder-workspace/.swiftpm/xcode

SwiftCompile normal arm64 /Users/admin/builder/spi-builder-workspace/YubiKit/YubiKit/Errors/Session/PIVSessionError.swift (in target 'YubiKit' from project 'YubiKit')
    cd /Users/admin/builder/spi-builder-workspace/.swiftpm/xcode

SwiftCompile normal arm64 /Users/admin/builder/spi-builder-workspace/YubiKit/YubiKit/Errors/Session/SCPError.swift (in target 'YubiKit' from project 'YubiKit')
    cd /Users/admin/builder/spi-builder-workspace/.swiftpm/xcode

SwiftCompile normal arm64 /Users/admin/builder/spi-builder-workspace/YubiKit/YubiKit/Errors/Session/SessionError.swift (in target 'YubiKit' from project 'YubiKit')
    cd /Users/admin/builder/spi-builder-workspace/.swiftpm/xcode

SwiftCompile normal arm64 /Users/admin/builder/spi-builder-workspace/YubiKit/YubiKit/Errors/Session/SmartCardSessionError.swift (in target 'YubiKit' from project 'YubiKit')
    cd /Users/admin/builder/spi-builder-workspace/.swiftpm/xcode

SwiftCompile normal arm64 /Users/admin/builder/spi-builder-workspace/YubiKit/YubiKit/Errors/Session/YubiOTP+SessionError.swift (in target 'YubiKit' from project 'YubiKit')
    cd /Users/admin/builder/spi-builder-workspace/.swiftpm/xcode

SwiftCompile normal arm64 /Users/admin/builder/spi-builder-workspace/YubiKit/YubiKit/Errors/SourceLocation.swift (in target 'YubiKit' from project 'YubiKit')
    cd /Users/admin/builder/spi-builder-workspace/.swiftpm/xcode

SwiftCompile normal arm64 /Users/admin/builder/spi-builder-workspace/YubiKit/YubiKit/FIDO/CBOR/CBOR+Decode.swift (in target 'YubiKit' from project 'YubiKit')
    cd /Users/admin/builder/spi-builder-workspace/.swiftpm/xcode

SwiftCompile normal arm64 /Users/admin/builder/spi-builder-workspace/YubiKit/YubiKit/FIDO/CBOR/CBOR+Encode.swift (in target 'YubiKit' from project 'YubiKit')
    cd /Users/admin/builder/spi-builder-workspace/.swiftpm/xcode

SwiftCompile normal arm64 /Users/admin/builder/spi-builder-workspace/YubiKit/YubiKit/FIDO/CBOR/CBOR.swift (in target 'YubiKit' from project 'YubiKit')
    cd /Users/admin/builder/spi-builder-workspace/.swiftpm/xcode

SwiftCompile normal arm64 /Users/admin/builder/spi-builder-workspace/YubiKit/YubiKit/FIDO/CBOR/CBORDecodables.swift (in target 'YubiKit' from project 'YubiKit')
    cd /Users/admin/builder/spi-builder-workspace/.swiftpm/xcode

SwiftDriverJobDiscovery normal armv7k Compiling MultiplexLogHandler.swift, StreamLogHandler.swift (in target 'Logging' from project 'swift-log')
SwiftCompile normal arm64 Compiling\ CBOREncodables.swift,\ CBORError.swift,\ CBORValue.swift,\ COSE.swift,\ PublicKey+COSE.swift,\ BioEnrollment.swift,\ BioEnrollmentTypes+CBOR.swift,\ BioEnrollmentTypes.swift,\ CTAP2.swift,\ CTAPError.swift,\ Commands+CBOR.swift,\ Commands+Parameters.swift,\ Commands+Responses.swift,\ Commands.swift,\ Permissions.swift,\ ProtocolVersion+Crypto.swift,\ Types.swift,\ Config.swift,\ CredentialManagement+AsyncSequence.swift,\ CredentialManagement+Types+CBOR.swift /Users/admin/builder/spi-builder-workspace/YubiKit/YubiKit/FIDO/CBOR/CBOREncodables.swift /Users/admin/builder/spi-builder-workspace/YubiKit/YubiKit/FIDO/CBOR/CBORError.swift /Users/admin/builder/spi-builder-workspace/YubiKit/YubiKit/FIDO/CBOR/CBORValue.swift /Users/admin/builder/spi-builder-workspace/YubiKit/YubiKit/FIDO/COSE/COSE.swift /Users/admin/builder/spi-builder-workspace/YubiKit/YubiKit/FIDO/COSE/PublicKey+COSE.swift /Users/admin/builder/spi-builder-workspace/YubiKit/YubiKit/FIDO/CTAP/BioEnrollment/BioEnrollment.swift /Users/admin/builder/spi-builder-workspace/YubiKit/YubiKit/FIDO/CTAP/BioEnrollment/BioEnrollmentTypes+CBOR.swift /Users/admin/builder/spi-builder-workspace/YubiKit/YubiKit/FIDO/CTAP/BioEnrollment/BioEnrollmentTypes.swift /Users/admin/builder/spi-builder-workspace/YubiKit/YubiKit/FIDO/CTAP/CTAP2.swift /Users/admin/builder/spi-builder-workspace/YubiKit/YubiKit/FIDO/CTAP/CTAPError.swift /Users/admin/builder/spi-builder-workspace/YubiKit/YubiKit/FIDO/CTAP/ClientPIN/Commands+CBOR.swift /Users/admin/builder/spi-builder-workspace/YubiKit/YubiKit/FIDO/CTAP/ClientPIN/Commands+Parameters.swift /Users/admin/builder/spi-builder-workspace/YubiKit/YubiKit/FIDO/CTAP/ClientPIN/Commands+Responses.swift /Users/admin/builder/spi-builder-workspace/YubiKit/YubiKit/FIDO/CTAP/ClientPIN/Commands.swift /Users/admin/builder/spi-builder-workspace/YubiKit/YubiKit/FIDO/CTAP/ClientPIN/Permissions.swift /Users/admin/builder/spi-builder-workspace/YubiKit/YubiKit/FIDO/CTAP/ClientPIN/ProtocolVersion+Crypto.swift /Users/admin/builder/spi-builder-workspace/YubiKit/YubiKit/FIDO/CTAP/ClientPIN/Types.swift /Users/admin/builder/spi-builder-workspace/YubiKit/YubiKit/FIDO/CTAP/Config/Config.swift /Users/admin/builder/spi-builder-workspace/YubiKit/YubiKit/FIDO/CTAP/CredentialManagement/CredentialManagement+AsyncSequence.swift /Users/admin/builder/spi-builder-workspace/YubiKit/YubiKit/FIDO/CTAP/CredentialManagement/CredentialManagement+Types+CBOR.swift (in target 'YubiKit' from project 'YubiKit')
Command SwiftCompile failed with a nonzero exit code
** BUILD FAILED **
The following build commands failed:
	SwiftEmitModule normal arm64_32 Emitting\ module\ for\ YubiKit (in target 'YubiKit' from project 'YubiKit')
	EmitSwiftModule normal arm64_32 (in target 'YubiKit' from project 'YubiKit')
	SwiftCompile normal arm64 Compiling\ CBOREncodables.swift,\ CBORError.swift,\ CBORValue.swift,\ COSE.swift,\ PublicKey+COSE.swift,\ BioEnrollment.swift,\ BioEnrollmentTypes+CBOR.swift,\ BioEnrollmentTypes.swift,\ CTAP2.swift,\ CTAPError.swift,\ Commands+CBOR.swift,\ Commands+Parameters.swift,\ Commands+Responses.swift,\ Commands.swift,\ Permissions.swift,\ ProtocolVersion+Crypto.swift,\ Types.swift,\ Config.swift,\ CredentialManagement+AsyncSequence.swift,\ CredentialManagement+Types+CBOR.swift /Users/admin/builder/spi-builder-workspace/YubiKit/YubiKit/FIDO/CBOR/CBOREncodables.swift /Users/admin/builder/spi-builder-workspace/YubiKit/YubiKit/FIDO/CBOR/CBORError.swift /Users/admin/builder/spi-builder-workspace/YubiKit/YubiKit/FIDO/CBOR/CBORValue.swift /Users/admin/builder/spi-builder-workspace/YubiKit/YubiKit/FIDO/COSE/COSE.swift /Users/admin/builder/spi-builder-workspace/YubiKit/YubiKit/FIDO/COSE/PublicKey+COSE.swift /Users/admin/builder/spi-builder-workspace/YubiKit/YubiKit/FIDO/CTAP/BioEnrollment/BioEnrollment.swift /Users/admin/builder/spi-builder-workspace/YubiKit/YubiKit/FIDO/CTAP/BioEnrollment/BioEnrollmentTypes+CBOR.swift /Users/admin/builder/spi-builder-workspace/YubiKit/YubiKit/FIDO/CTAP/BioEnrollment/BioEnrollmentTypes.swift /Users/admin/builder/spi-builder-workspace/YubiKit/YubiKit/FIDO/CTAP/CTAP2.swift /Users/admin/builder/spi-builder-workspace/YubiKit/YubiKit/FIDO/CTAP/CTAPError.swift /Users/admin/builder/spi-builder-workspace/YubiKit/YubiKit/FIDO/CTAP/ClientPIN/Commands+CBOR.swift /Users/admin/builder/spi-builder-workspace/YubiKit/YubiKit/FIDO/CTAP/ClientPIN/Commands+Parameters.swift /Users/admin/builder/spi-builder-workspace/YubiKit/YubiKit/FIDO/CTAP/ClientPIN/Commands+Responses.swift /Users/admin/builder/spi-builder-workspace/YubiKit/YubiKit/FIDO/CTAP/ClientPIN/Commands.swift /Users/admin/builder/spi-builder-workspace/YubiKit/YubiKit/FIDO/CTAP/ClientPIN/Permissions.swift /Users/admin/builder/spi-builder-workspace/YubiKit/YubiKit/FIDO/CTAP/ClientPIN/ProtocolVersion+Crypto.swift /Users/admin/builder/spi-builder-workspace/YubiKit/YubiKit/FIDO/CTAP/ClientPIN/Types.swift /Users/admin/builder/spi-builder-workspace/YubiKit/YubiKit/FIDO/CTAP/Config/Config.swift /Users/admin/builder/spi-builder-workspace/YubiKit/YubiKit/FIDO/CTAP/CredentialManagement/CredentialManagement+AsyncSequence.swift /Users/admin/builder/spi-builder-workspace/YubiKit/YubiKit/FIDO/CTAP/CredentialManagement/CredentialManagement+Types+CBOR.swift (in target 'YubiKit' from project 'YubiKit')
	Building workspace spi-builder-workspace with scheme YubiKit-Package
(4 failures)
Command line invocation:
    /Applications/Xcode-16.3.0.app/Contents/Developer/usr/bin/xcodebuild -IDEClonedSourcePackagesDirPathOverride=/Users/admin/builder/spi-builder-workspace/.dependencies -resolvePackageDependencies
Resolve Package Graph
Resolved source packages:
  YubiKit: /Users/admin/builder/spi-builder-workspace
  SymbolKit: https://github.com/swiftlang/swift-docc-symbolkit @ 1.0.0
  swift-log: https://github.com/apple/swift-log @ 1.15.1
  SwiftDocCPlugin: https://github.com/swiftlang/swift-docc-plugin @ 1.5.0
resolved source packages: YubiKit, SymbolKit, swift-log, SwiftDocCPlugin
{
  "dependencies" : [
    {
      "identity" : "swift-docc-plugin",
      "requirement" : {
        "range" : [
          {
            "lower_bound" : "1.1.0",
            "upper_bound" : "2.0.0"
          }
        ]
      },
      "type" : "sourceControl",
      "url" : "https://github.com/swiftlang/swift-docc-plugin"
    },
    {
      "identity" : "swift-log",
      "requirement" : {
        "range" : [
          {
            "lower_bound" : "1.6.0",
            "upper_bound" : "2.0.0"
          }
        ]
      },
      "type" : "sourceControl",
      "url" : "https://github.com/apple/swift-log"
    }
  ],
  "manifest_display_name" : "YubiKit",
  "name" : "YubiKit",
  "path" : "/Users/admin/builder/spi-builder-workspace",
  "platforms" : [
    {
      "name" : "macos",
      "version" : "13.0"
    },
    {
      "name" : "ios",
      "version" : "16.0"
    }
  ],
  "products" : [
    {
      "name" : "YubiKit",
      "targets" : [
        "YubiKit"
      ],
      "type" : {
        "library" : [
          "automatic"
        ]
      }
    },
    {
      "name" : "YubiKitIntegrationScenarios",
      "targets" : [
        "YubiKitIntegrationScenarios"
      ],
      "type" : {
        "library" : [
          "automatic"
        ]
      }
    }
  ],
  "targets" : [
    {
      "c99name" : "YubiKitTests",
      "module_type" : "SwiftTarget",
      "name" : "YubiKitTests",
      "path" : "YubiKit/UnitTests",
      "sources" : [
        "CBORTests.swift",
        "COSE/COSEKeyTests.swift",
        "CompressionTests.swift",
        "Connection/MockSmartCardConnection.swift",
        "Connection/SmartCardInterfaceTests.swift",
        "Crypto/Curve25519KeysTests.swift",
        "Crypto/ECKeysTests.swift",
        "Crypto/HashingPlusKDFTests.swift",
        "Crypto/RSAKeysTests.swift",
        "Crypto/SymmetricCryptoTests.swift",
        "Data+ExtensionsTests.swift",
        "FIDO/CTAP/ExtensionTests.swift",
        "FIDO/CTAP/MakeCredentialSerializationTests.swift",
        "FIDO/CTAP/PinAuthTests.swift",
        "FIDO/WebAuthn/AuthenticatorBackendTests.swift",
        "FIDO/WebAuthn/AuthorizationOperationTests.swift",
        "FIDO/WebAuthn/CeremonyTests.swift",
        "FIDO/WebAuthn/CredentialPreprocessingTests.swift",
        "FIDO/WebAuthn/ExtensionAllowlistTests.swift",
        "FIDO/WebAuthn/MockCTAP2Backend.swift",
        "FIDO/WebAuthn/OriginTests.swift",
        "FIDO/WebAuthn/PINRetryTests.swift",
        "FIDO/WebAuthn/ResponseParsingTests.swift",
        "FIDO/WebAuthn/SerializationTests+JSON.swift",
        "FIDO/WebAuthn/SerializationTests.swift",
        "FIDO/WebAuthn/StatusStreamTests.swift",
        "FIDO/WebAuthn/TestHelpers.swift",
        "FIDO/WebAuthn/ThirdPartyPaymentBuildingTests.swift",
        "FIDO/WebAuthn/UVFallbackToPINTests.swift",
        "FIDO/WebAuthn/UVRetryTests.swift",
        "OATHCredentialTemplateUnitTests.swift",
        "OTP/CRC16Tests.swift",
        "OTP/ChallengeResponseStreamTests.swift",
        "OTP/FakeOTPConnection.swift",
        "OTP/ModhexTests.swift",
        "OTP/NDEFConfigurationTests.swift",
        "OTP/OTPKeyboardInterfaceTests.swift",
        "OTP/SlotConfigurationTests.swift",
        "OTP/YubiOTPSessionTests.swift",
        "PIVDataFormatterTests.swift",
        "PIVPinTests.swift"
      ],
      "target_dependencies" : [
        "YubiKit"
      ],
      "type" : "test"
    },
    {
      "c99name" : "YubiKitIntegrationScenarios",
      "module_type" : "SwiftTarget",
      "name" : "YubiKitIntegrationScenarios",
      "path" : "YubiKit/IntegrationScenarios",
      "product_memberships" : [
        "YubiKitIntegrationScenarios"
      ],
      "sources" : [
        "Engine/Gate.swift",
        "Engine/RandomBytes.swift",
        "Engine/Requirements.swift",
        "Engine/Scenario+Parameterized.swift",
        "Engine/Scenario.swift",
        "Engine/ScenarioContext+Sessions.swift",
        "Engine/ScenarioContext.swift",
        "Engine/ScenarioResult.swift",
        "Engine/ScenarioRunner.swift",
        "Engine/SecureChannelPolicy.swift",
        "Providers/ConnectionProvider.swift",
        "Providers/NFCConnectionProvider.swift",
        "Providers/WiredConnectionProvider.swift",
        "ScenarioCatalog.swift",
        "Scenarios/CTAP2.swift",
        "Scenarios/CTAPHID.swift",
        "Scenarios/Connection.swift",
        "Scenarios/Management.swift",
        "Scenarios/OATH.swift",
        "Scenarios/OTP.swift",
        "Scenarios/PIV.swift",
        "Scenarios/SCP.swift",
        "Scenarios/WebAuthn.swift",
        "Support/ARKG/ARKG.swift",
        "Support/ARKG/P256Arithmetic.swift",
        "Support/Data+Hex.swift"
      ],
      "target_dependencies" : [
        "YubiKit"
      ],
      "type" : "library"
    },
    {
      "c99name" : "YubiKit",
      "module_type" : "SwiftTarget",
      "name" : "YubiKit",
      "path" : "YubiKit/YubiKit",
      "product_dependencies" : [
        "Logging"
      ],
      "product_memberships" : [
        "YubiKit",
        "YubiKitIntegrationScenarios"
      ],
      "sources" : [
        "APDU.swift",
        "BackwardsCompatibility.swift",
        "Compression/Data+Compression.swift",
        "Compression/Data+Gids.swift",
        "Compression/Data+Gzip.swift",
        "Connection/Connection.swift",
        "Connection/FIDO/FIDOConnection.swift",
        "Connection/FIDO/HIDFIDOConnection.swift",
        "Connection/OTP/HIDOTPConnection.swift",
        "Connection/OTP/OTPConnection.swift",
        "Connection/SmartCard/LightningSmartCardConnection.swift",
        "Connection/SmartCard/NFCSmartCardConnection+Simulator.swift",
        "Connection/SmartCard/NFCSmartCardConnection.swift",
        "Connection/SmartCard/SmartCardConnection.swift",
        "Connection/SmartCard/SmartCardConnections.swift",
        "Connection/SmartCard/USBSmartCardConnection+Simulator.swift",
        "Connection/SmartCard/USBSmartCardConnection.swift",
        "Connection/SmartCardConnection+Simulator.swift",
        "Crypto/Crypto.swift",
        "Crypto/CryptoError.swift",
        "Crypto/Curve25519.swift",
        "Crypto/Data+Crypto.swift",
        "Crypto/Keys+Crypto.swift",
        "Crypto/SecKey+Crypto.swift",
        "Errors/Connection/FIDOConnectionError.swift",
        "Errors/Connection/OTPConnectionError.swift",
        "Errors/Connection/SmartCardConnectionError.swift",
        "Errors/Session/FIDOSessionError.swift",
        "Errors/Session/ManagementSessionError.swift",
        "Errors/Session/OATHSessionError.swift",
        "Errors/Session/PIVSessionError.swift",
        "Errors/Session/SCPError.swift",
        "Errors/Session/SessionError.swift",
        "Errors/Session/SmartCardSessionError.swift",
        "Errors/Session/YubiOTP+SessionError.swift",
        "Errors/SourceLocation.swift",
        "FIDO/CBOR/CBOR+Decode.swift",
        "FIDO/CBOR/CBOR+Encode.swift",
        "FIDO/CBOR/CBOR.swift",
        "FIDO/CBOR/CBORDecodables.swift",
        "FIDO/CBOR/CBOREncodables.swift",
        "FIDO/CBOR/CBORError.swift",
        "FIDO/CBOR/CBORValue.swift",
        "FIDO/COSE/COSE.swift",
        "FIDO/COSE/PublicKey+COSE.swift",
        "FIDO/CTAP/BioEnrollment/BioEnrollment.swift",
        "FIDO/CTAP/BioEnrollment/BioEnrollmentTypes+CBOR.swift",
        "FIDO/CTAP/BioEnrollment/BioEnrollmentTypes.swift",
        "FIDO/CTAP/CTAP2.swift",
        "FIDO/CTAP/CTAPError.swift",
        "FIDO/CTAP/ClientPIN/Commands+CBOR.swift",
        "FIDO/CTAP/ClientPIN/Commands+Parameters.swift",
        "FIDO/CTAP/ClientPIN/Commands+Responses.swift",
        "FIDO/CTAP/ClientPIN/Commands.swift",
        "FIDO/CTAP/ClientPIN/Permissions.swift",
        "FIDO/CTAP/ClientPIN/ProtocolVersion+Crypto.swift",
        "FIDO/CTAP/ClientPIN/Types.swift",
        "FIDO/CTAP/Config/Config.swift",
        "FIDO/CTAP/CredentialManagement/CredentialManagement+AsyncSequence.swift",
        "FIDO/CTAP/CredentialManagement/CredentialManagement+Types+CBOR.swift",
        "FIDO/CTAP/CredentialManagement/CredentialManagement+Types.swift",
        "FIDO/CTAP/CredentialManagement/CredentialManagement.swift",
        "FIDO/CTAP/Extensions/CredBlob.swift",
        "FIDO/CTAP/Extensions/CredProtect.swift",
        "FIDO/CTAP/Extensions/Extension.swift",
        "FIDO/CTAP/Extensions/HmacSecret.swift",
        "FIDO/CTAP/Extensions/LargeBlobKey.swift",
        "FIDO/CTAP/Extensions/MinPinLength.swift",
        "FIDO/CTAP/Extensions/PreviewSign.swift",
        "FIDO/CTAP/Extensions/ThirdPartyPayment.swift",
        "FIDO/CTAP/GetAssertion/GetAssertionParameters+CBOR.swift",
        "FIDO/CTAP/GetAssertion/GetAssertionParameters.swift",
        "FIDO/CTAP/GetAssertion/GetAssertionResponse+CBOR.swift",
        "FIDO/CTAP/GetAssertion/GetAssertionResponse.swift",
        "FIDO/CTAP/GetInfo/AuthenticatorOptions.swift",
        "FIDO/CTAP/GetInfo/GetInfoImmutableView.swift",
        "FIDO/CTAP/GetInfo/GetInfoResponse+CBOR.swift",
        "FIDO/CTAP/GetInfo/GetInfoResponse.swift",
        "FIDO/CTAP/LargeBlobs/CTAPSession+LargeBlobs.swift",
        "FIDO/CTAP/LargeBlobs/Entry+CBOR.swift",
        "FIDO/CTAP/LargeBlobs/Entry.swift",
        "FIDO/CTAP/MakeCredential/MakeCredentialParameters+CBOR.swift",
        "FIDO/CTAP/MakeCredential/MakeCredentialParameters.swift",
        "FIDO/CTAP/MakeCredential/MakeCredentialResponse+CBOR.swift",
        "FIDO/CTAP/MakeCredential/MakeCredentialResponse.swift",
        "FIDO/CTAP/Transport.swift",
        "FIDO/Interfaces/CBORInterface.swift",
        "FIDO/Interfaces/FIDOInterface/FIDOInterface+CBORInterface.swift",
        "FIDO/Interfaces/FIDOInterface/FIDOInterface+Commands.swift",
        "FIDO/Interfaces/FIDOInterface/FIDOInterface+HIDFraming.swift",
        "FIDO/Interfaces/FIDOInterface/FIDOInterface.swift",
        "FIDO/Interfaces/SmartCardInterface+CBORInterface.swift",
        "FIDO/Session/CTAP+SessionError.swift",
        "FIDO/Session/CTAPSession+ClientPIN.swift",
        "FIDO/Session/CTAPSession+Creation.swift",
        "FIDO/Session/CTAPSession+GetAssertion.swift",
        "FIDO/Session/CTAPSession+Interface.swift",
        "FIDO/Session/CTAPSession+MakeCredential.swift",
        "FIDO/Session/CTAPSession.swift",
        "FIDO/Session/CTAPStatusStream.swift",
        "FIDO/WebAuthn/Attestation/Attestation.swift",
        "FIDO/WebAuthn/Attestation/AttestationObject.swift",
        "FIDO/WebAuthn/AuthenticatorData.swift",
        "FIDO/WebAuthn/Client/Authentication/AuthenticationOptions.swift",
        "FIDO/WebAuthn/Client/Authentication/AuthenticationResponse.swift",
        "FIDO/WebAuthn/Client/Authentication/Client+GetAssertion.swift",
        "FIDO/WebAuthn/Client/Authorization.swift",
        "FIDO/WebAuthn/Client/Backends/AuthenticatorBackend.swift",
        "FIDO/WebAuthn/Client/Backends/CTAP2Backend+GetAssertions.swift",
        "FIDO/WebAuthn/Client/Backends/CTAP2Backend+MakeCredential.swift",
        "FIDO/WebAuthn/Client/Backends/CTAP2Backend.swift",
        "FIDO/WebAuthn/Client/Client.swift",
        "FIDO/WebAuthn/Client/ClientData.swift",
        "FIDO/WebAuthn/Client/ClientError.swift",
        "FIDO/WebAuthn/Client/Origin.swift",
        "FIDO/WebAuthn/Client/Registration/Client+MakeCredential.swift",
        "FIDO/WebAuthn/Client/Registration/RegistrationOptions.swift",
        "FIDO/WebAuthn/Client/Registration/RegistrationResponse.swift",
        "FIDO/WebAuthn/Client/Shared/Authorization+Operation.swift",
        "FIDO/WebAuthn/Client/Shared/CTAP2Backend+CredentialMatching.swift",
        "FIDO/WebAuthn/Client/Shared/CTAP2Backend+Extensions.swift",
        "FIDO/WebAuthn/Client/Shared/CTAP2Backend+UserVerification.swift",
        "FIDO/WebAuthn/Client/Shared/Client+Validation.swift",
        "FIDO/WebAuthn/Extensions/ExtensionInputs.swift",
        "FIDO/WebAuthn/Extensions/ExtensionOutputs.swift",
        "FIDO/WebAuthn/Extensions/Extensions+JSON.swift",
        "FIDO/WebAuthn/Extensions/WebAuthnCredBlob.swift",
        "FIDO/WebAuthn/Extensions/WebAuthnCredProps.swift",
        "FIDO/WebAuthn/Extensions/WebAuthnCredProtect.swift",
        "FIDO/WebAuthn/Extensions/WebAuthnLargeBlob.swift",
        "FIDO/WebAuthn/Extensions/WebAuthnMinPinLength.swift",
        "FIDO/WebAuthn/Extensions/WebAuthnPRF.swift",
        "FIDO/WebAuthn/Extensions/WebAuthnPreviewSign.swift",
        "FIDO/WebAuthn/Extensions/WebAuthnThirdPartyPayment.swift",
        "FIDO/WebAuthn/WebAuthn+CBOR.swift",
        "FIDO/WebAuthn/WebAuthn+JSON.swift",
        "FIDO/WebAuthn/WebAuthn.swift",
        "Keys/Curve25519Keys.swift",
        "Keys/ECKeys.swift",
        "Keys/PublicKey+SPKI.swift",
        "Keys/PublicKey.swift",
        "Keys/RSAKeys.swift",
        "Keys/X509Cert.swift",
        "Management/Capability.swift",
        "Management/DeviceConfig.swift",
        "Management/DeviceInfo.swift",
        "Management/ManagementInterface.swift",
        "Management/ManagementSession.swift",
        "OATH/OATHSession+Extensions.swift",
        "OATH/OATHSession.swift",
        "OATH/OATHSessionFeature.swift",
        "PIV/PIVDataFormatter.swift",
        "PIV/PIVDataTypes.swift",
        "PIV/PIVSession.swift",
        "PIV/PIVSessionFeature.swift",
        "PIV/SecKey+Extensions.swift",
        "Response.swift",
        "SCP/SCP03KeyParams.swift",
        "SCP/SCP11KeyParams.swift",
        "SCP/SCPKeyParams.swift",
        "SCP/SCPKeyRef.swift",
        "SCP/SCPSessionKeys.swift",
        "SCP/SCPState.swift",
        "SCP/SecurityDomainFeature.swift",
        "SCP/SecurityDomainSession.swift",
        "SCP/StaticKeys.swift",
        "Session/OTP/OTPKeyboardInterface.swift",
        "Session/Session.swift",
        "Session/SmartCard/SmartCardInterface.swift",
        "Session/SmartCard/SmartCardSession.swift",
        "Third Parties/Base32.swift",
        "Utilities/Array+Extensions.swift",
        "Utilities/Data+Base64URL.swift",
        "Utilities/Data+CRC16.swift",
        "Utilities/Data+Extensions.swift",
        "Utilities/Logger+Extensions.swift",
        "Utilities/Logs.swift",
        "Utilities/NSLock+Extensions.swift",
        "Utilities/Promise.swift",
        "Utilities/Runloop+Async.swift",
        "Utilities/StatusStream.swift",
        "Utilities/Stream+Extensions.swift",
        "Utilities/String+Extensions.swift",
        "Utilities/TKTLVRecord+Extensions.swift",
        "Utilities/Task+Timeout.swift",
        "Utilities/UIDevice+Capabilities.swift",
        "Version.swift",
        "YubiOTP/Modhex.swift",
        "YubiOTP/NDEFConfiguration.swift",
        "YubiOTP/SlotConfiguration.swift",
        "YubiOTP/YubiOTP.swift",
        "YubiOTP/YubiOTPSession+Configuration.swift",
        "YubiOTP/YubiOTPSession+Interface.swift",
        "YubiOTP/YubiOTPSession.swift",
        "YubiOTP/YubiOTPStatusStream.swift"
      ],
      "type" : "library"
    },
    {
      "c99name" : "IntegrationTests",
      "module_type" : "SwiftTarget",
      "name" : "IntegrationTests",
      "path" : "IntegrationTesting/Tests",
      "sources" : [
        "CTAP2Tests.swift",
        "CTAPHIDTests.swift",
        "ConnectionTests.swift",
        "ManagementTests.swift",
        "OATHTests.swift",
        "OTPTests.swift",
        "PIVTests.swift",
        "SCPTests.swift",
        "ScenarioOutcomeLog.swift",
        "Tests.swift",
        "WebAuthnTests.swift"
      ],
      "target_dependencies" : [
        "YubiKitIntegrationScenarios"
      ],
      "type" : "test"
    }
  ],
  "tools_version" : "6.1"
}
{
  "workspace" : {
    "name" : "spi-builder-workspace",
    "schemes" : [
      "YubiKit",
      "YubiKit-Package",
      "YubiKitIntegrationScenarios"
    ]
  }
}
Running build ...
env DEVELOPER_DIR=/Applications/Xcode-16.3.0.app xcrun xcodebuild -IDEClonedSourcePackagesDirPathOverride=$PWD/.dependencies -skipMacroValidation -skipPackagePluginValidation -derivedDataPath $PWD/.derivedData build -scheme YubiKit-Package -destination generic/platform=watchOS
Command line invocation:
    /Applications/Xcode-16.3.0.app/Contents/Developer/usr/bin/xcodebuild -IDEClonedSourcePackagesDirPathOverride=/Users/admin/builder/spi-builder-workspace/.dependencies -skipMacroValidation -skipPackagePluginValidation -derivedDataPath /Users/admin/builder/spi-builder-workspace/.derivedData build -scheme YubiKit-Package -destination generic/platform=watchOS
Resolve Package Graph
Resolved source packages:
  YubiKit: /Users/admin/builder/spi-builder-workspace
  SwiftDocCPlugin: https://github.com/swiftlang/swift-docc-plugin @ 1.5.0
  swift-log: https://github.com/apple/swift-log @ 1.15.1
  SymbolKit: https://github.com/swiftlang/swift-docc-symbolkit @ 1.0.0
ComputePackagePrebuildTargetDependencyGraph
Prepare packages
CreateBuildRequest
SendProjectDescription
CreateBuildOperation
ComputeTargetDependencyGraph
note: Building targets in dependency order
note: Target dependency graph (6 targets)
    Target 'YubiKitIntegrationScenarios' in project 'YubiKit'
        ➜ Explicit dependency on target 'YubiKitIntegrationScenarios' in project 'YubiKit'
        ➜ Explicit dependency on target 'YubiKit' in project 'YubiKit'
        ➜ Explicit dependency on target 'Logging' in project 'swift-log'
    Target 'YubiKitIntegrationScenarios' in project 'YubiKit'
        ➜ Explicit dependency on target 'YubiKit' in project 'YubiKit'
        ➜ Explicit dependency on target 'Logging' in project 'swift-log'
    Target 'YubiKit' in project 'YubiKit'
        ➜ Explicit dependency on target 'YubiKit' in project 'YubiKit'
        ➜ Explicit dependency on target 'Logging' in project 'swift-log'
    Target 'YubiKit' in project 'YubiKit'
        ➜ Explicit dependency on target 'Logging' in project 'swift-log'
    Target 'Logging' in project 'swift-log'
        ➜ Explicit dependency on target 'Logging' in project 'swift-log'
    Target 'Logging' in project 'swift-log' (no dependencies)
GatherProvisioningInputs
CreateBuildDescription
ExecuteExternalTool /Applications/Xcode-16.3.0.app/Contents/Developer/Toolchains/XcodeDefault.xctoolchain/usr/bin/swiftc --version
ExecuteExternalTool /Applications/Xcode-16.3.0.app/Contents/Developer/Toolchains/XcodeDefault.xctoolchain/usr/bin/clang -v -E -dM -isysroot /Applications/Xcode-16.3.0.app/Contents/Developer/Platforms/WatchOS.platform/Developer/SDKs/WatchOS11.4.sdk -x c -c /dev/null
ExecuteExternalTool /Applications/Xcode-16.3.0.app/Contents/Developer/Toolchains/XcodeDefault.xctoolchain/usr/bin/ld -version_details
ReadFileContents /Applications/Xcode-16.3.0.app/Contents/Developer/Toolchains/XcodeDefault.xctoolchain/usr/share/docc/features.json
Build description signature: c9d767044ad29c614d171895c195e77d
Build description path: /Users/admin/builder/spi-builder-workspace/.derivedData/Build/Intermediates.noindex/XCBuildData/c9d767044ad29c614d171895c195e77d.xcbuilddata
ClangStatCache /Applications/Xcode-16.3.0.app/Contents/Developer/Toolchains/XcodeDefault.xctoolchain/usr/bin/clang-stat-cache /Applications/Xcode-16.3.0.app/Contents/Developer/Platforms/WatchOS.platform/Developer/SDKs/WatchOS11.4.sdk /Users/admin/builder/spi-builder-workspace/.derivedData/SDKStatCaches.noindex/watchos11.4-22T246-43efb940ff07ba2497b70ec94253f576.sdkstatcache
    cd /Users/admin/builder/spi-builder-workspace/.swiftpm/xcode
    /Applications/Xcode-16.3.0.app/Contents/Developer/Toolchains/XcodeDefault.xctoolchain/usr/bin/clang-stat-cache /Applications/Xcode-16.3.0.app/Contents/Developer/Platforms/WatchOS.platform/Developer/SDKs/WatchOS11.4.sdk -o /Users/admin/builder/spi-builder-workspace/.derivedData/SDKStatCaches.noindex/watchos11.4-22T246-43efb940ff07ba2497b70ec94253f576.sdkstatcache
SwiftDriver Logging normal armv7k com.apple.xcode.tools.swift.compiler (in target 'Logging' from project 'swift-log')
    cd /Users/admin/builder/spi-builder-workspace/.swiftpm/xcode
    builtin-SwiftDriver -- /Applications/Xcode-16.3.0.app/Contents/Developer/Toolchains/XcodeDefault.xctoolchain/usr/bin/swiftc -module-name Logging -Onone -enforce-exclusivity\=checked @/Users/admin/builder/spi-builder-workspace/.derivedData/Build/Intermediates.noindex/swift-log.build/Debug-watchos/Logging.build/Objects-normal/armv7k/Logging.SwiftFileList -DSWIFT_PACKAGE -DDEBUG -DXcode -enable-upcoming-feature ExistentialAny -enable-upcoming-feature MemberImportVisibility -enable-upcoming-feature InternalImportsByDefault -plugin-path /Applications/Xcode-16.3.0.app/Contents/Developer/Toolchains/XcodeDefault.xctoolchain/usr/lib/swift/host/plugins/testing -enable-experimental-feature DebugDescriptionMacro -sdk /Applications/Xcode-16.3.0.app/Contents/Developer/Platforms/WatchOS.platform/Developer/SDKs/WatchOS11.4.sdk -target armv7k-apple-watchos5.0 -g -module-cache-path /Users/admin/builder/spi-builder-workspace/.derivedData/ModuleCache.noindex -Xfrontend -serialize-debugging-options -profile-coverage-mapping -profile-generate -enable-testing -suppress-warnings -index-store-path /Users/admin/builder/spi-builder-workspace/.derivedData/Index.noindex/DataStore -swift-version 6 -I /Users/admin/builder/spi-builder-workspace/.derivedData/Build/Products/Debug-watchos -I /Applications/Xcode-16.3.0.app/Contents/Developer/Platforms/WatchOS.platform/Developer/usr/lib -F /Users/admin/builder/spi-builder-workspace/.derivedData/Build/Products/Debug-watchos -F /Applications/Xcode-16.3.0.app/Contents/Developer/Platforms/WatchOS.platform/Developer/Library/Frameworks -F /Applications/Xcode-16.3.0.app/Contents/Developer/Platforms/WatchOS.platform/Developer/SDKs/WatchOS11.4.sdk/Developer/Library/Frameworks -c -j10 -enable-batch-mode -incremental -Xcc -ivfsstatcache -Xcc /Users/admin/builder/spi-builder-workspace/.derivedData/SDKStatCaches.noindex/watchos11.4-22T246-43efb940ff07ba2497b70ec94253f576.sdkstatcache -output-file-map /Users/admin/builder/spi-builder-workspace/.derivedData/Build/Intermediates.noindex/swift-log.build/Debug-watchos/Logging.build/Objects-normal/armv7k/Logging-OutputFileMap.json -use-frontend-parseable-output -save-temps -no-color-diagnostics -serialize-diagnostics -emit-dependencies -emit-module -emit-module-path /Users/admin/builder/spi-builder-workspace/.derivedData/Build/Intermediates.noindex/swift-log.build/Debug-watchos/Logging.build/Objects-normal/armv7k/Logging.swiftmodule -user-module-version 1.15.1 -validate-clang-modules-once -clang-build-session-file /Users/admin/builder/spi-builder-workspace/.derivedData/ModuleCache.noindex/Session.modulevalidation -package-name swift_log -Xcc -I/Users/admin/builder/spi-builder-workspace/.derivedData/Build/Intermediates.noindex/swift-log.build/Debug-watchos/Logging.build/swift-overrides.hmap -emit-const-values -Xfrontend -const-gather-protocols-file -Xfrontend /Users/admin/builder/spi-builder-workspace/.derivedData/Build/Intermediates.noindex/swift-log.build/Debug-watchos/Logging.build/Objects-normal/armv7k/Logging_const_extract_protocols.json -Xcc -I/Users/admin/builder/spi-builder-workspace/.derivedData/Build/Products/Debug-watchos/include -Xcc -I/Users/admin/builder/spi-builder-workspace/.derivedData/Build/Intermediates.noindex/swift-log.build/Debug-watchos/Logging.build/DerivedSources-normal/armv7k -Xcc -I/Users/admin/builder/spi-builder-workspace/.derivedData/Build/Intermediates.noindex/swift-log.build/Debug-watchos/Logging.build/DerivedSources/armv7k -Xcc -I/Users/admin/builder/spi-builder-workspace/.derivedData/Build/Intermediates.noindex/swift-log.build/Debug-watchos/Logging.build/DerivedSources -Xcc -DSWIFT_PACKAGE -Xcc -DDEBUG\=1 -emit-objc-header -emit-objc-header-path /Users/admin/builder/spi-builder-workspace/.derivedData/Build/Intermediates.noindex/swift-log.build/Debug-watchos/Logging.build/Objects-normal/armv7k/Logging-Swift.h -working-directory /Users/admin/builder/spi-builder-workspace/.swiftpm/xcode -experimental-emit-module-separately -disable-cmo
SwiftDriver Logging normal arm64_32 com.apple.xcode.tools.swift.compiler (in target 'Logging' from project 'swift-log')
    cd /Users/admin/builder/spi-builder-workspace/.swiftpm/xcode
    builtin-SwiftDriver -- /Applications/Xcode-16.3.0.app/Contents/Developer/Toolchains/XcodeDefault.xctoolchain/usr/bin/swiftc -module-name Logging -Onone -enforce-exclusivity\=checked @/Users/admin/builder/spi-builder-workspace/.derivedData/Build/Intermediates.noindex/swift-log.build/Debug-watchos/Logging.build/Objects-normal/arm64_32/Logging.SwiftFileList -DSWIFT_PACKAGE -DDEBUG -DXcode -enable-upcoming-feature ExistentialAny -enable-upcoming-feature MemberImportVisibility -enable-upcoming-feature InternalImportsByDefault -plugin-path /Applications/Xcode-16.3.0.app/Contents/Developer/Toolchains/XcodeDefault.xctoolchain/usr/lib/swift/host/plugins/testing -enable-experimental-feature DebugDescriptionMacro -sdk /Applications/Xcode-16.3.0.app/Contents/Developer/Platforms/WatchOS.platform/Developer/SDKs/WatchOS11.4.sdk -target arm64_32-apple-watchos5.0 -g -module-cache-path /Users/admin/builder/spi-builder-workspace/.derivedData/ModuleCache.noindex -Xfrontend -serialize-debugging-options -profile-coverage-mapping -profile-generate -enable-testing -suppress-warnings -index-store-path /Users/admin/builder/spi-builder-workspace/.derivedData/Index.noindex/DataStore -swift-version 6 -I /Users/admin/builder/spi-builder-workspace/.derivedData/Build/Products/Debug-watchos -I /Applications/Xcode-16.3.0.app/Contents/Developer/Platforms/WatchOS.platform/Developer/usr/lib -F /Users/admin/builder/spi-builder-workspace/.derivedData/Build/Products/Debug-watchos -F /Applications/Xcode-16.3.0.app/Contents/Developer/Platforms/WatchOS.platform/Developer/Library/Frameworks -F /Applications/Xcode-16.3.0.app/Contents/Developer/Platforms/WatchOS.platform/Developer/SDKs/WatchOS11.4.sdk/Developer/Library/Frameworks -c -j10 -enable-batch-mode -incremental -Xcc -ivfsstatcache -Xcc /Users/admin/builder/spi-builder-workspace/.derivedData/SDKStatCaches.noindex/watchos11.4-22T246-43efb940ff07ba2497b70ec94253f576.sdkstatcache -output-file-map /Users/admin/builder/spi-builder-workspace/.derivedData/Build/Intermediates.noindex/swift-log.build/Debug-watchos/Logging.build/Objects-normal/arm64_32/Logging-OutputFileMap.json -use-frontend-parseable-output -save-temps -no-color-diagnostics -serialize-diagnostics -emit-dependencies -emit-module -emit-module-path /Users/admin/builder/spi-builder-workspace/.derivedData/Build/Intermediates.noindex/swift-log.build/Debug-watchos/Logging.build/Objects-normal/arm64_32/Logging.swiftmodule -user-module-version 1.15.1 -validate-clang-modules-once -clang-build-session-file /Users/admin/builder/spi-builder-workspace/.derivedData/ModuleCache.noindex/Session.modulevalidation -package-name swift_log -Xcc -I/Users/admin/builder/spi-builder-workspace/.derivedData/Build/Intermediates.noindex/swift-log.build/Debug-watchos/Logging.build/swift-overrides.hmap -emit-const-values -Xfrontend -const-gather-protocols-file -Xfrontend /Users/admin/builder/spi-builder-workspace/.derivedData/Build/Intermediates.noindex/swift-log.build/Debug-watchos/Logging.build/Objects-normal/arm64_32/Logging_const_extract_protocols.json -Xcc -I/Users/admin/builder/spi-builder-workspace/.derivedData/Build/Products/Debug-watchos/include -Xcc -I/Users/admin/builder/spi-builder-workspace/.derivedData/Build/Intermediates.noindex/swift-log.build/Debug-watchos/Logging.build/DerivedSources-normal/arm64_32 -Xcc -I/Users/admin/builder/spi-builder-workspace/.derivedData/Build/Intermediates.noindex/swift-log.build/Debug-watchos/Logging.build/DerivedSources/arm64_32 -Xcc -I/Users/admin/builder/spi-builder-workspace/.derivedData/Build/Intermediates.noindex/swift-log.build/Debug-watchos/Logging.build/DerivedSources -Xcc -DSWIFT_PACKAGE -Xcc -DDEBUG\=1 -emit-objc-header -emit-objc-header-path /Users/admin/builder/spi-builder-workspace/.derivedData/Build/Intermediates.noindex/swift-log.build/Debug-watchos/Logging.build/Objects-normal/arm64_32/Logging-Swift.h -working-directory /Users/admin/builder/spi-builder-workspace/.swiftpm/xcode -experimental-emit-module-separately -disable-cmo
SwiftDriver Logging normal arm64 com.apple.xcode.tools.swift.compiler (in target 'Logging' from project 'swift-log')
    cd /Users/admin/builder/spi-builder-workspace/.swiftpm/xcode
    builtin-SwiftDriver -- /Applications/Xcode-16.3.0.app/Contents/Developer/Toolchains/XcodeDefault.xctoolchain/usr/bin/swiftc -module-name Logging -Onone -enforce-exclusivity\=checked @/Users/admin/builder/spi-builder-workspace/.derivedData/Build/Intermediates.noindex/swift-log.build/Debug-watchos/Logging.build/Objects-normal/arm64/Logging.SwiftFileList -DSWIFT_PACKAGE -DDEBUG -DXcode -enable-upcoming-feature ExistentialAny -enable-upcoming-feature MemberImportVisibility -enable-upcoming-feature InternalImportsByDefault -plugin-path /Applications/Xcode-16.3.0.app/Contents/Developer/Toolchains/XcodeDefault.xctoolchain/usr/lib/swift/host/plugins/testing -enable-experimental-feature DebugDescriptionMacro -sdk /Applications/Xcode-16.3.0.app/Contents/Developer/Platforms/WatchOS.platform/Developer/SDKs/WatchOS11.4.sdk -target arm64-apple-watchos5.0 -g -module-cache-path /Users/admin/builder/spi-builder-workspace/.derivedData/ModuleCache.noindex -Xfrontend -serialize-debugging-options -profile-coverage-mapping -profile-generate -enable-testing -suppress-warnings -index-store-path /Users/admin/builder/spi-builder-workspace/.derivedData/Index.noindex/DataStore -swift-version 6 -I /Users/admin/builder/spi-builder-workspace/.derivedData/Build/Products/Debug-watchos -I /Applications/Xcode-16.3.0.app/Contents/Developer/Platforms/WatchOS.platform/Developer/usr/lib -F /Users/admin/builder/spi-builder-workspace/.derivedData/Build/Products/Debug-watchos -F /Applications/Xcode-16.3.0.app/Contents/Developer/Platforms/WatchOS.platform/Developer/Library/Frameworks -F /Applications/Xcode-16.3.0.app/Contents/Developer/Platforms/WatchOS.platform/Developer/SDKs/WatchOS11.4.sdk/Developer/Library/Frameworks -c -j10 -enable-batch-mode -incremental -Xcc -ivfsstatcache -Xcc /Users/admin/builder/spi-builder-workspace/.derivedData/SDKStatCaches.noindex/watchos11.4-22T246-43efb940ff07ba2497b70ec94253f576.sdkstatcache -output-file-map /Users/admin/builder/spi-builder-workspace/.derivedData/Build/Intermediates.noindex/swift-log.build/Debug-watchos/Logging.build/Objects-normal/arm64/Logging-OutputFileMap.json -use-frontend-parseable-output -save-temps -no-color-diagnostics -serialize-diagnostics -emit-dependencies -emit-module -emit-module-path /Users/admin/builder/spi-builder-workspace/.derivedData/Build/Intermediates.noindex/swift-log.build/Debug-watchos/Logging.build/Objects-normal/arm64/Logging.swiftmodule -user-module-version 1.15.1 -validate-clang-modules-once -clang-build-session-file /Users/admin/builder/spi-builder-workspace/.derivedData/ModuleCache.noindex/Session.modulevalidation -package-name swift_log -Xcc -I/Users/admin/builder/spi-builder-workspace/.derivedData/Build/Intermediates.noindex/swift-log.build/Debug-watchos/Logging.build/swift-overrides.hmap -emit-const-values -Xfrontend -const-gather-protocols-file -Xfrontend /Users/admin/builder/spi-builder-workspace/.derivedData/Build/Intermediates.noindex/swift-log.build/Debug-watchos/Logging.build/Objects-normal/arm64/Logging_const_extract_protocols.json -Xcc -I/Users/admin/builder/spi-builder-workspace/.derivedData/Build/Products/Debug-watchos/include -Xcc -I/Users/admin/builder/spi-builder-workspace/.derivedData/Build/Intermediates.noindex/swift-log.build/Debug-watchos/Logging.build/DerivedSources-normal/arm64 -Xcc -I/Users/admin/builder/spi-builder-workspace/.derivedData/Build/Intermediates.noindex/swift-log.build/Debug-watchos/Logging.build/DerivedSources/arm64 -Xcc -I/Users/admin/builder/spi-builder-workspace/.derivedData/Build/Intermediates.noindex/swift-log.build/Debug-watchos/Logging.build/DerivedSources -Xcc -DSWIFT_PACKAGE -Xcc -DDEBUG\=1 -emit-objc-header -emit-objc-header-path /Users/admin/builder/spi-builder-workspace/.derivedData/Build/Intermediates.noindex/swift-log.build/Debug-watchos/Logging.build/Objects-normal/arm64/Logging-Swift.h -working-directory /Users/admin/builder/spi-builder-workspace/.swiftpm/xcode -experimental-emit-module-separately -disable-cmo
SwiftCompile normal armv7k Compiling\ LogEvent.swift /Users/admin/builder/spi-builder-workspace/.dependencies/checkouts/swift-log/Sources/Logging/LogEvent.swift (in target 'Logging' from project 'swift-log')
SwiftCompile normal armv7k /Users/admin/builder/spi-builder-workspace/.dependencies/checkouts/swift-log/Sources/Logging/LogEvent.swift (in target 'Logging' from project 'swift-log')
    cd /Users/admin/builder/spi-builder-workspace/.swiftpm/xcode

SwiftCompile normal armv7k Compiling\ MultiplexLogHandler.swift,\ StreamLogHandler.swift /Users/admin/builder/spi-builder-workspace/.dependencies/checkouts/swift-log/Sources/Logging/Handlers/MultiplexLogHandler.swift /Users/admin/builder/spi-builder-workspace/.dependencies/checkouts/swift-log/Sources/Logging/Handlers/StreamLogHandler.swift (in target 'Logging' from project 'swift-log')
SwiftCompile normal armv7k /Users/admin/builder/spi-builder-workspace/.dependencies/checkouts/swift-log/Sources/Logging/Handlers/MultiplexLogHandler.swift (in target 'Logging' from project 'swift-log')
    cd /Users/admin/builder/spi-builder-workspace/.swiftpm/xcode

SwiftCompile normal armv7k /Users/admin/builder/spi-builder-workspace/.dependencies/checkouts/swift-log/Sources/Logging/Handlers/StreamLogHandler.swift (in target 'Logging' from project 'swift-log')
    cd /Users/admin/builder/spi-builder-workspace/.swiftpm/xcode

SwiftCompile normal armv7k Compiling\ LogHandler.swift /Users/admin/builder/spi-builder-workspace/.dependencies/checkouts/swift-log/Sources/Logging/LogHandler.swift (in target 'Logging' from project 'swift-log')
SwiftCompile normal armv7k /Users/admin/builder/spi-builder-workspace/.dependencies/checkouts/swift-log/Sources/Logging/LogHandler.swift (in target 'Logging' from project 'swift-log')
    cd /Users/admin/builder/spi-builder-workspace/.swiftpm/xcode

SwiftCompile normal armv7k Compiling\ Locks.swift /Users/admin/builder/spi-builder-workspace/.dependencies/checkouts/swift-log/Sources/Logging/Locks.swift (in target 'Logging' from project 'swift-log')
SwiftCompile normal armv7k /Users/admin/builder/spi-builder-workspace/.dependencies/checkouts/swift-log/Sources/Logging/Locks.swift (in target 'Logging' from project 'swift-log')
    cd /Users/admin/builder/spi-builder-workspace/.swiftpm/xcode

SwiftCompile normal armv7k Compiling\ SwiftLogNoOpLogHandler.swift /Users/admin/builder/spi-builder-workspace/.dependencies/checkouts/swift-log/Sources/Logging/Handlers/SwiftLogNoOpLogHandler.swift (in target 'Logging' from project 'swift-log')
SwiftCompile normal armv7k /Users/admin/builder/spi-builder-workspace/.dependencies/checkouts/swift-log/Sources/Logging/Handlers/SwiftLogNoOpLogHandler.swift (in target 'Logging' from project 'swift-log')
    cd /Users/admin/builder/spi-builder-workspace/.swiftpm/xcode

SwiftCompile normal armv7k Compiling\ Logger.swift /Users/admin/builder/spi-builder-workspace/.dependencies/checkouts/swift-log/Sources/Logging/Logger.swift (in target 'Logging' from project 'swift-log')
SwiftCompile normal armv7k /Users/admin/builder/spi-builder-workspace/.dependencies/checkouts/swift-log/Sources/Logging/Logger.swift (in target 'Logging' from project 'swift-log')
    cd /Users/admin/builder/spi-builder-workspace/.swiftpm/xcode

SwiftCompile normal armv7k Compiling\ Logger+With.swift /Users/admin/builder/spi-builder-workspace/.dependencies/checkouts/swift-log/Sources/Logging/Logger+With.swift (in target 'Logging' from project 'swift-log')
unable to find node: pound
unable to find node: pound
SwiftCompile normal armv7k /Users/admin/builder/spi-builder-workspace/.dependencies/checkouts/swift-log/Sources/Logging/Logger+With.swift (in target 'Logging' from project 'swift-log')
    cd /Users/admin/builder/spi-builder-workspace/.swiftpm/xcode

SwiftCompile normal armv7k Compiling\ MetadataProvider.swift /Users/admin/builder/spi-builder-workspace/.dependencies/checkouts/swift-log/Sources/Logging/MetadataProvider.swift (in target 'Logging' from project 'swift-log')
SwiftCompile normal armv7k /Users/admin/builder/spi-builder-workspace/.dependencies/checkouts/swift-log/Sources/Logging/MetadataProvider.swift (in target 'Logging' from project 'swift-log')
    cd /Users/admin/builder/spi-builder-workspace/.swiftpm/xcode

SwiftEmitModule normal armv7k Emitting\ module\ for\ Logging (in target 'Logging' from project 'swift-log')
unable to find node: pound
unable to find node: pound
EmitSwiftModule normal armv7k (in target 'Logging' from project 'swift-log')
    cd /Users/admin/builder/spi-builder-workspace/.swiftpm/xcode

SwiftEmitModule normal arm64_32 Emitting\ module\ for\ Logging (in target 'Logging' from project 'swift-log')
unable to find node: pound
unable to find node: pound
EmitSwiftModule normal arm64_32 (in target 'Logging' from project 'swift-log')
    cd /Users/admin/builder/spi-builder-workspace/.swiftpm/xcode

SwiftEmitModule normal arm64 Emitting\ module\ for\ Logging (in target 'Logging' from project 'swift-log')
EmitSwiftModule normal arm64 (in target 'Logging' from project 'swift-log')
    cd /Users/admin/builder/spi-builder-workspace/.swiftpm/xcode

unable to find node: pound
unable to find node: pound
SwiftCompile normal arm64 Compiling\ LogEvent.swift /Users/admin/builder/spi-builder-workspace/.dependencies/checkouts/swift-log/Sources/Logging/LogEvent.swift (in target 'Logging' from project 'swift-log')
SwiftCompile normal arm64 /Users/admin/builder/spi-builder-workspace/.dependencies/checkouts/swift-log/Sources/Logging/LogEvent.swift (in target 'Logging' from project 'swift-log')
    cd /Users/admin/builder/spi-builder-workspace/.swiftpm/xcode

SwiftDriverJobDiscovery normal armv7k Compiling LogEvent.swift (in target 'Logging' from project 'swift-log')
SwiftCompile normal arm64_32 Compiling\ Logger.swift /Users/admin/builder/spi-builder-workspace/.dependencies/checkouts/swift-log/Sources/Logging/Logger.swift (in target 'Logging' from project 'swift-log')
SwiftCompile normal arm64_32 /Users/admin/builder/spi-builder-workspace/.dependencies/checkouts/swift-log/Sources/Logging/Logger.swift (in target 'Logging' from project 'swift-log')
    cd /Users/admin/builder/spi-builder-workspace/.swiftpm/xcode

SwiftDriverJobDiscovery normal armv7k Compiling MetadataProvider.swift (in target 'Logging' from project 'swift-log')
SwiftDriverJobDiscovery normal armv7k Compiling SwiftLogNoOpLogHandler.swift (in target 'Logging' from project 'swift-log')
SwiftCompile normal arm64 Compiling\ Logger+Attributes.swift /Users/admin/builder/spi-builder-workspace/.dependencies/checkouts/swift-log/Sources/Logging/Logger+Attributes.swift (in target 'Logging' from project 'swift-log')
SwiftCompile normal arm64 /Users/admin/builder/spi-builder-workspace/.dependencies/checkouts/swift-log/Sources/Logging/Logger+Attributes.swift (in target 'Logging' from project 'swift-log')
    cd /Users/admin/builder/spi-builder-workspace/.swiftpm/xcode

SwiftDriverJobDiscovery normal armv7k Compiling LogHandler.swift (in target 'Logging' from project 'swift-log')
SwiftCompile normal arm64_32 Compiling\ LogHandler.swift /Users/admin/builder/spi-builder-workspace/.dependencies/checkouts/swift-log/Sources/Logging/LogHandler.swift (in target 'Logging' from project 'swift-log')
SwiftCompile normal arm64_32 /Users/admin/builder/spi-builder-workspace/.dependencies/checkouts/swift-log/Sources/Logging/LogHandler.swift (in target 'Logging' from project 'swift-log')
    cd /Users/admin/builder/spi-builder-workspace/.swiftpm/xcode

SwiftDriverJobDiscovery normal armv7k Compiling Logger+With.swift (in target 'Logging' from project 'swift-log')
SwiftCompile normal arm64 Compiling\ MultiplexLogHandler.swift,\ StreamLogHandler.swift /Users/admin/builder/spi-builder-workspace/.dependencies/checkouts/swift-log/Sources/Logging/Handlers/MultiplexLogHandler.swift /Users/admin/builder/spi-builder-workspace/.dependencies/checkouts/swift-log/Sources/Logging/Handlers/StreamLogHandler.swift (in target 'Logging' from project 'swift-log')
SwiftCompile normal arm64 /Users/admin/builder/spi-builder-workspace/.dependencies/checkouts/swift-log/Sources/Logging/Handlers/MultiplexLogHandler.swift (in target 'Logging' from project 'swift-log')
    cd /Users/admin/builder/spi-builder-workspace/.swiftpm/xcode

SwiftCompile normal arm64 /Users/admin/builder/spi-builder-workspace/.dependencies/checkouts/swift-log/Sources/Logging/Handlers/StreamLogHandler.swift (in target 'Logging' from project 'swift-log')
    cd /Users/admin/builder/spi-builder-workspace/.swiftpm/xcode

SwiftDriverJobDiscovery normal armv7k Compiling Locks.swift (in target 'Logging' from project 'swift-log')
SwiftCompile normal arm64_32 Compiling\ Logger+With.swift /Users/admin/builder/spi-builder-workspace/.dependencies/checkouts/swift-log/Sources/Logging/Logger+With.swift (in target 'Logging' from project 'swift-log')
unable to find node: pound
unable to find node: pound
SwiftCompile normal arm64_32 /Users/admin/builder/spi-builder-workspace/.dependencies/checkouts/swift-log/Sources/Logging/Logger+With.swift (in target 'Logging' from project 'swift-log')
    cd /Users/admin/builder/spi-builder-workspace/.swiftpm/xcode

SwiftDriverJobDiscovery normal arm64 Compiling LogEvent.swift (in target 'Logging' from project 'swift-log')
SwiftCompile normal arm64_32 Compiling\ Locks.swift /Users/admin/builder/spi-builder-workspace/.dependencies/checkouts/swift-log/Sources/Logging/Locks.swift (in target 'Logging' from project 'swift-log')
SwiftCompile normal arm64_32 /Users/admin/builder/spi-builder-workspace/.dependencies/checkouts/swift-log/Sources/Logging/Locks.swift (in target 'Logging' from project 'swift-log')
    cd /Users/admin/builder/spi-builder-workspace/.swiftpm/xcode

SwiftDriverJobDiscovery normal armv7k Emitting module for Logging (in target 'Logging' from project 'swift-log')
SwiftDriver\ Compilation\ Requirements Logging normal armv7k com.apple.xcode.tools.swift.compiler (in target 'Logging' from project 'swift-log')
    cd /Users/admin/builder/spi-builder-workspace/.swiftpm/xcode
    builtin-Swift-Compilation-Requirements -- /Applications/Xcode-16.3.0.app/Contents/Developer/Toolchains/XcodeDefault.xctoolchain/usr/bin/swiftc -module-name Logging -Onone -enforce-exclusivity\=checked @/Users/admin/builder/spi-builder-workspace/.derivedData/Build/Intermediates.noindex/swift-log.build/Debug-watchos/Logging.build/Objects-normal/armv7k/Logging.SwiftFileList -DSWIFT_PACKAGE -DDEBUG -DXcode -enable-upcoming-feature ExistentialAny -enable-upcoming-feature MemberImportVisibility -enable-upcoming-feature InternalImportsByDefault -plugin-path /Applications/Xcode-16.3.0.app/Contents/Developer/Toolchains/XcodeDefault.xctoolchain/usr/lib/swift/host/plugins/testing -enable-experimental-feature DebugDescriptionMacro -sdk /Applications/Xcode-16.3.0.app/Contents/Developer/Platforms/WatchOS.platform/Developer/SDKs/WatchOS11.4.sdk -target armv7k-apple-watchos5.0 -g -module-cache-path /Users/admin/builder/spi-builder-workspace/.derivedData/ModuleCache.noindex -Xfrontend -serialize-debugging-options -profile-coverage-mapping -profile-generate -enable-testing -suppress-warnings -index-store-path /Users/admin/builder/spi-builder-workspace/.derivedData/Index.noindex/DataStore -swift-version 6 -I /Users/admin/builder/spi-builder-workspace/.derivedData/Build/Products/Debug-watchos -I /Applications/Xcode-16.3.0.app/Contents/Developer/Platforms/WatchOS.platform/Developer/usr/lib -F /Users/admin/builder/spi-builder-workspace/.derivedData/Build/Products/Debug-watchos -F /Applications/Xcode-16.3.0.app/Contents/Developer/Platforms/WatchOS.platform/Developer/Library/Frameworks -F /Applications/Xcode-16.3.0.app/Contents/Developer/Platforms/WatchOS.platform/Developer/SDKs/WatchOS11.4.sdk/Developer/Library/Frameworks -c -j10 -enable-batch-mode -incremental -Xcc -ivfsstatcache -Xcc /Users/admin/builder/spi-builder-workspace/.derivedData/SDKStatCaches.noindex/watchos11.4-22T246-43efb940ff07ba2497b70ec94253f576.sdkstatcache -output-file-map /Users/admin/builder/spi-builder-workspace/.derivedData/Build/Intermediates.noindex/swift-log.build/Debug-watchos/Logging.build/Objects-normal/armv7k/Logging-OutputFileMap.json -use-frontend-parseable-output -save-temps -no-color-diagnostics -serialize-diagnostics -emit-dependencies -emit-module -emit-module-path /Users/admin/builder/spi-builder-workspace/.derivedData/Build/Intermediates.noindex/swift-log.build/Debug-watchos/Logging.build/Objects-normal/armv7k/Logging.swiftmodule -user-module-version 1.15.1 -validate-clang-modules-once -clang-build-session-file /Users/admin/builder/spi-builder-workspace/.derivedData/ModuleCache.noindex/Session.modulevalidation -package-name swift_log -Xcc -I/Users/admin/builder/spi-builder-workspace/.derivedData/Build/Intermediates.noindex/swift-log.build/Debug-watchos/Logging.build/swift-overrides.hmap -emit-const-values -Xfrontend -const-gather-protocols-file -Xfrontend /Users/admin/builder/spi-builder-workspace/.derivedData/Build/Intermediates.noindex/swift-log.build/Debug-watchos/Logging.build/Objects-normal/armv7k/Logging_const_extract_protocols.json -Xcc -I/Users/admin/builder/spi-builder-workspace/.derivedData/Build/Products/Debug-watchos/include -Xcc -I/Users/admin/builder/spi-builder-workspace/.derivedData/Build/Intermediates.noindex/swift-log.build/Debug-watchos/Logging.build/DerivedSources-normal/armv7k -Xcc -I/Users/admin/builder/spi-builder-workspace/.derivedData/Build/Intermediates.noindex/swift-log.build/Debug-watchos/Logging.build/DerivedSources/armv7k -Xcc -I/Users/admin/builder/spi-builder-workspace/.derivedData/Build/Intermediates.noindex/swift-log.build/Debug-watchos/Logging.build/DerivedSources -Xcc -DSWIFT_PACKAGE -Xcc -DDEBUG\=1 -emit-objc-header -emit-objc-header-path /Users/admin/builder/spi-builder-workspace/.derivedData/Build/Intermediates.noindex/swift-log.build/Debug-watchos/Logging.build/Objects-normal/armv7k/Logging-Swift.h -working-directory /Users/admin/builder/spi-builder-workspace/.swiftpm/xcode -experimental-emit-module-separately -disable-cmo
SwiftDriverJobDiscovery normal arm64_32 Emitting module for Logging (in target 'Logging' from project 'swift-log')
SwiftDriver\ Compilation\ Requirements Logging normal arm64_32 com.apple.xcode.tools.swift.compiler (in target 'Logging' from project 'swift-log')
    cd /Users/admin/builder/spi-builder-workspace/.swiftpm/xcode
    builtin-Swift-Compilation-Requirements -- /Applications/Xcode-16.3.0.app/Contents/Developer/Toolchains/XcodeDefault.xctoolchain/usr/bin/swiftc -module-name Logging -Onone -enforce-exclusivity\=checked @/Users/admin/builder/spi-builder-workspace/.derivedData/Build/Intermediates.noindex/swift-log.build/Debug-watchos/Logging.build/Objects-normal/arm64_32/Logging.SwiftFileList -DSWIFT_PACKAGE -DDEBUG -DXcode -enable-upcoming-feature ExistentialAny -enable-upcoming-feature MemberImportVisibility -enable-upcoming-feature InternalImportsByDefault -plugin-path /Applications/Xcode-16.3.0.app/Contents/Developer/Toolchains/XcodeDefault.xctoolchain/usr/lib/swift/host/plugins/testing -enable-experimental-feature DebugDescriptionMacro -sdk /Applications/Xcode-16.3.0.app/Contents/Developer/Platforms/WatchOS.platform/Developer/SDKs/WatchOS11.4.sdk -target arm64_32-apple-watchos5.0 -g -module-cache-path /Users/admin/builder/spi-builder-workspace/.derivedData/ModuleCache.noindex -Xfrontend -serialize-debugging-options -profile-coverage-mapping -profile-generate -enable-testing -suppress-warnings -index-store-path /Users/admin/builder/spi-builder-workspace/.derivedData/Index.noindex/DataStore -swift-version 6 -I /Users/admin/builder/spi-builder-workspace/.derivedData/Build/Products/Debug-watchos -I /Applications/Xcode-16.3.0.app/Contents/Developer/Platforms/WatchOS.platform/Developer/usr/lib -F /Users/admin/builder/spi-builder-workspace/.derivedData/Build/Products/Debug-watchos -F /Applications/Xcode-16.3.0.app/Contents/Developer/Platforms/WatchOS.platform/Developer/Library/Frameworks -F /Applications/Xcode-16.3.0.app/Contents/Developer/Platforms/WatchOS.platform/Developer/SDKs/WatchOS11.4.sdk/Developer/Library/Frameworks -c -j10 -enable-batch-mode -incremental -Xcc -ivfsstatcache -Xcc /Users/admin/builder/spi-builder-workspace/.derivedData/SDKStatCaches.noindex/watchos11.4-22T246-43efb940ff07ba2497b70ec94253f576.sdkstatcache -output-file-map /Users/admin/builder/spi-builder-workspace/.derivedData/Build/Intermediates.noindex/swift-log.build/Debug-watchos/Logging.build/Objects-normal/arm64_32/Logging-OutputFileMap.json -use-frontend-parseable-output -save-temps -no-color-diagnostics -serialize-diagnostics -emit-dependencies -emit-module -emit-module-path /Users/admin/builder/spi-builder-workspace/.derivedData/Build/Intermediates.noindex/swift-log.build/Debug-watchos/Logging.build/Objects-normal/arm64_32/Logging.swiftmodule -user-module-version 1.15.1 -validate-clang-modules-once -clang-build-session-file /Users/admin/builder/spi-builder-workspace/.derivedData/ModuleCache.noindex/Session.modulevalidation -package-name swift_log -Xcc -I/Users/admin/builder/spi-builder-workspace/.derivedData/Build/Intermediates.noindex/swift-log.build/Debug-watchos/Logging.build/swift-overrides.hmap -emit-const-values -Xfrontend -const-gather-protocols-file -Xfrontend /Users/admin/builder/spi-builder-workspace/.derivedData/Build/Intermediates.noindex/swift-log.build/Debug-watchos/Logging.build/Objects-normal/arm64_32/Logging_const_extract_protocols.json -Xcc -I/Users/admin/builder/spi-builder-workspace/.derivedData/Build/Products/Debug-watchos/include -Xcc -I/Users/admin/builder/spi-builder-workspace/.derivedData/Build/Intermediates.noindex/swift-log.build/Debug-watchos/Logging.build/DerivedSources-normal/arm64_32 -Xcc -I/Users/admin/builder/spi-builder-workspace/.derivedData/Build/Intermediates.noindex/swift-log.build/Debug-watchos/Logging.build/DerivedSources/arm64_32 -Xcc -I/Users/admin/builder/spi-builder-workspace/.derivedData/Build/Intermediates.noindex/swift-log.build/Debug-watchos/Logging.build/DerivedSources -Xcc -DSWIFT_PACKAGE -Xcc -DDEBUG\=1 -emit-objc-header -emit-objc-header-path /Users/admin/builder/spi-builder-workspace/.derivedData/Build/Intermediates.noindex/swift-log.build/Debug-watchos/Logging.build/Objects-normal/arm64_32/Logging-Swift.h -working-directory /Users/admin/builder/spi-builder-workspace/.swiftpm/xcode -experimental-emit-module-separately -disable-cmo
Copy /Users/admin/builder/spi-builder-workspace/.derivedData/Build/Products/Debug-watchos/Logging.swiftmodule/armv7k-apple-watchos.swiftmodule /Users/admin/builder/spi-builder-workspace/.derivedData/Build/Intermediates.noindex/swift-log.build/Debug-watchos/Logging.build/Objects-normal/armv7k/Logging.swiftmodule (in target 'Logging' from project 'swift-log')
    cd /Users/admin/builder/spi-builder-workspace/.dependencies/checkouts/swift-log
    builtin-copy -exclude .DS_Store -exclude CVS -exclude .svn -exclude .git -exclude .hg -resolve-src-symlinks -rename /Users/admin/builder/spi-builder-workspace/.derivedData/Build/Intermediates.noindex/swift-log.build/Debug-watchos/Logging.build/Objects-normal/armv7k/Logging.swiftmodule /Users/admin/builder/spi-builder-workspace/.derivedData/Build/Products/Debug-watchos/Logging.swiftmodule/armv7k-apple-watchos.swiftmodule
Copy /Users/admin/builder/spi-builder-workspace/.derivedData/Build/Products/Debug-watchos/Logging.swiftmodule/armv7k-apple-watchos.abi.json /Users/admin/builder/spi-builder-workspace/.derivedData/Build/Intermediates.noindex/swift-log.build/Debug-watchos/Logging.build/Objects-normal/armv7k/Logging.abi.json (in target 'Logging' from project 'swift-log')
    cd /Users/admin/builder/spi-builder-workspace/.dependencies/checkouts/swift-log
    builtin-copy -exclude .DS_Store -exclude CVS -exclude .svn -exclude .git -exclude .hg -resolve-src-symlinks -rename /Users/admin/builder/spi-builder-workspace/.derivedData/Build/Intermediates.noindex/swift-log.build/Debug-watchos/Logging.build/Objects-normal/armv7k/Logging.abi.json /Users/admin/builder/spi-builder-workspace/.derivedData/Build/Products/Debug-watchos/Logging.swiftmodule/armv7k-apple-watchos.abi.json
Copy /Users/admin/builder/spi-builder-workspace/.derivedData/Build/Products/Debug-watchos/Logging.swiftmodule/arm64_32-apple-watchos.swiftmodule /Users/admin/builder/spi-builder-workspace/.derivedData/Build/Intermediates.noindex/swift-log.build/Debug-watchos/Logging.build/Objects-normal/arm64_32/Logging.swiftmodule (in target 'Logging' from project 'swift-log')
    cd /Users/admin/builder/spi-builder-workspace/.dependencies/checkouts/swift-log
    builtin-copy -exclude .DS_Store -exclude CVS -exclude .svn -exclude .git -exclude .hg -resolve-src-symlinks -rename /Users/admin/builder/spi-builder-workspace/.derivedData/Build/Intermediates.noindex/swift-log.build/Debug-watchos/Logging.build/Objects-normal/arm64_32/Logging.swiftmodule /Users/admin/builder/spi-builder-workspace/.derivedData/Build/Products/Debug-watchos/Logging.swiftmodule/arm64_32-apple-watchos.swiftmodule
Copy /Users/admin/builder/spi-builder-workspace/.derivedData/Build/Products/Debug-watchos/Logging.swiftmodule/arm64_32-apple-watchos.abi.json /Users/admin/builder/spi-builder-workspace/.derivedData/Build/Intermediates.noindex/swift-log.build/Debug-watchos/Logging.build/Objects-normal/arm64_32/Logging.abi.json (in target 'Logging' from project 'swift-log')
    cd /Users/admin/builder/spi-builder-workspace/.dependencies/checkouts/swift-log
    builtin-copy -exclude .DS_Store -exclude CVS -exclude .svn -exclude .git -exclude .hg -resolve-src-symlinks -rename /Users/admin/builder/spi-builder-workspace/.derivedData/Build/Intermediates.noindex/swift-log.build/Debug-watchos/Logging.build/Objects-normal/arm64_32/Logging.abi.json /Users/admin/builder/spi-builder-workspace/.derivedData/Build/Products/Debug-watchos/Logging.swiftmodule/arm64_32-apple-watchos.abi.json
SwiftCompile normal arm64_32 Compiling\ LogEvent.swift /Users/admin/builder/spi-builder-workspace/.dependencies/checkouts/swift-log/Sources/Logging/LogEvent.swift (in target 'Logging' from project 'swift-log')
SwiftCompile normal arm64_32 /Users/admin/builder/spi-builder-workspace/.dependencies/checkouts/swift-log/Sources/Logging/LogEvent.swift (in target 'Logging' from project 'swift-log')
    cd /Users/admin/builder/spi-builder-workspace/.swiftpm/xcode

SwiftCompile normal arm64_32 Compiling\ MultiplexLogHandler.swift,\ StreamLogHandler.swift /Users/admin/builder/spi-builder-workspace/.dependencies/checkouts/swift-log/Sources/Logging/Handlers/MultiplexLogHandler.swift /Users/admin/builder/spi-builder-workspace/.dependencies/checkouts/swift-log/Sources/Logging/Handlers/StreamLogHandler.swift (in target 'Logging' from project 'swift-log')
SwiftCompile normal arm64_32 /Users/admin/builder/spi-builder-workspace/.dependencies/checkouts/swift-log/Sources/Logging/Handlers/MultiplexLogHandler.swift (in target 'Logging' from project 'swift-log')
    cd /Users/admin/builder/spi-builder-workspace/.swiftpm/xcode

SwiftCompile normal arm64_32 /Users/admin/builder/spi-builder-workspace/.dependencies/checkouts/swift-log/Sources/Logging/Handlers/StreamLogHandler.swift (in target 'Logging' from project 'swift-log')
    cd /Users/admin/builder/spi-builder-workspace/.swiftpm/xcode

SwiftDriverJobDiscovery normal arm64_32 Compiling LogHandler.swift (in target 'Logging' from project 'swift-log')
SwiftCompile normal arm64 Compiling\ MetadataProvider.swift /Users/admin/builder/spi-builder-workspace/.dependencies/checkouts/swift-log/Sources/Logging/MetadataProvider.swift (in target 'Logging' from project 'swift-log')
SwiftCompile normal arm64 /Users/admin/builder/spi-builder-workspace/.dependencies/checkouts/swift-log/Sources/Logging/MetadataProvider.swift (in target 'Logging' from project 'swift-log')
    cd /Users/admin/builder/spi-builder-workspace/.swiftpm/xcode

SwiftDriverJobDiscovery normal armv7k Compiling Logger.swift (in target 'Logging' from project 'swift-log')
SwiftCompile normal arm64 Compiling\ Locks.swift /Users/admin/builder/spi-builder-workspace/.dependencies/checkouts/swift-log/Sources/Logging/Locks.swift (in target 'Logging' from project 'swift-log')
SwiftCompile normal arm64 /Users/admin/builder/spi-builder-workspace/.dependencies/checkouts/swift-log/Sources/Logging/Locks.swift (in target 'Logging' from project 'swift-log')
    cd /Users/admin/builder/spi-builder-workspace/.swiftpm/xcode

SwiftDriverJobDiscovery normal armv7k Compiling MultiplexLogHandler.swift, StreamLogHandler.swift (in target 'Logging' from project 'swift-log')
SwiftCompile normal arm64 Compiling\ SwiftLogNoOpLogHandler.swift /Users/admin/builder/spi-builder-workspace/.dependencies/checkouts/swift-log/Sources/Logging/Handlers/SwiftLogNoOpLogHandler.swift (in target 'Logging' from project 'swift-log')
SwiftCompile normal arm64 /Users/admin/builder/spi-builder-workspace/.dependencies/checkouts/swift-log/Sources/Logging/Handlers/SwiftLogNoOpLogHandler.swift (in target 'Logging' from project 'swift-log')
    cd /Users/admin/builder/spi-builder-workspace/.swiftpm/xcode

SwiftDriverJobDiscovery normal arm64 Compiling Logger+Attributes.swift (in target 'Logging' from project 'swift-log')
SwiftCompile normal arm64_32 Compiling\ SwiftLogNoOpLogHandler.swift /Users/admin/builder/spi-builder-workspace/.dependencies/checkouts/swift-log/Sources/Logging/Handlers/SwiftLogNoOpLogHandler.swift (in target 'Logging' from project 'swift-log')
SwiftCompile normal arm64_32 /Users/admin/builder/spi-builder-workspace/.dependencies/checkouts/swift-log/Sources/Logging/Handlers/SwiftLogNoOpLogHandler.swift (in target 'Logging' from project 'swift-log')
    cd /Users/admin/builder/spi-builder-workspace/.swiftpm/xcode

SwiftDriverJobDiscovery normal arm64_32 Compiling LogEvent.swift (in target 'Logging' from project 'swift-log')
SwiftCompile normal arm64 Compiling\ LogHandler.swift /Users/admin/builder/spi-builder-workspace/.dependencies/checkouts/swift-log/Sources/Logging/LogHandler.swift (in target 'Logging' from project 'swift-log')
SwiftCompile normal arm64 /Users/admin/builder/spi-builder-workspace/.dependencies/checkouts/swift-log/Sources/Logging/LogHandler.swift (in target 'Logging' from project 'swift-log')
    cd /Users/admin/builder/spi-builder-workspace/.swiftpm/xcode

SwiftDriverJobDiscovery normal arm64 Emitting module for Logging (in target 'Logging' from project 'swift-log')
SwiftDriver\ Compilation\ Requirements Logging normal arm64 com.apple.xcode.tools.swift.compiler (in target 'Logging' from project 'swift-log')
    cd /Users/admin/builder/spi-builder-workspace/.swiftpm/xcode
    builtin-Swift-Compilation-Requirements -- /Applications/Xcode-16.3.0.app/Contents/Developer/Toolchains/XcodeDefault.xctoolchain/usr/bin/swiftc -module-name Logging -Onone -enforce-exclusivity\=checked @/Users/admin/builder/spi-builder-workspace/.derivedData/Build/Intermediates.noindex/swift-log.build/Debug-watchos/Logging.build/Objects-normal/arm64/Logging.SwiftFileList -DSWIFT_PACKAGE -DDEBUG -DXcode -enable-upcoming-feature ExistentialAny -enable-upcoming-feature MemberImportVisibility -enable-upcoming-feature InternalImportsByDefault -plugin-path /Applications/Xcode-16.3.0.app/Contents/Developer/Toolchains/XcodeDefault.xctoolchain/usr/lib/swift/host/plugins/testing -enable-experimental-feature DebugDescriptionMacro -sdk /Applications/Xcode-16.3.0.app/Contents/Developer/Platforms/WatchOS.platform/Developer/SDKs/WatchOS11.4.sdk -target arm64-apple-watchos5.0 -g -module-cache-path /Users/admin/builder/spi-builder-workspace/.derivedData/ModuleCache.noindex -Xfrontend -serialize-debugging-options -profile-coverage-mapping -profile-generate -enable-testing -suppress-warnings -index-store-path /Users/admin/builder/spi-builder-workspace/.derivedData/Index.noindex/DataStore -swift-version 6 -I /Users/admin/builder/spi-builder-workspace/.derivedData/Build/Products/Debug-watchos -I /Applications/Xcode-16.3.0.app/Contents/Developer/Platforms/WatchOS.platform/Developer/usr/lib -F /Users/admin/builder/spi-builder-workspace/.derivedData/Build/Products/Debug-watchos -F /Applications/Xcode-16.3.0.app/Contents/Developer/Platforms/WatchOS.platform/Developer/Library/Frameworks -F /Applications/Xcode-16.3.0.app/Contents/Developer/Platforms/WatchOS.platform/Developer/SDKs/WatchOS11.4.sdk/Developer/Library/Frameworks -c -j10 -enable-batch-mode -incremental -Xcc -ivfsstatcache -Xcc /Users/admin/builder/spi-builder-workspace/.derivedData/SDKStatCaches.noindex/watchos11.4-22T246-43efb940ff07ba2497b70ec94253f576.sdkstatcache -output-file-map /Users/admin/builder/spi-builder-workspace/.derivedData/Build/Intermediates.noindex/swift-log.build/Debug-watchos/Logging.build/Objects-normal/arm64/Logging-OutputFileMap.json -use-frontend-parseable-output -save-temps -no-color-diagnostics -serialize-diagnostics -emit-dependencies -emit-module -emit-module-path /Users/admin/builder/spi-builder-workspace/.derivedData/Build/Intermediates.noindex/swift-log.build/Debug-watchos/Logging.build/Objects-normal/arm64/Logging.swiftmodule -user-module-version 1.15.1 -validate-clang-modules-once -clang-build-session-file /Users/admin/builder/spi-builder-workspace/.derivedData/ModuleCache.noindex/Session.modulevalidation -package-name swift_log -Xcc -I/Users/admin/builder/spi-builder-workspace/.derivedData/Build/Intermediates.noindex/swift-log.build/Debug-watchos/Logging.build/swift-overrides.hmap -emit-const-values -Xfrontend -const-gather-protocols-file -Xfrontend /Users/admin/builder/spi-builder-workspace/.derivedData/Build/Intermediates.noindex/swift-log.build/Debug-watchos/Logging.build/Objects-normal/arm64/Logging_const_extract_protocols.json -Xcc -I/Users/admin/builder/spi-builder-workspace/.derivedData/Build/Products/Debug-watchos/include -Xcc -I/Users/admin/builder/spi-builder-workspace/.derivedData/Build/Intermediates.noindex/swift-log.build/Debug-watchos/Logging.build/DerivedSources-normal/arm64 -Xcc -I/Users/admin/builder/spi-builder-workspace/.derivedData/Build/Intermediates.noindex/swift-log.build/Debug-watchos/Logging.build/DerivedSources/arm64 -Xcc -I/Users/admin/builder/spi-builder-workspace/.derivedData/Build/Intermediates.noindex/swift-log.build/Debug-watchos/Logging.build/DerivedSources -Xcc -DSWIFT_PACKAGE -Xcc -DDEBUG\=1 -emit-objc-header -emit-objc-header-path /Users/admin/builder/spi-builder-workspace/.derivedData/Build/Intermediates.noindex/swift-log.build/Debug-watchos/Logging.build/Objects-normal/arm64/Logging-Swift.h -working-directory /Users/admin/builder/spi-builder-workspace/.swiftpm/xcode -experimental-emit-module-separately -disable-cmo
SwiftDriverJobDiscovery normal arm64_32 Compiling Logger+With.swift (in target 'Logging' from project 'swift-log')
SwiftCompile normal armv7k Compiling\ Logger+Attributes.swift /Users/admin/builder/spi-builder-workspace/.dependencies/checkouts/swift-log/Sources/Logging/Logger+Attributes.swift (in target 'Logging' from project 'swift-log')
SwiftCompile normal armv7k /Users/admin/builder/spi-builder-workspace/.dependencies/checkouts/swift-log/Sources/Logging/Logger+Attributes.swift (in target 'Logging' from project 'swift-log')
    cd /Users/admin/builder/spi-builder-workspace/.swiftpm/xcode

Copy /Users/admin/builder/spi-builder-workspace/.derivedData/Build/Products/Debug-watchos/Logging.swiftmodule/arm64-apple-watchos.swiftmodule /Users/admin/builder/spi-builder-workspace/.derivedData/Build/Intermediates.noindex/swift-log.build/Debug-watchos/Logging.build/Objects-normal/arm64/Logging.swiftmodule (in target 'Logging' from project 'swift-log')
    cd /Users/admin/builder/spi-builder-workspace/.dependencies/checkouts/swift-log
    builtin-copy -exclude .DS_Store -exclude CVS -exclude .svn -exclude .git -exclude .hg -resolve-src-symlinks -rename /Users/admin/builder/spi-builder-workspace/.derivedData/Build/Intermediates.noindex/swift-log.build/Debug-watchos/Logging.build/Objects-normal/arm64/Logging.swiftmodule /Users/admin/builder/spi-builder-workspace/.derivedData/Build/Products/Debug-watchos/Logging.swiftmodule/arm64-apple-watchos.swiftmodule
SwiftDriverJobDiscovery normal arm64 Compiling MetadataProvider.swift (in target 'Logging' from project 'swift-log')
Copy /Users/admin/builder/spi-builder-workspace/.derivedData/Build/Products/Debug-watchos/Logging.swiftmodule/arm64-apple-watchos.abi.json /Users/admin/builder/spi-builder-workspace/.derivedData/Build/Intermediates.noindex/swift-log.build/Debug-watchos/Logging.build/Objects-normal/arm64/Logging.abi.json (in target 'Logging' from project 'swift-log')
    cd /Users/admin/builder/spi-builder-workspace/.dependencies/checkouts/swift-log
    builtin-copy -exclude .DS_Store -exclude CVS -exclude .svn -exclude .git -exclude .hg -resolve-src-symlinks -rename /Users/admin/builder/spi-builder-workspace/.derivedData/Build/Intermediates.noindex/swift-log.build/Debug-watchos/Logging.build/Objects-normal/arm64/Logging.abi.json /Users/admin/builder/spi-builder-workspace/.derivedData/Build/Products/Debug-watchos/Logging.swiftmodule/arm64-apple-watchos.abi.json
SwiftCompile normal arm64_32 Compiling\ LoggingSystem.swift /Users/admin/builder/spi-builder-workspace/.dependencies/checkouts/swift-log/Sources/Logging/LoggingSystem.swift (in target 'Logging' from project 'swift-log')
SwiftCompile normal arm64_32 /Users/admin/builder/spi-builder-workspace/.dependencies/checkouts/swift-log/Sources/Logging/LoggingSystem.swift (in target 'Logging' from project 'swift-log')
    cd /Users/admin/builder/spi-builder-workspace/.swiftpm/xcode

SwiftCompile normal arm64_32 Compiling\ Logger+Attributes.swift /Users/admin/builder/spi-builder-workspace/.dependencies/checkouts/swift-log/Sources/Logging/Logger+Attributes.swift (in target 'Logging' from project 'swift-log')
SwiftCompile normal arm64_32 /Users/admin/builder/spi-builder-workspace/.dependencies/checkouts/swift-log/Sources/Logging/Logger+Attributes.swift (in target 'Logging' from project 'swift-log')
    cd /Users/admin/builder/spi-builder-workspace/.swiftpm/xcode

SwiftDriverJobDiscovery normal arm64_32 Compiling Locks.swift (in target 'Logging' from project 'swift-log')
SwiftDriver YubiKit normal arm64 com.apple.xcode.tools.swift.compiler (in target 'YubiKit' from project 'YubiKit')
    cd /Users/admin/builder/spi-builder-workspace/.swiftpm/xcode
    builtin-SwiftDriver -- /Applications/Xcode-16.3.0.app/Contents/Developer/Toolchains/XcodeDefault.xctoolchain/usr/bin/swiftc -module-name YubiKit -Onone -enforce-exclusivity\=checked @/Users/admin/builder/spi-builder-workspace/.derivedData/Build/Intermediates.noindex/YubiKit.build/Debug-watchos/YubiKit.build/Objects-normal/arm64/YubiKit.SwiftFileList -DSWIFT_PACKAGE -DDEBUG -DXcode -plugin-path /Applications/Xcode-16.3.0.app/Contents/Developer/Toolchains/XcodeDefault.xctoolchain/usr/lib/swift/host/plugins/testing -enable-experimental-feature DebugDescriptionMacro -sdk /Applications/Xcode-16.3.0.app/Contents/Developer/Platforms/WatchOS.platform/Developer/SDKs/WatchOS11.4.sdk -target arm64-apple-watchos9.0 -g -module-cache-path /Users/admin/builder/spi-builder-workspace/.derivedData/ModuleCache.noindex -Xfrontend -serialize-debugging-options -profile-coverage-mapping -profile-generate -enable-testing -index-store-path /Users/admin/builder/spi-builder-workspace/.derivedData/Index.noindex/DataStore -swift-version 6 -I /Users/admin/builder/spi-builder-workspace/.derivedData/Build/Products/Debug-watchos -I /Applications/Xcode-16.3.0.app/Contents/Developer/Platforms/WatchOS.platform/Developer/usr/lib -F /Users/admin/builder/spi-builder-workspace/.derivedData/Build/Products/Debug-watchos/PackageFrameworks -F /Users/admin/builder/spi-builder-workspace/.derivedData/Build/Products/Debug-watchos -F /Applications/Xcode-16.3.0.app/Contents/Developer/Platforms/WatchOS.platform/Developer/Library/Frameworks -F /Applications/Xcode-16.3.0.app/Contents/Developer/Platforms/WatchOS.platform/Developer/SDKs/WatchOS11.4.sdk/Developer/Library/Frameworks -c -j10 -enable-batch-mode -incremental -Xcc -ivfsstatcache -Xcc /Users/admin/builder/spi-builder-workspace/.derivedData/SDKStatCaches.noindex/watchos11.4-22T246-43efb940ff07ba2497b70ec94253f576.sdkstatcache -output-file-map /Users/admin/builder/spi-builder-workspace/.derivedData/Build/Intermediates.noindex/YubiKit.build/Debug-watchos/YubiKit.build/Objects-normal/arm64/YubiKit-OutputFileMap.json -use-frontend-parseable-output -save-temps -no-color-diagnostics -serialize-diagnostics -emit-dependencies -emit-module -emit-module-path /Users/admin/builder/spi-builder-workspace/.derivedData/Build/Intermediates.noindex/YubiKit.build/Debug-watchos/YubiKit.build/Objects-normal/arm64/YubiKit.swiftmodule -validate-clang-modules-once -clang-build-session-file /Users/admin/builder/spi-builder-workspace/.derivedData/ModuleCache.noindex/Session.modulevalidation -package-name spi_builder_workspace -Xcc -I/Users/admin/builder/spi-builder-workspace/.derivedData/Build/Intermediates.noindex/YubiKit.build/Debug-watchos/YubiKit.build/swift-overrides.hmap -emit-const-values -Xfrontend -const-gather-protocols-file -Xfrontend /Users/admin/builder/spi-builder-workspace/.derivedData/Build/Intermediates.noindex/YubiKit.build/Debug-watchos/YubiKit.build/Objects-normal/arm64/YubiKit_const_extract_protocols.json -Xcc -I/Users/admin/builder/spi-builder-workspace/.derivedData/Build/Products/Debug-watchos/include -Xcc -I/Users/admin/builder/spi-builder-workspace/.derivedData/Build/Intermediates.noindex/YubiKit.build/Debug-watchos/YubiKit.build/DerivedSources-normal/arm64 -Xcc -I/Users/admin/builder/spi-builder-workspace/.derivedData/Build/Intermediates.noindex/YubiKit.build/Debug-watchos/YubiKit.build/DerivedSources/arm64 -Xcc -I/Users/admin/builder/spi-builder-workspace/.derivedData/Build/Intermediates.noindex/YubiKit.build/Debug-watchos/YubiKit.build/DerivedSources -Xcc -DSWIFT_PACKAGE -Xcc -DDEBUG\=1 -emit-objc-header -emit-objc-header-path /Users/admin/builder/spi-builder-workspace/.derivedData/Build/Intermediates.noindex/YubiKit.build/Debug-watchos/YubiKit.build/Objects-normal/arm64/YubiKit-Swift.h -working-directory /Users/admin/builder/spi-builder-workspace/.swiftpm/xcode -experimental-emit-module-separately -disable-cmo
SwiftDriverJobDiscovery normal arm64_32 Compiling Logger.swift (in target 'Logging' from project 'swift-log')
SwiftDriver YubiKit normal arm64_32 com.apple.xcode.tools.swift.compiler (in target 'YubiKit' from project 'YubiKit')
    cd /Users/admin/builder/spi-builder-workspace/.swiftpm/xcode
    builtin-SwiftDriver -- /Applications/Xcode-16.3.0.app/Contents/Developer/Toolchains/XcodeDefault.xctoolchain/usr/bin/swiftc -module-name YubiKit -Onone -enforce-exclusivity\=checked @/Users/admin/builder/spi-builder-workspace/.derivedData/Build/Intermediates.noindex/YubiKit.build/Debug-watchos/YubiKit.build/Objects-normal/arm64_32/YubiKit.SwiftFileList -DSWIFT_PACKAGE -DDEBUG -DXcode -plugin-path /Applications/Xcode-16.3.0.app/Contents/Developer/Toolchains/XcodeDefault.xctoolchain/usr/lib/swift/host/plugins/testing -enable-experimental-feature DebugDescriptionMacro -sdk /Applications/Xcode-16.3.0.app/Contents/Developer/Platforms/WatchOS.platform/Developer/SDKs/WatchOS11.4.sdk -target arm64_32-apple-watchos9.0 -g -module-cache-path /Users/admin/builder/spi-builder-workspace/.derivedData/ModuleCache.noindex -Xfrontend -serialize-debugging-options -profile-coverage-mapping -profile-generate -enable-testing -index-store-path /Users/admin/builder/spi-builder-workspace/.derivedData/Index.noindex/DataStore -swift-version 6 -I /Users/admin/builder/spi-builder-workspace/.derivedData/Build/Products/Debug-watchos -I /Applications/Xcode-16.3.0.app/Contents/Developer/Platforms/WatchOS.platform/Developer/usr/lib -F /Users/admin/builder/spi-builder-workspace/.derivedData/Build/Products/Debug-watchos/PackageFrameworks -F /Users/admin/builder/spi-builder-workspace/.derivedData/Build/Products/Debug-watchos -F /Applications/Xcode-16.3.0.app/Contents/Developer/Platforms/WatchOS.platform/Developer/Library/Frameworks -F /Applications/Xcode-16.3.0.app/Contents/Developer/Platforms/WatchOS.platform/Developer/SDKs/WatchOS11.4.sdk/Developer/Library/Frameworks -c -j10 -enable-batch-mode -incremental -Xcc -ivfsstatcache -Xcc /Users/admin/builder/spi-builder-workspace/.derivedData/SDKStatCaches.noindex/watchos11.4-22T246-43efb940ff07ba2497b70ec94253f576.sdkstatcache -output-file-map /Users/admin/builder/spi-builder-workspace/.derivedData/Build/Intermediates.noindex/YubiKit.build/Debug-watchos/YubiKit.build/Objects-normal/arm64_32/YubiKit-OutputFileMap.json -use-frontend-parseable-output -save-temps -no-color-diagnostics -serialize-diagnostics -emit-dependencies -emit-module -emit-module-path /Users/admin/builder/spi-builder-workspace/.derivedData/Build/Intermediates.noindex/YubiKit.build/Debug-watchos/YubiKit.build/Objects-normal/arm64_32/YubiKit.swiftmodule -validate-clang-modules-once -clang-build-session-file /Users/admin/builder/spi-builder-workspace/.derivedData/ModuleCache.noindex/Session.modulevalidation -package-name spi_builder_workspace -Xcc -I/Users/admin/builder/spi-builder-workspace/.derivedData/Build/Intermediates.noindex/YubiKit.build/Debug-watchos/YubiKit.build/swift-overrides.hmap -emit-const-values -Xfrontend -const-gather-protocols-file -Xfrontend /Users/admin/builder/spi-builder-workspace/.derivedData/Build/Intermediates.noindex/YubiKit.build/Debug-watchos/YubiKit.build/Objects-normal/arm64_32/YubiKit_const_extract_protocols.json -Xcc -I/Users/admin/builder/spi-builder-workspace/.derivedData/Build/Products/Debug-watchos/include -Xcc -I/Users/admin/builder/spi-builder-workspace/.derivedData/Build/Intermediates.noindex/YubiKit.build/Debug-watchos/YubiKit.build/DerivedSources-normal/arm64_32 -Xcc -I/Users/admin/builder/spi-builder-workspace/.derivedData/Build/Intermediates.noindex/YubiKit.build/Debug-watchos/YubiKit.build/DerivedSources/arm64_32 -Xcc -I/Users/admin/builder/spi-builder-workspace/.derivedData/Build/Intermediates.noindex/YubiKit.build/Debug-watchos/YubiKit.build/DerivedSources -Xcc -DSWIFT_PACKAGE -Xcc -DDEBUG\=1 -emit-objc-header -emit-objc-header-path /Users/admin/builder/spi-builder-workspace/.derivedData/Build/Intermediates.noindex/YubiKit.build/Debug-watchos/YubiKit.build/Objects-normal/arm64_32/YubiKit-Swift.h -working-directory /Users/admin/builder/spi-builder-workspace/.swiftpm/xcode -experimental-emit-module-separately -disable-cmo
SwiftDriverJobDiscovery normal arm64 Compiling SwiftLogNoOpLogHandler.swift (in target 'Logging' from project 'swift-log')
SwiftCompile normal arm64 Compiling\ Logger+With.swift /Users/admin/builder/spi-builder-workspace/.dependencies/checkouts/swift-log/Sources/Logging/Logger+With.swift (in target 'Logging' from project 'swift-log')
SwiftCompile normal arm64 /Users/admin/builder/spi-builder-workspace/.dependencies/checkouts/swift-log/Sources/Logging/Logger+With.swift (in target 'Logging' from project 'swift-log')
    cd /Users/admin/builder/spi-builder-workspace/.swiftpm/xcode

unable to find node: pound
unable to find node: pound
SwiftDriverJobDiscovery normal arm64 Compiling LogHandler.swift (in target 'Logging' from project 'swift-log')
SwiftCompile normal armv7k Compiling\ LoggingSystem.swift /Users/admin/builder/spi-builder-workspace/.dependencies/checkouts/swift-log/Sources/Logging/LoggingSystem.swift (in target 'Logging' from project 'swift-log')
SwiftCompile normal armv7k /Users/admin/builder/spi-builder-workspace/.dependencies/checkouts/swift-log/Sources/Logging/LoggingSystem.swift (in target 'Logging' from project 'swift-log')
    cd /Users/admin/builder/spi-builder-workspace/.swiftpm/xcode

SwiftDriverJobDiscovery normal arm64_32 Compiling SwiftLogNoOpLogHandler.swift (in target 'Logging' from project 'swift-log')
SwiftCompile normal arm64_32 Compiling\ MetadataProvider.swift /Users/admin/builder/spi-builder-workspace/.dependencies/checkouts/swift-log/Sources/Logging/MetadataProvider.swift (in target 'Logging' from project 'swift-log')
SwiftCompile normal arm64_32 /Users/admin/builder/spi-builder-workspace/.dependencies/checkouts/swift-log/Sources/Logging/MetadataProvider.swift (in target 'Logging' from project 'swift-log')
    cd /Users/admin/builder/spi-builder-workspace/.swiftpm/xcode

SwiftDriverJobDiscovery normal arm64 Compiling Locks.swift (in target 'Logging' from project 'swift-log')
SwiftCompile normal arm64 Compiling\ Logger.swift /Users/admin/builder/spi-builder-workspace/.dependencies/checkouts/swift-log/Sources/Logging/Logger.swift (in target 'Logging' from project 'swift-log')
SwiftCompile normal arm64 /Users/admin/builder/spi-builder-workspace/.dependencies/checkouts/swift-log/Sources/Logging/Logger.swift (in target 'Logging' from project 'swift-log')
    cd /Users/admin/builder/spi-builder-workspace/.swiftpm/xcode

SwiftDriverJobDiscovery normal arm64 Compiling MultiplexLogHandler.swift, StreamLogHandler.swift (in target 'Logging' from project 'swift-log')
SwiftCompile normal arm64 Compiling\ LoggingSystem.swift /Users/admin/builder/spi-builder-workspace/.dependencies/checkouts/swift-log/Sources/Logging/LoggingSystem.swift (in target 'Logging' from project 'swift-log')
SwiftCompile normal arm64 /Users/admin/builder/spi-builder-workspace/.dependencies/checkouts/swift-log/Sources/Logging/LoggingSystem.swift (in target 'Logging' from project 'swift-log')
    cd /Users/admin/builder/spi-builder-workspace/.swiftpm/xcode

SwiftEmitModule normal arm64 Emitting\ module\ for\ YubiKit (in target 'YubiKit' from project 'YubiKit')
EmitSwiftModule normal arm64 (in target 'YubiKit' from project 'YubiKit')
    cd /Users/admin/builder/spi-builder-workspace/.swiftpm/xcode

/Users/admin/builder/spi-builder-workspace/YubiKit/YubiKit/FIDO/Interfaces/CBORInterface.swift:50:18: error: type 'I' constrained to non-protocol, non-class type 'Self.In'
    func send<I: In, O: Out>(
                 ^
/Users/admin/builder/spi-builder-workspace/YubiKit/YubiKit/FIDO/Interfaces/CBORInterface.swift:50:25: error: type 'O' constrained to non-protocol, non-class type 'Self.Out'
    func send<I: In, O: Out>(
                        ^
/Users/admin/builder/spi-builder-workspace/YubiKit/YubiKit/FIDO/Interfaces/CBORInterface.swift:61:18: error: type 'I' constrained to non-protocol, non-class type 'Self.In'
    func send<I: In>(
                 ^
/Users/admin/builder/spi-builder-workspace/YubiKit/YubiKit/FIDO/Interfaces/FIDOInterface/FIDOInterface+CBORInterface.swift:20:1: error: type 'FIDOInterface<Error>' does not conform to protocol 'CBORInterface'
extension FIDOInterface: CBORInterface where Error == CTAP2.SessionError {
^
/Users/admin/builder/spi-builder-workspace/YubiKit/YubiKit/FIDO/Interfaces/FIDOInterface/FIDOInterface+CBORInterface.swift:22:10: note: candidate has non-matching type '<Error, I, O> (command: CTAP2.Command, payload: I) async -> CTAP2.StatusStream<O>' [with Error = CTAP2.SessionError]
    func send<I: In, O: Out>(
         ^
/Users/admin/builder/spi-builder-workspace/YubiKit/YubiKit/FIDO/Interfaces/FIDOInterface/FIDOInterface+CBORInterface.swift:33:10: note: candidate has non-matching type '<Error, I> (command: CTAP2.Command, payload: I) async -> CTAP2.StatusStream<Void>' [with Error = CTAP2.SessionError]
    func send<I: In>(
         ^
/Users/admin/builder/spi-builder-workspace/YubiKit/YubiKit/FIDO/Interfaces/FIDOInterface/FIDOInterface+CBORInterface.swift:22:10: note: candidate would match if 'Void' conformed to 'CBOR.Decodable'
    func send<I: In, O: Out>(
         ^
/Users/admin/builder/spi-builder-workspace/YubiKit/YubiKit/FIDO/Interfaces/FIDOInterface/FIDOInterface+CBORInterface.swift:33:10: note: candidate has non-matching type '<Error, I> (command: CTAP2.Command, payload: I) async -> CTAP2.StatusStream<Void>' [with Error = CTAP2.SessionError]
    func send<I: In>(
         ^
/Users/admin/builder/spi-builder-workspace/YubiKit/YubiKit/FIDO/Interfaces/FIDOInterface/FIDOInterface+CBORInterface.swift:20:1: note: add stubs for conformance
extension FIDOInterface: CBORInterface where Error == CTAP2.SessionError {
^
/Users/admin/builder/spi-builder-workspace/YubiKit/YubiKit/FIDO/Interfaces/CBORInterface.swift:50:10: note: protocol requires function 'send(command:payload:)' with type '<I, O> (command: CTAP2.Command, payload: I) async -> CTAP2.StatusStream<O>'
    func send<I: In, O: Out>(
         ^
/Users/admin/builder/spi-builder-workspace/YubiKit/YubiKit/FIDO/Interfaces/CBORInterface.swift:61:10: note: protocol requires function 'send(command:payload:)' with type '<I> (command: CTAP2.Command, payload: I) async -> CTAP2.StatusStream<Void>'
    func send<I: In>(
         ^
/Users/admin/builder/spi-builder-workspace/YubiKit/YubiKit/FIDO/Interfaces/SmartCardInterface+CBORInterface.swift:20:1: error: type 'SmartCardInterface<Error>' does not conform to protocol 'CBORInterface'
extension SmartCardInterface: CBORInterface where Error == CTAP2.SessionError {
^
/Users/admin/builder/spi-builder-workspace/YubiKit/YubiKit/FIDO/Interfaces/SmartCardInterface+CBORInterface.swift:22:10: note: candidate has non-matching type '<Error, I, O> (command: CTAP2.Command, payload: I) -> CTAP2.StatusStream<O>' [with Error = CTAP2.SessionError]
    func send<I: In, O: Out>(
         ^
/Users/admin/builder/spi-builder-workspace/YubiKit/YubiKit/FIDO/Interfaces/SmartCardInterface+CBORInterface.swift:33:10: note: candidate has non-matching type '<Error, I> (command: CTAP2.Command, payload: I) -> CTAP2.StatusStream<Void>' [with Error = CTAP2.SessionError]
    func send<I: In>(
         ^
/Users/admin/builder/spi-builder-workspace/YubiKit/YubiKit/FIDO/Interfaces/SmartCardInterface+CBORInterface.swift:22:10: note: candidate would match if 'Void' conformed to 'CBOR.Decodable'
    func send<I: In, O: Out>(
         ^
/Users/admin/builder/spi-builder-workspace/YubiKit/YubiKit/FIDO/Interfaces/SmartCardInterface+CBORInterface.swift:33:10: note: candidate has non-matching type '<Error, I> (command: CTAP2.Command, payload: I) -> CTAP2.StatusStream<Void>' [with Error = CTAP2.SessionError]
    func send<I: In>(
         ^
/Users/admin/builder/spi-builder-workspace/YubiKit/YubiKit/FIDO/Interfaces/SmartCardInterface+CBORInterface.swift:20:1: note: add stubs for conformance
extension SmartCardInterface: CBORInterface where Error == CTAP2.SessionError {
^
/Users/admin/builder/spi-builder-workspace/YubiKit/YubiKit/FIDO/Interfaces/CBORInterface.swift:50:10: note: protocol requires function 'send(command:payload:)' with type '<I, O> (command: CTAP2.Command, payload: I) async -> CTAP2.StatusStream<O>'
    func send<I: In, O: Out>(
         ^
/Users/admin/builder/spi-builder-workspace/YubiKit/YubiKit/FIDO/Interfaces/CBORInterface.swift:61:10: note: protocol requires function 'send(command:payload:)' with type '<I> (command: CTAP2.Command, payload: I) async -> CTAP2.StatusStream<Void>'
    func send<I: In>(
         ^
/Users/admin/builder/spi-builder-workspace/YubiKit/YubiKit/FIDO/Session/CTAPSession+Interface.swift:43:1: error: type 'CTAP2.Session.Interface' does not conform to protocol 'CBORInterface'
extension CTAP2.Session.Interface: CBORInterface {
^
/Users/admin/builder/spi-builder-workspace/YubiKit/YubiKit/FIDO/Session/CTAPSession+Interface.swift:66:10: note: candidate has non-matching type '<I, O> (command: CTAP2.Command, payload: I) async -> CTAP2.StatusStream<O>'
    func send<I: In, O: Out>(
         ^
/Users/admin/builder/spi-builder-workspace/YubiKit/YubiKit/FIDO/Session/CTAPSession+Interface.swift:78:10: note: candidate has non-matching type '<I> (command: CTAP2.Command, payload: I) async -> CTAP2.StatusStream<Void>'
    func send<I: In>(
         ^
/Users/admin/builder/spi-builder-workspace/YubiKit/YubiKit/FIDO/Session/CTAPSession+Interface.swift:66:10: note: candidate would match if 'Void' conformed to 'CBOR.Decodable'
    func send<I: In, O: Out>(
         ^
/Users/admin/builder/spi-builder-workspace/YubiKit/YubiKit/FIDO/Session/CTAPSession+Interface.swift:78:10: note: candidate has non-matching type '<I> (command: CTAP2.Command, payload: I) async -> CTAP2.StatusStream<Void>'
    func send<I: In>(
         ^
/Users/admin/builder/spi-builder-workspace/YubiKit/YubiKit/FIDO/Session/CTAPSession+Interface.swift:43:1: note: add stubs for conformance
extension CTAP2.Session.Interface: CBORInterface {
^
/Users/admin/builder/spi-builder-workspace/YubiKit/YubiKit/FIDO/Interfaces/CBORInterface.swift:50:10: note: protocol requires function 'send(command:payload:)' with type '<I, O> (command: CTAP2.Command, payload: I) async -> CTAP2.StatusStream<O>'
    func send<I: In, O: Out>(
         ^
/Users/admin/builder/spi-builder-workspace/YubiKit/YubiKit/FIDO/Interfaces/CBORInterface.swift:61:10: note: protocol requires function 'send(command:payload:)' with type '<I> (command: CTAP2.Command, payload: I) async -> CTAP2.StatusStream<Void>'
    func send<I: In>(
         ^
/Users/admin/builder/spi-builder-workspace/YubiKit/YubiKit/Management/ManagementSession.swift:52:33: warning: 'SmartCardSession' is deprecated: Do not use SmartCardSession as a generic constraint. Use concrete session types directly.
    public final actor Session: SmartCardSession {
                                ^
/Users/admin/builder/spi-builder-workspace/YubiKit/YubiKit/OATH/OATHSession.swift:34:20: warning: conformance of 'OATHSession' to 'SmartCardSession' is deprecated: Use concrete session types directly instead of SmartCardSession protocol.
public final actor OATHSession: SmartCardSessionInternal {
                   ^
/Users/admin/builder/spi-builder-workspace/YubiKit/YubiKit/PIV/PIVSession.swift:25:20: warning: conformance of 'PIVSession' to 'SmartCardSession' is deprecated: Use concrete session types directly instead of SmartCardSession protocol.
public final actor PIVSession: SmartCardSessionInternal {
                   ^
/Users/admin/builder/spi-builder-workspace/YubiKit/YubiKit/SCP/SecurityDomainSession.swift:26:20: warning: conformance of 'SecurityDomainSession' to 'SmartCardSession' is deprecated: Use concrete session types directly instead of SmartCardSession protocol.
public final actor SecurityDomainSession: SmartCardSessionInternal, HasSecurityDomainLogger {
                   ^
/Users/admin/builder/spi-builder-workspace/YubiKit/YubiKit/Session/SmartCard/SmartCardSession.swift:61:36: warning: 'SmartCardSession' is deprecated: Do not use SmartCardSession as a generic constraint. Use concrete session types directly.
protocol SmartCardSessionInternal: SmartCardSession {
                                   ^
Failed frontend command:
/Applications/Xcode-16.3.0.app/Contents/Developer/Toolchains/XcodeDefault.xctoolchain/usr/bin/swift-frontend -frontend -emit-module -experimental-skip-non-inlinable-function-bodies-without-types /Users/admin/builder/spi-builder-workspace/YubiKit/YubiKit/APDU.swift /Users/admin/builder/spi-builder-workspace/YubiKit/YubiKit/BackwardsCompatibility.swift /Users/admin/builder/spi-builder-workspace/YubiKit/YubiKit/Compression/Data+Compression.swift /Users/admin/builder/spi-builder-workspace/YubiKit/YubiKit/Compression/Data+Gids.swift /Users/admin/builder/spi-builder-workspace/YubiKit/YubiKit/Compression/Data+Gzip.swift /Users/admin/builder/spi-builder-workspace/YubiKit/YubiKit/Connection/Connection.swift /Users/admin/builder/spi-builder-workspace/YubiKit/YubiKit/Connection/FIDO/FIDOConnection.swift /Users/admin/builder/spi-builder-workspace/YubiKit/YubiKit/Connection/FIDO/HIDFIDOConnection.swift /Users/admin/builder/spi-builder-workspace/YubiKit/YubiKit/Connection/OTP/HIDOTPConnection.swift /Users/admin/builder/spi-builder-workspace/YubiKit/YubiKit/Connection/OTP/OTPConnection.swift /Users/admin/builder/spi-builder-workspace/YubiKit/YubiKit/Connection/SmartCard/LightningSmartCardConnection.swift /Users/admin/builder/spi-builder-workspace/YubiKit/YubiKit/Connection/SmartCard/NFCSmartCardConnection+Simulator.swift /Users/admin/builder/spi-builder-workspace/YubiKit/YubiKit/Connection/SmartCard/NFCSmartCardConnection.swift /Users/admin/builder/spi-builder-workspace/YubiKit/YubiKit/Connection/SmartCard/SmartCardConnection.swift /Users/admin/builder/spi-builder-workspace/YubiKit/YubiKit/Connection/SmartCard/SmartCardConnections.swift /Users/admin/builder/spi-builder-workspace/YubiKit/YubiKit/Connection/SmartCard/USBSmartCardConnection+Simulator.swift /Users/admin/builder/spi-builder-workspace/YubiKit/YubiKit/Connection/SmartCard/USBSmartCardConnection.swift /Users/admin/builder/spi-builder-workspace/YubiKit/YubiKit/Connection/SmartCardConnection+Simulator.swift /Users/admin/builder/spi-builder-workspace/YubiKit/YubiKit/Crypto/Crypto.swift /Users/admin/builder/spi-builder-workspace/YubiKit/YubiKit/Crypto/CryptoError.swift /Users/admin/builder/spi-builder-workspace/YubiKit/YubiKit/Crypto/Curve25519.swift /Users/admin/builder/spi-builder-workspace/YubiKit/YubiKit/Crypto/Data+Crypto.swift /Users/admin/builder/spi-builder-workspace/YubiKit/YubiKit/Crypto/Keys+Crypto.swift /Users/admin/builder/spi-builder-workspace/YubiKit/YubiKit/Crypto/SecKey+Crypto.swift /Users/admin/builder/spi-builder-workspace/YubiKit/YubiKit/Errors/Connection/FIDOConnectionError.swift /Users/admin/builder/spi-builder-workspace/YubiKit/YubiKit/Errors/Connection/OTPConnectionError.swift /Users/admin/builder/spi-builder-workspace/YubiKit/YubiKit/Errors/Connection/SmartCardConnectionError.swift /Users/admin/builder/spi-builder-workspace/YubiKit/YubiKit/Errors/Session/FIDOSessionError.swift /Users/admin/builder/spi-builder-workspace/YubiKit/YubiKit/Errors/Session/ManagementSessionError.swift /Users/admin/builder/spi-builder-workspace/YubiKit/YubiKit/Errors/Session/OATHSessionError.swift /Users/admin/builder/spi-builder-workspace/YubiKit/YubiKit/Errors/Session/PIVSessionError.swift /Users/admin/builder/spi-builder-workspace/YubiKit/YubiKit/Errors/Session/SCPError.swift /Users/admin/builder/spi-builder-workspace/YubiKit/YubiKit/Errors/Session/SessionError.swift /Users/admin/builder/spi-builder-workspace/YubiKit/YubiKit/Errors/Session/SmartCardSessionError.swift /Users/admin/builder/spi-builder-workspace/YubiKit/YubiKit/Errors/Session/YubiOTP+SessionError.swift /Users/admin/builder/spi-builder-workspace/YubiKit/YubiKit/Errors/SourceLocation.swift /Users/admin/builder/spi-builder-workspace/YubiKit/YubiKit/FIDO/CBOR/CBOR+Decode.swift /Users/admin/builder/spi-builder-workspace/YubiKit/YubiKit/FIDO/CBOR/CBOR+Encode.swift /Users/admin/builder/spi-builder-workspace/YubiKit/YubiKit/FIDO/CBOR/CBOR.swift /Users/admin/builder/spi-builder-workspace/YubiKit/YubiKit/FIDO/CBOR/CBORDecodables.swift /Users/admin/builder/spi-builder-workspace/YubiKit/YubiKit/FIDO/CBOR/CBOREncodables.swift /Users/admin/builder/spi-builder-workspace/YubiKit/YubiKit/FIDO/CBOR/CBORError.swift /Users/admin/builder/spi-builder-workspace/YubiKit/YubiKit/FIDO/CBOR/CBORValue.swift /Users/admin/builder/spi-builder-workspace/YubiKit/YubiKit/FIDO/COSE/COSE.swift /Users/admin/builder/spi-builder-workspace/YubiKit/YubiKit/FIDO/COSE/PublicKey+COSE.swift /Users/admin/builder/spi-builder-workspace/YubiKit/YubiKit/FIDO/CTAP/BioEnrollment/BioEnrollment.swift /Users/admin/builder/spi-builder-workspace/YubiKit/YubiKit/FIDO/CTAP/BioEnrollment/BioEnrollmentTypes+CBOR.swift /Users/admin/builder/spi-builder-workspace/YubiKit/YubiKit/FIDO/CTAP/BioEnrollment/BioEnrollmentTypes.swift /Users/admin/builder/spi-builder-workspace/YubiKit/YubiKit/FIDO/CTAP/CTAP2.swift /Users/admin/builder/spi-builder-workspace/YubiKit/YubiKit/FIDO/CTAP/CTAPError.swift /Users/admin/builder/spi-builder-workspace/YubiKit/YubiKit/FIDO/CTAP/ClientPIN/Commands+CBOR.swift /Users/admin/builder/spi-builder-workspace/YubiKit/YubiKit/FIDO/CTAP/ClientPIN/Commands+Parameters.swift /Users/admin/builder/spi-builder-workspace/YubiKit/YubiKit/FIDO/CTAP/ClientPIN/Commands+Responses.swift /Users/admin/builder/spi-builder-workspace/YubiKit/YubiKit/FIDO/CTAP/ClientPIN/Commands.swift /Users/admin/builder/spi-builder-workspace/YubiKit/YubiKit/FIDO/CTAP/ClientPIN/Permissions.swift /Users/admin/builder/spi-builder-workspace/YubiKit/YubiKit/FIDO/CTAP/ClientPIN/ProtocolVersion+Crypto.swift /Users/admin/builder/spi-builder-workspace/YubiKit/YubiKit/FIDO/CTAP/ClientPIN/Types.swift /Users/admin/builder/spi-builder-workspace/YubiKit/YubiKit/FIDO/CTAP/Config/Config.swift /Users/admin/builder/spi-builder-workspace/YubiKit/YubiKit/FIDO/CTAP/CredentialManagement/CredentialManagement+AsyncSequence.swift /Users/admin/builder/spi-builder-workspace/YubiKit/YubiKit/FIDO/CTAP/CredentialManagement/CredentialManagement+Types+CBOR.swift /Users/admin/builder/spi-builder-workspace/YubiKit/YubiKit/FIDO/CTAP/CredentialManagement/CredentialManagement+Types.swift /Users/admin/builder/spi-builder-workspace/YubiKit/YubiKit/FIDO/CTAP/CredentialManagement/CredentialManagement.swift /Users/admin/builder/spi-builder-workspace/YubiKit/YubiKit/FIDO/CTAP/Extensions/CredBlob.swift /Users/admin/builder/spi-builder-workspace/YubiKit/YubiKit/FIDO/CTAP/Extensions/CredProtect.swift /Users/admin/builder/spi-builder-workspace/YubiKit/YubiKit/FIDO/CTAP/Extensions/Extension.swift /Users/admin/builder/spi-builder-workspace/YubiKit/YubiKit/FIDO/CTAP/Extensions/HmacSecret.swift /Users/admin/builder/spi-builder-workspace/YubiKit/YubiKit/FIDO/CTAP/Extensions/LargeBlobKey.swift /Users/admin/builder/spi-builder-workspace/YubiKit/YubiKit/FIDO/CTAP/Extensions/MinPinLength.swift /Users/admin/builder/spi-builder-workspace/YubiKit/YubiKit/FIDO/CTAP/Extensions/PreviewSign.swift /Users/admin/builder/spi-builder-workspace/YubiKit/YubiKit/FIDO/CTAP/Extensions/ThirdPartyPayment.swift /Users/admin/builder/spi-builder-workspace/YubiKit/YubiKit/FIDO/CTAP/GetAssertion/GetAssertionParameters+CBOR.swift /Users/admin/builder/spi-builder-workspace/YubiKit/YubiKit/FIDO/CTAP/GetAssertion/GetAssertionParameters.swift /Users/admin/builder/spi-builder-workspace/YubiKit/YubiKit/FIDO/CTAP/GetAssertion/GetAssertionResponse+CBOR.swift /Users/admin/builder/spi-builder-workspace/YubiKit/YubiKit/FIDO/CTAP/GetAssertion/GetAssertionResponse.swift /Users/admin/builder/spi-builder-workspace/YubiKit/YubiKit/FIDO/CTAP/GetInfo/AuthenticatorOptions.swift /Users/admin/builder/spi-builder-workspace/YubiKit/YubiKit/FIDO/CTAP/GetInfo/GetInfoImmutableView.swift /Users/admin/builder/spi-builder-workspace/YubiKit/YubiKit/FIDO/CTAP/GetInfo/GetInfoResponse+CBOR.swift /Users/admin/builder/spi-builder-workspace/YubiKit/YubiKit/FIDO/CTAP/GetInfo/GetInfoResponse.swift /Users/admin/builder/spi-builder-workspace/YubiKit/YubiKit/FIDO/CTAP/LargeBlobs/CTAPSession+LargeBlobs.swift /Users/admin/builder/spi-builder-workspace/YubiKit/YubiKit/FIDO/CTAP/LargeBlobs/Entry+CBOR.swift /Users/admin/builder/spi-builder-workspace/YubiKit/YubiKit/FIDO/CTAP/LargeBlobs/Entry.swift /Users/admin/builder/spi-builder-workspace/YubiKit/YubiKit/FIDO/CTAP/MakeCredential/MakeCredentialParameters+CBOR.swift /Users/admin/builder/spi-builder-workspace/YubiKit/YubiKit/FIDO/CTAP/MakeCredential/MakeCredentialParameters.swift /Users/admin/builder/spi-builder-workspace/YubiKit/YubiKit/FIDO/CTAP/MakeCredential/MakeCredentialResponse+CBOR.swift /Users/admin/builder/spi-builder-workspace/YubiKit/YubiKit/FIDO/CTAP/MakeCredential/MakeCredentialResponse.swift /Users/admin/builder/spi-builder-workspace/YubiKit/YubiKit/FIDO/CTAP/Transport.swift /Users/admin/builder/spi-builder-workspace/YubiKit/YubiKit/FIDO/Interfaces/CBORInterface.swift /Users/admin/builder/spi-builder-workspace/YubiKit/YubiKit/FIDO/Interfaces/FIDOInterface/FIDOInterface+CBORInterface.swift /Users/admin/builder/spi-builder-workspace/YubiKit/YubiKit/FIDO/Interfaces/FIDOInterface/FIDOInterface+Commands.swift /Users/admin/builder/spi-builder-workspace/YubiKit/YubiKit/FIDO/Interfaces/FIDOInterface/FIDOInterface+HIDFraming.swift /Users/admin/builder/spi-builder-workspace/YubiKit/YubiKit/FIDO/Interfaces/FIDOInterface/FIDOInterface.swift /Users/admin/builder/spi-builder-workspace/YubiKit/YubiKit/FIDO/Interfaces/SmartCardInterface+CBORInterface.swift /Users/admin/builder/spi-builder-workspace/YubiKit/YubiKit/FIDO/Session/CTAP+SessionError.swift /Users/admin/builder/spi-builder-workspace/YubiKit/YubiKit/FIDO/Session/CTAPSession+ClientPIN.swift /Users/admin/builder/spi-builder-workspace/YubiKit/YubiKit/FIDO/Session/CTAPSession+Creation.swift /Users/admin/builder/spi-builder-workspace/YubiKit/YubiKit/FIDO/Session/CTAPSession+GetAssertion.swift /Users/admin/builder/spi-builder-workspace/YubiKit/YubiKit/FIDO/Session/CTAPSession+Interface.swift /Users/admin/builder/spi-builder-workspace/YubiKit/YubiKit/FIDO/Session/CTAPSession+MakeCredential.swift /Users/admin/builder/spi-builder-workspace/YubiKit/YubiKit/FIDO/Session/CTAPSession.swift /Users/admin/builder/spi-builder-workspace/YubiKit/YubiKit/FIDO/Session/CTAPStatusStream.swift /Users/admin/builder/spi-builder-workspace/YubiKit/YubiKit/FIDO/WebAuthn/Attestation/Attestation.swift /Users/admin/builder/spi-builder-workspace/YubiKit/YubiKit/FIDO/WebAuthn/Attestation/AttestationObject.swift /Users/admin/builder/spi-builder-workspace/YubiKit/YubiKit/FIDO/WebAuthn/AuthenticatorData.swift /Users/admin/builder/spi-builder-workspace/YubiKit/YubiKit/FIDO/WebAuthn/Client/Authentication/AuthenticationOptions.swift /Users/admin/builder/spi-builder-workspace/YubiKit/YubiKit/FIDO/WebAuthn/Client/Authentication/AuthenticationResponse.swift /Users/admin/builder/spi-builder-workspace/YubiKit/YubiKit/FIDO/WebAuthn/Client/Authentication/Client+GetAssertion.swift /Users/admin/builder/spi-builder-workspace/YubiKit/YubiKit/FIDO/WebAuthn/Client/Authorization.swift /Users/admin/builder/spi-builder-workspace/YubiKit/YubiKit/FIDO/WebAuthn/Client/Backends/AuthenticatorBackend.swift /Users/admin/builder/spi-builder-workspace/YubiKit/YubiKit/FIDO/WebAuthn/Client/Backends/CTAP2Backend+GetAssertions.swift /Users/admin/builder/spi-builder-workspace/YubiKit/YubiKit/FIDO/WebAuthn/Client/Backends/CTAP2Backend+MakeCredential.swift /Users/admin/builder/spi-builder-workspace/YubiKit/YubiKit/FIDO/WebAuthn/Client/Backends/CTAP2Backend.swift /Users/admin/builder/spi-builder-workspace/YubiKit/YubiKit/FIDO/WebAuthn/Client/Client.swift /Users/admin/builder/spi-builder-workspace/YubiKit/YubiKit/FIDO/WebAuthn/Client/ClientData.swift /Users/admin/builder/spi-builder-workspace/YubiKit/YubiKit/FIDO/WebAuthn/Client/ClientError.swift /Users/admin/builder/spi-builder-workspace/YubiKit/YubiKit/FIDO/WebAuthn/Client/Origin.swift /Users/admin/builder/spi-builder-workspace/YubiKit/YubiKit/FIDO/WebAuthn/Client/Registration/Client+MakeCredential.swift /Users/admin/builder/spi-builder-workspace/YubiKit/YubiKit/FIDO/WebAuthn/Client/Registration/RegistrationOptions.swift /Users/admin/builder/spi-builder-workspace/YubiKit/YubiKit/FIDO/WebAuthn/Client/Registration/RegistrationResponse.swift /Users/admin/builder/spi-builder-workspace/YubiKit/YubiKit/FIDO/WebAuthn/Client/Shared/Authorization+Operation.swift /Users/admin/builder/spi-builder-workspace/YubiKit/YubiKit/FIDO/WebAuthn/Client/Shared/CTAP2Backend+CredentialMatching.swift /Users/admin/builder/spi-builder-workspace/YubiKit/YubiKit/FIDO/WebAuthn/Client/Shared/CTAP2Backend+Extensions.swift /Users/admin/builder/spi-builder-workspace/YubiKit/YubiKit/FIDO/WebAuthn/Client/Shared/CTAP2Backend+UserVerification.swift /Users/admin/builder/spi-builder-workspace/YubiKit/YubiKit/FIDO/WebAuthn/Client/Shared/Client+Validation.swift /Users/admin/builder/spi-builder-workspace/YubiKit/YubiKit/FIDO/WebAuthn/Extensions/ExtensionInputs.swift /Users/admin/builder/spi-builder-workspace/YubiKit/YubiKit/FIDO/WebAuthn/Extensions/ExtensionOutputs.swift /Users/admin/builder/spi-builder-workspace/YubiKit/YubiKit/FIDO/WebAuthn/Extensions/Extensions+JSON.swift /Users/admin/builder/spi-builder-workspace/YubiKit/YubiKit/FIDO/WebAuthn/Extensions/WebAuthnCredBlob.swift /Users/admin/builder/spi-builder-workspace/YubiKit/YubiKit/FIDO/WebAuthn/Extensions/WebAuthnCredProps.swift /Users/admin/builder/spi-builder-workspace/YubiKit/YubiKit/FIDO/WebAuthn/Extensions/WebAuthnCredProtect.swift /Users/admin/builder/spi-builder-workspace/YubiKit/YubiKit/FIDO/WebAuthn/Extensions/WebAuthnLargeBlob.swift /Users/admin/builder/spi-builder-workspace/YubiKit/YubiKit/FIDO/WebAuthn/Extensions/WebAuthnMinPinLength.swift /Users/admin/builder/spi-builder-workspace/YubiKit/YubiKit/FIDO/WebAuthn/Extensions/WebAuthnPRF.swift /Users/admin/builder/spi-builder-workspace/YubiKit/YubiKit/FIDO/WebAuthn/Extensions/WebAuthnPreviewSign.swift /Users/admin/builder/spi-builder-workspace/YubiKit/YubiKit/FIDO/WebAuthn/Extensions/WebAuthnThirdPartyPayment.swift /Users/admin/builder/spi-builder-workspace/YubiKit/YubiKit/FIDO/WebAuthn/WebAuthn+CBOR.swift /Users/admin/builder/spi-builder-workspace/YubiKit/YubiKit/FIDO/WebAuthn/WebAuthn+JSON.swift /Users/admin/builder/spi-builder-workspace/YubiKit/YubiKit/FIDO/WebAuthn/WebAuthn.swift /Users/admin/builder/spi-builder-workspace/YubiKit/YubiKit/Keys/Curve25519Keys.swift /Users/admin/builder/spi-builder-workspace/YubiKit/YubiKit/Keys/ECKeys.swift /Users/admin/builder/spi-builder-workspace/YubiKit/YubiKit/Keys/PublicKey+SPKI.swift /Users/admin/builder/spi-builder-workspace/YubiKit/YubiKit/Keys/PublicKey.swift /Users/admin/builder/spi-builder-workspace/YubiKit/YubiKit/Keys/RSAKeys.swift /Users/admin/builder/spi-builder-workspace/YubiKit/YubiKit/Keys/X509Cert.swift /Users/admin/builder/spi-builder-workspace/YubiKit/YubiKit/Management/Capability.swift /Users/admin/builder/spi-builder-workspace/YubiKit/YubiKit/Management/DeviceConfig.swift /Users/admin/builder/spi-builder-workspace/YubiKit/YubiKit/Management/DeviceInfo.swift /Users/admin/builder/spi-builder-workspace/YubiKit/YubiKit/Management/ManagementInterface.swift /Users/admin/builder/spi-builder-workspace/YubiKit/YubiKit/Management/ManagementSession.swift /Users/admin/builder/spi-builder-workspace/YubiKit/YubiKit/OATH/OATHSession+Extensions.swift /Users/admin/builder/spi-builder-workspace/YubiKit/YubiKit/OATH/OATHSession.swift /Users/admin/builder/spi-builder-workspace/YubiKit/YubiKit/OATH/OATHSessionFeature.swift /Users/admin/builder/spi-builder-workspace/YubiKit/YubiKit/PIV/PIVDataFormatter.swift /Users/admin/builder/spi-builder-workspace/YubiKit/YubiKit/PIV/PIVDataTypes.swift /Users/admin/builder/spi-builder-workspace/YubiKit/YubiKit/PIV/PIVSession.swift /Users/admin/builder/spi-builder-workspace/YubiKit/YubiKit/PIV/PIVSessionFeature.swift /Users/admin/builder/spi-builder-workspace/YubiKit/YubiKit/PIV/SecKey+Extensions.swift /Users/admin/builder/spi-builder-workspace/YubiKit/YubiKit/Response.swift /Users/admin/builder/spi-builder-workspace/YubiKit/YubiKit/SCP/SCP03KeyParams.swift /Users/admin/builder/spi-builder-workspace/YubiKit/YubiKit/SCP/SCP11KeyParams.swift /Users/admin/builder/spi-builder-workspace/YubiKit/YubiKit/SCP/SCPKeyParams.swift /Users/admin/builder/spi-builder-workspace/YubiKit/YubiKit/SCP/SCPKeyRef.swift /Users/admin/builder/spi-builder-workspace/YubiKit/YubiKit/SCP/SCPSessionKeys.swift /Users/admin/builder/spi-builder-workspace/YubiKit/YubiKit/SCP/SCPState.swift /Users/admin/builder/spi-builder-workspace/YubiKit/YubiKit/SCP/SecurityDomainFeature.swift /Users/admin/builder/spi-builder-workspace/YubiKit/YubiKit/SCP/SecurityDomainSession.swift /Users/admin/builder/spi-builder-workspace/YubiKit/YubiKit/SCP/StaticKeys.swift /Users/admin/builder/spi-builder-workspace/YubiKit/YubiKit/Session/OTP/OTPKeyboardInterface.swift /Users/admin/builder/spi-builder-workspace/YubiKit/YubiKit/Session/Session.swift /Users/admin/builder/spi-builder-workspace/YubiKit/YubiKit/Session/SmartCard/SmartCardInterface.swift /Users/admin/builder/spi-builder-workspace/YubiKit/YubiKit/Session/SmartCard/SmartCardSession.swift /Users/admin/builder/spi-builder-workspace/YubiKit/YubiKit/Third\ Parties/Base32.swift /Users/admin/builder/spi-builder-workspace/YubiKit/YubiKit/Utilities/Array+Extensions.swift /Users/admin/builder/spi-builder-workspace/YubiKit/YubiKit/Utilities/Data+Base64URL.swift /Users/admin/builder/spi-builder-workspace/YubiKit/YubiKit/Utilities/Data+CRC16.swift /Users/admin/builder/spi-builder-workspace/YubiKit/YubiKit/Utilities/Data+Extensions.swift /Users/admin/builder/spi-builder-workspace/YubiKit/YubiKit/Utilities/Logger+Extensions.swift /Users/admin/builder/spi-builder-workspace/YubiKit/YubiKit/Utilities/Logs.swift /Users/admin/builder/spi-builder-workspace/YubiKit/YubiKit/Utilities/NSLock+Extensions.swift /Users/admin/builder/spi-builder-workspace/YubiKit/YubiKit/Utilities/Promise.swift /Users/admin/builder/spi-builder-workspace/YubiKit/YubiKit/Utilities/Runloop+Async.swift /Users/admin/builder/spi-builder-workspace/YubiKit/YubiKit/Utilities/StatusStream.swift /Users/admin/builder/spi-builder-workspace/YubiKit/YubiKit/Utilities/Stream+Extensions.swift /Users/admin/builder/spi-builder-workspace/YubiKit/YubiKit/Utilities/String+Extensions.swift /Users/admin/builder/spi-builder-workspace/YubiKit/YubiKit/Utilities/TKTLVRecord+Extensions.swift /Users/admin/builder/spi-builder-workspace/YubiKit/YubiKit/Utilities/Task+Timeout.swift /Users/admin/builder/spi-builder-workspace/YubiKit/YubiKit/Utilities/UIDevice+Capabilities.swift /Users/admin/builder/spi-builder-workspace/YubiKit/YubiKit/Version.swift /Users/admin/builder/spi-builder-workspace/YubiKit/YubiKit/YubiOTP/Modhex.swift /Users/admin/builder/spi-builder-workspace/YubiKit/YubiKit/YubiOTP/NDEFConfiguration.swift /Users/admin/builder/spi-builder-workspace/YubiKit/YubiKit/YubiOTP/SlotConfiguration.swift /Users/admin/builder/spi-builder-workspace/YubiKit/YubiKit/YubiOTP/YubiOTP.swift /Users/admin/builder/spi-builder-workspace/YubiKit/YubiKit/YubiOTP/YubiOTPSession+Configuration.swift /Users/admin/builder/spi-builder-workspace/YubiKit/YubiKit/YubiOTP/YubiOTPSession+Interface.swift /Users/admin/builder/spi-builder-workspace/YubiKit/YubiKit/YubiOTP/YubiOTPSession.swift /Users/admin/builder/spi-builder-workspace/YubiKit/YubiKit/YubiOTP/YubiOTPStatusStream.swift -target arm64-apple-watchos9.0 -Xllvm -aarch64-use-tbi -enable-objc-interop -stack-check -sdk /Applications/Xcode-16.3.0.app/Contents/Developer/Platforms/WatchOS.platform/Developer/SDKs/WatchOS11.4.sdk -I /Users/admin/builder/spi-builder-workspace/.derivedData/Build/Products/Debug-watchos -I /Applications/Xcode-16.3.0.app/Contents/Developer/Platforms/WatchOS.platform/Developer/usr/lib -F /Users/admin/builder/spi-builder-workspace/.derivedData/Build/Products/Debug-watchos/PackageFrameworks -F /Users/admin/builder/spi-builder-workspace/.derivedData/Build/Products/Debug-watchos -F /Applications/Xcode-16.3.0.app/Contents/Developer/Platforms/WatchOS.platform/Developer/Library/Frameworks -F /Applications/Xcode-16.3.0.app/Contents/Developer/Platforms/WatchOS.platform/Developer/SDKs/WatchOS11.4.sdk/Developer/Library/Frameworks -no-color-diagnostics -enable-testing -g -debug-info-format\=dwarf -dwarf-version\=4 -module-cache-path /Users/admin/builder/spi-builder-workspace/.derivedData/ModuleCache.noindex -profile-generate -profile-coverage-mapping -swift-version 6 -enforce-exclusivity\=checked -Onone -D SWIFT_PACKAGE -D DEBUG -D Xcode -serialize-debugging-options -const-gather-protocols-file /Users/admin/builder/spi-builder-workspace/.derivedData/Build/Intermediates.noindex/YubiKit.build/Debug-watchos/YubiKit.build/Objects-normal/arm64/YubiKit_const_extract_protocols.json -enable-experimental-feature DebugDescriptionMacro -empty-abi-descriptor -plugin-path /Applications/Xcode-16.3.0.app/Contents/Developer/Toolchains/XcodeDefault.xctoolchain/usr/lib/swift/host/plugins/testing -validate-clang-modules-once -clang-build-session-file /Users/admin/builder/spi-builder-workspace/.derivedData/ModuleCache.noindex/Session.modulevalidation -Xcc -working-directory -Xcc /Users/admin/builder/spi-builder-workspace/.swiftpm/xcode -resource-dir /Applications/Xcode-16.3.0.app/Contents/Developer/Toolchains/XcodeDefault.xctoolchain/usr/lib/swift -enable-anonymous-context-mangled-names -file-compilation-dir /Users/admin/builder/spi-builder-workspace/.swiftpm/xcode -Xcc -ivfsstatcache -Xcc /Users/admin/builder/spi-builder-workspace/.derivedData/SDKStatCaches.noindex/watchos11.4-22T246-43efb940ff07ba2497b70ec94253f576.sdkstatcache -Xcc -I/Users/admin/builder/spi-builder-workspace/.derivedData/Build/Intermediates.noindex/YubiKit.build/Debug-watchos/YubiKit.build/swift-overrides.hmap -Xcc -I/Users/admin/builder/spi-builder-workspace/.derivedData/Build/Products/Debug-watchos/include -Xcc -I/Users/admin/builder/spi-builder-workspace/.derivedData/Build/Intermediates.noindex/YubiKit.build/Debug-watchos/YubiKit.build/DerivedSources-normal/arm64 -Xcc -I/Users/admin/builder/spi-builder-workspace/.derivedData/Build/Intermediates.noindex/YubiKit.build/Debug-watchos/YubiKit.build/DerivedSources/arm64 -Xcc -I/Users/admin/builder/spi-builder-workspace/.derivedData/Build/Intermediates.noindex/YubiKit.build/Debug-watchos/YubiKit.build/DerivedSources -Xcc -DSWIFT_PACKAGE -Xcc -DDEBUG\=1 -module-name YubiKit -package-name spi_builder_workspace -frontend-parseable-output -disable-clang-spi -target-sdk-version 11.4 -target-sdk-name watchos11.4 -external-plugin-path /Applications/Xcode-16.3.0.app/Contents/Developer/Platforms/WatchOS.platform/Developer/usr/lib/swift/host/plugins\#/Applications/Xcode-16.3.0.app/Contents/Developer/Platforms/WatchOS.platform/Developer/usr/bin/swift-plugin-server -external-plugin-path /Applications/Xcode-16.3.0.app/Contents/Developer/Platforms/WatchOS.platform/Developer/usr/local/lib/swift/host/plugins\#/Applications/Xcode-16.3.0.app/Contents/Developer/Platforms/WatchOS.platform/Developer/usr/bin/swift-plugin-server -in-process-plugin-server-path /Applications/Xcode-16.3.0.app/Contents/Developer/Toolchains/XcodeDefault.xctoolchain/usr/lib/swift/host/libSwiftInProcPluginServer.dylib -plugin-path /Applications/Xcode-16.3.0.app/Contents/Developer/Toolchains/XcodeDefault.xctoolchain/usr/lib/swift/host/plugins -plugin-path /Applications/Xcode-16.3.0.app/Contents/Developer/Toolchains/XcodeDefault.xctoolchain/usr/local/lib/swift/host/plugins -emit-module-doc-path /Users/admin/builder/spi-builder-workspace/.derivedData/Build/Intermediates.noindex/YubiKit.build/Debug-watchos/YubiKit.build/Objects-normal/arm64/YubiKit.swiftdoc -emit-module-source-info-path /Users/admin/builder/spi-builder-workspace/.derivedData/Build/Intermediates.noindex/YubiKit.build/Debug-watchos/YubiKit.build/Objects-normal/arm64/YubiKit.swiftsourceinfo -emit-objc-header-path /Users/admin/builder/spi-builder-workspace/.derivedData/Build/Intermediates.noindex/YubiKit.build/Debug-watchos/YubiKit.build/Objects-normal/arm64/YubiKit-Swift.h -serialize-diagnostics-path /Users/admin/builder/spi-builder-workspace/.derivedData/Build/Intermediates.noindex/YubiKit.build/Debug-watchos/YubiKit.build/Objects-normal/arm64/YubiKit-master-emit-module.dia -emit-dependencies-path /Users/admin/builder/spi-builder-workspace/.derivedData/Build/Intermediates.noindex/YubiKit.build/Debug-watchos/YubiKit.build/Objects-normal/arm64/YubiKit-master-emit-module.d -o /Users/admin/builder/spi-builder-workspace/.derivedData/Build/Intermediates.noindex/YubiKit.build/Debug-watchos/YubiKit.build/Objects-normal/arm64/YubiKit.swiftmodule -emit-abi-descriptor-path /Users/admin/builder/spi-builder-workspace/.derivedData/Build/Intermediates.noindex/YubiKit.build/Debug-watchos/YubiKit.build/Objects-normal/arm64/YubiKit.abi.json
SwiftCompile normal arm64 Compiling\ ECKeys.swift,\ PublicKey+SPKI.swift,\ PublicKey.swift,\ RSAKeys.swift,\ X509Cert.swift,\ Capability.swift,\ DeviceConfig.swift,\ DeviceInfo.swift,\ ManagementInterface.swift,\ ManagementSession.swift,\ OATHSession+Extensions.swift,\ OATHSession.swift,\ OATHSessionFeature.swift,\ PIVDataFormatter.swift,\ PIVDataTypes.swift,\ PIVSession.swift,\ PIVSessionFeature.swift,\ SecKey+Extensions.swift,\ Response.swift /Users/admin/builder/spi-builder-workspace/YubiKit/YubiKit/Keys/ECKeys.swift /Users/admin/builder/spi-builder-workspace/YubiKit/YubiKit/Keys/PublicKey+SPKI.swift /Users/admin/builder/spi-builder-workspace/YubiKit/YubiKit/Keys/PublicKey.swift /Users/admin/builder/spi-builder-workspace/YubiKit/YubiKit/Keys/RSAKeys.swift /Users/admin/builder/spi-builder-workspace/YubiKit/YubiKit/Keys/X509Cert.swift /Users/admin/builder/spi-builder-workspace/YubiKit/YubiKit/Management/Capability.swift /Users/admin/builder/spi-builder-workspace/YubiKit/YubiKit/Management/DeviceConfig.swift /Users/admin/builder/spi-builder-workspace/YubiKit/YubiKit/Management/DeviceInfo.swift /Users/admin/builder/spi-builder-workspace/YubiKit/YubiKit/Management/ManagementInterface.swift /Users/admin/builder/spi-builder-workspace/YubiKit/YubiKit/Management/ManagementSession.swift /Users/admin/builder/spi-builder-workspace/YubiKit/YubiKit/OATH/OATHSession+Extensions.swift /Users/admin/builder/spi-builder-workspace/YubiKit/YubiKit/OATH/OATHSession.swift /Users/admin/builder/spi-builder-workspace/YubiKit/YubiKit/OATH/OATHSessionFeature.swift /Users/admin/builder/spi-builder-workspace/YubiKit/YubiKit/PIV/PIVDataFormatter.swift /Users/admin/builder/spi-builder-workspace/YubiKit/YubiKit/PIV/PIVDataTypes.swift /Users/admin/builder/spi-builder-workspace/YubiKit/YubiKit/PIV/PIVSession.swift /Users/admin/builder/spi-builder-workspace/YubiKit/YubiKit/PIV/PIVSessionFeature.swift /Users/admin/builder/spi-builder-workspace/YubiKit/YubiKit/PIV/SecKey+Extensions.swift /Users/admin/builder/spi-builder-workspace/YubiKit/YubiKit/Response.swift (in target 'YubiKit' from project 'YubiKit')
SwiftCompile normal arm64 /Users/admin/builder/spi-builder-workspace/YubiKit/YubiKit/Keys/ECKeys.swift (in target 'YubiKit' from project 'YubiKit')
    cd /Users/admin/builder/spi-builder-workspace/.swiftpm/xcode

SwiftCompile normal arm64 /Users/admin/builder/spi-builder-workspace/YubiKit/YubiKit/Keys/PublicKey+SPKI.swift (in target 'YubiKit' from project 'YubiKit')
    cd /Users/admin/builder/spi-builder-workspace/.swiftpm/xcode

SwiftCompile normal arm64 /Users/admin/builder/spi-builder-workspace/YubiKit/YubiKit/Keys/PublicKey.swift (in target 'YubiKit' from project 'YubiKit')
    cd /Users/admin/builder/spi-builder-workspace/.swiftpm/xcode

SwiftCompile normal arm64 /Users/admin/builder/spi-builder-workspace/YubiKit/YubiKit/Keys/RSAKeys.swift (in target 'YubiKit' from project 'YubiKit')
    cd /Users/admin/builder/spi-builder-workspace/.swiftpm/xcode

SwiftCompile normal arm64 /Users/admin/builder/spi-builder-workspace/YubiKit/YubiKit/Keys/X509Cert.swift (in target 'YubiKit' from project 'YubiKit')
    cd /Users/admin/builder/spi-builder-workspace/.swiftpm/xcode

SwiftCompile normal arm64 /Users/admin/builder/spi-builder-workspace/YubiKit/YubiKit/Management/Capability.swift (in target 'YubiKit' from project 'YubiKit')
    cd /Users/admin/builder/spi-builder-workspace/.swiftpm/xcode

SwiftCompile normal arm64 /Users/admin/builder/spi-builder-workspace/YubiKit/YubiKit/Management/DeviceConfig.swift (in target 'YubiKit' from project 'YubiKit')
    cd /Users/admin/builder/spi-builder-workspace/.swiftpm/xcode

SwiftCompile normal arm64 /Users/admin/builder/spi-builder-workspace/YubiKit/YubiKit/Management/DeviceInfo.swift (in target 'YubiKit' from project 'YubiKit')
    cd /Users/admin/builder/spi-builder-workspace/.swiftpm/xcode

SwiftCompile normal arm64 /Users/admin/builder/spi-builder-workspace/YubiKit/YubiKit/Management/ManagementInterface.swift (in target 'YubiKit' from project 'YubiKit')
    cd /Users/admin/builder/spi-builder-workspace/.swiftpm/xcode

SwiftCompile normal arm64 /Users/admin/builder/spi-builder-workspace/YubiKit/YubiKit/Management/ManagementSession.swift (in target 'YubiKit' from project 'YubiKit')
    cd /Users/admin/builder/spi-builder-workspace/.swiftpm/xcode

SwiftCompile normal arm64 /Users/admin/builder/spi-builder-workspace/YubiKit/YubiKit/OATH/OATHSession+Extensions.swift (in target 'YubiKit' from project 'YubiKit')
    cd /Users/admin/builder/spi-builder-workspace/.swiftpm/xcode

SwiftCompile normal arm64 /Users/admin/builder/spi-builder-workspace/YubiKit/YubiKit/OATH/OATHSession.swift (in target 'YubiKit' from project 'YubiKit')
    cd /Users/admin/builder/spi-builder-workspace/.swiftpm/xcode

SwiftCompile normal arm64 /Users/admin/builder/spi-builder-workspace/YubiKit/YubiKit/OATH/OATHSessionFeature.swift (in target 'YubiKit' from project 'YubiKit')
    cd /Users/admin/builder/spi-builder-workspace/.swiftpm/xcode

SwiftCompile normal arm64 /Users/admin/builder/spi-builder-workspace/YubiKit/YubiKit/PIV/PIVDataFormatter.swift (in target 'YubiKit' from project 'YubiKit')
    cd /Users/admin/builder/spi-builder-workspace/.swiftpm/xcode

SwiftCompile normal arm64 /Users/admin/builder/spi-builder-workspace/YubiKit/YubiKit/PIV/PIVDataTypes.swift (in target 'YubiKit' from project 'YubiKit')
    cd /Users/admin/builder/spi-builder-workspace/.swiftpm/xcode

SwiftCompile normal arm64 /Users/admin/builder/spi-builder-workspace/YubiKit/YubiKit/PIV/PIVSession.swift (in target 'YubiKit' from project 'YubiKit')
    cd /Users/admin/builder/spi-builder-workspace/.swiftpm/xcode

SwiftCompile normal arm64 /Users/admin/builder/spi-builder-workspace/YubiKit/YubiKit/PIV/PIVSessionFeature.swift (in target 'YubiKit' from project 'YubiKit')
    cd /Users/admin/builder/spi-builder-workspace/.swiftpm/xcode

SwiftCompile normal arm64 /Users/admin/builder/spi-builder-workspace/YubiKit/YubiKit/PIV/SecKey+Extensions.swift (in target 'YubiKit' from project 'YubiKit')
    cd /Users/admin/builder/spi-builder-workspace/.swiftpm/xcode

SwiftCompile normal arm64 /Users/admin/builder/spi-builder-workspace/YubiKit/YubiKit/Response.swift (in target 'YubiKit' from project 'YubiKit')
    cd /Users/admin/builder/spi-builder-workspace/.swiftpm/xcode

SwiftDriverJobDiscovery normal arm64_32 Compiling LoggingSystem.swift (in target 'Logging' from project 'swift-log')
SwiftEmitModule normal arm64_32 Emitting\ module\ for\ YubiKit (in target 'YubiKit' from project 'YubiKit')
EmitSwiftModule normal arm64_32 (in target 'YubiKit' from project 'YubiKit')
    cd /Users/admin/builder/spi-builder-workspace/.swiftpm/xcode

SwiftDriverJobDiscovery normal armv7k Compiling Logger+Attributes.swift (in target 'Logging' from project 'swift-log')
SwiftCompile normal arm64_32 Compiling\ CBOREncodables.swift,\ CBORError.swift,\ CBORValue.swift,\ COSE.swift,\ PublicKey+COSE.swift,\ BioEnrollment.swift,\ BioEnrollmentTypes+CBOR.swift,\ BioEnrollmentTypes.swift,\ CTAP2.swift,\ CTAPError.swift,\ Commands+CBOR.swift,\ Commands+Parameters.swift,\ Commands+Responses.swift,\ Commands.swift,\ Permissions.swift,\ ProtocolVersion+Crypto.swift,\ Types.swift,\ Config.swift,\ CredentialManagement+AsyncSequence.swift,\ CredentialManagement+Types+CBOR.swift /Users/admin/builder/spi-builder-workspace/YubiKit/YubiKit/FIDO/CBOR/CBOREncodables.swift /Users/admin/builder/spi-builder-workspace/YubiKit/YubiKit/FIDO/CBOR/CBORError.swift /Users/admin/builder/spi-builder-workspace/YubiKit/YubiKit/FIDO/CBOR/CBORValue.swift /Users/admin/builder/spi-builder-workspace/YubiKit/YubiKit/FIDO/COSE/COSE.swift /Users/admin/builder/spi-builder-workspace/YubiKit/YubiKit/FIDO/COSE/PublicKey+COSE.swift /Users/admin/builder/spi-builder-workspace/YubiKit/YubiKit/FIDO/CTAP/BioEnrollment/BioEnrollment.swift /Users/admin/builder/spi-builder-workspace/YubiKit/YubiKit/FIDO/CTAP/BioEnrollment/BioEnrollmentTypes+CBOR.swift /Users/admin/builder/spi-builder-workspace/YubiKit/YubiKit/FIDO/CTAP/BioEnrollment/BioEnrollmentTypes.swift /Users/admin/builder/spi-builder-workspace/YubiKit/YubiKit/FIDO/CTAP/CTAP2.swift /Users/admin/builder/spi-builder-workspace/YubiKit/YubiKit/FIDO/CTAP/CTAPError.swift /Users/admin/builder/spi-builder-workspace/YubiKit/YubiKit/FIDO/CTAP/ClientPIN/Commands+CBOR.swift /Users/admin/builder/spi-builder-workspace/YubiKit/YubiKit/FIDO/CTAP/ClientPIN/Commands+Parameters.swift /Users/admin/builder/spi-builder-workspace/YubiKit/YubiKit/FIDO/CTAP/ClientPIN/Commands+Responses.swift /Users/admin/builder/spi-builder-workspace/YubiKit/YubiKit/FIDO/CTAP/ClientPIN/Commands.swift /Users/admin/builder/spi-builder-workspace/YubiKit/YubiKit/FIDO/CTAP/ClientPIN/Permissions.swift /Users/admin/builder/spi-builder-workspace/YubiKit/YubiKit/FIDO/CTAP/ClientPIN/ProtocolVersion+Crypto.swift /Users/admin/builder/spi-builder-workspace/YubiKit/YubiKit/FIDO/CTAP/ClientPIN/Types.swift /Users/admin/builder/spi-builder-workspace/YubiKit/YubiKit/FIDO/CTAP/Config/Config.swift /Users/admin/builder/spi-builder-workspace/YubiKit/YubiKit/FIDO/CTAP/CredentialManagement/CredentialManagement+AsyncSequence.swift /Users/admin/builder/spi-builder-workspace/YubiKit/YubiKit/FIDO/CTAP/CredentialManagement/CredentialManagement+Types+CBOR.swift (in target 'YubiKit' from project 'YubiKit')
SwiftCompile normal arm64_32 /Users/admin/builder/spi-builder-workspace/YubiKit/YubiKit/FIDO/CBOR/CBOREncodables.swift (in target 'YubiKit' from project 'YubiKit')
    cd /Users/admin/builder/spi-builder-workspace/.swiftpm/xcode

SwiftCompile normal arm64_32 /Users/admin/builder/spi-builder-workspace/YubiKit/YubiKit/FIDO/CBOR/CBORError.swift (in target 'YubiKit' from project 'YubiKit')
    cd /Users/admin/builder/spi-builder-workspace/.swiftpm/xcode

SwiftCompile normal arm64_32 /Users/admin/builder/spi-builder-workspace/YubiKit/YubiKit/FIDO/CBOR/CBORValue.swift (in target 'YubiKit' from project 'YubiKit')
    cd /Users/admin/builder/spi-builder-workspace/.swiftpm/xcode

SwiftCompile normal arm64_32 /Users/admin/builder/spi-builder-workspace/YubiKit/YubiKit/FIDO/COSE/COSE.swift (in target 'YubiKit' from project 'YubiKit')
    cd /Users/admin/builder/spi-builder-workspace/.swiftpm/xcode

SwiftCompile normal arm64_32 /Users/admin/builder/spi-builder-workspace/YubiKit/YubiKit/FIDO/COSE/PublicKey+COSE.swift (in target 'YubiKit' from project 'YubiKit')
    cd /Users/admin/builder/spi-builder-workspace/.swiftpm/xcode

SwiftCompile normal arm64_32 /Users/admin/builder/spi-builder-workspace/YubiKit/YubiKit/FIDO/CTAP/BioEnrollment/BioEnrollment.swift (in target 'YubiKit' from project 'YubiKit')
    cd /Users/admin/builder/spi-builder-workspace/.swiftpm/xcode

SwiftCompile normal arm64_32 /Users/admin/builder/spi-builder-workspace/YubiKit/YubiKit/FIDO/CTAP/BioEnrollment/BioEnrollmentTypes+CBOR.swift (in target 'YubiKit' from project 'YubiKit')
    cd /Users/admin/builder/spi-builder-workspace/.swiftpm/xcode

SwiftCompile normal arm64_32 /Users/admin/builder/spi-builder-workspace/YubiKit/YubiKit/FIDO/CTAP/BioEnrollment/BioEnrollmentTypes.swift (in target 'YubiKit' from project 'YubiKit')
    cd /Users/admin/builder/spi-builder-workspace/.swiftpm/xcode

SwiftCompile normal arm64_32 /Users/admin/builder/spi-builder-workspace/YubiKit/YubiKit/FIDO/CTAP/CTAP2.swift (in target 'YubiKit' from project 'YubiKit')
    cd /Users/admin/builder/spi-builder-workspace/.swiftpm/xcode

SwiftCompile normal arm64_32 /Users/admin/builder/spi-builder-workspace/YubiKit/YubiKit/FIDO/CTAP/CTAPError.swift (in target 'YubiKit' from project 'YubiKit')
    cd /Users/admin/builder/spi-builder-workspace/.swiftpm/xcode

SwiftCompile normal arm64_32 /Users/admin/builder/spi-builder-workspace/YubiKit/YubiKit/FIDO/CTAP/ClientPIN/Commands+CBOR.swift (in target 'YubiKit' from project 'YubiKit')
    cd /Users/admin/builder/spi-builder-workspace/.swiftpm/xcode

SwiftCompile normal arm64_32 /Users/admin/builder/spi-builder-workspace/YubiKit/YubiKit/FIDO/CTAP/ClientPIN/Commands+Parameters.swift (in target 'YubiKit' from project 'YubiKit')
    cd /Users/admin/builder/spi-builder-workspace/.swiftpm/xcode

SwiftCompile normal arm64_32 /Users/admin/builder/spi-builder-workspace/YubiKit/YubiKit/FIDO/CTAP/ClientPIN/Commands+Responses.swift (in target 'YubiKit' from project 'YubiKit')
    cd /Users/admin/builder/spi-builder-workspace/.swiftpm/xcode

SwiftCompile normal arm64_32 /Users/admin/builder/spi-builder-workspace/YubiKit/YubiKit/FIDO/CTAP/ClientPIN/Commands.swift (in target 'YubiKit' from project 'YubiKit')
    cd /Users/admin/builder/spi-builder-workspace/.swiftpm/xcode

SwiftCompile normal arm64_32 /Users/admin/builder/spi-builder-workspace/YubiKit/YubiKit/FIDO/CTAP/ClientPIN/Permissions.swift (in target 'YubiKit' from project 'YubiKit')
    cd /Users/admin/builder/spi-builder-workspace/.swiftpm/xcode

SwiftCompile normal arm64_32 /Users/admin/builder/spi-builder-workspace/YubiKit/YubiKit/FIDO/CTAP/ClientPIN/ProtocolVersion+Crypto.swift (in target 'YubiKit' from project 'YubiKit')
    cd /Users/admin/builder/spi-builder-workspace/.swiftpm/xcode

SwiftCompile normal arm64_32 /Users/admin/builder/spi-builder-workspace/YubiKit/YubiKit/FIDO/CTAP/ClientPIN/Types.swift (in target 'YubiKit' from project 'YubiKit')
    cd /Users/admin/builder/spi-builder-workspace/.swiftpm/xcode

SwiftCompile normal arm64_32 /Users/admin/builder/spi-builder-workspace/YubiKit/YubiKit/FIDO/CTAP/Config/Config.swift (in target 'YubiKit' from project 'YubiKit')
    cd /Users/admin/builder/spi-builder-workspace/.swiftpm/xcode

SwiftCompile normal arm64_32 /Users/admin/builder/spi-builder-workspace/YubiKit/YubiKit/FIDO/CTAP/CredentialManagement/CredentialManagement+AsyncSequence.swift (in target 'YubiKit' from project 'YubiKit')
    cd /Users/admin/builder/spi-builder-workspace/.swiftpm/xcode

SwiftCompile normal arm64_32 /Users/admin/builder/spi-builder-workspace/YubiKit/YubiKit/FIDO/CTAP/CredentialManagement/CredentialManagement+Types+CBOR.swift (in target 'YubiKit' from project 'YubiKit')
    cd /Users/admin/builder/spi-builder-workspace/.swiftpm/xcode

SwiftDriverJobDiscovery normal arm64_32 Compiling MultiplexLogHandler.swift, StreamLogHandler.swift (in target 'Logging' from project 'swift-log')
SwiftCompile normal arm64 Compiling\ Attestation.swift,\ AttestationObject.swift,\ AuthenticatorData.swift,\ AuthenticationOptions.swift,\ AuthenticationResponse.swift,\ Client+GetAssertion.swift,\ Authorization.swift,\ AuthenticatorBackend.swift,\ CTAP2Backend+GetAssertions.swift,\ CTAP2Backend+MakeCredential.swift,\ CTAP2Backend.swift,\ Client.swift,\ ClientData.swift,\ ClientError.swift,\ Origin.swift,\ Client+MakeCredential.swift,\ RegistrationOptions.swift,\ RegistrationResponse.swift,\ Authorization+Operation.swift /Users/admin/builder/spi-builder-workspace/YubiKit/YubiKit/FIDO/WebAuthn/Attestation/Attestation.swift /Users/admin/builder/spi-builder-workspace/YubiKit/YubiKit/FIDO/WebAuthn/Attestation/AttestationObject.swift /Users/admin/builder/spi-builder-workspace/YubiKit/YubiKit/FIDO/WebAuthn/AuthenticatorData.swift /Users/admin/builder/spi-builder-workspace/YubiKit/YubiKit/FIDO/WebAuthn/Client/Authentication/AuthenticationOptions.swift /Users/admin/builder/spi-builder-workspace/YubiKit/YubiKit/FIDO/WebAuthn/Client/Authentication/AuthenticationResponse.swift /Users/admin/builder/spi-builder-workspace/YubiKit/YubiKit/FIDO/WebAuthn/Client/Authentication/Client+GetAssertion.swift /Users/admin/builder/spi-builder-workspace/YubiKit/YubiKit/FIDO/WebAuthn/Client/Authorization.swift /Users/admin/builder/spi-builder-workspace/YubiKit/YubiKit/FIDO/WebAuthn/Client/Backends/AuthenticatorBackend.swift /Users/admin/builder/spi-builder-workspace/YubiKit/YubiKit/FIDO/WebAuthn/Client/Backends/CTAP2Backend+GetAssertions.swift /Users/admin/builder/spi-builder-workspace/YubiKit/YubiKit/FIDO/WebAuthn/Client/Backends/CTAP2Backend+MakeCredential.swift /Users/admin/builder/spi-builder-workspace/YubiKit/YubiKit/FIDO/WebAuthn/Client/Backends/CTAP2Backend.swift /Users/admin/builder/spi-builder-workspace/YubiKit/YubiKit/FIDO/WebAuthn/Client/Client.swift /Users/admin/builder/spi-builder-workspace/YubiKit/YubiKit/FIDO/WebAuthn/Client/ClientData.swift /Users/admin/builder/spi-builder-workspace/YubiKit/YubiKit/FIDO/WebAuthn/Client/ClientError.swift /Users/admin/builder/spi-builder-workspace/YubiKit/YubiKit/FIDO/WebAuthn/Client/Origin.swift /Users/admin/builder/spi-builder-workspace/YubiKit/YubiKit/FIDO/WebAuthn/Client/Registration/Client+MakeCredential.swift /Users/admin/builder/spi-builder-workspace/YubiKit/YubiKit/FIDO/WebAuthn/Client/Registration/RegistrationOptions.swift /Users/admin/builder/spi-builder-workspace/YubiKit/YubiKit/FIDO/WebAuthn/Client/Registration/RegistrationResponse.swift /Users/admin/builder/spi-builder-workspace/YubiKit/YubiKit/FIDO/WebAuthn/Client/Shared/Authorization+Operation.swift (in target 'YubiKit' from project 'YubiKit')
SwiftCompile normal arm64 /Users/admin/builder/spi-builder-workspace/YubiKit/YubiKit/FIDO/WebAuthn/Attestation/Attestation.swift (in target 'YubiKit' from project 'YubiKit')
    cd /Users/admin/builder/spi-builder-workspace/.swiftpm/xcode

SwiftCompile normal arm64 /Users/admin/builder/spi-builder-workspace/YubiKit/YubiKit/FIDO/WebAuthn/Attestation/AttestationObject.swift (in target 'YubiKit' from project 'YubiKit')
    cd /Users/admin/builder/spi-builder-workspace/.swiftpm/xcode

SwiftCompile normal arm64 /Users/admin/builder/spi-builder-workspace/YubiKit/YubiKit/FIDO/WebAuthn/AuthenticatorData.swift (in target 'YubiKit' from project 'YubiKit')
    cd /Users/admin/builder/spi-builder-workspace/.swiftpm/xcode

SwiftCompile normal arm64 /Users/admin/builder/spi-builder-workspace/YubiKit/YubiKit/FIDO/WebAuthn/Client/Authentication/AuthenticationOptions.swift (in target 'YubiKit' from project 'YubiKit')
    cd /Users/admin/builder/spi-builder-workspace/.swiftpm/xcode

SwiftCompile normal arm64 /Users/admin/builder/spi-builder-workspace/YubiKit/YubiKit/FIDO/WebAuthn/Client/Authentication/AuthenticationResponse.swift (in target 'YubiKit' from project 'YubiKit')
    cd /Users/admin/builder/spi-builder-workspace/.swiftpm/xcode

SwiftCompile normal arm64 /Users/admin/builder/spi-builder-workspace/YubiKit/YubiKit/FIDO/WebAuthn/Client/Authentication/Client+GetAssertion.swift (in target 'YubiKit' from project 'YubiKit')
    cd /Users/admin/builder/spi-builder-workspace/.swiftpm/xcode

SwiftCompile normal arm64 /Users/admin/builder/spi-builder-workspace/YubiKit/YubiKit/FIDO/WebAuthn/Client/Authorization.swift (in target 'YubiKit' from project 'YubiKit')
    cd /Users/admin/builder/spi-builder-workspace/.swiftpm/xcode

SwiftCompile normal arm64 /Users/admin/builder/spi-builder-workspace/YubiKit/YubiKit/FIDO/WebAuthn/Client/Backends/AuthenticatorBackend.swift (in target 'YubiKit' from project 'YubiKit')
    cd /Users/admin/builder/spi-builder-workspace/.swiftpm/xcode

SwiftCompile normal arm64 /Users/admin/builder/spi-builder-workspace/YubiKit/YubiKit/FIDO/WebAuthn/Client/Backends/CTAP2Backend+GetAssertions.swift (in target 'YubiKit' from project 'YubiKit')
    cd /Users/admin/builder/spi-builder-workspace/.swiftpm/xcode

SwiftCompile normal arm64 /Users/admin/builder/spi-builder-workspace/YubiKit/YubiKit/FIDO/WebAuthn/Client/Backends/CTAP2Backend+MakeCredential.swift (in target 'YubiKit' from project 'YubiKit')
    cd /Users/admin/builder/spi-builder-workspace/.swiftpm/xcode

SwiftCompile normal arm64 /Users/admin/builder/spi-builder-workspace/YubiKit/YubiKit/FIDO/WebAuthn/Client/Backends/CTAP2Backend.swift (in target 'YubiKit' from project 'YubiKit')
    cd /Users/admin/builder/spi-builder-workspace/.swiftpm/xcode

SwiftCompile normal arm64 /Users/admin/builder/spi-builder-workspace/YubiKit/YubiKit/FIDO/WebAuthn/Client/Client.swift (in target 'YubiKit' from project 'YubiKit')
    cd /Users/admin/builder/spi-builder-workspace/.swiftpm/xcode

SwiftCompile normal arm64 /Users/admin/builder/spi-builder-workspace/YubiKit/YubiKit/FIDO/WebAuthn/Client/ClientData.swift (in target 'YubiKit' from project 'YubiKit')
    cd /Users/admin/builder/spi-builder-workspace/.swiftpm/xcode

SwiftCompile normal arm64 /Users/admin/builder/spi-builder-workspace/YubiKit/YubiKit/FIDO/WebAuthn/Client/ClientError.swift (in target 'YubiKit' from project 'YubiKit')
    cd /Users/admin/builder/spi-builder-workspace/.swiftpm/xcode

SwiftCompile normal arm64 /Users/admin/builder/spi-builder-workspace/YubiKit/YubiKit/FIDO/WebAuthn/Client/Origin.swift (in target 'YubiKit' from project 'YubiKit')
    cd /Users/admin/builder/spi-builder-workspace/.swiftpm/xcode

SwiftCompile normal arm64 /Users/admin/builder/spi-builder-workspace/YubiKit/YubiKit/FIDO/WebAuthn/Client/Registration/Client+MakeCredential.swift (in target 'YubiKit' from project 'YubiKit')
    cd /Users/admin/builder/spi-builder-workspace/.swiftpm/xcode

SwiftCompile normal arm64 /Users/admin/builder/spi-builder-workspace/YubiKit/YubiKit/FIDO/WebAuthn/Client/Registration/RegistrationOptions.swift (in target 'YubiKit' from project 'YubiKit')
    cd /Users/admin/builder/spi-builder-workspace/.swiftpm/xcode

SwiftCompile normal arm64 /Users/admin/builder/spi-builder-workspace/YubiKit/YubiKit/FIDO/WebAuthn/Client/Registration/RegistrationResponse.swift (in target 'YubiKit' from project 'YubiKit')
    cd /Users/admin/builder/spi-builder-workspace/.swiftpm/xcode

SwiftCompile normal arm64 /Users/admin/builder/spi-builder-workspace/YubiKit/YubiKit/FIDO/WebAuthn/Client/Shared/Authorization+Operation.swift (in target 'YubiKit' from project 'YubiKit')
    cd /Users/admin/builder/spi-builder-workspace/.swiftpm/xcode

SwiftDriverJobDiscovery normal arm64_32 Compiling MetadataProvider.swift (in target 'Logging' from project 'swift-log')
SwiftCompile normal arm64_32 Compiling\ Attestation.swift,\ AttestationObject.swift,\ AuthenticatorData.swift,\ AuthenticationOptions.swift,\ AuthenticationResponse.swift,\ Client+GetAssertion.swift,\ Authorization.swift,\ AuthenticatorBackend.swift,\ CTAP2Backend+GetAssertions.swift,\ CTAP2Backend+MakeCredential.swift,\ CTAP2Backend.swift,\ Client.swift,\ ClientData.swift,\ ClientError.swift,\ Origin.swift,\ Client+MakeCredential.swift,\ RegistrationOptions.swift,\ RegistrationResponse.swift,\ Authorization+Operation.swift /Users/admin/builder/spi-builder-workspace/YubiKit/YubiKit/FIDO/WebAuthn/Attestation/Attestation.swift /Users/admin/builder/spi-builder-workspace/YubiKit/YubiKit/FIDO/WebAuthn/Attestation/AttestationObject.swift /Users/admin/builder/spi-builder-workspace/YubiKit/YubiKit/FIDO/WebAuthn/AuthenticatorData.swift /Users/admin/builder/spi-builder-workspace/YubiKit/YubiKit/FIDO/WebAuthn/Client/Authentication/AuthenticationOptions.swift /Users/admin/builder/spi-builder-workspace/YubiKit/YubiKit/FIDO/WebAuthn/Client/Authentication/AuthenticationResponse.swift /Users/admin/builder/spi-builder-workspace/YubiKit/YubiKit/FIDO/WebAuthn/Client/Authentication/Client+GetAssertion.swift /Users/admin/builder/spi-builder-workspace/YubiKit/YubiKit/FIDO/WebAuthn/Client/Authorization.swift /Users/admin/builder/spi-builder-workspace/YubiKit/YubiKit/FIDO/WebAuthn/Client/Backends/AuthenticatorBackend.swift /Users/admin/builder/spi-builder-workspace/YubiKit/YubiKit/FIDO/WebAuthn/Client/Backends/CTAP2Backend+GetAssertions.swift /Users/admin/builder/spi-builder-workspace/YubiKit/YubiKit/FIDO/WebAuthn/Client/Backends/CTAP2Backend+MakeCredential.swift /Users/admin/builder/spi-builder-workspace/YubiKit/YubiKit/FIDO/WebAuthn/Client/Backends/CTAP2Backend.swift /Users/admin/builder/spi-builder-workspace/YubiKit/YubiKit/FIDO/WebAuthn/Client/Client.swift /Users/admin/builder/spi-builder-workspace/YubiKit/YubiKit/FIDO/WebAuthn/Client/ClientData.swift /Users/admin/builder/spi-builder-workspace/YubiKit/YubiKit/FIDO/WebAuthn/Client/ClientError.swift /Users/admin/builder/spi-builder-workspace/YubiKit/YubiKit/FIDO/WebAuthn/Client/Origin.swift /Users/admin/builder/spi-builder-workspace/YubiKit/YubiKit/FIDO/WebAuthn/Client/Registration/Client+MakeCredential.swift /Users/admin/builder/spi-builder-workspace/YubiKit/YubiKit/FIDO/WebAuthn/Client/Registration/RegistrationOptions.swift /Users/admin/builder/spi-builder-workspace/YubiKit/YubiKit/FIDO/WebAuthn/Client/Registration/RegistrationResponse.swift /Users/admin/builder/spi-builder-workspace/YubiKit/YubiKit/FIDO/WebAuthn/Client/Shared/Authorization+Operation.swift (in target 'YubiKit' from project 'YubiKit')
SwiftCompile normal arm64_32 /Users/admin/builder/spi-builder-workspace/YubiKit/YubiKit/FIDO/WebAuthn/Attestation/Attestation.swift (in target 'YubiKit' from project 'YubiKit')
    cd /Users/admin/builder/spi-builder-workspace/.swiftpm/xcode

SwiftCompile normal arm64_32 /Users/admin/builder/spi-builder-workspace/YubiKit/YubiKit/FIDO/WebAuthn/Attestation/AttestationObject.swift (in target 'YubiKit' from project 'YubiKit')
    cd /Users/admin/builder/spi-builder-workspace/.swiftpm/xcode

SwiftCompile normal arm64_32 /Users/admin/builder/spi-builder-workspace/YubiKit/YubiKit/FIDO/WebAuthn/AuthenticatorData.swift (in target 'YubiKit' from project 'YubiKit')
    cd /Users/admin/builder/spi-builder-workspace/.swiftpm/xcode

SwiftCompile normal arm64_32 /Users/admin/builder/spi-builder-workspace/YubiKit/YubiKit/FIDO/WebAuthn/Client/Authentication/AuthenticationOptions.swift (in target 'YubiKit' from project 'YubiKit')
    cd /Users/admin/builder/spi-builder-workspace/.swiftpm/xcode

SwiftCompile normal arm64_32 /Users/admin/builder/spi-builder-workspace/YubiKit/YubiKit/FIDO/WebAuthn/Client/Authentication/AuthenticationResponse.swift (in target 'YubiKit' from project 'YubiKit')
    cd /Users/admin/builder/spi-builder-workspace/.swiftpm/xcode

SwiftCompile normal arm64_32 /Users/admin/builder/spi-builder-workspace/YubiKit/YubiKit/FIDO/WebAuthn/Client/Authentication/Client+GetAssertion.swift (in target 'YubiKit' from project 'YubiKit')
    cd /Users/admin/builder/spi-builder-workspace/.swiftpm/xcode

SwiftCompile normal arm64_32 /Users/admin/builder/spi-builder-workspace/YubiKit/YubiKit/FIDO/WebAuthn/Client/Authorization.swift (in target 'YubiKit' from project 'YubiKit')
    cd /Users/admin/builder/spi-builder-workspace/.swiftpm/xcode

SwiftCompile normal arm64_32 /Users/admin/builder/spi-builder-workspace/YubiKit/YubiKit/FIDO/WebAuthn/Client/Backends/AuthenticatorBackend.swift (in target 'YubiKit' from project 'YubiKit')
    cd /Users/admin/builder/spi-builder-workspace/.swiftpm/xcode

SwiftCompile normal arm64_32 /Users/admin/builder/spi-builder-workspace/YubiKit/YubiKit/FIDO/WebAuthn/Client/Backends/CTAP2Backend+GetAssertions.swift (in target 'YubiKit' from project 'YubiKit')
    cd /Users/admin/builder/spi-builder-workspace/.swiftpm/xcode

SwiftCompile normal arm64_32 /Users/admin/builder/spi-builder-workspace/YubiKit/YubiKit/FIDO/WebAuthn/Client/Backends/CTAP2Backend+MakeCredential.swift (in target 'YubiKit' from project 'YubiKit')
    cd /Users/admin/builder/spi-builder-workspace/.swiftpm/xcode

SwiftCompile normal arm64_32 /Users/admin/builder/spi-builder-workspace/YubiKit/YubiKit/FIDO/WebAuthn/Client/Backends/CTAP2Backend.swift (in target 'YubiKit' from project 'YubiKit')
    cd /Users/admin/builder/spi-builder-workspace/.swiftpm/xcode

SwiftCompile normal arm64_32 /Users/admin/builder/spi-builder-workspace/YubiKit/YubiKit/FIDO/WebAuthn/Client/Client.swift (in target 'YubiKit' from project 'YubiKit')
    cd /Users/admin/builder/spi-builder-workspace/.swiftpm/xcode

SwiftCompile normal arm64_32 /Users/admin/builder/spi-builder-workspace/YubiKit/YubiKit/FIDO/WebAuthn/Client/ClientData.swift (in target 'YubiKit' from project 'YubiKit')
    cd /Users/admin/builder/spi-builder-workspace/.swiftpm/xcode

SwiftCompile normal arm64_32 /Users/admin/builder/spi-builder-workspace/YubiKit/YubiKit/FIDO/WebAuthn/Client/ClientError.swift (in target 'YubiKit' from project 'YubiKit')
    cd /Users/admin/builder/spi-builder-workspace/.swiftpm/xcode

SwiftCompile normal arm64_32 /Users/admin/builder/spi-builder-workspace/YubiKit/YubiKit/FIDO/WebAuthn/Client/Origin.swift (in target 'YubiKit' from project 'YubiKit')
    cd /Users/admin/builder/spi-builder-workspace/.swiftpm/xcode

SwiftCompile normal arm64_32 /Users/admin/builder/spi-builder-workspace/YubiKit/YubiKit/FIDO/WebAuthn/Client/Registration/Client+MakeCredential.swift (in target 'YubiKit' from project 'YubiKit')
    cd /Users/admin/builder/spi-builder-workspace/.swiftpm/xcode

SwiftCompile normal arm64_32 /Users/admin/builder/spi-builder-workspace/YubiKit/YubiKit/FIDO/WebAuthn/Client/Registration/RegistrationOptions.swift (in target 'YubiKit' from project 'YubiKit')
    cd /Users/admin/builder/spi-builder-workspace/.swiftpm/xcode

SwiftCompile normal arm64_32 /Users/admin/builder/spi-builder-workspace/YubiKit/YubiKit/FIDO/WebAuthn/Client/Registration/RegistrationResponse.swift (in target 'YubiKit' from project 'YubiKit')
    cd /Users/admin/builder/spi-builder-workspace/.swiftpm/xcode

SwiftCompile normal arm64_32 /Users/admin/builder/spi-builder-workspace/YubiKit/YubiKit/FIDO/WebAuthn/Client/Shared/Authorization+Operation.swift (in target 'YubiKit' from project 'YubiKit')
    cd /Users/admin/builder/spi-builder-workspace/.swiftpm/xcode

SwiftDriverJobDiscovery normal arm64_32 Compiling Logger+Attributes.swift (in target 'Logging' from project 'swift-log')
SwiftCompile normal arm64 Compiling\ CTAP2Backend+CredentialMatching.swift,\ CTAP2Backend+Extensions.swift,\ CTAP2Backend+UserVerification.swift,\ Client+Validation.swift,\ ExtensionInputs.swift,\ ExtensionOutputs.swift,\ Extensions+JSON.swift,\ WebAuthnCredBlob.swift,\ WebAuthnCredProps.swift,\ WebAuthnCredProtect.swift,\ WebAuthnLargeBlob.swift,\ WebAuthnMinPinLength.swift,\ WebAuthnPRF.swift,\ WebAuthnPreviewSign.swift,\ WebAuthnThirdPartyPayment.swift,\ WebAuthn+CBOR.swift,\ WebAuthn+JSON.swift,\ WebAuthn.swift,\ Curve25519Keys.swift /Users/admin/builder/spi-builder-workspace/YubiKit/YubiKit/FIDO/WebAuthn/Client/Shared/CTAP2Backend+CredentialMatching.swift /Users/admin/builder/spi-builder-workspace/YubiKit/YubiKit/FIDO/WebAuthn/Client/Shared/CTAP2Backend+Extensions.swift /Users/admin/builder/spi-builder-workspace/YubiKit/YubiKit/FIDO/WebAuthn/Client/Shared/CTAP2Backend+UserVerification.swift /Users/admin/builder/spi-builder-workspace/YubiKit/YubiKit/FIDO/WebAuthn/Client/Shared/Client+Validation.swift /Users/admin/builder/spi-builder-workspace/YubiKit/YubiKit/FIDO/WebAuthn/Extensions/ExtensionInputs.swift /Users/admin/builder/spi-builder-workspace/YubiKit/YubiKit/FIDO/WebAuthn/Extensions/ExtensionOutputs.swift /Users/admin/builder/spi-builder-workspace/YubiKit/YubiKit/FIDO/WebAuthn/Extensions/Extensions+JSON.swift /Users/admin/builder/spi-builder-workspace/YubiKit/YubiKit/FIDO/WebAuthn/Extensions/WebAuthnCredBlob.swift /Users/admin/builder/spi-builder-workspace/YubiKit/YubiKit/FIDO/WebAuthn/Extensions/WebAuthnCredProps.swift /Users/admin/builder/spi-builder-workspace/YubiKit/YubiKit/FIDO/WebAuthn/Extensions/WebAuthnCredProtect.swift /Users/admin/builder/spi-builder-workspace/YubiKit/YubiKit/FIDO/WebAuthn/Extensions/WebAuthnLargeBlob.swift /Users/admin/builder/spi-builder-workspace/YubiKit/YubiKit/FIDO/WebAuthn/Extensions/WebAuthnMinPinLength.swift /Users/admin/builder/spi-builder-workspace/YubiKit/YubiKit/FIDO/WebAuthn/Extensions/WebAuthnPRF.swift /Users/admin/builder/spi-builder-workspace/YubiKit/YubiKit/FIDO/WebAuthn/Extensions/WebAuthnPreviewSign.swift /Users/admin/builder/spi-builder-workspace/YubiKit/YubiKit/FIDO/WebAuthn/Extensions/WebAuthnThirdPartyPayment.swift /Users/admin/builder/spi-builder-workspace/YubiKit/YubiKit/FIDO/WebAuthn/WebAuthn+CBOR.swift /Users/admin/builder/spi-builder-workspace/YubiKit/YubiKit/FIDO/WebAuthn/WebAuthn+JSON.swift /Users/admin/builder/spi-builder-workspace/YubiKit/YubiKit/FIDO/WebAuthn/WebAuthn.swift /Users/admin/builder/spi-builder-workspace/YubiKit/YubiKit/Keys/Curve25519Keys.swift (in target 'YubiKit' from project 'YubiKit')
SwiftCompile normal arm64 /Users/admin/builder/spi-builder-workspace/YubiKit/YubiKit/FIDO/WebAuthn/Client/Shared/CTAP2Backend+CredentialMatching.swift (in target 'YubiKit' from project 'YubiKit')
    cd /Users/admin/builder/spi-builder-workspace/.swiftpm/xcode

SwiftCompile normal arm64 /Users/admin/builder/spi-builder-workspace/YubiKit/YubiKit/FIDO/WebAuthn/Client/Shared/CTAP2Backend+Extensions.swift (in target 'YubiKit' from project 'YubiKit')
    cd /Users/admin/builder/spi-builder-workspace/.swiftpm/xcode

SwiftCompile normal arm64 /Users/admin/builder/spi-builder-workspace/YubiKit/YubiKit/FIDO/WebAuthn/Client/Shared/CTAP2Backend+UserVerification.swift (in target 'YubiKit' from project 'YubiKit')
    cd /Users/admin/builder/spi-builder-workspace/.swiftpm/xcode

SwiftCompile normal arm64 /Users/admin/builder/spi-builder-workspace/YubiKit/YubiKit/FIDO/WebAuthn/Client/Shared/Client+Validation.swift (in target 'YubiKit' from project 'YubiKit')
    cd /Users/admin/builder/spi-builder-workspace/.swiftpm/xcode

SwiftCompile normal arm64 /Users/admin/builder/spi-builder-workspace/YubiKit/YubiKit/FIDO/WebAuthn/Extensions/ExtensionInputs.swift (in target 'YubiKit' from project 'YubiKit')
    cd /Users/admin/builder/spi-builder-workspace/.swiftpm/xcode

SwiftCompile normal arm64 /Users/admin/builder/spi-builder-workspace/YubiKit/YubiKit/FIDO/WebAuthn/Extensions/ExtensionOutputs.swift (in target 'YubiKit' from project 'YubiKit')
    cd /Users/admin/builder/spi-builder-workspace/.swiftpm/xcode

SwiftCompile normal arm64 /Users/admin/builder/spi-builder-workspace/YubiKit/YubiKit/FIDO/WebAuthn/Extensions/Extensions+JSON.swift (in target 'YubiKit' from project 'YubiKit')
    cd /Users/admin/builder/spi-builder-workspace/.swiftpm/xcode

SwiftCompile normal arm64 /Users/admin/builder/spi-builder-workspace/YubiKit/YubiKit/FIDO/WebAuthn/Extensions/WebAuthnCredBlob.swift (in target 'YubiKit' from project 'YubiKit')
    cd /Users/admin/builder/spi-builder-workspace/.swiftpm/xcode

SwiftCompile normal arm64 /Users/admin/builder/spi-builder-workspace/YubiKit/YubiKit/FIDO/WebAuthn/Extensions/WebAuthnCredProps.swift (in target 'YubiKit' from project 'YubiKit')
    cd /Users/admin/builder/spi-builder-workspace/.swiftpm/xcode

SwiftCompile normal arm64 /Users/admin/builder/spi-builder-workspace/YubiKit/YubiKit/FIDO/WebAuthn/Extensions/WebAuthnCredProtect.swift (in target 'YubiKit' from project 'YubiKit')
    cd /Users/admin/builder/spi-builder-workspace/.swiftpm/xcode

SwiftCompile normal arm64 /Users/admin/builder/spi-builder-workspace/YubiKit/YubiKit/FIDO/WebAuthn/Extensions/WebAuthnLargeBlob.swift (in target 'YubiKit' from project 'YubiKit')
    cd /Users/admin/builder/spi-builder-workspace/.swiftpm/xcode

SwiftCompile normal arm64 /Users/admin/builder/spi-builder-workspace/YubiKit/YubiKit/FIDO/WebAuthn/Extensions/WebAuthnMinPinLength.swift (in target 'YubiKit' from project 'YubiKit')
    cd /Users/admin/builder/spi-builder-workspace/.swiftpm/xcode

SwiftCompile normal arm64 /Users/admin/builder/spi-builder-workspace/YubiKit/YubiKit/FIDO/WebAuthn/Extensions/WebAuthnPRF.swift (in target 'YubiKit' from project 'YubiKit')
    cd /Users/admin/builder/spi-builder-workspace/.swiftpm/xcode

SwiftCompile normal arm64 /Users/admin/builder/spi-builder-workspace/YubiKit/YubiKit/FIDO/WebAuthn/Extensions/WebAuthnPreviewSign.swift (in target 'YubiKit' from project 'YubiKit')
    cd /Users/admin/builder/spi-builder-workspace/.swiftpm/xcode

SwiftCompile normal arm64 /Users/admin/builder/spi-builder-workspace/YubiKit/YubiKit/FIDO/WebAuthn/Extensions/WebAuthnThirdPartyPayment.swift (in target 'YubiKit' from project 'YubiKit')
    cd /Users/admin/builder/spi-builder-workspace/.swiftpm/xcode

SwiftCompile normal arm64 /Users/admin/builder/spi-builder-workspace/YubiKit/YubiKit/FIDO/WebAuthn/WebAuthn+CBOR.swift (in target 'YubiKit' from project 'YubiKit')
    cd /Users/admin/builder/spi-builder-workspace/.swiftpm/xcode

SwiftCompile normal arm64 /Users/admin/builder/spi-builder-workspace/YubiKit/YubiKit/FIDO/WebAuthn/WebAuthn+JSON.swift (in target 'YubiKit' from project 'YubiKit')
    cd /Users/admin/builder/spi-builder-workspace/.swiftpm/xcode

SwiftCompile normal arm64 /Users/admin/builder/spi-builder-workspace/YubiKit/YubiKit/FIDO/WebAuthn/WebAuthn.swift (in target 'YubiKit' from project 'YubiKit')
    cd /Users/admin/builder/spi-builder-workspace/.swiftpm/xcode

SwiftCompile normal arm64 /Users/admin/builder/spi-builder-workspace/YubiKit/YubiKit/Keys/Curve25519Keys.swift (in target 'YubiKit' from project 'YubiKit')
    cd /Users/admin/builder/spi-builder-workspace/.swiftpm/xcode

SwiftDriverJobDiscovery normal arm64 Compiling Logger+With.swift (in target 'Logging' from project 'swift-log')
SwiftCompile normal arm64_32 Compiling\ ECKeys.swift,\ PublicKey+SPKI.swift,\ PublicKey.swift,\ RSAKeys.swift,\ X509Cert.swift,\ Capability.swift,\ DeviceConfig.swift,\ DeviceInfo.swift,\ ManagementInterface.swift,\ ManagementSession.swift,\ OATHSession+Extensions.swift,\ OATHSession.swift,\ OATHSessionFeature.swift,\ PIVDataFormatter.swift,\ PIVDataTypes.swift,\ PIVSession.swift,\ PIVSessionFeature.swift,\ SecKey+Extensions.swift,\ Response.swift /Users/admin/builder/spi-builder-workspace/YubiKit/YubiKit/Keys/ECKeys.swift /Users/admin/builder/spi-builder-workspace/YubiKit/YubiKit/Keys/PublicKey+SPKI.swift /Users/admin/builder/spi-builder-workspace/YubiKit/YubiKit/Keys/PublicKey.swift /Users/admin/builder/spi-builder-workspace/YubiKit/YubiKit/Keys/RSAKeys.swift /Users/admin/builder/spi-builder-workspace/YubiKit/YubiKit/Keys/X509Cert.swift /Users/admin/builder/spi-builder-workspace/YubiKit/YubiKit/Management/Capability.swift /Users/admin/builder/spi-builder-workspace/YubiKit/YubiKit/Management/DeviceConfig.swift /Users/admin/builder/spi-builder-workspace/YubiKit/YubiKit/Management/DeviceInfo.swift /Users/admin/builder/spi-builder-workspace/YubiKit/YubiKit/Management/ManagementInterface.swift /Users/admin/builder/spi-builder-workspace/YubiKit/YubiKit/Management/ManagementSession.swift /Users/admin/builder/spi-builder-workspace/YubiKit/YubiKit/OATH/OATHSession+Extensions.swift /Users/admin/builder/spi-builder-workspace/YubiKit/YubiKit/OATH/OATHSession.swift /Users/admin/builder/spi-builder-workspace/YubiKit/YubiKit/OATH/OATHSessionFeature.swift /Users/admin/builder/spi-builder-workspace/YubiKit/YubiKit/PIV/PIVDataFormatter.swift /Users/admin/builder/spi-builder-workspace/YubiKit/YubiKit/PIV/PIVDataTypes.swift /Users/admin/builder/spi-builder-workspace/YubiKit/YubiKit/PIV/PIVSession.swift /Users/admin/builder/spi-builder-workspace/YubiKit/YubiKit/PIV/PIVSessionFeature.swift /Users/admin/builder/spi-builder-workspace/YubiKit/YubiKit/PIV/SecKey+Extensions.swift /Users/admin/builder/spi-builder-workspace/YubiKit/YubiKit/Response.swift (in target 'YubiKit' from project 'YubiKit')
SwiftCompile normal arm64_32 /Users/admin/builder/spi-builder-workspace/YubiKit/YubiKit/Keys/ECKeys.swift (in target 'YubiKit' from project 'YubiKit')
    cd /Users/admin/builder/spi-builder-workspace/.swiftpm/xcode

SwiftCompile normal arm64_32 /Users/admin/builder/spi-builder-workspace/YubiKit/YubiKit/Keys/PublicKey+SPKI.swift (in target 'YubiKit' from project 'YubiKit')
    cd /Users/admin/builder/spi-builder-workspace/.swiftpm/xcode

SwiftCompile normal arm64_32 /Users/admin/builder/spi-builder-workspace/YubiKit/YubiKit/Keys/PublicKey.swift (in target 'YubiKit' from project 'YubiKit')
    cd /Users/admin/builder/spi-builder-workspace/.swiftpm/xcode

SwiftCompile normal arm64_32 /Users/admin/builder/spi-builder-workspace/YubiKit/YubiKit/Keys/RSAKeys.swift (in target 'YubiKit' from project 'YubiKit')
    cd /Users/admin/builder/spi-builder-workspace/.swiftpm/xcode

SwiftCompile normal arm64_32 /Users/admin/builder/spi-builder-workspace/YubiKit/YubiKit/Keys/X509Cert.swift (in target 'YubiKit' from project 'YubiKit')
    cd /Users/admin/builder/spi-builder-workspace/.swiftpm/xcode

SwiftCompile normal arm64_32 /Users/admin/builder/spi-builder-workspace/YubiKit/YubiKit/Management/Capability.swift (in target 'YubiKit' from project 'YubiKit')
    cd /Users/admin/builder/spi-builder-workspace/.swiftpm/xcode

SwiftCompile normal arm64_32 /Users/admin/builder/spi-builder-workspace/YubiKit/YubiKit/Management/DeviceConfig.swift (in target 'YubiKit' from project 'YubiKit')
    cd /Users/admin/builder/spi-builder-workspace/.swiftpm/xcode

SwiftCompile normal arm64_32 /Users/admin/builder/spi-builder-workspace/YubiKit/YubiKit/Management/DeviceInfo.swift (in target 'YubiKit' from project 'YubiKit')
    cd /Users/admin/builder/spi-builder-workspace/.swiftpm/xcode

SwiftCompile normal arm64_32 /Users/admin/builder/spi-builder-workspace/YubiKit/YubiKit/Management/ManagementInterface.swift (in target 'YubiKit' from project 'YubiKit')
    cd /Users/admin/builder/spi-builder-workspace/.swiftpm/xcode

SwiftCompile normal arm64_32 /Users/admin/builder/spi-builder-workspace/YubiKit/YubiKit/Management/ManagementSession.swift (in target 'YubiKit' from project 'YubiKit')
    cd /Users/admin/builder/spi-builder-workspace/.swiftpm/xcode

SwiftCompile normal arm64_32 /Users/admin/builder/spi-builder-workspace/YubiKit/YubiKit/OATH/OATHSession+Extensions.swift (in target 'YubiKit' from project 'YubiKit')
    cd /Users/admin/builder/spi-builder-workspace/.swiftpm/xcode

SwiftCompile normal arm64_32 /Users/admin/builder/spi-builder-workspace/YubiKit/YubiKit/OATH/OATHSession.swift (in target 'YubiKit' from project 'YubiKit')
    cd /Users/admin/builder/spi-builder-workspace/.swiftpm/xcode

SwiftCompile normal arm64_32 /Users/admin/builder/spi-builder-workspace/YubiKit/YubiKit/OATH/OATHSessionFeature.swift (in target 'YubiKit' from project 'YubiKit')
    cd /Users/admin/builder/spi-builder-workspace/.swiftpm/xcode

SwiftCompile normal arm64_32 /Users/admin/builder/spi-builder-workspace/YubiKit/YubiKit/PIV/PIVDataFormatter.swift (in target 'YubiKit' from project 'YubiKit')
    cd /Users/admin/builder/spi-builder-workspace/.swiftpm/xcode

SwiftCompile normal arm64_32 /Users/admin/builder/spi-builder-workspace/YubiKit/YubiKit/PIV/PIVDataTypes.swift (in target 'YubiKit' from project 'YubiKit')
    cd /Users/admin/builder/spi-builder-workspace/.swiftpm/xcode

SwiftCompile normal arm64_32 /Users/admin/builder/spi-builder-workspace/YubiKit/YubiKit/PIV/PIVSession.swift (in target 'YubiKit' from project 'YubiKit')
    cd /Users/admin/builder/spi-builder-workspace/.swiftpm/xcode

SwiftCompile normal arm64_32 /Users/admin/builder/spi-builder-workspace/YubiKit/YubiKit/PIV/PIVSessionFeature.swift (in target 'YubiKit' from project 'YubiKit')
    cd /Users/admin/builder/spi-builder-workspace/.swiftpm/xcode

SwiftCompile normal arm64_32 /Users/admin/builder/spi-builder-workspace/YubiKit/YubiKit/PIV/SecKey+Extensions.swift (in target 'YubiKit' from project 'YubiKit')
    cd /Users/admin/builder/spi-builder-workspace/.swiftpm/xcode

SwiftCompile normal arm64_32 /Users/admin/builder/spi-builder-workspace/YubiKit/YubiKit/Response.swift (in target 'YubiKit' from project 'YubiKit')
    cd /Users/admin/builder/spi-builder-workspace/.swiftpm/xcode

SwiftDriverJobDiscovery normal armv7k Compiling LoggingSystem.swift (in target 'Logging' from project 'swift-log')
SwiftCompile normal arm64 Compiling\ Curve25519.swift,\ Data+Crypto.swift,\ Keys+Crypto.swift,\ SecKey+Crypto.swift,\ FIDOConnectionError.swift,\ OTPConnectionError.swift,\ SmartCardConnectionError.swift,\ FIDOSessionError.swift,\ ManagementSessionError.swift,\ OATHSessionError.swift,\ PIVSessionError.swift,\ SCPError.swift,\ SessionError.swift,\ SmartCardSessionError.swift,\ YubiOTP+SessionError.swift,\ SourceLocation.swift,\ CBOR+Decode.swift,\ CBOR+Encode.swift,\ CBOR.swift,\ CBORDecodables.swift /Users/admin/builder/spi-builder-workspace/YubiKit/YubiKit/Crypto/Curve25519.swift /Users/admin/builder/spi-builder-workspace/YubiKit/YubiKit/Crypto/Data+Crypto.swift /Users/admin/builder/spi-builder-workspace/YubiKit/YubiKit/Crypto/Keys+Crypto.swift /Users/admin/builder/spi-builder-workspace/YubiKit/YubiKit/Crypto/SecKey+Crypto.swift /Users/admin/builder/spi-builder-workspace/YubiKit/YubiKit/Errors/Connection/FIDOConnectionError.swift /Users/admin/builder/spi-builder-workspace/YubiKit/YubiKit/Errors/Connection/OTPConnectionError.swift /Users/admin/builder/spi-builder-workspace/YubiKit/YubiKit/Errors/Connection/SmartCardConnectionError.swift /Users/admin/builder/spi-builder-workspace/YubiKit/YubiKit/Errors/Session/FIDOSessionError.swift /Users/admin/builder/spi-builder-workspace/YubiKit/YubiKit/Errors/Session/ManagementSessionError.swift /Users/admin/builder/spi-builder-workspace/YubiKit/YubiKit/Errors/Session/OATHSessionError.swift /Users/admin/builder/spi-builder-workspace/YubiKit/YubiKit/Errors/Session/PIVSessionError.swift /Users/admin/builder/spi-builder-workspace/YubiKit/YubiKit/Errors/Session/SCPError.swift /Users/admin/builder/spi-builder-workspace/YubiKit/YubiKit/Errors/Session/SessionError.swift /Users/admin/builder/spi-builder-workspace/YubiKit/YubiKit/Errors/Session/SmartCardSessionError.swift /Users/admin/builder/spi-builder-workspace/YubiKit/YubiKit/Errors/Session/YubiOTP+SessionError.swift /Users/admin/builder/spi-builder-workspace/YubiKit/YubiKit/Errors/SourceLocation.swift /Users/admin/builder/spi-builder-workspace/YubiKit/YubiKit/FIDO/CBOR/CBOR+Decode.swift /Users/admin/builder/spi-builder-workspace/YubiKit/YubiKit/FIDO/CBOR/CBOR+Encode.swift /Users/admin/builder/spi-builder-workspace/YubiKit/YubiKit/FIDO/CBOR/CBOR.swift /Users/admin/builder/spi-builder-workspace/YubiKit/YubiKit/FIDO/CBOR/CBORDecodables.swift (in target 'YubiKit' from project 'YubiKit')
SwiftCompile normal arm64 /Users/admin/builder/spi-builder-workspace/YubiKit/YubiKit/Crypto/Curve25519.swift (in target 'YubiKit' from project 'YubiKit')
    cd /Users/admin/builder/spi-builder-workspace/.swiftpm/xcode

SwiftCompile normal arm64 /Users/admin/builder/spi-builder-workspace/YubiKit/YubiKit/Crypto/Data+Crypto.swift (in target 'YubiKit' from project 'YubiKit')
    cd /Users/admin/builder/spi-builder-workspace/.swiftpm/xcode

SwiftCompile normal arm64 /Users/admin/builder/spi-builder-workspace/YubiKit/YubiKit/Crypto/Keys+Crypto.swift (in target 'YubiKit' from project 'YubiKit')
    cd /Users/admin/builder/spi-builder-workspace/.swiftpm/xcode

SwiftCompile normal arm64 /Users/admin/builder/spi-builder-workspace/YubiKit/YubiKit/Crypto/SecKey+Crypto.swift (in target 'YubiKit' from project 'YubiKit')
    cd /Users/admin/builder/spi-builder-workspace/.swiftpm/xcode

SwiftCompile normal arm64 /Users/admin/builder/spi-builder-workspace/YubiKit/YubiKit/Errors/Connection/FIDOConnectionError.swift (in target 'YubiKit' from project 'YubiKit')
    cd /Users/admin/builder/spi-builder-workspace/.swiftpm/xcode

SwiftCompile normal arm64 /Users/admin/builder/spi-builder-workspace/YubiKit/YubiKit/Errors/Connection/OTPConnectionError.swift (in target 'YubiKit' from project 'YubiKit')
    cd /Users/admin/builder/spi-builder-workspace/.swiftpm/xcode

SwiftCompile normal arm64 /Users/admin/builder/spi-builder-workspace/YubiKit/YubiKit/Errors/Connection/SmartCardConnectionError.swift (in target 'YubiKit' from project 'YubiKit')
    cd /Users/admin/builder/spi-builder-workspace/.swiftpm/xcode

SwiftCompile normal arm64 /Users/admin/builder/spi-builder-workspace/YubiKit/YubiKit/Errors/Session/FIDOSessionError.swift (in target 'YubiKit' from project 'YubiKit')
    cd /Users/admin/builder/spi-builder-workspace/.swiftpm/xcode

SwiftCompile normal arm64 /Users/admin/builder/spi-builder-workspace/YubiKit/YubiKit/Errors/Session/ManagementSessionError.swift (in target 'YubiKit' from project 'YubiKit')
    cd /Users/admin/builder/spi-builder-workspace/.swiftpm/xcode

SwiftCompile normal arm64 /Users/admin/builder/spi-builder-workspace/YubiKit/YubiKit/Errors/Session/OATHSessionError.swift (in target 'YubiKit' from project 'YubiKit')
    cd /Users/admin/builder/spi-builder-workspace/.swiftpm/xcode

SwiftCompile normal arm64 /Users/admin/builder/spi-builder-workspace/YubiKit/YubiKit/Errors/Session/PIVSessionError.swift (in target 'YubiKit' from project 'YubiKit')
    cd /Users/admin/builder/spi-builder-workspace/.swiftpm/xcode

SwiftCompile normal arm64 /Users/admin/builder/spi-builder-workspace/YubiKit/YubiKit/Errors/Session/SCPError.swift (in target 'YubiKit' from project 'YubiKit')
    cd /Users/admin/builder/spi-builder-workspace/.swiftpm/xcode

SwiftCompile normal arm64 /Users/admin/builder/spi-builder-workspace/YubiKit/YubiKit/Errors/Session/SessionError.swift (in target 'YubiKit' from project 'YubiKit')
    cd /Users/admin/builder/spi-builder-workspace/.swiftpm/xcode

SwiftCompile normal arm64 /Users/admin/builder/spi-builder-workspace/YubiKit/YubiKit/Errors/Session/SmartCardSessionError.swift (in target 'YubiKit' from project 'YubiKit')
    cd /Users/admin/builder/spi-builder-workspace/.swiftpm/xcode

SwiftCompile normal arm64 /Users/admin/builder/spi-builder-workspace/YubiKit/YubiKit/Errors/Session/YubiOTP+SessionError.swift (in target 'YubiKit' from project 'YubiKit')
    cd /Users/admin/builder/spi-builder-workspace/.swiftpm/xcode

SwiftCompile normal arm64 /Users/admin/builder/spi-builder-workspace/YubiKit/YubiKit/Errors/SourceLocation.swift (in target 'YubiKit' from project 'YubiKit')
    cd /Users/admin/builder/spi-builder-workspace/.swiftpm/xcode

SwiftCompile normal arm64 /Users/admin/builder/spi-builder-workspace/YubiKit/YubiKit/FIDO/CBOR/CBOR+Decode.swift (in target 'YubiKit' from project 'YubiKit')
    cd /Users/admin/builder/spi-builder-workspace/.swiftpm/xcode

SwiftCompile normal arm64 /Users/admin/builder/spi-builder-workspace/YubiKit/YubiKit/FIDO/CBOR/CBOR+Encode.swift (in target 'YubiKit' from project 'YubiKit')
    cd /Users/admin/builder/spi-builder-workspace/.swiftpm/xcode

SwiftCompile normal arm64 /Users/admin/builder/spi-builder-workspace/YubiKit/YubiKit/FIDO/CBOR/CBOR.swift (in target 'YubiKit' from project 'YubiKit')
    cd /Users/admin/builder/spi-builder-workspace/.swiftpm/xcode

SwiftCompile normal arm64 /Users/admin/builder/spi-builder-workspace/YubiKit/YubiKit/FIDO/CBOR/CBORDecodables.swift (in target 'YubiKit' from project 'YubiKit')
    cd /Users/admin/builder/spi-builder-workspace/.swiftpm/xcode

SwiftDriverJobDiscovery normal arm64 Compiling LoggingSystem.swift (in target 'Logging' from project 'swift-log')
SwiftCompile normal arm64_32 Compiling\ Logs.swift,\ NSLock+Extensions.swift,\ Promise.swift,\ Runloop+Async.swift,\ StatusStream.swift,\ Stream+Extensions.swift,\ String+Extensions.swift,\ TKTLVRecord+Extensions.swift,\ Task+Timeout.swift,\ UIDevice+Capabilities.swift,\ Version.swift,\ Modhex.swift,\ NDEFConfiguration.swift,\ SlotConfiguration.swift,\ YubiOTP.swift,\ YubiOTPSession+Configuration.swift,\ YubiOTPSession+Interface.swift,\ YubiOTPSession.swift,\ YubiOTPStatusStream.swift /Users/admin/builder/spi-builder-workspace/YubiKit/YubiKit/Utilities/Logs.swift /Users/admin/builder/spi-builder-workspace/YubiKit/YubiKit/Utilities/NSLock+Extensions.swift /Users/admin/builder/spi-builder-workspace/YubiKit/YubiKit/Utilities/Promise.swift /Users/admin/builder/spi-builder-workspace/YubiKit/YubiKit/Utilities/Runloop+Async.swift /Users/admin/builder/spi-builder-workspace/YubiKit/YubiKit/Utilities/StatusStream.swift /Users/admin/builder/spi-builder-workspace/YubiKit/YubiKit/Utilities/Stream+Extensions.swift /Users/admin/builder/spi-builder-workspace/YubiKit/YubiKit/Utilities/String+Extensions.swift /Users/admin/builder/spi-builder-workspace/YubiKit/YubiKit/Utilities/TKTLVRecord+Extensions.swift /Users/admin/builder/spi-builder-workspace/YubiKit/YubiKit/Utilities/Task+Timeout.swift /Users/admin/builder/spi-builder-workspace/YubiKit/YubiKit/Utilities/UIDevice+Capabilities.swift /Users/admin/builder/spi-builder-workspace/YubiKit/YubiKit/Version.swift /Users/admin/builder/spi-builder-workspace/YubiKit/YubiKit/YubiOTP/Modhex.swift /Users/admin/builder/spi-builder-workspace/YubiKit/YubiKit/YubiOTP/NDEFConfiguration.swift /Users/admin/builder/spi-builder-workspace/YubiKit/YubiKit/YubiOTP/SlotConfiguration.swift /Users/admin/builder/spi-builder-workspace/YubiKit/YubiKit/YubiOTP/YubiOTP.swift /Users/admin/builder/spi-builder-workspace/YubiKit/YubiKit/YubiOTP/YubiOTPSession+Configuration.swift /Users/admin/builder/spi-builder-workspace/YubiKit/YubiKit/YubiOTP/YubiOTPSession+Interface.swift /Users/admin/builder/spi-builder-workspace/YubiKit/YubiKit/YubiOTP/YubiOTPSession.swift /Users/admin/builder/spi-builder-workspace/YubiKit/YubiKit/YubiOTP/YubiOTPStatusStream.swift (in target 'YubiKit' from project 'YubiKit')
SwiftCompile normal arm64_32 /Users/admin/builder/spi-builder-workspace/YubiKit/YubiKit/Utilities/Logs.swift (in target 'YubiKit' from project 'YubiKit')
    cd /Users/admin/builder/spi-builder-workspace/.swiftpm/xcode

SwiftCompile normal arm64_32 /Users/admin/builder/spi-builder-workspace/YubiKit/YubiKit/Utilities/NSLock+Extensions.swift (in target 'YubiKit' from project 'YubiKit')
    cd /Users/admin/builder/spi-builder-workspace/.swiftpm/xcode

SwiftCompile normal arm64_32 /Users/admin/builder/spi-builder-workspace/YubiKit/YubiKit/Utilities/Promise.swift (in target 'YubiKit' from project 'YubiKit')
    cd /Users/admin/builder/spi-builder-workspace/.swiftpm/xcode

SwiftCompile normal arm64_32 /Users/admin/builder/spi-builder-workspace/YubiKit/YubiKit/Utilities/Runloop+Async.swift (in target 'YubiKit' from project 'YubiKit')
    cd /Users/admin/builder/spi-builder-workspace/.swiftpm/xcode

SwiftCompile normal arm64_32 /Users/admin/builder/spi-builder-workspace/YubiKit/YubiKit/Utilities/StatusStream.swift (in target 'YubiKit' from project 'YubiKit')
    cd /Users/admin/builder/spi-builder-workspace/.swiftpm/xcode

SwiftCompile normal arm64_32 /Users/admin/builder/spi-builder-workspace/YubiKit/YubiKit/Utilities/Stream+Extensions.swift (in target 'YubiKit' from project 'YubiKit')
    cd /Users/admin/builder/spi-builder-workspace/.swiftpm/xcode

SwiftCompile normal arm64_32 /Users/admin/builder/spi-builder-workspace/YubiKit/YubiKit/Utilities/String+Extensions.swift (in target 'YubiKit' from project 'YubiKit')
    cd /Users/admin/builder/spi-builder-workspace/.swiftpm/xcode

SwiftCompile normal arm64_32 /Users/admin/builder/spi-builder-workspace/YubiKit/YubiKit/Utilities/TKTLVRecord+Extensions.swift (in target 'YubiKit' from project 'YubiKit')
    cd /Users/admin/builder/spi-builder-workspace/.swiftpm/xcode

SwiftCompile normal arm64_32 /Users/admin/builder/spi-builder-workspace/YubiKit/YubiKit/Utilities/Task+Timeout.swift (in target 'YubiKit' from project 'YubiKit')
    cd /Users/admin/builder/spi-builder-workspace/.swiftpm/xcode

SwiftCompile normal arm64_32 /Users/admin/builder/spi-builder-workspace/YubiKit/YubiKit/Utilities/UIDevice+Capabilities.swift (in target 'YubiKit' from project 'YubiKit')
    cd /Users/admin/builder/spi-builder-workspace/.swiftpm/xcode

SwiftCompile normal arm64_32 /Users/admin/builder/spi-builder-workspace/YubiKit/YubiKit/Version.swift (in target 'YubiKit' from project 'YubiKit')
    cd /Users/admin/builder/spi-builder-workspace/.swiftpm/xcode

SwiftCompile normal arm64_32 /Users/admin/builder/spi-builder-workspace/YubiKit/YubiKit/YubiOTP/Modhex.swift (in target 'YubiKit' from project 'YubiKit')
    cd /Users/admin/builder/spi-builder-workspace/.swiftpm/xcode

SwiftCompile normal arm64_32 /Users/admin/builder/spi-builder-workspace/YubiKit/YubiKit/YubiOTP/NDEFConfiguration.swift (in target 'YubiKit' from project 'YubiKit')
    cd /Users/admin/builder/spi-builder-workspace/.swiftpm/xcode

SwiftCompile normal arm64_32 /Users/admin/builder/spi-builder-workspace/YubiKit/YubiKit/YubiOTP/SlotConfiguration.swift (in target 'YubiKit' from project 'YubiKit')
    cd /Users/admin/builder/spi-builder-workspace/.swiftpm/xcode

SwiftCompile normal arm64_32 /Users/admin/builder/spi-builder-workspace/YubiKit/YubiKit/YubiOTP/YubiOTP.swift (in target 'YubiKit' from project 'YubiKit')
    cd /Users/admin/builder/spi-builder-workspace/.swiftpm/xcode

SwiftCompile normal arm64_32 /Users/admin/builder/spi-builder-workspace/YubiKit/YubiKit/YubiOTP/YubiOTPSession+Configuration.swift (in target 'YubiKit' from project 'YubiKit')
    cd /Users/admin/builder/spi-builder-workspace/.swiftpm/xcode

SwiftCompile normal arm64_32 /Users/admin/builder/spi-builder-workspace/YubiKit/YubiKit/YubiOTP/YubiOTPSession+Interface.swift (in target 'YubiKit' from project 'YubiKit')
    cd /Users/admin/builder/spi-builder-workspace/.swiftpm/xcode

SwiftCompile normal arm64_32 /Users/admin/builder/spi-builder-workspace/YubiKit/YubiKit/YubiOTP/YubiOTPSession.swift (in target 'YubiKit' from project 'YubiKit')
    cd /Users/admin/builder/spi-builder-workspace/.swiftpm/xcode

SwiftCompile normal arm64_32 /Users/admin/builder/spi-builder-workspace/YubiKit/YubiKit/YubiOTP/YubiOTPStatusStream.swift (in target 'YubiKit' from project 'YubiKit')
    cd /Users/admin/builder/spi-builder-workspace/.swiftpm/xcode

SwiftDriverJobDiscovery normal arm64 Compiling Logger.swift (in target 'Logging' from project 'swift-log')
SwiftCompile normal arm64 Compiling\ APDU.swift,\ BackwardsCompatibility.swift,\ Data+Compression.swift,\ Data+Gids.swift,\ Data+Gzip.swift,\ Connection.swift,\ FIDOConnection.swift,\ HIDFIDOConnection.swift,\ HIDOTPConnection.swift,\ OTPConnection.swift,\ LightningSmartCardConnection.swift,\ NFCSmartCardConnection+Simulator.swift,\ NFCSmartCardConnection.swift,\ SmartCardConnection.swift,\ SmartCardConnections.swift,\ USBSmartCardConnection+Simulator.swift,\ USBSmartCardConnection.swift,\ SmartCardConnection+Simulator.swift,\ Crypto.swift,\ CryptoError.swift /Users/admin/builder/spi-builder-workspace/YubiKit/YubiKit/APDU.swift /Users/admin/builder/spi-builder-workspace/YubiKit/YubiKit/BackwardsCompatibility.swift /Users/admin/builder/spi-builder-workspace/YubiKit/YubiKit/Compression/Data+Compression.swift /Users/admin/builder/spi-builder-workspace/YubiKit/YubiKit/Compression/Data+Gids.swift /Users/admin/builder/spi-builder-workspace/YubiKit/YubiKit/Compression/Data+Gzip.swift /Users/admin/builder/spi-builder-workspace/YubiKit/YubiKit/Connection/Connection.swift /Users/admin/builder/spi-builder-workspace/YubiKit/YubiKit/Connection/FIDO/FIDOConnection.swift /Users/admin/builder/spi-builder-workspace/YubiKit/YubiKit/Connection/FIDO/HIDFIDOConnection.swift /Users/admin/builder/spi-builder-workspace/YubiKit/YubiKit/Connection/OTP/HIDOTPConnection.swift /Users/admin/builder/spi-builder-workspace/YubiKit/YubiKit/Connection/OTP/OTPConnection.swift /Users/admin/builder/spi-builder-workspace/YubiKit/YubiKit/Connection/SmartCard/LightningSmartCardConnection.swift /Users/admin/builder/spi-builder-workspace/YubiKit/YubiKit/Connection/SmartCard/NFCSmartCardConnection+Simulator.swift /Users/admin/builder/spi-builder-workspace/YubiKit/YubiKit/Connection/SmartCard/NFCSmartCardConnection.swift /Users/admin/builder/spi-builder-workspace/YubiKit/YubiKit/Connection/SmartCard/SmartCardConnection.swift /Users/admin/builder/spi-builder-workspace/YubiKit/YubiKit/Connection/SmartCard/SmartCardConnections.swift /Users/admin/builder/spi-builder-workspace/YubiKit/YubiKit/Connection/SmartCard/USBSmartCardConnection+Simulator.swift /Users/admin/builder/spi-builder-workspace/YubiKit/YubiKit/Connection/SmartCard/USBSmartCardConnection.swift /Users/admin/builder/spi-builder-workspace/YubiKit/YubiKit/Connection/SmartCardConnection+Simulator.swift /Users/admin/builder/spi-builder-workspace/YubiKit/YubiKit/Crypto/Crypto.swift /Users/admin/builder/spi-builder-workspace/YubiKit/YubiKit/Crypto/CryptoError.swift (in target 'YubiKit' from project 'YubiKit')
Command SwiftCompile failed with a nonzero exit code
** BUILD FAILED **
The following build commands failed:
	EmitSwiftModule normal arm64 (in target 'YubiKit' from project 'YubiKit')
	SwiftEmitModule normal arm64 Emitting\ module\ for\ YubiKit (in target 'YubiKit' from project 'YubiKit')
	SwiftCompile normal arm64 Compiling\ APDU.swift,\ BackwardsCompatibility.swift,\ Data+Compression.swift,\ Data+Gids.swift,\ Data+Gzip.swift,\ Connection.swift,\ FIDOConnection.swift,\ HIDFIDOConnection.swift,\ HIDOTPConnection.swift,\ OTPConnection.swift,\ LightningSmartCardConnection.swift,\ NFCSmartCardConnection+Simulator.swift,\ NFCSmartCardConnection.swift,\ SmartCardConnection.swift,\ SmartCardConnections.swift,\ USBSmartCardConnection+Simulator.swift,\ USBSmartCardConnection.swift,\ SmartCardConnection+Simulator.swift,\ Crypto.swift,\ CryptoError.swift /Users/admin/builder/spi-builder-workspace/YubiKit/YubiKit/APDU.swift /Users/admin/builder/spi-builder-workspace/YubiKit/YubiKit/BackwardsCompatibility.swift /Users/admin/builder/spi-builder-workspace/YubiKit/YubiKit/Compression/Data+Compression.swift /Users/admin/builder/spi-builder-workspace/YubiKit/YubiKit/Compression/Data+Gids.swift /Users/admin/builder/spi-builder-workspace/YubiKit/YubiKit/Compression/Data+Gzip.swift /Users/admin/builder/spi-builder-workspace/YubiKit/YubiKit/Connection/Connection.swift /Users/admin/builder/spi-builder-workspace/YubiKit/YubiKit/Connection/FIDO/FIDOConnection.swift /Users/admin/builder/spi-builder-workspace/YubiKit/YubiKit/Connection/FIDO/HIDFIDOConnection.swift /Users/admin/builder/spi-builder-workspace/YubiKit/YubiKit/Connection/OTP/HIDOTPConnection.swift /Users/admin/builder/spi-builder-workspace/YubiKit/YubiKit/Connection/OTP/OTPConnection.swift /Users/admin/builder/spi-builder-workspace/YubiKit/YubiKit/Connection/SmartCard/LightningSmartCardConnection.swift /Users/admin/builder/spi-builder-workspace/YubiKit/YubiKit/Connection/SmartCard/NFCSmartCardConnection+Simulator.swift /Users/admin/builder/spi-builder-workspace/YubiKit/YubiKit/Connection/SmartCard/NFCSmartCardConnection.swift /Users/admin/builder/spi-builder-workspace/YubiKit/YubiKit/Connection/SmartCard/SmartCardConnection.swift /Users/admin/builder/spi-builder-workspace/YubiKit/YubiKit/Connection/SmartCard/SmartCardConnections.swift /Users/admin/builder/spi-builder-workspace/YubiKit/YubiKit/Connection/SmartCard/USBSmartCardConnection+Simulator.swift /Users/admin/builder/spi-builder-workspace/YubiKit/YubiKit/Connection/SmartCard/USBSmartCardConnection.swift /Users/admin/builder/spi-builder-workspace/YubiKit/YubiKit/Connection/SmartCardConnection+Simulator.swift /Users/admin/builder/spi-builder-workspace/YubiKit/YubiKit/Crypto/Crypto.swift /Users/admin/builder/spi-builder-workspace/YubiKit/YubiKit/Crypto/CryptoError.swift (in target 'YubiKit' from project 'YubiKit')
	Building workspace spi-builder-workspace with scheme YubiKit-Package
(4 failures)
BUILD FAILURE 6.1 watchOS