Build Information
Failed to build BerkananSDK, reference 2.2.8 (3ea4e8), with Swift 6.4 for visionOS using Xcode 27.0 on 16 Sep 2026 07:05:38 UTC.
Build Command
env DEVELOPER_DIR=/Applications/Xcode-27.0.0-Release.Candidate.app xcrun xcodebuild -IDEClonedSourcePackagesDirPathOverride=$PWD/.dependencies -skipMacroValidation -skipPackagePluginValidation -derivedDataPath $PWD/.derivedData build -scheme BerkananSDK -destination generic/platform=xrOSBuild Log
SwiftCompile normal arm64 /Users/admin/builder/spi-builder-workspace/.dependencies/checkouts/BerkananCompression/Sources/BerkananCompression/Algorithm+CustomStringConvertible.swift (in target 'BerkananCompression' from project 'BerkananCompression')
cd /Users/admin/builder/spi-builder-workspace/.swiftpm/xcode
builtin-SwiftPerFileCompile Algorithm+CustomStringConvertible.swift
SwiftEmitModule normal arm64 Emitting\ module\ for\ SwiftProtobuf (in target 'SwiftProtobuf' from project 'SwiftProtobuf')
SwiftCompile normal arm64 (in target 'SwiftProtobuf' from project 'SwiftProtobuf')
cd /Users/admin/builder/spi-builder-workspace/.swiftpm/xcode
SwiftCompile normal arm64 Compiling\ resource_bundle_accessor.swift,\ AnyMessageStorage.swift,\ AnyUnpackError.swift,\ AsyncMessageSequence.swift,\ BinaryDecoder.swift,\ BinaryDecodingError.swift,\ BinaryDecodingOptions.swift,\ BinaryDelimited.swift,\ BinaryEncoder.swift,\ BinaryEncodingError.swift /Users/admin/builder/spi-builder-workspace/.derivedData/Build/Intermediates.noindex/SwiftProtobuf.build/Debug-xros/SwiftProtobuf-t.build/DerivedSources/resource_bundle_accessor.swift /Users/admin/builder/spi-builder-workspace/.dependencies/checkouts/swift-protobuf/Sources/SwiftProtobuf/AnyMessageStorage.swift /Users/admin/builder/spi-builder-workspace/.dependencies/checkouts/swift-protobuf/Sources/SwiftProtobuf/AnyUnpackError.swift /Users/admin/builder/spi-builder-workspace/.dependencies/checkouts/swift-protobuf/Sources/SwiftProtobuf/AsyncMessageSequence.swift /Users/admin/builder/spi-builder-workspace/.dependencies/checkouts/swift-protobuf/Sources/SwiftProtobuf/BinaryDecoder.swift /Users/admin/builder/spi-builder-workspace/.dependencies/checkouts/swift-protobuf/Sources/SwiftProtobuf/BinaryDecodingError.swift /Users/admin/builder/spi-builder-workspace/.dependencies/checkouts/swift-protobuf/Sources/SwiftProtobuf/BinaryDecodingOptions.swift /Users/admin/builder/spi-builder-workspace/.dependencies/checkouts/swift-protobuf/Sources/SwiftProtobuf/BinaryDelimited.swift /Users/admin/builder/spi-builder-workspace/.dependencies/checkouts/swift-protobuf/Sources/SwiftProtobuf/BinaryEncoder.swift /Users/admin/builder/spi-builder-workspace/.dependencies/checkouts/swift-protobuf/Sources/SwiftProtobuf/BinaryEncodingError.swift (in target 'SwiftProtobuf' from project 'SwiftProtobuf')
SwiftCompile normal arm64 /Users/admin/builder/spi-builder-workspace/.derivedData/Build/Intermediates.noindex/SwiftProtobuf.build/Debug-xros/SwiftProtobuf-t.build/DerivedSources/resource_bundle_accessor.swift (in target 'SwiftProtobuf' from project 'SwiftProtobuf')
cd /Users/admin/builder/spi-builder-workspace/.swiftpm/xcode
builtin-SwiftPerFileCompile resource_bundle_accessor.swift
SwiftCompile normal arm64 /Users/admin/builder/spi-builder-workspace/.dependencies/checkouts/swift-protobuf/Sources/SwiftProtobuf/AnyMessageStorage.swift (in target 'SwiftProtobuf' from project 'SwiftProtobuf')
cd /Users/admin/builder/spi-builder-workspace/.swiftpm/xcode
builtin-SwiftPerFileCompile AnyMessageStorage.swift
SwiftCompile normal arm64 /Users/admin/builder/spi-builder-workspace/.dependencies/checkouts/swift-protobuf/Sources/SwiftProtobuf/AnyUnpackError.swift (in target 'SwiftProtobuf' from project 'SwiftProtobuf')
cd /Users/admin/builder/spi-builder-workspace/.swiftpm/xcode
builtin-SwiftPerFileCompile AnyUnpackError.swift
SwiftCompile normal arm64 /Users/admin/builder/spi-builder-workspace/.dependencies/checkouts/swift-protobuf/Sources/SwiftProtobuf/AsyncMessageSequence.swift (in target 'SwiftProtobuf' from project 'SwiftProtobuf')
cd /Users/admin/builder/spi-builder-workspace/.swiftpm/xcode
builtin-SwiftPerFileCompile AsyncMessageSequence.swift
SwiftCompile normal arm64 /Users/admin/builder/spi-builder-workspace/.dependencies/checkouts/swift-protobuf/Sources/SwiftProtobuf/BinaryDecoder.swift (in target 'SwiftProtobuf' from project 'SwiftProtobuf')
cd /Users/admin/builder/spi-builder-workspace/.swiftpm/xcode
builtin-SwiftPerFileCompile BinaryDecoder.swift
SwiftCompile normal arm64 /Users/admin/builder/spi-builder-workspace/.dependencies/checkouts/swift-protobuf/Sources/SwiftProtobuf/BinaryDecodingError.swift (in target 'SwiftProtobuf' from project 'SwiftProtobuf')
cd /Users/admin/builder/spi-builder-workspace/.swiftpm/xcode
builtin-SwiftPerFileCompile BinaryDecodingError.swift
SwiftCompile normal arm64 /Users/admin/builder/spi-builder-workspace/.dependencies/checkouts/swift-protobuf/Sources/SwiftProtobuf/BinaryDecodingOptions.swift (in target 'SwiftProtobuf' from project 'SwiftProtobuf')
cd /Users/admin/builder/spi-builder-workspace/.swiftpm/xcode
builtin-SwiftPerFileCompile BinaryDecodingOptions.swift
SwiftCompile normal arm64 /Users/admin/builder/spi-builder-workspace/.dependencies/checkouts/swift-protobuf/Sources/SwiftProtobuf/BinaryDelimited.swift (in target 'SwiftProtobuf' from project 'SwiftProtobuf')
cd /Users/admin/builder/spi-builder-workspace/.swiftpm/xcode
builtin-SwiftPerFileCompile BinaryDelimited.swift
SwiftCompile normal arm64 /Users/admin/builder/spi-builder-workspace/.dependencies/checkouts/swift-protobuf/Sources/SwiftProtobuf/BinaryEncoder.swift (in target 'SwiftProtobuf' from project 'SwiftProtobuf')
cd /Users/admin/builder/spi-builder-workspace/.swiftpm/xcode
builtin-SwiftPerFileCompile BinaryEncoder.swift
SwiftCompile normal arm64 /Users/admin/builder/spi-builder-workspace/.dependencies/checkouts/swift-protobuf/Sources/SwiftProtobuf/BinaryEncodingError.swift (in target 'SwiftProtobuf' from project 'SwiftProtobuf')
cd /Users/admin/builder/spi-builder-workspace/.swiftpm/xcode
builtin-SwiftPerFileCompile BinaryEncodingError.swift
SwiftCompile normal arm64 Compiling\ descriptor.pb.swift,\ duration.pb.swift,\ empty.pb.swift,\ field_mask.pb.swift,\ source_context.pb.swift,\ struct.pb.swift,\ timestamp.pb.swift,\ type.pb.swift,\ wrappers.pb.swift /Users/admin/builder/spi-builder-workspace/.dependencies/checkouts/swift-protobuf/Sources/SwiftProtobuf/descriptor.pb.swift /Users/admin/builder/spi-builder-workspace/.dependencies/checkouts/swift-protobuf/Sources/SwiftProtobuf/duration.pb.swift /Users/admin/builder/spi-builder-workspace/.dependencies/checkouts/swift-protobuf/Sources/SwiftProtobuf/empty.pb.swift /Users/admin/builder/spi-builder-workspace/.dependencies/checkouts/swift-protobuf/Sources/SwiftProtobuf/field_mask.pb.swift /Users/admin/builder/spi-builder-workspace/.dependencies/checkouts/swift-protobuf/Sources/SwiftProtobuf/source_context.pb.swift /Users/admin/builder/spi-builder-workspace/.dependencies/checkouts/swift-protobuf/Sources/SwiftProtobuf/struct.pb.swift /Users/admin/builder/spi-builder-workspace/.dependencies/checkouts/swift-protobuf/Sources/SwiftProtobuf/timestamp.pb.swift /Users/admin/builder/spi-builder-workspace/.dependencies/checkouts/swift-protobuf/Sources/SwiftProtobuf/type.pb.swift /Users/admin/builder/spi-builder-workspace/.dependencies/checkouts/swift-protobuf/Sources/SwiftProtobuf/wrappers.pb.swift (in target 'SwiftProtobuf' from project 'SwiftProtobuf')
SwiftCompile normal arm64 /Users/admin/builder/spi-builder-workspace/.dependencies/checkouts/swift-protobuf/Sources/SwiftProtobuf/descriptor.pb.swift (in target 'SwiftProtobuf' from project 'SwiftProtobuf')
cd /Users/admin/builder/spi-builder-workspace/.swiftpm/xcode
builtin-SwiftPerFileCompile descriptor.pb.swift
SwiftCompile normal arm64 /Users/admin/builder/spi-builder-workspace/.dependencies/checkouts/swift-protobuf/Sources/SwiftProtobuf/duration.pb.swift (in target 'SwiftProtobuf' from project 'SwiftProtobuf')
cd /Users/admin/builder/spi-builder-workspace/.swiftpm/xcode
builtin-SwiftPerFileCompile duration.pb.swift
SwiftCompile normal arm64 /Users/admin/builder/spi-builder-workspace/.dependencies/checkouts/swift-protobuf/Sources/SwiftProtobuf/empty.pb.swift (in target 'SwiftProtobuf' from project 'SwiftProtobuf')
cd /Users/admin/builder/spi-builder-workspace/.swiftpm/xcode
builtin-SwiftPerFileCompile empty.pb.swift
SwiftCompile normal arm64 /Users/admin/builder/spi-builder-workspace/.dependencies/checkouts/swift-protobuf/Sources/SwiftProtobuf/field_mask.pb.swift (in target 'SwiftProtobuf' from project 'SwiftProtobuf')
cd /Users/admin/builder/spi-builder-workspace/.swiftpm/xcode
builtin-SwiftPerFileCompile field_mask.pb.swift
SwiftCompile normal arm64 /Users/admin/builder/spi-builder-workspace/.dependencies/checkouts/swift-protobuf/Sources/SwiftProtobuf/source_context.pb.swift (in target 'SwiftProtobuf' from project 'SwiftProtobuf')
cd /Users/admin/builder/spi-builder-workspace/.swiftpm/xcode
builtin-SwiftPerFileCompile source_context.pb.swift
SwiftCompile normal arm64 /Users/admin/builder/spi-builder-workspace/.dependencies/checkouts/swift-protobuf/Sources/SwiftProtobuf/struct.pb.swift (in target 'SwiftProtobuf' from project 'SwiftProtobuf')
cd /Users/admin/builder/spi-builder-workspace/.swiftpm/xcode
builtin-SwiftPerFileCompile struct.pb.swift
SwiftCompile normal arm64 /Users/admin/builder/spi-builder-workspace/.dependencies/checkouts/swift-protobuf/Sources/SwiftProtobuf/timestamp.pb.swift (in target 'SwiftProtobuf' from project 'SwiftProtobuf')
cd /Users/admin/builder/spi-builder-workspace/.swiftpm/xcode
builtin-SwiftPerFileCompile timestamp.pb.swift
SwiftCompile normal arm64 /Users/admin/builder/spi-builder-workspace/.dependencies/checkouts/swift-protobuf/Sources/SwiftProtobuf/type.pb.swift (in target 'SwiftProtobuf' from project 'SwiftProtobuf')
cd /Users/admin/builder/spi-builder-workspace/.swiftpm/xcode
builtin-SwiftPerFileCompile type.pb.swift
SwiftCompile normal arm64 /Users/admin/builder/spi-builder-workspace/.dependencies/checkouts/swift-protobuf/Sources/SwiftProtobuf/wrappers.pb.swift (in target 'SwiftProtobuf' from project 'SwiftProtobuf')
cd /Users/admin/builder/spi-builder-workspace/.swiftpm/xcode
builtin-SwiftPerFileCompile wrappers.pb.swift
SwiftDriverJobDiscovery normal arm64 Emitting module for BerkananFoundation (in target 'BerkananFoundation' from project 'BerkananFoundation')
SwiftCompile normal arm64 Compiling\ ExtensionFieldValueSet.swift,\ ExtensionFields.swift,\ ExtensionMap.swift,\ FieldTag.swift,\ FieldTypes.swift,\ Google_Protobuf_Any+Extensions.swift,\ Google_Protobuf_Any+Registry.swift,\ Google_Protobuf_Duration+Extensions.swift,\ Google_Protobuf_FieldMask+Extensions.swift,\ Google_Protobuf_ListValue+Extensions.swift /Users/admin/builder/spi-builder-workspace/.dependencies/checkouts/swift-protobuf/Sources/SwiftProtobuf/ExtensionFieldValueSet.swift /Users/admin/builder/spi-builder-workspace/.dependencies/checkouts/swift-protobuf/Sources/SwiftProtobuf/ExtensionFields.swift /Users/admin/builder/spi-builder-workspace/.dependencies/checkouts/swift-protobuf/Sources/SwiftProtobuf/ExtensionMap.swift /Users/admin/builder/spi-builder-workspace/.dependencies/checkouts/swift-protobuf/Sources/SwiftProtobuf/FieldTag.swift /Users/admin/builder/spi-builder-workspace/.dependencies/checkouts/swift-protobuf/Sources/SwiftProtobuf/FieldTypes.swift /Users/admin/builder/spi-builder-workspace/.dependencies/checkouts/swift-protobuf/Sources/SwiftProtobuf/Google_Protobuf_Any+Extensions.swift /Users/admin/builder/spi-builder-workspace/.dependencies/checkouts/swift-protobuf/Sources/SwiftProtobuf/Google_Protobuf_Any+Registry.swift /Users/admin/builder/spi-builder-workspace/.dependencies/checkouts/swift-protobuf/Sources/SwiftProtobuf/Google_Protobuf_Duration+Extensions.swift /Users/admin/builder/spi-builder-workspace/.dependencies/checkouts/swift-protobuf/Sources/SwiftProtobuf/Google_Protobuf_FieldMask+Extensions.swift /Users/admin/builder/spi-builder-workspace/.dependencies/checkouts/swift-protobuf/Sources/SwiftProtobuf/Google_Protobuf_ListValue+Extensions.swift (in target 'SwiftProtobuf' from project 'SwiftProtobuf')
SwiftCompile normal arm64 /Users/admin/builder/spi-builder-workspace/.dependencies/checkouts/swift-protobuf/Sources/SwiftProtobuf/ExtensionFieldValueSet.swift (in target 'SwiftProtobuf' from project 'SwiftProtobuf')
cd /Users/admin/builder/spi-builder-workspace/.swiftpm/xcode
builtin-SwiftPerFileCompile ExtensionFieldValueSet.swift
SwiftCompile normal arm64 /Users/admin/builder/spi-builder-workspace/.dependencies/checkouts/swift-protobuf/Sources/SwiftProtobuf/ExtensionFields.swift (in target 'SwiftProtobuf' from project 'SwiftProtobuf')
cd /Users/admin/builder/spi-builder-workspace/.swiftpm/xcode
builtin-SwiftPerFileCompile ExtensionFields.swift
SwiftCompile normal arm64 /Users/admin/builder/spi-builder-workspace/.dependencies/checkouts/swift-protobuf/Sources/SwiftProtobuf/ExtensionMap.swift (in target 'SwiftProtobuf' from project 'SwiftProtobuf')
cd /Users/admin/builder/spi-builder-workspace/.swiftpm/xcode
builtin-SwiftPerFileCompile ExtensionMap.swift
SwiftCompile normal arm64 /Users/admin/builder/spi-builder-workspace/.dependencies/checkouts/swift-protobuf/Sources/SwiftProtobuf/FieldTag.swift (in target 'SwiftProtobuf' from project 'SwiftProtobuf')
cd /Users/admin/builder/spi-builder-workspace/.swiftpm/xcode
builtin-SwiftPerFileCompile FieldTag.swift
SwiftCompile normal arm64 /Users/admin/builder/spi-builder-workspace/.dependencies/checkouts/swift-protobuf/Sources/SwiftProtobuf/FieldTypes.swift (in target 'SwiftProtobuf' from project 'SwiftProtobuf')
cd /Users/admin/builder/spi-builder-workspace/.swiftpm/xcode
builtin-SwiftPerFileCompile FieldTypes.swift
SwiftCompile normal arm64 /Users/admin/builder/spi-builder-workspace/.dependencies/checkouts/swift-protobuf/Sources/SwiftProtobuf/Google_Protobuf_Any+Extensions.swift (in target 'SwiftProtobuf' from project 'SwiftProtobuf')
cd /Users/admin/builder/spi-builder-workspace/.swiftpm/xcode
builtin-SwiftPerFileCompile Google_Protobuf_Any+Extensions.swift
SwiftCompile normal arm64 /Users/admin/builder/spi-builder-workspace/.dependencies/checkouts/swift-protobuf/Sources/SwiftProtobuf/Google_Protobuf_Any+Registry.swift (in target 'SwiftProtobuf' from project 'SwiftProtobuf')
cd /Users/admin/builder/spi-builder-workspace/.swiftpm/xcode
builtin-SwiftPerFileCompile Google_Protobuf_Any+Registry.swift
SwiftCompile normal arm64 /Users/admin/builder/spi-builder-workspace/.dependencies/checkouts/swift-protobuf/Sources/SwiftProtobuf/Google_Protobuf_Duration+Extensions.swift (in target 'SwiftProtobuf' from project 'SwiftProtobuf')
cd /Users/admin/builder/spi-builder-workspace/.swiftpm/xcode
builtin-SwiftPerFileCompile Google_Protobuf_Duration+Extensions.swift
SwiftCompile normal arm64 /Users/admin/builder/spi-builder-workspace/.dependencies/checkouts/swift-protobuf/Sources/SwiftProtobuf/Google_Protobuf_FieldMask+Extensions.swift (in target 'SwiftProtobuf' from project 'SwiftProtobuf')
cd /Users/admin/builder/spi-builder-workspace/.swiftpm/xcode
builtin-SwiftPerFileCompile Google_Protobuf_FieldMask+Extensions.swift
SwiftCompile normal arm64 /Users/admin/builder/spi-builder-workspace/.dependencies/checkouts/swift-protobuf/Sources/SwiftProtobuf/Google_Protobuf_ListValue+Extensions.swift (in target 'SwiftProtobuf' from project 'SwiftProtobuf')
cd /Users/admin/builder/spi-builder-workspace/.swiftpm/xcode
builtin-SwiftPerFileCompile Google_Protobuf_ListValue+Extensions.swift
SwiftDriverJobDiscovery normal arm64 Emitting module for BerkananCompression (in target 'BerkananCompression' from project 'BerkananCompression')
SwiftDriver\ Compilation\ Requirements BerkananFoundation normal arm64 com.apple.xcode.tools.swift.compiler (in target 'BerkananFoundation' from project 'BerkananFoundation')
cd /Users/admin/builder/spi-builder-workspace/.swiftpm/xcode
builtin-Swift-Compilation-Requirements -- /Applications/Xcode-27.0.0-Release.Candidate.app/Contents/Developer/Toolchains/XcodeDefault.xctoolchain/usr/bin/swiftc -parse-as-library -module-name BerkananFoundation -Onone @/Users/admin/builder/spi-builder-workspace/.derivedData/Build/Intermediates.noindex/BerkananFoundation.build/Debug-xros/BerkananFoundation-t.build/Objects-normal/arm64/BerkananFoundation.SwiftFileList -DSWIFT_PACKAGE -DDEBUG -DSWIFT_MODULE_RESOURCE_BUNDLE_UNAVAILABLE -DXcode -plugin-path /Applications/Xcode-27.0.0-Release.Candidate.app/Contents/Developer/Toolchains/XcodeDefault.xctoolchain/usr/lib/swift/host/plugins/testing -enable-experimental-feature DebugDescriptionMacro -sdk /Applications/Xcode-27.0.0-Release.Candidate.app/Contents/Developer/Platforms/XROS.platform/Developer/SDKs/XROS27.0.sdk -target arm64-apple-xros1.0 -g -module-cache-path /Users/admin/builder/spi-builder-workspace/.derivedData/ModuleCache.noindex -Xfrontend -serialize-debugging-options -profile-coverage-mapping -profile-generate -enable-testing -suppress-warnings -index-store-path /Users/admin/builder/spi-builder-workspace/.derivedData/Index.noindex/DataStore -Xcc -D_LIBCPP_HARDENING_MODE\=_LIBCPP_HARDENING_MODE_DEBUG -swift-version 5 -I /Users/admin/builder/spi-builder-workspace/.derivedData/Build/Products/Debug-xros -Isystem /Applications/Xcode-27.0.0-Release.Candidate.app/Contents/Developer/Platforms/XROS.platform/Developer/usr/lib -F /Users/admin/builder/spi-builder-workspace/.derivedData/Build/Products/Debug-xros -F /Applications/Xcode-27.0.0-Release.Candidate.app/Contents/Developer/Platforms/XROS.platform/Developer/Library/Frameworks -F /Applications/Xcode-27.0.0-Release.Candidate.app/Contents/Developer/Platforms/XROS.platform/Developer/SDKs/XROS27.0.sdk/Developer/Library/Frameworks -c -j10 -enable-batch-mode -incremental -Xcc -ivfsstatcache -Xcc /Users/admin/builder/spi-builder-workspace/.derivedData/SDKStatCaches.noindex/xros27.0-24M361-e829b21a6f8c9b70876ba0858053c044735bd543db762f57723cac368afd1ce4.sdkstatcache -output-file-map /Users/admin/builder/spi-builder-workspace/.derivedData/Build/Intermediates.noindex/BerkananFoundation.build/Debug-xros/BerkananFoundation-t.build/Objects-normal/arm64/BerkananFoundation-OutputFileMap.json -save-temps -no-color-diagnostics -explicit-module-build -module-cache-path /Users/admin/builder/spi-builder-workspace/.derivedData/Build/Intermediates.noindex/SwiftExplicitPrecompiledModules -clang-scanner-module-cache-path /Users/admin/builder/spi-builder-workspace/.derivedData/ModuleCache.noindex -sdk-module-cache-path /Users/admin/builder/spi-builder-workspace/.derivedData/SDKExplicitPrecompiledModules -emit-dependencies -emit-module -emit-module-path /Users/admin/builder/spi-builder-workspace/.derivedData/Build/Intermediates.noindex/BerkananFoundation.build/Debug-xros/BerkananFoundation-t.build/Objects-normal/arm64/BerkananFoundation.swiftmodule -serialize-diagnostics -dependency-scan-serialize-diagnostics-path /Users/admin/builder/spi-builder-workspace/.derivedData/Build/Intermediates.noindex/BerkananFoundation.build/Debug-xros/BerkananFoundation-t.build/Objects-normal/arm64/BerkananFoundation-dependency-scan.dia -validate-clang-modules-once -clang-build-session-file /Users/admin/builder/spi-builder-workspace/.derivedData/ModuleCache.noindex/Session.modulevalidation -Xcc -fmodules-prune-interval\=86400 -Xcc -fmodules-prune-after\=345600 -emit-const-values -const-gather-protocols-list /Users/admin/builder/spi-builder-workspace/.derivedData/Build/Intermediates.noindex/BerkananFoundation.build/Debug-xros/BerkananFoundation-t.build/Objects-normal/arm64/BerkananFoundation_const_extract_protocols.json -Xcc -I/Users/admin/builder/spi-builder-workspace/.derivedData/Build/Products/Debug-xros/include -Xcc -I/Users/admin/builder/spi-builder-workspace/.derivedData/Build/Intermediates.noindex/BerkananFoundation.build/Debug-xros/BerkananFoundation-t.build/DerivedSources-normal/arm64 -Xcc -I/Users/admin/builder/spi-builder-workspace/.derivedData/Build/Intermediates.noindex/BerkananFoundation.build/Debug-xros/BerkananFoundation-t.build/DerivedSources/arm64 -Xcc -I/Users/admin/builder/spi-builder-workspace/.derivedData/Build/Intermediates.noindex/BerkananFoundation.build/Debug-xros/BerkananFoundation-t.build/DerivedSources -Xcc -DSWIFT_PACKAGE -Xcc -DDEBUG\=1 -emit-objc-header -emit-objc-header-path /Users/admin/builder/spi-builder-workspace/.derivedData/Build/Intermediates.noindex/BerkananFoundation.build/Debug-xros/BerkananFoundation-t.build/Objects-normal/arm64/BerkananFoundation-Swift.h -working-directory /Users/admin/builder/spi-builder-workspace/.swiftpm/xcode -experimental-emit-module-separately -disable-cmo
SwiftDriverJobDiscovery normal arm64 Compiling String+Quotes.swift (in target 'BerkananFoundation' from project 'BerkananFoundation')
SwiftDriver\ Compilation\ Requirements BerkananCompression normal arm64 com.apple.xcode.tools.swift.compiler (in target 'BerkananCompression' from project 'BerkananCompression')
cd /Users/admin/builder/spi-builder-workspace/.swiftpm/xcode
builtin-Swift-Compilation-Requirements -- /Applications/Xcode-27.0.0-Release.Candidate.app/Contents/Developer/Toolchains/XcodeDefault.xctoolchain/usr/bin/swiftc -parse-as-library -module-name BerkananCompression -Onone @/Users/admin/builder/spi-builder-workspace/.derivedData/Build/Intermediates.noindex/BerkananCompression.build/Debug-xros/BerkananCompression-t.build/Objects-normal/arm64/BerkananCompression.SwiftFileList -DSWIFT_PACKAGE -DDEBUG -DSWIFT_MODULE_RESOURCE_BUNDLE_UNAVAILABLE -DXcode -plugin-path /Applications/Xcode-27.0.0-Release.Candidate.app/Contents/Developer/Toolchains/XcodeDefault.xctoolchain/usr/lib/swift/host/plugins/testing -enable-experimental-feature DebugDescriptionMacro -sdk /Applications/Xcode-27.0.0-Release.Candidate.app/Contents/Developer/Platforms/XROS.platform/Developer/SDKs/XROS27.0.sdk -target arm64-apple-xros1.0 -g -module-cache-path /Users/admin/builder/spi-builder-workspace/.derivedData/ModuleCache.noindex -Xfrontend -serialize-debugging-options -profile-coverage-mapping -profile-generate -enable-testing -suppress-warnings -index-store-path /Users/admin/builder/spi-builder-workspace/.derivedData/Index.noindex/DataStore -Xcc -D_LIBCPP_HARDENING_MODE\=_LIBCPP_HARDENING_MODE_DEBUG -swift-version 5 -I /Users/admin/builder/spi-builder-workspace/.derivedData/Build/Products/Debug-xros -Isystem /Applications/Xcode-27.0.0-Release.Candidate.app/Contents/Developer/Platforms/XROS.platform/Developer/usr/lib -F /Users/admin/builder/spi-builder-workspace/.derivedData/Build/Products/Debug-xros -F /Applications/Xcode-27.0.0-Release.Candidate.app/Contents/Developer/Platforms/XROS.platform/Developer/Library/Frameworks -F /Applications/Xcode-27.0.0-Release.Candidate.app/Contents/Developer/Platforms/XROS.platform/Developer/SDKs/XROS27.0.sdk/Developer/Library/Frameworks -c -j10 -enable-batch-mode -incremental -Xcc -ivfsstatcache -Xcc /Users/admin/builder/spi-builder-workspace/.derivedData/SDKStatCaches.noindex/xros27.0-24M361-e829b21a6f8c9b70876ba0858053c044735bd543db762f57723cac368afd1ce4.sdkstatcache -output-file-map /Users/admin/builder/spi-builder-workspace/.derivedData/Build/Intermediates.noindex/BerkananCompression.build/Debug-xros/BerkananCompression-t.build/Objects-normal/arm64/BerkananCompression-OutputFileMap.json -save-temps -no-color-diagnostics -explicit-module-build -module-cache-path /Users/admin/builder/spi-builder-workspace/.derivedData/Build/Intermediates.noindex/SwiftExplicitPrecompiledModules -clang-scanner-module-cache-path /Users/admin/builder/spi-builder-workspace/.derivedData/ModuleCache.noindex -sdk-module-cache-path /Users/admin/builder/spi-builder-workspace/.derivedData/SDKExplicitPrecompiledModules -emit-dependencies -emit-module -emit-module-path /Users/admin/builder/spi-builder-workspace/.derivedData/Build/Intermediates.noindex/BerkananCompression.build/Debug-xros/BerkananCompression-t.build/Objects-normal/arm64/BerkananCompression.swiftmodule -serialize-diagnostics -dependency-scan-serialize-diagnostics-path /Users/admin/builder/spi-builder-workspace/.derivedData/Build/Intermediates.noindex/BerkananCompression.build/Debug-xros/BerkananCompression-t.build/Objects-normal/arm64/BerkananCompression-dependency-scan.dia -validate-clang-modules-once -clang-build-session-file /Users/admin/builder/spi-builder-workspace/.derivedData/ModuleCache.noindex/Session.modulevalidation -Xcc -fmodules-prune-interval\=86400 -Xcc -fmodules-prune-after\=345600 -emit-const-values -const-gather-protocols-list /Users/admin/builder/spi-builder-workspace/.derivedData/Build/Intermediates.noindex/BerkananCompression.build/Debug-xros/BerkananCompression-t.build/Objects-normal/arm64/BerkananCompression_const_extract_protocols.json -Xcc -I/Users/admin/builder/spi-builder-workspace/.derivedData/Build/Products/Debug-xros/include -Xcc -I/Users/admin/builder/spi-builder-workspace/.derivedData/Build/Intermediates.noindex/BerkananCompression.build/Debug-xros/BerkananCompression-t.build/DerivedSources-normal/arm64 -Xcc -I/Users/admin/builder/spi-builder-workspace/.derivedData/Build/Intermediates.noindex/BerkananCompression.build/Debug-xros/BerkananCompression-t.build/DerivedSources/arm64 -Xcc -I/Users/admin/builder/spi-builder-workspace/.derivedData/Build/Intermediates.noindex/BerkananCompression.build/Debug-xros/BerkananCompression-t.build/DerivedSources -Xcc -DSWIFT_PACKAGE -Xcc -DDEBUG\=1 -emit-objc-header -emit-objc-header-path /Users/admin/builder/spi-builder-workspace/.derivedData/Build/Intermediates.noindex/BerkananCompression.build/Debug-xros/BerkananCompression-t.build/Objects-normal/arm64/BerkananCompression-Swift.h -working-directory /Users/admin/builder/spi-builder-workspace/.swiftpm/xcode -experimental-emit-module-separately -disable-cmo
SwiftCompile normal arm64 Compiling\ JSONEncoder.swift,\ JSONEncodingError.swift,\ JSONEncodingOptions.swift,\ JSONEncodingVisitor.swift,\ JSONMapEncodingVisitor.swift,\ JSONScanner.swift,\ MathUtils.swift,\ Message+AnyAdditions.swift,\ Message+BinaryAdditions.swift,\ Message+BinaryAdditions_Data.swift /Users/admin/builder/spi-builder-workspace/.dependencies/checkouts/swift-protobuf/Sources/SwiftProtobuf/JSONEncoder.swift /Users/admin/builder/spi-builder-workspace/.dependencies/checkouts/swift-protobuf/Sources/SwiftProtobuf/JSONEncodingError.swift /Users/admin/builder/spi-builder-workspace/.dependencies/checkouts/swift-protobuf/Sources/SwiftProtobuf/JSONEncodingOptions.swift /Users/admin/builder/spi-builder-workspace/.dependencies/checkouts/swift-protobuf/Sources/SwiftProtobuf/JSONEncodingVisitor.swift /Users/admin/builder/spi-builder-workspace/.dependencies/checkouts/swift-protobuf/Sources/SwiftProtobuf/JSONMapEncodingVisitor.swift /Users/admin/builder/spi-builder-workspace/.dependencies/checkouts/swift-protobuf/Sources/SwiftProtobuf/JSONScanner.swift /Users/admin/builder/spi-builder-workspace/.dependencies/checkouts/swift-protobuf/Sources/SwiftProtobuf/MathUtils.swift /Users/admin/builder/spi-builder-workspace/.dependencies/checkouts/swift-protobuf/Sources/SwiftProtobuf/Message+AnyAdditions.swift /Users/admin/builder/spi-builder-workspace/.dependencies/checkouts/swift-protobuf/Sources/SwiftProtobuf/Message+BinaryAdditions.swift /Users/admin/builder/spi-builder-workspace/.dependencies/checkouts/swift-protobuf/Sources/SwiftProtobuf/Message+BinaryAdditions_Data.swift (in target 'SwiftProtobuf' from project 'SwiftProtobuf')
SwiftCompile normal arm64 /Users/admin/builder/spi-builder-workspace/.dependencies/checkouts/swift-protobuf/Sources/SwiftProtobuf/JSONEncoder.swift (in target 'SwiftProtobuf' from project 'SwiftProtobuf')
cd /Users/admin/builder/spi-builder-workspace/.swiftpm/xcode
builtin-SwiftPerFileCompile JSONEncoder.swift
SwiftCompile normal arm64 /Users/admin/builder/spi-builder-workspace/.dependencies/checkouts/swift-protobuf/Sources/SwiftProtobuf/JSONEncodingError.swift (in target 'SwiftProtobuf' from project 'SwiftProtobuf')
cd /Users/admin/builder/spi-builder-workspace/.swiftpm/xcode
builtin-SwiftPerFileCompile JSONEncodingError.swift
SwiftCompile normal arm64 /Users/admin/builder/spi-builder-workspace/.dependencies/checkouts/swift-protobuf/Sources/SwiftProtobuf/JSONEncodingOptions.swift (in target 'SwiftProtobuf' from project 'SwiftProtobuf')
cd /Users/admin/builder/spi-builder-workspace/.swiftpm/xcode
builtin-SwiftPerFileCompile JSONEncodingOptions.swift
SwiftCompile normal arm64 /Users/admin/builder/spi-builder-workspace/.dependencies/checkouts/swift-protobuf/Sources/SwiftProtobuf/JSONEncodingVisitor.swift (in target 'SwiftProtobuf' from project 'SwiftProtobuf')
cd /Users/admin/builder/spi-builder-workspace/.swiftpm/xcode
builtin-SwiftPerFileCompile JSONEncodingVisitor.swift
SwiftCompile normal arm64 /Users/admin/builder/spi-builder-workspace/.dependencies/checkouts/swift-protobuf/Sources/SwiftProtobuf/JSONMapEncodingVisitor.swift (in target 'SwiftProtobuf' from project 'SwiftProtobuf')
cd /Users/admin/builder/spi-builder-workspace/.swiftpm/xcode
builtin-SwiftPerFileCompile JSONMapEncodingVisitor.swift
SwiftCompile normal arm64 /Users/admin/builder/spi-builder-workspace/.dependencies/checkouts/swift-protobuf/Sources/SwiftProtobuf/JSONScanner.swift (in target 'SwiftProtobuf' from project 'SwiftProtobuf')
cd /Users/admin/builder/spi-builder-workspace/.swiftpm/xcode
builtin-SwiftPerFileCompile JSONScanner.swift
SwiftCompile normal arm64 /Users/admin/builder/spi-builder-workspace/.dependencies/checkouts/swift-protobuf/Sources/SwiftProtobuf/MathUtils.swift (in target 'SwiftProtobuf' from project 'SwiftProtobuf')
cd /Users/admin/builder/spi-builder-workspace/.swiftpm/xcode
builtin-SwiftPerFileCompile MathUtils.swift
SwiftCompile normal arm64 /Users/admin/builder/spi-builder-workspace/.dependencies/checkouts/swift-protobuf/Sources/SwiftProtobuf/Message+AnyAdditions.swift (in target 'SwiftProtobuf' from project 'SwiftProtobuf')
cd /Users/admin/builder/spi-builder-workspace/.swiftpm/xcode
builtin-SwiftPerFileCompile Message+AnyAdditions.swift
SwiftCompile normal arm64 /Users/admin/builder/spi-builder-workspace/.dependencies/checkouts/swift-protobuf/Sources/SwiftProtobuf/Message+BinaryAdditions.swift (in target 'SwiftProtobuf' from project 'SwiftProtobuf')
cd /Users/admin/builder/spi-builder-workspace/.swiftpm/xcode
builtin-SwiftPerFileCompile Message+BinaryAdditions.swift
SwiftCompile normal arm64 /Users/admin/builder/spi-builder-workspace/.dependencies/checkouts/swift-protobuf/Sources/SwiftProtobuf/Message+BinaryAdditions_Data.swift (in target 'SwiftProtobuf' from project 'SwiftProtobuf')
cd /Users/admin/builder/spi-builder-workspace/.swiftpm/xcode
builtin-SwiftPerFileCompile Message+BinaryAdditions_Data.swift
SwiftDriverJobDiscovery normal arm64 Compiling Types+DataRepresentable.swift (in target 'BerkananFoundation' from project 'BerkananFoundation')
SwiftCompile normal arm64 Compiling\ Google_Protobuf_NullValue+Extensions.swift,\ Google_Protobuf_Struct+Extensions.swift,\ Google_Protobuf_Timestamp+Extensions.swift,\ Google_Protobuf_Value+Extensions.swift,\ Google_Protobuf_Wrappers+Extensions.swift,\ HashVisitor.swift,\ Internal.swift,\ JSONDecoder.swift,\ JSONDecodingError.swift,\ JSONDecodingOptions.swift /Users/admin/builder/spi-builder-workspace/.dependencies/checkouts/swift-protobuf/Sources/SwiftProtobuf/Google_Protobuf_NullValue+Extensions.swift /Users/admin/builder/spi-builder-workspace/.dependencies/checkouts/swift-protobuf/Sources/SwiftProtobuf/Google_Protobuf_Struct+Extensions.swift /Users/admin/builder/spi-builder-workspace/.dependencies/checkouts/swift-protobuf/Sources/SwiftProtobuf/Google_Protobuf_Timestamp+Extensions.swift /Users/admin/builder/spi-builder-workspace/.dependencies/checkouts/swift-protobuf/Sources/SwiftProtobuf/Google_Protobuf_Value+Extensions.swift /Users/admin/builder/spi-builder-workspace/.dependencies/checkouts/swift-protobuf/Sources/SwiftProtobuf/Google_Protobuf_Wrappers+Extensions.swift /Users/admin/builder/spi-builder-workspace/.dependencies/checkouts/swift-protobuf/Sources/SwiftProtobuf/HashVisitor.swift /Users/admin/builder/spi-builder-workspace/.dependencies/checkouts/swift-protobuf/Sources/SwiftProtobuf/Internal.swift /Users/admin/builder/spi-builder-workspace/.dependencies/checkouts/swift-protobuf/Sources/SwiftProtobuf/JSONDecoder.swift /Users/admin/builder/spi-builder-workspace/.dependencies/checkouts/swift-protobuf/Sources/SwiftProtobuf/JSONDecodingError.swift /Users/admin/builder/spi-builder-workspace/.dependencies/checkouts/swift-protobuf/Sources/SwiftProtobuf/JSONDecodingOptions.swift (in target 'SwiftProtobuf' from project 'SwiftProtobuf')
SwiftCompile normal arm64 /Users/admin/builder/spi-builder-workspace/.dependencies/checkouts/swift-protobuf/Sources/SwiftProtobuf/Google_Protobuf_NullValue+Extensions.swift (in target 'SwiftProtobuf' from project 'SwiftProtobuf')
cd /Users/admin/builder/spi-builder-workspace/.swiftpm/xcode
builtin-SwiftPerFileCompile Google_Protobuf_NullValue+Extensions.swift
SwiftCompile normal arm64 /Users/admin/builder/spi-builder-workspace/.dependencies/checkouts/swift-protobuf/Sources/SwiftProtobuf/Google_Protobuf_Struct+Extensions.swift (in target 'SwiftProtobuf' from project 'SwiftProtobuf')
cd /Users/admin/builder/spi-builder-workspace/.swiftpm/xcode
builtin-SwiftPerFileCompile Google_Protobuf_Struct+Extensions.swift
SwiftCompile normal arm64 /Users/admin/builder/spi-builder-workspace/.dependencies/checkouts/swift-protobuf/Sources/SwiftProtobuf/Google_Protobuf_Timestamp+Extensions.swift (in target 'SwiftProtobuf' from project 'SwiftProtobuf')
cd /Users/admin/builder/spi-builder-workspace/.swiftpm/xcode
builtin-SwiftPerFileCompile Google_Protobuf_Timestamp+Extensions.swift
SwiftCompile normal arm64 /Users/admin/builder/spi-builder-workspace/.dependencies/checkouts/swift-protobuf/Sources/SwiftProtobuf/Google_Protobuf_Value+Extensions.swift (in target 'SwiftProtobuf' from project 'SwiftProtobuf')
cd /Users/admin/builder/spi-builder-workspace/.swiftpm/xcode
builtin-SwiftPerFileCompile Google_Protobuf_Value+Extensions.swift
SwiftCompile normal arm64 /Users/admin/builder/spi-builder-workspace/.dependencies/checkouts/swift-protobuf/Sources/SwiftProtobuf/Google_Protobuf_Wrappers+Extensions.swift (in target 'SwiftProtobuf' from project 'SwiftProtobuf')
cd /Users/admin/builder/spi-builder-workspace/.swiftpm/xcode
builtin-SwiftPerFileCompile Google_Protobuf_Wrappers+Extensions.swift
SwiftCompile normal arm64 /Users/admin/builder/spi-builder-workspace/.dependencies/checkouts/swift-protobuf/Sources/SwiftProtobuf/HashVisitor.swift (in target 'SwiftProtobuf' from project 'SwiftProtobuf')
cd /Users/admin/builder/spi-builder-workspace/.swiftpm/xcode
builtin-SwiftPerFileCompile HashVisitor.swift
SwiftCompile normal arm64 /Users/admin/builder/spi-builder-workspace/.dependencies/checkouts/swift-protobuf/Sources/SwiftProtobuf/Internal.swift (in target 'SwiftProtobuf' from project 'SwiftProtobuf')
cd /Users/admin/builder/spi-builder-workspace/.swiftpm/xcode
builtin-SwiftPerFileCompile Internal.swift
SwiftCompile normal arm64 /Users/admin/builder/spi-builder-workspace/.dependencies/checkouts/swift-protobuf/Sources/SwiftProtobuf/JSONDecoder.swift (in target 'SwiftProtobuf' from project 'SwiftProtobuf')
cd /Users/admin/builder/spi-builder-workspace/.swiftpm/xcode
builtin-SwiftPerFileCompile JSONDecoder.swift
SwiftCompile normal arm64 /Users/admin/builder/spi-builder-workspace/.dependencies/checkouts/swift-protobuf/Sources/SwiftProtobuf/JSONDecodingError.swift (in target 'SwiftProtobuf' from project 'SwiftProtobuf')
cd /Users/admin/builder/spi-builder-workspace/.swiftpm/xcode
builtin-SwiftPerFileCompile JSONDecodingError.swift
SwiftCompile normal arm64 /Users/admin/builder/spi-builder-workspace/.dependencies/checkouts/swift-protobuf/Sources/SwiftProtobuf/JSONDecodingOptions.swift (in target 'SwiftProtobuf' from project 'SwiftProtobuf')
cd /Users/admin/builder/spi-builder-workspace/.swiftpm/xcode
builtin-SwiftPerFileCompile JSONDecodingOptions.swift
SwiftCompile normal arm64 Compiling\ PathDecoder.swift,\ PathVisitor.swift,\ ProtoNameProviding.swift,\ ProtobufAPIVersionCheck.swift,\ ProtobufMap.swift,\ SelectiveVisitor.swift,\ SimpleExtensionMap.swift,\ StringUtils.swift,\ SwiftProtobufContiguousBytes.swift /Users/admin/builder/spi-builder-workspace/.dependencies/checkouts/swift-protobuf/Sources/SwiftProtobuf/PathDecoder.swift /Users/admin/builder/spi-builder-workspace/.dependencies/checkouts/swift-protobuf/Sources/SwiftProtobuf/PathVisitor.swift /Users/admin/builder/spi-builder-workspace/.dependencies/checkouts/swift-protobuf/Sources/SwiftProtobuf/ProtoNameProviding.swift /Users/admin/builder/spi-builder-workspace/.dependencies/checkouts/swift-protobuf/Sources/SwiftProtobuf/ProtobufAPIVersionCheck.swift /Users/admin/builder/spi-builder-workspace/.dependencies/checkouts/swift-protobuf/Sources/SwiftProtobuf/ProtobufMap.swift /Users/admin/builder/spi-builder-workspace/.dependencies/checkouts/swift-protobuf/Sources/SwiftProtobuf/SelectiveVisitor.swift /Users/admin/builder/spi-builder-workspace/.dependencies/checkouts/swift-protobuf/Sources/SwiftProtobuf/SimpleExtensionMap.swift /Users/admin/builder/spi-builder-workspace/.dependencies/checkouts/swift-protobuf/Sources/SwiftProtobuf/StringUtils.swift /Users/admin/builder/spi-builder-workspace/.dependencies/checkouts/swift-protobuf/Sources/SwiftProtobuf/SwiftProtobufContiguousBytes.swift (in target 'SwiftProtobuf' from project 'SwiftProtobuf')
SwiftCompile normal arm64 /Users/admin/builder/spi-builder-workspace/.dependencies/checkouts/swift-protobuf/Sources/SwiftProtobuf/PathDecoder.swift (in target 'SwiftProtobuf' from project 'SwiftProtobuf')
cd /Users/admin/builder/spi-builder-workspace/.swiftpm/xcode
builtin-SwiftPerFileCompile PathDecoder.swift
SwiftCompile normal arm64 /Users/admin/builder/spi-builder-workspace/.dependencies/checkouts/swift-protobuf/Sources/SwiftProtobuf/PathVisitor.swift (in target 'SwiftProtobuf' from project 'SwiftProtobuf')
cd /Users/admin/builder/spi-builder-workspace/.swiftpm/xcode
builtin-SwiftPerFileCompile PathVisitor.swift
SwiftCompile normal arm64 /Users/admin/builder/spi-builder-workspace/.dependencies/checkouts/swift-protobuf/Sources/SwiftProtobuf/ProtoNameProviding.swift (in target 'SwiftProtobuf' from project 'SwiftProtobuf')
cd /Users/admin/builder/spi-builder-workspace/.swiftpm/xcode
builtin-SwiftPerFileCompile ProtoNameProviding.swift
SwiftCompile normal arm64 /Users/admin/builder/spi-builder-workspace/.dependencies/checkouts/swift-protobuf/Sources/SwiftProtobuf/ProtobufAPIVersionCheck.swift (in target 'SwiftProtobuf' from project 'SwiftProtobuf')
cd /Users/admin/builder/spi-builder-workspace/.swiftpm/xcode
builtin-SwiftPerFileCompile ProtobufAPIVersionCheck.swift
SwiftCompile normal arm64 /Users/admin/builder/spi-builder-workspace/.dependencies/checkouts/swift-protobuf/Sources/SwiftProtobuf/ProtobufMap.swift (in target 'SwiftProtobuf' from project 'SwiftProtobuf')
cd /Users/admin/builder/spi-builder-workspace/.swiftpm/xcode
builtin-SwiftPerFileCompile ProtobufMap.swift
SwiftCompile normal arm64 /Users/admin/builder/spi-builder-workspace/.dependencies/checkouts/swift-protobuf/Sources/SwiftProtobuf/SelectiveVisitor.swift (in target 'SwiftProtobuf' from project 'SwiftProtobuf')
cd /Users/admin/builder/spi-builder-workspace/.swiftpm/xcode
builtin-SwiftPerFileCompile SelectiveVisitor.swift
SwiftCompile normal arm64 /Users/admin/builder/spi-builder-workspace/.dependencies/checkouts/swift-protobuf/Sources/SwiftProtobuf/SimpleExtensionMap.swift (in target 'SwiftProtobuf' from project 'SwiftProtobuf')
cd /Users/admin/builder/spi-builder-workspace/.swiftpm/xcode
builtin-SwiftPerFileCompile SimpleExtensionMap.swift
SwiftCompile normal arm64 /Users/admin/builder/spi-builder-workspace/.dependencies/checkouts/swift-protobuf/Sources/SwiftProtobuf/StringUtils.swift (in target 'SwiftProtobuf' from project 'SwiftProtobuf')
cd /Users/admin/builder/spi-builder-workspace/.swiftpm/xcode
builtin-SwiftPerFileCompile StringUtils.swift
SwiftCompile normal arm64 /Users/admin/builder/spi-builder-workspace/.dependencies/checkouts/swift-protobuf/Sources/SwiftProtobuf/SwiftProtobufContiguousBytes.swift (in target 'SwiftProtobuf' from project 'SwiftProtobuf')
cd /Users/admin/builder/spi-builder-workspace/.swiftpm/xcode
builtin-SwiftPerFileCompile SwiftProtobufContiguousBytes.swift
SwiftDriverJobDiscovery normal arm64 Compiling Algorithm+CustomStringConvertible.swift (in target 'BerkananCompression' from project 'BerkananCompression')
SwiftCompile normal arm64 Compiling\ UnknownStorage.swift,\ UnsafeRawPointer+Shims.swift,\ Varint.swift,\ Version.swift,\ Visitor.swift,\ WireFormat.swift,\ ZigZag.swift,\ any.pb.swift,\ api.pb.swift /Users/admin/builder/spi-builder-workspace/.dependencies/checkouts/swift-protobuf/Sources/SwiftProtobuf/UnknownStorage.swift /Users/admin/builder/spi-builder-workspace/.dependencies/checkouts/swift-protobuf/Sources/SwiftProtobuf/UnsafeRawPointer+Shims.swift /Users/admin/builder/spi-builder-workspace/.dependencies/checkouts/swift-protobuf/Sources/SwiftProtobuf/Varint.swift /Users/admin/builder/spi-builder-workspace/.dependencies/checkouts/swift-protobuf/Sources/SwiftProtobuf/Version.swift /Users/admin/builder/spi-builder-workspace/.dependencies/checkouts/swift-protobuf/Sources/SwiftProtobuf/Visitor.swift /Users/admin/builder/spi-builder-workspace/.dependencies/checkouts/swift-protobuf/Sources/SwiftProtobuf/WireFormat.swift /Users/admin/builder/spi-builder-workspace/.dependencies/checkouts/swift-protobuf/Sources/SwiftProtobuf/ZigZag.swift /Users/admin/builder/spi-builder-workspace/.dependencies/checkouts/swift-protobuf/Sources/SwiftProtobuf/any.pb.swift /Users/admin/builder/spi-builder-workspace/.dependencies/checkouts/swift-protobuf/Sources/SwiftProtobuf/api.pb.swift (in target 'SwiftProtobuf' from project 'SwiftProtobuf')
SwiftCompile normal arm64 /Users/admin/builder/spi-builder-workspace/.dependencies/checkouts/swift-protobuf/Sources/SwiftProtobuf/UnknownStorage.swift (in target 'SwiftProtobuf' from project 'SwiftProtobuf')
cd /Users/admin/builder/spi-builder-workspace/.swiftpm/xcode
builtin-SwiftPerFileCompile UnknownStorage.swift
SwiftCompile normal arm64 /Users/admin/builder/spi-builder-workspace/.dependencies/checkouts/swift-protobuf/Sources/SwiftProtobuf/UnsafeRawPointer+Shims.swift (in target 'SwiftProtobuf' from project 'SwiftProtobuf')
cd /Users/admin/builder/spi-builder-workspace/.swiftpm/xcode
builtin-SwiftPerFileCompile UnsafeRawPointer+Shims.swift
SwiftCompile normal arm64 /Users/admin/builder/spi-builder-workspace/.dependencies/checkouts/swift-protobuf/Sources/SwiftProtobuf/Varint.swift (in target 'SwiftProtobuf' from project 'SwiftProtobuf')
cd /Users/admin/builder/spi-builder-workspace/.swiftpm/xcode
builtin-SwiftPerFileCompile Varint.swift
SwiftCompile normal arm64 /Users/admin/builder/spi-builder-workspace/.dependencies/checkouts/swift-protobuf/Sources/SwiftProtobuf/Version.swift (in target 'SwiftProtobuf' from project 'SwiftProtobuf')
cd /Users/admin/builder/spi-builder-workspace/.swiftpm/xcode
builtin-SwiftPerFileCompile Version.swift
SwiftCompile normal arm64 /Users/admin/builder/spi-builder-workspace/.dependencies/checkouts/swift-protobuf/Sources/SwiftProtobuf/Visitor.swift (in target 'SwiftProtobuf' from project 'SwiftProtobuf')
cd /Users/admin/builder/spi-builder-workspace/.swiftpm/xcode
builtin-SwiftPerFileCompile Visitor.swift
SwiftCompile normal arm64 /Users/admin/builder/spi-builder-workspace/.dependencies/checkouts/swift-protobuf/Sources/SwiftProtobuf/WireFormat.swift (in target 'SwiftProtobuf' from project 'SwiftProtobuf')
cd /Users/admin/builder/spi-builder-workspace/.swiftpm/xcode
builtin-SwiftPerFileCompile WireFormat.swift
SwiftCompile normal arm64 /Users/admin/builder/spi-builder-workspace/.dependencies/checkouts/swift-protobuf/Sources/SwiftProtobuf/ZigZag.swift (in target 'SwiftProtobuf' from project 'SwiftProtobuf')
cd /Users/admin/builder/spi-builder-workspace/.swiftpm/xcode
builtin-SwiftPerFileCompile ZigZag.swift
SwiftCompile normal arm64 /Users/admin/builder/spi-builder-workspace/.dependencies/checkouts/swift-protobuf/Sources/SwiftProtobuf/any.pb.swift (in target 'SwiftProtobuf' from project 'SwiftProtobuf')
cd /Users/admin/builder/spi-builder-workspace/.swiftpm/xcode
builtin-SwiftPerFileCompile any.pb.swift
SwiftCompile normal arm64 /Users/admin/builder/spi-builder-workspace/.dependencies/checkouts/swift-protobuf/Sources/SwiftProtobuf/api.pb.swift (in target 'SwiftProtobuf' from project 'SwiftProtobuf')
cd /Users/admin/builder/spi-builder-workspace/.swiftpm/xcode
builtin-SwiftPerFileCompile api.pb.swift
SwiftDriverJobDiscovery normal arm64 Compiling DataRepresentable.swift (in target 'BerkananFoundation' from project 'BerkananFoundation')
SwiftMergeGeneratedHeaders /Users/admin/builder/spi-builder-workspace/.derivedData/Build/Intermediates.noindex/GeneratedModuleMaps-xros/BerkananFoundation-Swift.h /Users/admin/builder/spi-builder-workspace/.derivedData/Build/Intermediates.noindex/BerkananFoundation.build/Debug-xros/BerkananFoundation-t.build/Objects-normal/arm64/BerkananFoundation-Swift.h (in target 'BerkananFoundation' from project 'BerkananFoundation')
cd /Users/admin/builder/spi-builder-workspace/.dependencies/checkouts/BerkananFoundation
builtin-swiftHeaderTool -arch arm64 /Users/admin/builder/spi-builder-workspace/.derivedData/Build/Intermediates.noindex/BerkananFoundation.build/Debug-xros/BerkananFoundation-t.build/Objects-normal/arm64/BerkananFoundation-Swift.h -o /Users/admin/builder/spi-builder-workspace/.derivedData/Build/Intermediates.noindex/GeneratedModuleMaps-xros/BerkananFoundation-Swift.h
SwiftDriverJobDiscovery normal arm64 Compiling DataProtocol+Compression.swift (in target 'BerkananCompression' from project 'BerkananCompression')
SwiftMergeGeneratedHeaders /Users/admin/builder/spi-builder-workspace/.derivedData/Build/Intermediates.noindex/GeneratedModuleMaps-xros/BerkananCompression-Swift.h /Users/admin/builder/spi-builder-workspace/.derivedData/Build/Intermediates.noindex/BerkananCompression.build/Debug-xros/BerkananCompression-t.build/Objects-normal/arm64/BerkananCompression-Swift.h (in target 'BerkananCompression' from project 'BerkananCompression')
cd /Users/admin/builder/spi-builder-workspace/.dependencies/checkouts/BerkananCompression
builtin-swiftHeaderTool -arch arm64 /Users/admin/builder/spi-builder-workspace/.derivedData/Build/Intermediates.noindex/BerkananCompression.build/Debug-xros/BerkananCompression-t.build/Objects-normal/arm64/BerkananCompression-Swift.h -o /Users/admin/builder/spi-builder-workspace/.derivedData/Build/Intermediates.noindex/GeneratedModuleMaps-xros/BerkananCompression-Swift.h
Copy /Users/admin/builder/spi-builder-workspace/.derivedData/Build/Products/Debug-xros/BerkananFoundation.swiftmodule/arm64-apple-xros.swiftmodule /Users/admin/builder/spi-builder-workspace/.derivedData/Build/Intermediates.noindex/BerkananFoundation.build/Debug-xros/BerkananFoundation-t.build/Objects-normal/arm64/BerkananFoundation.swiftmodule (in target 'BerkananFoundation' from project 'BerkananFoundation')
cd /Users/admin/builder/spi-builder-workspace/.dependencies/checkouts/BerkananFoundation
builtin-copy -exclude .DS_Store -exclude CVS -exclude .svn -exclude .git -exclude .hg -resolve-src-symlinks -rename /Users/admin/builder/spi-builder-workspace/.derivedData/Build/Intermediates.noindex/BerkananFoundation.build/Debug-xros/BerkananFoundation-t.build/Objects-normal/arm64/BerkananFoundation.swiftmodule /Users/admin/builder/spi-builder-workspace/.derivedData/Build/Products/Debug-xros/BerkananFoundation.swiftmodule/arm64-apple-xros.swiftmodule
Copy /Users/admin/builder/spi-builder-workspace/.derivedData/Build/Products/Debug-xros/BerkananFoundation.swiftmodule/arm64-apple-xros.swiftdoc /Users/admin/builder/spi-builder-workspace/.derivedData/Build/Intermediates.noindex/BerkananFoundation.build/Debug-xros/BerkananFoundation-t.build/Objects-normal/arm64/BerkananFoundation.swiftdoc (in target 'BerkananFoundation' from project 'BerkananFoundation')
cd /Users/admin/builder/spi-builder-workspace/.dependencies/checkouts/BerkananFoundation
builtin-copy -exclude .DS_Store -exclude CVS -exclude .svn -exclude .git -exclude .hg -resolve-src-symlinks -rename /Users/admin/builder/spi-builder-workspace/.derivedData/Build/Intermediates.noindex/BerkananFoundation.build/Debug-xros/BerkananFoundation-t.build/Objects-normal/arm64/BerkananFoundation.swiftdoc /Users/admin/builder/spi-builder-workspace/.derivedData/Build/Products/Debug-xros/BerkananFoundation.swiftmodule/arm64-apple-xros.swiftdoc
Copy /Users/admin/builder/spi-builder-workspace/.derivedData/Build/Products/Debug-xros/BerkananFoundation.swiftmodule/arm64-apple-xros.abi.json /Users/admin/builder/spi-builder-workspace/.derivedData/Build/Intermediates.noindex/BerkananFoundation.build/Debug-xros/BerkananFoundation-t.build/Objects-normal/arm64/BerkananFoundation.abi.json (in target 'BerkananFoundation' from project 'BerkananFoundation')
cd /Users/admin/builder/spi-builder-workspace/.dependencies/checkouts/BerkananFoundation
builtin-copy -exclude .DS_Store -exclude CVS -exclude .svn -exclude .git -exclude .hg -resolve-src-symlinks -rename /Users/admin/builder/spi-builder-workspace/.derivedData/Build/Intermediates.noindex/BerkananFoundation.build/Debug-xros/BerkananFoundation-t.build/Objects-normal/arm64/BerkananFoundation.abi.json /Users/admin/builder/spi-builder-workspace/.derivedData/Build/Products/Debug-xros/BerkananFoundation.swiftmodule/arm64-apple-xros.abi.json
Copy /Users/admin/builder/spi-builder-workspace/.derivedData/Build/Products/Debug-xros/BerkananFoundation.swiftmodule/Project/arm64-apple-xros.swiftsourceinfo /Users/admin/builder/spi-builder-workspace/.derivedData/Build/Intermediates.noindex/BerkananFoundation.build/Debug-xros/BerkananFoundation-t.build/Objects-normal/arm64/BerkananFoundation.swiftsourceinfo (in target 'BerkananFoundation' from project 'BerkananFoundation')
cd /Users/admin/builder/spi-builder-workspace/.dependencies/checkouts/BerkananFoundation
builtin-copy -exclude .DS_Store -exclude CVS -exclude .svn -exclude .git -exclude .hg -resolve-src-symlinks -rename /Users/admin/builder/spi-builder-workspace/.derivedData/Build/Intermediates.noindex/BerkananFoundation.build/Debug-xros/BerkananFoundation-t.build/Objects-normal/arm64/BerkananFoundation.swiftsourceinfo /Users/admin/builder/spi-builder-workspace/.derivedData/Build/Products/Debug-xros/BerkananFoundation.swiftmodule/Project/arm64-apple-xros.swiftsourceinfo
SwiftDriverJobDiscovery normal arm64 Compiling Data+Compression.swift (in target 'BerkananCompression' from project 'BerkananCompression')
Copy /Users/admin/builder/spi-builder-workspace/.derivedData/Build/Products/Debug-xros/BerkananCompression.swiftmodule/arm64-apple-xros.swiftmodule /Users/admin/builder/spi-builder-workspace/.derivedData/Build/Intermediates.noindex/BerkananCompression.build/Debug-xros/BerkananCompression-t.build/Objects-normal/arm64/BerkananCompression.swiftmodule (in target 'BerkananCompression' from project 'BerkananCompression')
cd /Users/admin/builder/spi-builder-workspace/.dependencies/checkouts/BerkananCompression
builtin-copy -exclude .DS_Store -exclude CVS -exclude .svn -exclude .git -exclude .hg -resolve-src-symlinks -rename /Users/admin/builder/spi-builder-workspace/.derivedData/Build/Intermediates.noindex/BerkananCompression.build/Debug-xros/BerkananCompression-t.build/Objects-normal/arm64/BerkananCompression.swiftmodule /Users/admin/builder/spi-builder-workspace/.derivedData/Build/Products/Debug-xros/BerkananCompression.swiftmodule/arm64-apple-xros.swiftmodule
Copy /Users/admin/builder/spi-builder-workspace/.derivedData/Build/Products/Debug-xros/BerkananCompression.swiftmodule/arm64-apple-xros.swiftdoc /Users/admin/builder/spi-builder-workspace/.derivedData/Build/Intermediates.noindex/BerkananCompression.build/Debug-xros/BerkananCompression-t.build/Objects-normal/arm64/BerkananCompression.swiftdoc (in target 'BerkananCompression' from project 'BerkananCompression')
cd /Users/admin/builder/spi-builder-workspace/.dependencies/checkouts/BerkananCompression
builtin-copy -exclude .DS_Store -exclude CVS -exclude .svn -exclude .git -exclude .hg -resolve-src-symlinks -rename /Users/admin/builder/spi-builder-workspace/.derivedData/Build/Intermediates.noindex/BerkananCompression.build/Debug-xros/BerkananCompression-t.build/Objects-normal/arm64/BerkananCompression.swiftdoc /Users/admin/builder/spi-builder-workspace/.derivedData/Build/Products/Debug-xros/BerkananCompression.swiftmodule/arm64-apple-xros.swiftdoc
Copy /Users/admin/builder/spi-builder-workspace/.derivedData/Build/Products/Debug-xros/BerkananCompression.swiftmodule/arm64-apple-xros.abi.json /Users/admin/builder/spi-builder-workspace/.derivedData/Build/Intermediates.noindex/BerkananCompression.build/Debug-xros/BerkananCompression-t.build/Objects-normal/arm64/BerkananCompression.abi.json (in target 'BerkananCompression' from project 'BerkananCompression')
cd /Users/admin/builder/spi-builder-workspace/.dependencies/checkouts/BerkananCompression
builtin-copy -exclude .DS_Store -exclude CVS -exclude .svn -exclude .git -exclude .hg -resolve-src-symlinks -rename /Users/admin/builder/spi-builder-workspace/.derivedData/Build/Intermediates.noindex/BerkananCompression.build/Debug-xros/BerkananCompression-t.build/Objects-normal/arm64/BerkananCompression.abi.json /Users/admin/builder/spi-builder-workspace/.derivedData/Build/Products/Debug-xros/BerkananCompression.swiftmodule/arm64-apple-xros.abi.json
Copy /Users/admin/builder/spi-builder-workspace/.derivedData/Build/Products/Debug-xros/BerkananCompression.swiftmodule/Project/arm64-apple-xros.swiftsourceinfo /Users/admin/builder/spi-builder-workspace/.derivedData/Build/Intermediates.noindex/BerkananCompression.build/Debug-xros/BerkananCompression-t.build/Objects-normal/arm64/BerkananCompression.swiftsourceinfo (in target 'BerkananCompression' from project 'BerkananCompression')
cd /Users/admin/builder/spi-builder-workspace/.dependencies/checkouts/BerkananCompression
builtin-copy -exclude .DS_Store -exclude CVS -exclude .svn -exclude .git -exclude .hg -resolve-src-symlinks -rename /Users/admin/builder/spi-builder-workspace/.derivedData/Build/Intermediates.noindex/BerkananCompression.build/Debug-xros/BerkananCompression-t.build/Objects-normal/arm64/BerkananCompression.swiftsourceinfo /Users/admin/builder/spi-builder-workspace/.derivedData/Build/Products/Debug-xros/BerkananCompression.swiftmodule/Project/arm64-apple-xros.swiftsourceinfo
SwiftCompile normal arm64 Compiling\ Message+FieldMask.swift,\ Message+JSONAdditions.swift,\ Message+JSONAdditions_Data.swift,\ Message+JSONArrayAdditions.swift,\ Message+JSONArrayAdditions_Data.swift,\ Message+TextFormatAdditions.swift,\ Message.swift,\ MessageExtension.swift,\ NameMap.swift /Users/admin/builder/spi-builder-workspace/.dependencies/checkouts/swift-protobuf/Sources/SwiftProtobuf/Message+FieldMask.swift /Users/admin/builder/spi-builder-workspace/.dependencies/checkouts/swift-protobuf/Sources/SwiftProtobuf/Message+JSONAdditions.swift /Users/admin/builder/spi-builder-workspace/.dependencies/checkouts/swift-protobuf/Sources/SwiftProtobuf/Message+JSONAdditions_Data.swift /Users/admin/builder/spi-builder-workspace/.dependencies/checkouts/swift-protobuf/Sources/SwiftProtobuf/Message+JSONArrayAdditions.swift /Users/admin/builder/spi-builder-workspace/.dependencies/checkouts/swift-protobuf/Sources/SwiftProtobuf/Message+JSONArrayAdditions_Data.swift /Users/admin/builder/spi-builder-workspace/.dependencies/checkouts/swift-protobuf/Sources/SwiftProtobuf/Message+TextFormatAdditions.swift /Users/admin/builder/spi-builder-workspace/.dependencies/checkouts/swift-protobuf/Sources/SwiftProtobuf/Message.swift /Users/admin/builder/spi-builder-workspace/.dependencies/checkouts/swift-protobuf/Sources/SwiftProtobuf/MessageExtension.swift /Users/admin/builder/spi-builder-workspace/.dependencies/checkouts/swift-protobuf/Sources/SwiftProtobuf/NameMap.swift (in target 'SwiftProtobuf' from project 'SwiftProtobuf')
SwiftCompile normal arm64 /Users/admin/builder/spi-builder-workspace/.dependencies/checkouts/swift-protobuf/Sources/SwiftProtobuf/Message+FieldMask.swift (in target 'SwiftProtobuf' from project 'SwiftProtobuf')
cd /Users/admin/builder/spi-builder-workspace/.swiftpm/xcode
builtin-SwiftPerFileCompile Message+FieldMask.swift
SwiftCompile normal arm64 /Users/admin/builder/spi-builder-workspace/.dependencies/checkouts/swift-protobuf/Sources/SwiftProtobuf/Message+JSONAdditions.swift (in target 'SwiftProtobuf' from project 'SwiftProtobuf')
cd /Users/admin/builder/spi-builder-workspace/.swiftpm/xcode
builtin-SwiftPerFileCompile Message+JSONAdditions.swift
SwiftCompile normal arm64 /Users/admin/builder/spi-builder-workspace/.dependencies/checkouts/swift-protobuf/Sources/SwiftProtobuf/Message+JSONAdditions_Data.swift (in target 'SwiftProtobuf' from project 'SwiftProtobuf')
cd /Users/admin/builder/spi-builder-workspace/.swiftpm/xcode
builtin-SwiftPerFileCompile Message+JSONAdditions_Data.swift
SwiftCompile normal arm64 /Users/admin/builder/spi-builder-workspace/.dependencies/checkouts/swift-protobuf/Sources/SwiftProtobuf/Message+JSONArrayAdditions.swift (in target 'SwiftProtobuf' from project 'SwiftProtobuf')
cd /Users/admin/builder/spi-builder-workspace/.swiftpm/xcode
builtin-SwiftPerFileCompile Message+JSONArrayAdditions.swift
SwiftCompile normal arm64 /Users/admin/builder/spi-builder-workspace/.dependencies/checkouts/swift-protobuf/Sources/SwiftProtobuf/Message+JSONArrayAdditions_Data.swift (in target 'SwiftProtobuf' from project 'SwiftProtobuf')
cd /Users/admin/builder/spi-builder-workspace/.swiftpm/xcode
builtin-SwiftPerFileCompile Message+JSONArrayAdditions_Data.swift
SwiftCompile normal arm64 /Users/admin/builder/spi-builder-workspace/.dependencies/checkouts/swift-protobuf/Sources/SwiftProtobuf/Message+TextFormatAdditions.swift (in target 'SwiftProtobuf' from project 'SwiftProtobuf')
cd /Users/admin/builder/spi-builder-workspace/.swiftpm/xcode
builtin-SwiftPerFileCompile Message+TextFormatAdditions.swift
SwiftCompile normal arm64 /Users/admin/builder/spi-builder-workspace/.dependencies/checkouts/swift-protobuf/Sources/SwiftProtobuf/Message.swift (in target 'SwiftProtobuf' from project 'SwiftProtobuf')
cd /Users/admin/builder/spi-builder-workspace/.swiftpm/xcode
builtin-SwiftPerFileCompile Message.swift
SwiftCompile normal arm64 /Users/admin/builder/spi-builder-workspace/.dependencies/checkouts/swift-protobuf/Sources/SwiftProtobuf/MessageExtension.swift (in target 'SwiftProtobuf' from project 'SwiftProtobuf')
cd /Users/admin/builder/spi-builder-workspace/.swiftpm/xcode
builtin-SwiftPerFileCompile MessageExtension.swift
SwiftCompile normal arm64 /Users/admin/builder/spi-builder-workspace/.dependencies/checkouts/swift-protobuf/Sources/SwiftProtobuf/NameMap.swift (in target 'SwiftProtobuf' from project 'SwiftProtobuf')
cd /Users/admin/builder/spi-builder-workspace/.swiftpm/xcode
builtin-SwiftPerFileCompile NameMap.swift
SwiftCompile normal arm64 Compiling\ SwiftProtobufError.swift,\ TextFormatDecoder.swift,\ TextFormatDecodingError.swift,\ TextFormatDecodingOptions.swift,\ TextFormatEncoder.swift,\ TextFormatEncodingOptions.swift,\ TextFormatEncodingVisitor.swift,\ TextFormatScanner.swift,\ TimeUtils.swift /Users/admin/builder/spi-builder-workspace/.dependencies/checkouts/swift-protobuf/Sources/SwiftProtobuf/SwiftProtobufError.swift /Users/admin/builder/spi-builder-workspace/.dependencies/checkouts/swift-protobuf/Sources/SwiftProtobuf/TextFormatDecoder.swift /Users/admin/builder/spi-builder-workspace/.dependencies/checkouts/swift-protobuf/Sources/SwiftProtobuf/TextFormatDecodingError.swift /Users/admin/builder/spi-builder-workspace/.dependencies/checkouts/swift-protobuf/Sources/SwiftProtobuf/TextFormatDecodingOptions.swift /Users/admin/builder/spi-builder-workspace/.dependencies/checkouts/swift-protobuf/Sources/SwiftProtobuf/TextFormatEncoder.swift /Users/admin/builder/spi-builder-workspace/.dependencies/checkouts/swift-protobuf/Sources/SwiftProtobuf/TextFormatEncodingOptions.swift /Users/admin/builder/spi-builder-workspace/.dependencies/checkouts/swift-protobuf/Sources/SwiftProtobuf/TextFormatEncodingVisitor.swift /Users/admin/builder/spi-builder-workspace/.dependencies/checkouts/swift-protobuf/Sources/SwiftProtobuf/TextFormatScanner.swift /Users/admin/builder/spi-builder-workspace/.dependencies/checkouts/swift-protobuf/Sources/SwiftProtobuf/TimeUtils.swift (in target 'SwiftProtobuf' from project 'SwiftProtobuf')
SwiftCompile normal arm64 /Users/admin/builder/spi-builder-workspace/.dependencies/checkouts/swift-protobuf/Sources/SwiftProtobuf/SwiftProtobufError.swift (in target 'SwiftProtobuf' from project 'SwiftProtobuf')
cd /Users/admin/builder/spi-builder-workspace/.swiftpm/xcode
builtin-SwiftPerFileCompile SwiftProtobufError.swift
SwiftCompile normal arm64 /Users/admin/builder/spi-builder-workspace/.dependencies/checkouts/swift-protobuf/Sources/SwiftProtobuf/TextFormatDecoder.swift (in target 'SwiftProtobuf' from project 'SwiftProtobuf')
cd /Users/admin/builder/spi-builder-workspace/.swiftpm/xcode
builtin-SwiftPerFileCompile TextFormatDecoder.swift
SwiftCompile normal arm64 /Users/admin/builder/spi-builder-workspace/.dependencies/checkouts/swift-protobuf/Sources/SwiftProtobuf/TextFormatDecodingError.swift (in target 'SwiftProtobuf' from project 'SwiftProtobuf')
cd /Users/admin/builder/spi-builder-workspace/.swiftpm/xcode
builtin-SwiftPerFileCompile TextFormatDecodingError.swift
SwiftCompile normal arm64 /Users/admin/builder/spi-builder-workspace/.dependencies/checkouts/swift-protobuf/Sources/SwiftProtobuf/TextFormatDecodingOptions.swift (in target 'SwiftProtobuf' from project 'SwiftProtobuf')
cd /Users/admin/builder/spi-builder-workspace/.swiftpm/xcode
builtin-SwiftPerFileCompile TextFormatDecodingOptions.swift
SwiftCompile normal arm64 /Users/admin/builder/spi-builder-workspace/.dependencies/checkouts/swift-protobuf/Sources/SwiftProtobuf/TextFormatEncoder.swift (in target 'SwiftProtobuf' from project 'SwiftProtobuf')
cd /Users/admin/builder/spi-builder-workspace/.swiftpm/xcode
builtin-SwiftPerFileCompile TextFormatEncoder.swift
SwiftCompile normal arm64 /Users/admin/builder/spi-builder-workspace/.dependencies/checkouts/swift-protobuf/Sources/SwiftProtobuf/TextFormatEncodingOptions.swift (in target 'SwiftProtobuf' from project 'SwiftProtobuf')
cd /Users/admin/builder/spi-builder-workspace/.swiftpm/xcode
builtin-SwiftPerFileCompile TextFormatEncodingOptions.swift
SwiftCompile normal arm64 /Users/admin/builder/spi-builder-workspace/.dependencies/checkouts/swift-protobuf/Sources/SwiftProtobuf/TextFormatEncodingVisitor.swift (in target 'SwiftProtobuf' from project 'SwiftProtobuf')
cd /Users/admin/builder/spi-builder-workspace/.swiftpm/xcode
builtin-SwiftPerFileCompile TextFormatEncodingVisitor.swift
SwiftCompile normal arm64 /Users/admin/builder/spi-builder-workspace/.dependencies/checkouts/swift-protobuf/Sources/SwiftProtobuf/TextFormatScanner.swift (in target 'SwiftProtobuf' from project 'SwiftProtobuf')
cd /Users/admin/builder/spi-builder-workspace/.swiftpm/xcode
builtin-SwiftPerFileCompile TextFormatScanner.swift
SwiftCompile normal arm64 /Users/admin/builder/spi-builder-workspace/.dependencies/checkouts/swift-protobuf/Sources/SwiftProtobuf/TimeUtils.swift (in target 'SwiftProtobuf' from project 'SwiftProtobuf')
cd /Users/admin/builder/spi-builder-workspace/.swiftpm/xcode
builtin-SwiftPerFileCompile TimeUtils.swift
SwiftCompile normal arm64 Compiling\ BinaryEncodingOptions.swift,\ BinaryEncodingSizeVisitor.swift,\ BinaryEncodingVisitor.swift,\ BytecodeInterpreter.swift,\ BytecodeReader.swift,\ CustomJSONCodable.swift,\ Decoder.swift,\ DoubleParser.swift,\ Enum.swift,\ ExtensibleMessage.swift /Users/admin/builder/spi-builder-workspace/.dependencies/checkouts/swift-protobuf/Sources/SwiftProtobuf/BinaryEncodingOptions.swift /Users/admin/builder/spi-builder-workspace/.dependencies/checkouts/swift-protobuf/Sources/SwiftProtobuf/BinaryEncodingSizeVisitor.swift /Users/admin/builder/spi-builder-workspace/.dependencies/checkouts/swift-protobuf/Sources/SwiftProtobuf/BinaryEncodingVisitor.swift /Users/admin/builder/spi-builder-workspace/.dependencies/checkouts/swift-protobuf/Sources/SwiftProtobuf/BytecodeInterpreter.swift /Users/admin/builder/spi-builder-workspace/.dependencies/checkouts/swift-protobuf/Sources/SwiftProtobuf/BytecodeReader.swift /Users/admin/builder/spi-builder-workspace/.dependencies/checkouts/swift-protobuf/Sources/SwiftProtobuf/CustomJSONCodable.swift /Users/admin/builder/spi-builder-workspace/.dependencies/checkouts/swift-protobuf/Sources/SwiftProtobuf/Decoder.swift /Users/admin/builder/spi-builder-workspace/.dependencies/checkouts/swift-protobuf/Sources/SwiftProtobuf/DoubleParser.swift /Users/admin/builder/spi-builder-workspace/.dependencies/checkouts/swift-protobuf/Sources/SwiftProtobuf/Enum.swift /Users/admin/builder/spi-builder-workspace/.dependencies/checkouts/swift-protobuf/Sources/SwiftProtobuf/ExtensibleMessage.swift (in target 'SwiftProtobuf' from project 'SwiftProtobuf')
SwiftCompile normal arm64 /Users/admin/builder/spi-builder-workspace/.dependencies/checkouts/swift-protobuf/Sources/SwiftProtobuf/BinaryEncodingOptions.swift (in target 'SwiftProtobuf' from project 'SwiftProtobuf')
cd /Users/admin/builder/spi-builder-workspace/.swiftpm/xcode
builtin-SwiftPerFileCompile BinaryEncodingOptions.swift
SwiftCompile normal arm64 /Users/admin/builder/spi-builder-workspace/.dependencies/checkouts/swift-protobuf/Sources/SwiftProtobuf/BinaryEncodingSizeVisitor.swift (in target 'SwiftProtobuf' from project 'SwiftProtobuf')
cd /Users/admin/builder/spi-builder-workspace/.swiftpm/xcode
builtin-SwiftPerFileCompile BinaryEncodingSizeVisitor.swift
SwiftCompile normal arm64 /Users/admin/builder/spi-builder-workspace/.dependencies/checkouts/swift-protobuf/Sources/SwiftProtobuf/BinaryEncodingVisitor.swift (in target 'SwiftProtobuf' from project 'SwiftProtobuf')
cd /Users/admin/builder/spi-builder-workspace/.swiftpm/xcode
builtin-SwiftPerFileCompile BinaryEncodingVisitor.swift
SwiftCompile normal arm64 /Users/admin/builder/spi-builder-workspace/.dependencies/checkouts/swift-protobuf/Sources/SwiftProtobuf/BytecodeInterpreter.swift (in target 'SwiftProtobuf' from project 'SwiftProtobuf')
cd /Users/admin/builder/spi-builder-workspace/.swiftpm/xcode
builtin-SwiftPerFileCompile BytecodeInterpreter.swift
SwiftCompile normal arm64 /Users/admin/builder/spi-builder-workspace/.dependencies/checkouts/swift-protobuf/Sources/SwiftProtobuf/BytecodeReader.swift (in target 'SwiftProtobuf' from project 'SwiftProtobuf')
cd /Users/admin/builder/spi-builder-workspace/.swiftpm/xcode
builtin-SwiftPerFileCompile BytecodeReader.swift
SwiftCompile normal arm64 /Users/admin/builder/spi-builder-workspace/.dependencies/checkouts/swift-protobuf/Sources/SwiftProtobuf/CustomJSONCodable.swift (in target 'SwiftProtobuf' from project 'SwiftProtobuf')
cd /Users/admin/builder/spi-builder-workspace/.swiftpm/xcode
builtin-SwiftPerFileCompile CustomJSONCodable.swift
SwiftCompile normal arm64 /Users/admin/builder/spi-builder-workspace/.dependencies/checkouts/swift-protobuf/Sources/SwiftProtobuf/Decoder.swift (in target 'SwiftProtobuf' from project 'SwiftProtobuf')
cd /Users/admin/builder/spi-builder-workspace/.swiftpm/xcode
builtin-SwiftPerFileCompile Decoder.swift
SwiftCompile normal arm64 /Users/admin/builder/spi-builder-workspace/.dependencies/checkouts/swift-protobuf/Sources/SwiftProtobuf/DoubleParser.swift (in target 'SwiftProtobuf' from project 'SwiftProtobuf')
cd /Users/admin/builder/spi-builder-workspace/.swiftpm/xcode
builtin-SwiftPerFileCompile DoubleParser.swift
SwiftCompile normal arm64 /Users/admin/builder/spi-builder-workspace/.dependencies/checkouts/swift-protobuf/Sources/SwiftProtobuf/Enum.swift (in target 'SwiftProtobuf' from project 'SwiftProtobuf')
cd /Users/admin/builder/spi-builder-workspace/.swiftpm/xcode
builtin-SwiftPerFileCompile Enum.swift
SwiftCompile normal arm64 /Users/admin/builder/spi-builder-workspace/.dependencies/checkouts/swift-protobuf/Sources/SwiftProtobuf/ExtensibleMessage.swift (in target 'SwiftProtobuf' from project 'SwiftProtobuf')
cd /Users/admin/builder/spi-builder-workspace/.swiftpm/xcode
builtin-SwiftPerFileCompile ExtensibleMessage.swift
SwiftDriverJobDiscovery normal arm64 Compiling ExtensionFieldValueSet.swift, ExtensionFields.swift, ExtensionMap.swift, FieldTag.swift, FieldTypes.swift, Google_Protobuf_Any+Extensions.swift, Google_Protobuf_Any+Registry.swift, Google_Protobuf_Duration+Extensions.swift, Google_Protobuf_FieldMask+Extensions.swift, Google_Protobuf_ListValue+Extensions.swift (in target 'SwiftProtobuf' from project 'SwiftProtobuf')
SwiftDriver\ Compilation BerkananFoundation normal arm64 com.apple.xcode.tools.swift.compiler (in target 'BerkananFoundation' from project 'BerkananFoundation')
cd /Users/admin/builder/spi-builder-workspace/.swiftpm/xcode
builtin-Swift-Compilation -- /Applications/Xcode-27.0.0-Release.Candidate.app/Contents/Developer/Toolchains/XcodeDefault.xctoolchain/usr/bin/swiftc -parse-as-library -module-name BerkananFoundation -Onone @/Users/admin/builder/spi-builder-workspace/.derivedData/Build/Intermediates.noindex/BerkananFoundation.build/Debug-xros/BerkananFoundation-t.build/Objects-normal/arm64/BerkananFoundation.SwiftFileList -DSWIFT_PACKAGE -DDEBUG -DSWIFT_MODULE_RESOURCE_BUNDLE_UNAVAILABLE -DXcode -plugin-path /Applications/Xcode-27.0.0-Release.Candidate.app/Contents/Developer/Toolchains/XcodeDefault.xctoolchain/usr/lib/swift/host/plugins/testing -enable-experimental-feature DebugDescriptionMacro -sdk /Applications/Xcode-27.0.0-Release.Candidate.app/Contents/Developer/Platforms/XROS.platform/Developer/SDKs/XROS27.0.sdk -target arm64-apple-xros1.0 -g -module-cache-path /Users/admin/builder/spi-builder-workspace/.derivedData/ModuleCache.noindex -Xfrontend -serialize-debugging-options -profile-coverage-mapping -profile-generate -enable-testing -suppress-warnings -index-store-path /Users/admin/builder/spi-builder-workspace/.derivedData/Index.noindex/DataStore -Xcc -D_LIBCPP_HARDENING_MODE\=_LIBCPP_HARDENING_MODE_DEBUG -swift-version 5 -I /Users/admin/builder/spi-builder-workspace/.derivedData/Build/Products/Debug-xros -Isystem /Applications/Xcode-27.0.0-Release.Candidate.app/Contents/Developer/Platforms/XROS.platform/Developer/usr/lib -F /Users/admin/builder/spi-builder-workspace/.derivedData/Build/Products/Debug-xros -F /Applications/Xcode-27.0.0-Release.Candidate.app/Contents/Developer/Platforms/XROS.platform/Developer/Library/Frameworks -F /Applications/Xcode-27.0.0-Release.Candidate.app/Contents/Developer/Platforms/XROS.platform/Developer/SDKs/XROS27.0.sdk/Developer/Library/Frameworks -c -j10 -enable-batch-mode -incremental -Xcc -ivfsstatcache -Xcc /Users/admin/builder/spi-builder-workspace/.derivedData/SDKStatCaches.noindex/xros27.0-24M361-e829b21a6f8c9b70876ba0858053c044735bd543db762f57723cac368afd1ce4.sdkstatcache -output-file-map /Users/admin/builder/spi-builder-workspace/.derivedData/Build/Intermediates.noindex/BerkananFoundation.build/Debug-xros/BerkananFoundation-t.build/Objects-normal/arm64/BerkananFoundation-OutputFileMap.json -save-temps -no-color-diagnostics -explicit-module-build -module-cache-path /Users/admin/builder/spi-builder-workspace/.derivedData/Build/Intermediates.noindex/SwiftExplicitPrecompiledModules -clang-scanner-module-cache-path /Users/admin/builder/spi-builder-workspace/.derivedData/ModuleCache.noindex -sdk-module-cache-path /Users/admin/builder/spi-builder-workspace/.derivedData/SDKExplicitPrecompiledModules -emit-dependencies -emit-module -emit-module-path /Users/admin/builder/spi-builder-workspace/.derivedData/Build/Intermediates.noindex/BerkananFoundation.build/Debug-xros/BerkananFoundation-t.build/Objects-normal/arm64/BerkananFoundation.swiftmodule -serialize-diagnostics -dependency-scan-serialize-diagnostics-path /Users/admin/builder/spi-builder-workspace/.derivedData/Build/Intermediates.noindex/BerkananFoundation.build/Debug-xros/BerkananFoundation-t.build/Objects-normal/arm64/BerkananFoundation-dependency-scan.dia -validate-clang-modules-once -clang-build-session-file /Users/admin/builder/spi-builder-workspace/.derivedData/ModuleCache.noindex/Session.modulevalidation -Xcc -fmodules-prune-interval\=86400 -Xcc -fmodules-prune-after\=345600 -emit-const-values -const-gather-protocols-list /Users/admin/builder/spi-builder-workspace/.derivedData/Build/Intermediates.noindex/BerkananFoundation.build/Debug-xros/BerkananFoundation-t.build/Objects-normal/arm64/BerkananFoundation_const_extract_protocols.json -Xcc -I/Users/admin/builder/spi-builder-workspace/.derivedData/Build/Products/Debug-xros/include -Xcc -I/Users/admin/builder/spi-builder-workspace/.derivedData/Build/Intermediates.noindex/BerkananFoundation.build/Debug-xros/BerkananFoundation-t.build/DerivedSources-normal/arm64 -Xcc -I/Users/admin/builder/spi-builder-workspace/.derivedData/Build/Intermediates.noindex/BerkananFoundation.build/Debug-xros/BerkananFoundation-t.build/DerivedSources/arm64 -Xcc -I/Users/admin/builder/spi-builder-workspace/.derivedData/Build/Intermediates.noindex/BerkananFoundation.build/Debug-xros/BerkananFoundation-t.build/DerivedSources -Xcc -DSWIFT_PACKAGE -Xcc -DDEBUG\=1 -emit-objc-header -emit-objc-header-path /Users/admin/builder/spi-builder-workspace/.derivedData/Build/Intermediates.noindex/BerkananFoundation.build/Debug-xros/BerkananFoundation-t.build/Objects-normal/arm64/BerkananFoundation-Swift.h -working-directory /Users/admin/builder/spi-builder-workspace/.swiftpm/xcode -experimental-emit-module-separately -disable-cmo
SwiftDriverJobDiscovery normal arm64 Emitting module for SwiftProtobuf (in target 'SwiftProtobuf' from project 'SwiftProtobuf')
SwiftDriver\ Compilation\ Requirements SwiftProtobuf normal arm64 com.apple.xcode.tools.swift.compiler (in target 'SwiftProtobuf' from project 'SwiftProtobuf')
cd /Users/admin/builder/spi-builder-workspace/.swiftpm/xcode
builtin-Swift-Compilation-Requirements -- /Applications/Xcode-27.0.0-Release.Candidate.app/Contents/Developer/Toolchains/XcodeDefault.xctoolchain/usr/bin/swiftc -parse-as-library -module-name SwiftProtobuf -Onone @/Users/admin/builder/spi-builder-workspace/.derivedData/Build/Intermediates.noindex/SwiftProtobuf.build/Debug-xros/SwiftProtobuf-t.build/Objects-normal/arm64/SwiftProtobuf.SwiftFileList -DSWIFT_PACKAGE -DDEBUG -DSWIFT_MODULE_RESOURCE_BUNDLE_AVAILABLE -DBinaryDelimitedStreams -DFieldMaskUtilities -DXcode -enable-upcoming-feature ExistentialAny -plugin-path /Applications/Xcode-27.0.0-Release.Candidate.app/Contents/Developer/Toolchains/XcodeDefault.xctoolchain/usr/lib/swift/host/plugins/testing -enable-experimental-feature DebugDescriptionMacro -sdk /Applications/Xcode-27.0.0-Release.Candidate.app/Contents/Developer/Platforms/XROS.platform/Developer/SDKs/XROS27.0.sdk -target arm64-apple-xros1.0 -g -module-cache-path /Users/admin/builder/spi-builder-workspace/.derivedData/ModuleCache.noindex -Xfrontend -serialize-debugging-options -profile-coverage-mapping -profile-generate -enable-testing -suppress-warnings -index-store-path /Users/admin/builder/spi-builder-workspace/.derivedData/Index.noindex/DataStore -Xcc -D_LIBCPP_HARDENING_MODE\=_LIBCPP_HARDENING_MODE_DEBUG -swift-version 6 -I /Users/admin/builder/spi-builder-workspace/.derivedData/Build/Products/Debug-xros -Isystem /Applications/Xcode-27.0.0-Release.Candidate.app/Contents/Developer/Platforms/XROS.platform/Developer/usr/lib -F /Users/admin/builder/spi-builder-workspace/.derivedData/Build/Products/Debug-xros -F /Applications/Xcode-27.0.0-Release.Candidate.app/Contents/Developer/Platforms/XROS.platform/Developer/Library/Frameworks -F /Applications/Xcode-27.0.0-Release.Candidate.app/Contents/Developer/Platforms/XROS.platform/Developer/SDKs/XROS27.0.sdk/Developer/Library/Frameworks -c -j10 -enable-batch-mode -incremental -Xcc -ivfsstatcache -Xcc /Users/admin/builder/spi-builder-workspace/.derivedData/SDKStatCaches.noindex/xros27.0-24M361-e829b21a6f8c9b70876ba0858053c044735bd543db762f57723cac368afd1ce4.sdkstatcache -output-file-map /Users/admin/builder/spi-builder-workspace/.derivedData/Build/Intermediates.noindex/SwiftProtobuf.build/Debug-xros/SwiftProtobuf-t.build/Objects-normal/arm64/SwiftProtobuf-OutputFileMap.json -save-temps -no-color-diagnostics -explicit-module-build -module-cache-path /Users/admin/builder/spi-builder-workspace/.derivedData/Build/Intermediates.noindex/SwiftExplicitPrecompiledModules -clang-scanner-module-cache-path /Users/admin/builder/spi-builder-workspace/.derivedData/ModuleCache.noindex -sdk-module-cache-path /Users/admin/builder/spi-builder-workspace/.derivedData/SDKExplicitPrecompiledModules -emit-dependencies -emit-module -emit-module-path /Users/admin/builder/spi-builder-workspace/.derivedData/Build/Intermediates.noindex/SwiftProtobuf.build/Debug-xros/SwiftProtobuf-t.build/Objects-normal/arm64/SwiftProtobuf.swiftmodule -serialize-diagnostics -dependency-scan-serialize-diagnostics-path /Users/admin/builder/spi-builder-workspace/.derivedData/Build/Intermediates.noindex/SwiftProtobuf.build/Debug-xros/SwiftProtobuf-t.build/Objects-normal/arm64/SwiftProtobuf-dependency-scan.dia -user-module-version 1.38.1 -validate-clang-modules-once -clang-build-session-file /Users/admin/builder/spi-builder-workspace/.derivedData/ModuleCache.noindex/Session.modulevalidation -Xcc -fmodules-prune-interval\=86400 -Xcc -fmodules-prune-after\=345600 -package-name swift_protobuf -emit-const-values -const-gather-protocols-list /Users/admin/builder/spi-builder-workspace/.derivedData/Build/Intermediates.noindex/SwiftProtobuf.build/Debug-xros/SwiftProtobuf-t.build/Objects-normal/arm64/SwiftProtobuf_const_extract_protocols.json -Xcc -I/Users/admin/builder/spi-builder-workspace/.derivedData/Build/Products/Debug-xros/include -Xcc -I/Users/admin/builder/spi-builder-workspace/.derivedData/Build/Intermediates.noindex/SwiftProtobuf.build/Debug-xros/SwiftProtobuf-t.build/DerivedSources-normal/arm64 -Xcc -I/Users/admin/builder/spi-builder-workspace/.derivedData/Build/Intermediates.noindex/SwiftProtobuf.build/Debug-xros/SwiftProtobuf-t.build/DerivedSources/arm64 -Xcc -I/Users/admin/builder/spi-builder-workspace/.derivedData/Build/Intermediates.noindex/SwiftProtobuf.build/Debug-xros/SwiftProtobuf-t.build/DerivedSources -Xcc -DSWIFT_PACKAGE -Xcc -DDEBUG\=1 -emit-objc-header -emit-objc-header-path /Users/admin/builder/spi-builder-workspace/.derivedData/Build/Intermediates.noindex/SwiftProtobuf.build/Debug-xros/SwiftProtobuf-t.build/Objects-normal/arm64/SwiftProtobuf-Swift.h -working-directory /Users/admin/builder/spi-builder-workspace/.swiftpm/xcode -experimental-emit-module-separately -disable-cmo
SwiftDriver\ Compilation BerkananCompression normal arm64 com.apple.xcode.tools.swift.compiler (in target 'BerkananCompression' from project 'BerkananCompression')
cd /Users/admin/builder/spi-builder-workspace/.swiftpm/xcode
builtin-Swift-Compilation -- /Applications/Xcode-27.0.0-Release.Candidate.app/Contents/Developer/Toolchains/XcodeDefault.xctoolchain/usr/bin/swiftc -parse-as-library -module-name BerkananCompression -Onone @/Users/admin/builder/spi-builder-workspace/.derivedData/Build/Intermediates.noindex/BerkananCompression.build/Debug-xros/BerkananCompression-t.build/Objects-normal/arm64/BerkananCompression.SwiftFileList -DSWIFT_PACKAGE -DDEBUG -DSWIFT_MODULE_RESOURCE_BUNDLE_UNAVAILABLE -DXcode -plugin-path /Applications/Xcode-27.0.0-Release.Candidate.app/Contents/Developer/Toolchains/XcodeDefault.xctoolchain/usr/lib/swift/host/plugins/testing -enable-experimental-feature DebugDescriptionMacro -sdk /Applications/Xcode-27.0.0-Release.Candidate.app/Contents/Developer/Platforms/XROS.platform/Developer/SDKs/XROS27.0.sdk -target arm64-apple-xros1.0 -g -module-cache-path /Users/admin/builder/spi-builder-workspace/.derivedData/ModuleCache.noindex -Xfrontend -serialize-debugging-options -profile-coverage-mapping -profile-generate -enable-testing -suppress-warnings -index-store-path /Users/admin/builder/spi-builder-workspace/.derivedData/Index.noindex/DataStore -Xcc -D_LIBCPP_HARDENING_MODE\=_LIBCPP_HARDENING_MODE_DEBUG -swift-version 5 -I /Users/admin/builder/spi-builder-workspace/.derivedData/Build/Products/Debug-xros -Isystem /Applications/Xcode-27.0.0-Release.Candidate.app/Contents/Developer/Platforms/XROS.platform/Developer/usr/lib -F /Users/admin/builder/spi-builder-workspace/.derivedData/Build/Products/Debug-xros -F /Applications/Xcode-27.0.0-Release.Candidate.app/Contents/Developer/Platforms/XROS.platform/Developer/Library/Frameworks -F /Applications/Xcode-27.0.0-Release.Candidate.app/Contents/Developer/Platforms/XROS.platform/Developer/SDKs/XROS27.0.sdk/Developer/Library/Frameworks -c -j10 -enable-batch-mode -incremental -Xcc -ivfsstatcache -Xcc /Users/admin/builder/spi-builder-workspace/.derivedData/SDKStatCaches.noindex/xros27.0-24M361-e829b21a6f8c9b70876ba0858053c044735bd543db762f57723cac368afd1ce4.sdkstatcache -output-file-map /Users/admin/builder/spi-builder-workspace/.derivedData/Build/Intermediates.noindex/BerkananCompression.build/Debug-xros/BerkananCompression-t.build/Objects-normal/arm64/BerkananCompression-OutputFileMap.json -save-temps -no-color-diagnostics -explicit-module-build -module-cache-path /Users/admin/builder/spi-builder-workspace/.derivedData/Build/Intermediates.noindex/SwiftExplicitPrecompiledModules -clang-scanner-module-cache-path /Users/admin/builder/spi-builder-workspace/.derivedData/ModuleCache.noindex -sdk-module-cache-path /Users/admin/builder/spi-builder-workspace/.derivedData/SDKExplicitPrecompiledModules -emit-dependencies -emit-module -emit-module-path /Users/admin/builder/spi-builder-workspace/.derivedData/Build/Intermediates.noindex/BerkananCompression.build/Debug-xros/BerkananCompression-t.build/Objects-normal/arm64/BerkananCompression.swiftmodule -serialize-diagnostics -dependency-scan-serialize-diagnostics-path /Users/admin/builder/spi-builder-workspace/.derivedData/Build/Intermediates.noindex/BerkananCompression.build/Debug-xros/BerkananCompression-t.build/Objects-normal/arm64/BerkananCompression-dependency-scan.dia -validate-clang-modules-once -clang-build-session-file /Users/admin/builder/spi-builder-workspace/.derivedData/ModuleCache.noindex/Session.modulevalidation -Xcc -fmodules-prune-interval\=86400 -Xcc -fmodules-prune-after\=345600 -emit-const-values -const-gather-protocols-list /Users/admin/builder/spi-builder-workspace/.derivedData/Build/Intermediates.noindex/BerkananCompression.build/Debug-xros/BerkananCompression-t.build/Objects-normal/arm64/BerkananCompression_const_extract_protocols.json -Xcc -I/Users/admin/builder/spi-builder-workspace/.derivedData/Build/Products/Debug-xros/include -Xcc -I/Users/admin/builder/spi-builder-workspace/.derivedData/Build/Intermediates.noindex/BerkananCompression.build/Debug-xros/BerkananCompression-t.build/DerivedSources-normal/arm64 -Xcc -I/Users/admin/builder/spi-builder-workspace/.derivedData/Build/Intermediates.noindex/BerkananCompression.build/Debug-xros/BerkananCompression-t.build/DerivedSources/arm64 -Xcc -I/Users/admin/builder/spi-builder-workspace/.derivedData/Build/Intermediates.noindex/BerkananCompression.build/Debug-xros/BerkananCompression-t.build/DerivedSources -Xcc -DSWIFT_PACKAGE -Xcc -DDEBUG\=1 -emit-objc-header -emit-objc-header-path /Users/admin/builder/spi-builder-workspace/.derivedData/Build/Intermediates.noindex/BerkananCompression.build/Debug-xros/BerkananCompression-t.build/Objects-normal/arm64/BerkananCompression-Swift.h -working-directory /Users/admin/builder/spi-builder-workspace/.swiftpm/xcode -experimental-emit-module-separately -disable-cmo
SwiftMergeGeneratedHeaders /Users/admin/builder/spi-builder-workspace/.derivedData/Build/Intermediates.noindex/GeneratedModuleMaps-xros/SwiftProtobuf-Swift.h /Users/admin/builder/spi-builder-workspace/.derivedData/Build/Intermediates.noindex/SwiftProtobuf.build/Debug-xros/SwiftProtobuf-t.build/Objects-normal/arm64/SwiftProtobuf-Swift.h (in target 'SwiftProtobuf' from project 'SwiftProtobuf')
cd /Users/admin/builder/spi-builder-workspace/.dependencies/checkouts/swift-protobuf
builtin-swiftHeaderTool -arch arm64 /Users/admin/builder/spi-builder-workspace/.derivedData/Build/Intermediates.noindex/SwiftProtobuf.build/Debug-xros/SwiftProtobuf-t.build/Objects-normal/arm64/SwiftProtobuf-Swift.h -o /Users/admin/builder/spi-builder-workspace/.derivedData/Build/Intermediates.noindex/GeneratedModuleMaps-xros/SwiftProtobuf-Swift.h
Copy /Users/admin/builder/spi-builder-workspace/.derivedData/Build/Products/Debug-xros/SwiftProtobuf.swiftmodule/arm64-apple-xros.swiftmodule /Users/admin/builder/spi-builder-workspace/.derivedData/Build/Intermediates.noindex/SwiftProtobuf.build/Debug-xros/SwiftProtobuf-t.build/Objects-normal/arm64/SwiftProtobuf.swiftmodule (in target 'SwiftProtobuf' from project 'SwiftProtobuf')
cd /Users/admin/builder/spi-builder-workspace/.dependencies/checkouts/swift-protobuf
builtin-copy -exclude .DS_Store -exclude CVS -exclude .svn -exclude .git -exclude .hg -resolve-src-symlinks -rename /Users/admin/builder/spi-builder-workspace/.derivedData/Build/Intermediates.noindex/SwiftProtobuf.build/Debug-xros/SwiftProtobuf-t.build/Objects-normal/arm64/SwiftProtobuf.swiftmodule /Users/admin/builder/spi-builder-workspace/.derivedData/Build/Products/Debug-xros/SwiftProtobuf.swiftmodule/arm64-apple-xros.swiftmodule
Copy /Users/admin/builder/spi-builder-workspace/.derivedData/Build/Products/Debug-xros/SwiftProtobuf.swiftmodule/arm64-apple-xros.swiftdoc /Users/admin/builder/spi-builder-workspace/.derivedData/Build/Intermediates.noindex/SwiftProtobuf.build/Debug-xros/SwiftProtobuf-t.build/Objects-normal/arm64/SwiftProtobuf.swiftdoc (in target 'SwiftProtobuf' from project 'SwiftProtobuf')
cd /Users/admin/builder/spi-builder-workspace/.dependencies/checkouts/swift-protobuf
builtin-copy -exclude .DS_Store -exclude CVS -exclude .svn -exclude .git -exclude .hg -resolve-src-symlinks -rename /Users/admin/builder/spi-builder-workspace/.derivedData/Build/Intermediates.noindex/SwiftProtobuf.build/Debug-xros/SwiftProtobuf-t.build/Objects-normal/arm64/SwiftProtobuf.swiftdoc /Users/admin/builder/spi-builder-workspace/.derivedData/Build/Products/Debug-xros/SwiftProtobuf.swiftmodule/arm64-apple-xros.swiftdoc
Copy /Users/admin/builder/spi-builder-workspace/.derivedData/Build/Products/Debug-xros/SwiftProtobuf.swiftmodule/arm64-apple-xros.abi.json /Users/admin/builder/spi-builder-workspace/.derivedData/Build/Intermediates.noindex/SwiftProtobuf.build/Debug-xros/SwiftProtobuf-t.build/Objects-normal/arm64/SwiftProtobuf.abi.json (in target 'SwiftProtobuf' from project 'SwiftProtobuf')
cd /Users/admin/builder/spi-builder-workspace/.dependencies/checkouts/swift-protobuf
builtin-copy -exclude .DS_Store -exclude CVS -exclude .svn -exclude .git -exclude .hg -resolve-src-symlinks -rename /Users/admin/builder/spi-builder-workspace/.derivedData/Build/Intermediates.noindex/SwiftProtobuf.build/Debug-xros/SwiftProtobuf-t.build/Objects-normal/arm64/SwiftProtobuf.abi.json /Users/admin/builder/spi-builder-workspace/.derivedData/Build/Products/Debug-xros/SwiftProtobuf.swiftmodule/arm64-apple-xros.abi.json
Copy /Users/admin/builder/spi-builder-workspace/.derivedData/Build/Products/Debug-xros/SwiftProtobuf.swiftmodule/Project/arm64-apple-xros.swiftsourceinfo /Users/admin/builder/spi-builder-workspace/.derivedData/Build/Intermediates.noindex/SwiftProtobuf.build/Debug-xros/SwiftProtobuf-t.build/Objects-normal/arm64/SwiftProtobuf.swiftsourceinfo (in target 'SwiftProtobuf' from project 'SwiftProtobuf')
cd /Users/admin/builder/spi-builder-workspace/.dependencies/checkouts/swift-protobuf
builtin-copy -exclude .DS_Store -exclude CVS -exclude .svn -exclude .git -exclude .hg -resolve-src-symlinks -rename /Users/admin/builder/spi-builder-workspace/.derivedData/Build/Intermediates.noindex/SwiftProtobuf.build/Debug-xros/SwiftProtobuf-t.build/Objects-normal/arm64/SwiftProtobuf.swiftsourceinfo /Users/admin/builder/spi-builder-workspace/.derivedData/Build/Products/Debug-xros/SwiftProtobuf.swiftmodule/Project/arm64-apple-xros.swiftsourceinfo
Ld /Users/admin/builder/spi-builder-workspace/.derivedData/Build/Products/Debug-xros/BerkananFoundation.o normal (in target 'BerkananFoundation' from project 'BerkananFoundation')
cd /Users/admin/builder/spi-builder-workspace/.dependencies/checkouts/BerkananFoundation
/Applications/Xcode-27.0.0-Release.Candidate.app/Contents/Developer/Toolchains/XcodeDefault.xctoolchain/usr/bin/clang -Xlinker -reproducible -target arm64-apple-xros1.0 -r -isysroot /Applications/Xcode-27.0.0-Release.Candidate.app/Contents/Developer/Platforms/XROS.platform/Developer/SDKs/XROS27.0.sdk -O0 -w -Xlinker -no_warn_duplicate_libraries -F/Users/admin/builder/spi-builder-workspace/.derivedData/Build/Intermediates.noindex/EagerLinkingTBDs/Debug-xros -F/Users/admin/builder/spi-builder-workspace/.derivedData/Build/Products/Debug-xros -iframework /Applications/Xcode-27.0.0-Release.Candidate.app/Contents/Developer/Platforms/XROS.platform/Developer/Library/Frameworks -iframework /Applications/Xcode-27.0.0-Release.Candidate.app/Contents/Developer/Platforms/XROS.platform/Developer/SDKs/XROS27.0.sdk/Developer/Library/Frameworks -filelist /Users/admin/builder/spi-builder-workspace/.derivedData/Build/Intermediates.noindex/BerkananFoundation.build/Debug-xros/BerkananFoundation-t.build/Objects-normal/arm64/BerkananFoundation.LinkFileList -nostdlib -Xlinker -object_path_lto -Xlinker /Users/admin/builder/spi-builder-workspace/.derivedData/Build/Intermediates.noindex/BerkananFoundation.build/Debug-xros/BerkananFoundation-t.build/Objects-normal/arm64/BerkananFoundation_lto.o -Xlinker -no_deduplicate -Xlinker -debug_variant -Xlinker -dependency_info -Xlinker /Users/admin/builder/spi-builder-workspace/.derivedData/Build/Intermediates.noindex/BerkananFoundation.build/Debug-xros/BerkananFoundation-t.build/Objects-normal/arm64/BerkananFoundation_dependency_info.dat -fobjc-link-runtime -L/Applications/Xcode-27.0.0-Release.Candidate.app/Contents/Developer/Toolchains/XcodeDefault.xctoolchain/usr/lib/swift/xros -L/usr/lib/swift -Xlinker -add_ast_path -Xlinker /Users/admin/builder/spi-builder-workspace/.derivedData/Build/Intermediates.noindex/BerkananFoundation.build/Debug-xros/BerkananFoundation-t.build/Objects-normal/arm64/BerkananFoundation.swiftmodule -o /Users/admin/builder/spi-builder-workspace/.derivedData/Build/Products/Debug-xros/BerkananFoundation.o
Ld /Users/admin/builder/spi-builder-workspace/.derivedData/Build/Products/Debug-xros/BerkananCompression.o normal (in target 'BerkananCompression' from project 'BerkananCompression')
cd /Users/admin/builder/spi-builder-workspace/.dependencies/checkouts/BerkananCompression
/Applications/Xcode-27.0.0-Release.Candidate.app/Contents/Developer/Toolchains/XcodeDefault.xctoolchain/usr/bin/clang -Xlinker -reproducible -target arm64-apple-xros1.0 -r -isysroot /Applications/Xcode-27.0.0-Release.Candidate.app/Contents/Developer/Platforms/XROS.platform/Developer/SDKs/XROS27.0.sdk -O0 -w -Xlinker -no_warn_duplicate_libraries -F/Users/admin/builder/spi-builder-workspace/.derivedData/Build/Intermediates.noindex/EagerLinkingTBDs/Debug-xros -F/Users/admin/builder/spi-builder-workspace/.derivedData/Build/Products/Debug-xros -iframework /Applications/Xcode-27.0.0-Release.Candidate.app/Contents/Developer/Platforms/XROS.platform/Developer/Library/Frameworks -iframework /Applications/Xcode-27.0.0-Release.Candidate.app/Contents/Developer/Platforms/XROS.platform/Developer/SDKs/XROS27.0.sdk/Developer/Library/Frameworks -filelist /Users/admin/builder/spi-builder-workspace/.derivedData/Build/Intermediates.noindex/BerkananCompression.build/Debug-xros/BerkananCompression-t.build/Objects-normal/arm64/BerkananCompression.LinkFileList -nostdlib -Xlinker -object_path_lto -Xlinker /Users/admin/builder/spi-builder-workspace/.derivedData/Build/Intermediates.noindex/BerkananCompression.build/Debug-xros/BerkananCompression-t.build/Objects-normal/arm64/BerkananCompression_lto.o -Xlinker -no_deduplicate -Xlinker -debug_variant -Xlinker -dependency_info -Xlinker /Users/admin/builder/spi-builder-workspace/.derivedData/Build/Intermediates.noindex/BerkananCompression.build/Debug-xros/BerkananCompression-t.build/Objects-normal/arm64/BerkananCompression_dependency_info.dat -fobjc-link-runtime -L/Applications/Xcode-27.0.0-Release.Candidate.app/Contents/Developer/Toolchains/XcodeDefault.xctoolchain/usr/lib/swift/xros -L/usr/lib/swift -Xlinker -add_ast_path -Xlinker /Users/admin/builder/spi-builder-workspace/.derivedData/Build/Intermediates.noindex/BerkananCompression.build/Debug-xros/BerkananCompression-t.build/Objects-normal/arm64/BerkananCompression.swiftmodule -o /Users/admin/builder/spi-builder-workspace/.derivedData/Build/Products/Debug-xros/BerkananCompression.o
ExtractAppIntentsMetadata (in target 'BerkananFoundation' from project 'BerkananFoundation')
cd /Users/admin/builder/spi-builder-workspace/.dependencies/checkouts/BerkananFoundation
/Applications/Xcode-27.0.0-Release.Candidate.app/Contents/Developer/Toolchains/XcodeDefault.xctoolchain/usr/bin/appintentsmetadataprocessor --toolchain-dir /var/run/com.apple.security.cryptexd/mnt/com.apple.MobileAsset.MetalToolchain-v27.1.266.1.TzrbrB/Metal.xctoolchain --module-name BerkananFoundation --sdk-root /Applications/Xcode-27.0.0-Release.Candidate.app/Contents/Developer/Platforms/XROS.platform/Developer/SDKs/XROS27.0.sdk --xcode-version 27A266a --platform-family xrOS --deployment-target 1.0 --bundle-identifier berkananfoundation.BerkananFoundation --output /Users/admin/builder/spi-builder-workspace/.derivedData/Build/Products/Debug-xros/BerkananFoundation.appintents --target-triple arm64-apple-xros1.0 --binary-file /Users/admin/builder/spi-builder-workspace/.derivedData/Build/Products/Debug-xros/BerkananFoundation.o --dependency-file /Users/admin/builder/spi-builder-workspace/.derivedData/Build/Intermediates.noindex/BerkananFoundation.build/Debug-xros/BerkananFoundation-t.build/Objects-normal/arm64/BerkananFoundation_dependency_info.dat --stringsdata-file /Users/admin/builder/spi-builder-workspace/.derivedData/Build/Intermediates.noindex/BerkananFoundation.build/Debug-xros/BerkananFoundation-t.build/Objects-normal/arm64/ExtractedAppShortcutsMetadata.stringsdata --source-file-list /Users/admin/builder/spi-builder-workspace/.derivedData/Build/Intermediates.noindex/BerkananFoundation.build/Debug-xros/BerkananFoundation-t.build/Objects-normal/arm64/BerkananFoundation.SwiftFileList --metadata-file-list /Users/admin/builder/spi-builder-workspace/.derivedData/Build/Intermediates.noindex/BerkananFoundation.build/Debug-xros/BerkananFoundation-t.build/BerkananFoundation.DependencyMetadataFileList --static-metadata-file-list /Users/admin/builder/spi-builder-workspace/.derivedData/Build/Intermediates.noindex/BerkananFoundation.build/Debug-xros/BerkananFoundation-t.build/BerkananFoundation.DependencyStaticMetadataFileList --swift-const-vals-list /Users/admin/builder/spi-builder-workspace/.derivedData/Build/Intermediates.noindex/BerkananFoundation.build/Debug-xros/BerkananFoundation-t.build/Objects-normal/arm64/BerkananFoundation.SwiftConstValuesFileList --force --compile-time-extraction --deployment-aware-processing --no-app-shortcuts-localization
2026-09-16 03:05:28.534 appintentsmetadataprocessor[979:5566] Starting appintentsmetadataprocessor export
2026-09-16 03:05:28.637 appintentsmetadataprocessor[979:5566] Extracted no relevant App Intents symbols, skipping writing output
SwiftDriverJobDiscovery normal arm64 Compiling resource_bundle_accessor.swift, AnyMessageStorage.swift, AnyUnpackError.swift, AsyncMessageSequence.swift, BinaryDecoder.swift, BinaryDecodingError.swift, BinaryDecodingOptions.swift, BinaryDelimited.swift, BinaryEncoder.swift, BinaryEncodingError.swift (in target 'SwiftProtobuf' from project 'SwiftProtobuf')
ExtractAppIntentsMetadata (in target 'BerkananCompression' from project 'BerkananCompression')
cd /Users/admin/builder/spi-builder-workspace/.dependencies/checkouts/BerkananCompression
/Applications/Xcode-27.0.0-Release.Candidate.app/Contents/Developer/Toolchains/XcodeDefault.xctoolchain/usr/bin/appintentsmetadataprocessor --toolchain-dir /var/run/com.apple.security.cryptexd/mnt/com.apple.MobileAsset.MetalToolchain-v27.1.266.1.TzrbrB/Metal.xctoolchain --module-name BerkananCompression --sdk-root /Applications/Xcode-27.0.0-Release.Candidate.app/Contents/Developer/Platforms/XROS.platform/Developer/SDKs/XROS27.0.sdk --xcode-version 27A266a --platform-family xrOS --deployment-target 1.0 --bundle-identifier berkanancompression.BerkananCompression --output /Users/admin/builder/spi-builder-workspace/.derivedData/Build/Products/Debug-xros/BerkananCompression.appintents --target-triple arm64-apple-xros1.0 --binary-file /Users/admin/builder/spi-builder-workspace/.derivedData/Build/Products/Debug-xros/BerkananCompression.o --dependency-file /Users/admin/builder/spi-builder-workspace/.derivedData/Build/Intermediates.noindex/BerkananCompression.build/Debug-xros/BerkananCompression-t.build/Objects-normal/arm64/BerkananCompression_dependency_info.dat --stringsdata-file /Users/admin/builder/spi-builder-workspace/.derivedData/Build/Intermediates.noindex/BerkananCompression.build/Debug-xros/BerkananCompression-t.build/Objects-normal/arm64/ExtractedAppShortcutsMetadata.stringsdata --source-file-list /Users/admin/builder/spi-builder-workspace/.derivedData/Build/Intermediates.noindex/BerkananCompression.build/Debug-xros/BerkananCompression-t.build/Objects-normal/arm64/BerkananCompression.SwiftFileList --metadata-file-list /Users/admin/builder/spi-builder-workspace/.derivedData/Build/Intermediates.noindex/BerkananCompression.build/Debug-xros/BerkananCompression-t.build/BerkananCompression.DependencyMetadataFileList --static-metadata-file-list /Users/admin/builder/spi-builder-workspace/.derivedData/Build/Intermediates.noindex/BerkananCompression.build/Debug-xros/BerkananCompression-t.build/BerkananCompression.DependencyStaticMetadataFileList --swift-const-vals-list /Users/admin/builder/spi-builder-workspace/.derivedData/Build/Intermediates.noindex/BerkananCompression.build/Debug-xros/BerkananCompression-t.build/Objects-normal/arm64/BerkananCompression.SwiftConstValuesFileList --force --compile-time-extraction --deployment-aware-processing --no-app-shortcuts-localization
2026-09-16 03:05:28.613 appintentsmetadataprocessor[980:5582] Starting appintentsmetadataprocessor export
2026-09-16 03:05:28.679 appintentsmetadataprocessor[980:5582] Extracted no relevant App Intents symbols, skipping writing output
SwiftDriver BerkananSDK normal arm64 com.apple.xcode.tools.swift.compiler (in target 'BerkananSDK' from project 'BerkananSDK')
cd /Users/admin/builder/spi-builder-workspace/.swiftpm/xcode
builtin-SwiftDriver -- /Applications/Xcode-27.0.0-Release.Candidate.app/Contents/Developer/Toolchains/XcodeDefault.xctoolchain/usr/bin/swiftc -parse-as-library -module-name BerkananSDK -Onone @/Users/admin/builder/spi-builder-workspace/.derivedData/Build/Intermediates.noindex/BerkananSDK.build/Debug-xros/BerkananSDK-t.build/Objects-normal/arm64/BerkananSDK.SwiftFileList -DSWIFT_PACKAGE -DDEBUG -DSWIFT_MODULE_RESOURCE_BUNDLE_UNAVAILABLE -Xcc -fmodule-map-file\=/Users/admin/builder/spi-builder-workspace/.derivedData/Build/Intermediates.noindex/GeneratedModuleMaps-xros/CBerkananSDK.modulemap -DXcode -plugin-path /Applications/Xcode-27.0.0-Release.Candidate.app/Contents/Developer/Toolchains/XcodeDefault.xctoolchain/usr/lib/swift/host/plugins/testing -enable-experimental-feature DebugDescriptionMacro -sdk /Applications/Xcode-27.0.0-Release.Candidate.app/Contents/Developer/Platforms/XROS.platform/Developer/SDKs/XROS27.0.sdk -target arm64-apple-xros1.0 -g -module-cache-path /Users/admin/builder/spi-builder-workspace/.derivedData/ModuleCache.noindex -Xfrontend -serialize-debugging-options -profile-coverage-mapping -profile-generate -enable-testing -index-store-path /Users/admin/builder/spi-builder-workspace/.derivedData/Index.noindex/DataStore -Xcc -D_LIBCPP_HARDENING_MODE\=_LIBCPP_HARDENING_MODE_DEBUG -swift-version 5 -I /Users/admin/builder/spi-builder-workspace/.derivedData/Build/Products/Debug-xros -Isystem /Applications/Xcode-27.0.0-Release.Candidate.app/Contents/Developer/Platforms/XROS.platform/Developer/usr/lib -F /Users/admin/builder/spi-builder-workspace/.derivedData/Build/Products/Debug-xros/PackageFrameworks -F /Users/admin/builder/spi-builder-workspace/.derivedData/Build/Products/Debug-xros -F /Applications/Xcode-27.0.0-Release.Candidate.app/Contents/Developer/Platforms/XROS.platform/Developer/Library/Frameworks -F /Applications/Xcode-27.0.0-Release.Candidate.app/Contents/Developer/Platforms/XROS.platform/Developer/SDKs/XROS27.0.sdk/Developer/Library/Frameworks -c -j10 -enable-batch-mode -incremental -Xcc -ivfsstatcache -Xcc /Users/admin/builder/spi-builder-workspace/.derivedData/SDKStatCaches.noindex/xros27.0-24M361-e829b21a6f8c9b70876ba0858053c044735bd543db762f57723cac368afd1ce4.sdkstatcache -output-file-map /Users/admin/builder/spi-builder-workspace/.derivedData/Build/Intermediates.noindex/BerkananSDK.build/Debug-xros/BerkananSDK-t.build/Objects-normal/arm64/BerkananSDK-OutputFileMap.json -save-temps -no-color-diagnostics -explicit-module-build -module-cache-path /Users/admin/builder/spi-builder-workspace/.derivedData/Build/Intermediates.noindex/SwiftExplicitPrecompiledModules -clang-scanner-module-cache-path /Users/admin/builder/spi-builder-workspace/.derivedData/ModuleCache.noindex -sdk-module-cache-path /Users/admin/builder/spi-builder-workspace/.derivedData/SDKExplicitPrecompiledModules -emit-dependencies -emit-module -emit-module-path /Users/admin/builder/spi-builder-workspace/.derivedData/Build/Intermediates.noindex/BerkananSDK.build/Debug-xros/BerkananSDK-t.build/Objects-normal/arm64/BerkananSDK.swiftmodule -serialize-diagnostics -dependency-scan-serialize-diagnostics-path /Users/admin/builder/spi-builder-workspace/.derivedData/Build/Intermediates.noindex/BerkananSDK.build/Debug-xros/BerkananSDK-t.build/Objects-normal/arm64/BerkananSDK-dependency-scan.dia -validate-clang-modules-once -clang-build-session-file /Users/admin/builder/spi-builder-workspace/.derivedData/ModuleCache.noindex/Session.modulevalidation -Xcc -fmodules-prune-interval\=86400 -Xcc -fmodules-prune-after\=345600 -emit-const-values -const-gather-protocols-list /Users/admin/builder/spi-builder-workspace/.derivedData/Build/Intermediates.noindex/BerkananSDK.build/Debug-xros/BerkananSDK-t.build/Objects-normal/arm64/BerkananSDK_const_extract_protocols.json -Xcc -I/Users/admin/builder/spi-builder-workspace/Sources/CBerkananSDK/include -Xcc -I/Users/admin/builder/spi-builder-workspace/.derivedData/Build/Products/Debug-xros/include -Xcc -I/Users/admin/builder/spi-builder-workspace/.derivedData/Build/Intermediates.noindex/BerkananSDK.build/Debug-xros/BerkananSDK-t.build/DerivedSources-normal/arm64 -Xcc -I/Users/admin/builder/spi-builder-workspace/.derivedData/Build/Intermediates.noindex/BerkananSDK.build/Debug-xros/BerkananSDK-t.build/DerivedSources/arm64 -Xcc -I/Users/admin/builder/spi-builder-workspace/.derivedData/Build/Intermediates.noindex/BerkananSDK.build/Debug-xros/BerkananSDK-t.build/DerivedSources -Xcc -DSWIFT_PACKAGE -Xcc -DDEBUG\=1 -emit-objc-header -emit-objc-header-path /Users/admin/builder/spi-builder-workspace/.derivedData/Build/Intermediates.noindex/BerkananSDK.build/Debug-xros/BerkananSDK-t.build/Objects-normal/arm64/BerkananSDK-Swift.h -working-directory /Users/admin/builder/spi-builder-workspace/.swiftpm/xcode -experimental-emit-module-separately -disable-cmo
SwiftDriverJobDiscovery normal arm64 Compiling Message+FieldMask.swift, Message+JSONAdditions.swift, Message+JSONAdditions_Data.swift, Message+JSONArrayAdditions.swift, Message+JSONArrayAdditions_Data.swift, Message+TextFormatAdditions.swift, Message.swift, MessageExtension.swift, NameMap.swift (in target 'SwiftProtobuf' from project 'SwiftProtobuf')
SwiftDriverJobDiscovery normal arm64 Compiling PathDecoder.swift, PathVisitor.swift, ProtoNameProviding.swift, ProtobufAPIVersionCheck.swift, ProtobufMap.swift, SelectiveVisitor.swift, SimpleExtensionMap.swift, StringUtils.swift, SwiftProtobufContiguousBytes.swift (in target 'SwiftProtobuf' from project 'SwiftProtobuf')
SwiftDriverJobDiscovery normal arm64 Compiling UnknownStorage.swift, UnsafeRawPointer+Shims.swift, Varint.swift, Version.swift, Visitor.swift, WireFormat.swift, ZigZag.swift, any.pb.swift, api.pb.swift (in target 'SwiftProtobuf' from project 'SwiftProtobuf')
SwiftDriverJobDiscovery normal arm64 Compiling Google_Protobuf_NullValue+Extensions.swift, Google_Protobuf_Struct+Extensions.swift, Google_Protobuf_Timestamp+Extensions.swift, Google_Protobuf_Value+Extensions.swift, Google_Protobuf_Wrappers+Extensions.swift, HashVisitor.swift, Internal.swift, JSONDecoder.swift, JSONDecodingError.swift, JSONDecodingOptions.swift (in target 'SwiftProtobuf' from project 'SwiftProtobuf')
SwiftExplicitDependencyGeneratePcm arm64 /Users/admin/builder/spi-builder-workspace/.derivedData/SDKExplicitPrecompiledModules/_Builtin_intrinsics-BC5IJI3YI34RQ61ZNVDRDZ6RN.pcm
SwiftExplicitDependencyGeneratePcm arm64 /Users/admin/builder/spi-builder-workspace/.derivedData/SDKExplicitPrecompiledModules/IOSurface-5FE9U89GVFF9A7X7AGO2R8ENI.pcm
SwiftExplicitDependencyGeneratePcm arm64 /Users/admin/builder/spi-builder-workspace/.derivedData/SDKExplicitPrecompiledModules/_Builtin_tgmath-BPYSMHWI520EQRL2HW519ZY7Z.pcm
SwiftExplicitDependencyGeneratePcm arm64 /Users/admin/builder/spi-builder-workspace/.derivedData/SDKExplicitPrecompiledModules/DataDetection-BANTQ3WXXGKZJYC0LLB3MD9K0.pcm
SwiftExplicitDependencyGeneratePcm arm64 /Users/admin/builder/spi-builder-workspace/.derivedData/SDKExplicitPrecompiledModules/UserNotifications-8IIV1V1FPNAPA4LY1Y23LOM2N.pcm
SwiftExplicitDependencyGeneratePcm arm64 /Users/admin/builder/spi-builder-workspace/.derivedData/SDKExplicitPrecompiledModules/UIUtilities-AOVGLUWEAN6CG2UZFNESGSP6C.pcm
SwiftExplicitDependencyGeneratePcm arm64 /Users/admin/builder/spi-builder-workspace/.derivedData/SDKExplicitPrecompiledModules/_Builtin_stdatomic-1VUZPM79PNCAHXVBERD53WRSF.pcm
SwiftDriverJobDiscovery normal arm64 Compiling BinaryEncodingOptions.swift, BinaryEncodingSizeVisitor.swift, BinaryEncodingVisitor.swift, BytecodeInterpreter.swift, BytecodeReader.swift, CustomJSONCodable.swift, Decoder.swift, DoubleParser.swift, Enum.swift, ExtensibleMessage.swift (in target 'SwiftProtobuf' from project 'SwiftProtobuf')
SwiftExplicitDependencyGeneratePcm arm64 /Users/admin/builder/spi-builder-workspace/.derivedData/SDKExplicitPrecompiledModules/_LocationEssentials-8GQGFVARUE99D8VJX3TINY0VP.pcm
SwiftExplicitDependencyGeneratePcm arm64 /Users/admin/builder/spi-builder-workspace/.derivedData/SDKExplicitPrecompiledModules/DeveloperToolsSupport-46GOQP8J1QTHLYQSJW81T8UZ3.pcm
SwiftExplicitDependencyGeneratePcm arm64 /Users/admin/builder/spi-builder-workspace/.derivedData/SDKExplicitPrecompiledModules/UniformTypeIdentifiers-E5KMWDZEKS4QW9RO1KBRDEXV6.pcm
SwiftExplicitDependencyGeneratePcm arm64 /Users/admin/builder/spi-builder-workspace/.derivedData/SDKExplicitPrecompiledModules/CoreBluetooth-GMQRC2ST8DUHFDB4GFQXJZPL.pcm
SwiftExplicitDependencyGeneratePcm arm64 /Users/admin/builder/spi-builder-workspace/.derivedData/SDKExplicitPrecompiledModules/Metal-EKNUM9P3PRIBHZK1ZBD6BA2T7.pcm
SwiftExplicitDependencyGeneratePcm arm64 /Users/admin/builder/spi-builder-workspace/.derivedData/SDKExplicitPrecompiledModules/OpenGLES-56BKSYXNVAP91BYZRWAKQZKGI.pcm
SwiftExplicitDependencyGeneratePcm arm64 /Users/admin/builder/spi-builder-workspace/.derivedData/SDKExplicitPrecompiledModules/MachO-3XTHY7HWV6RF3KXKYQVHUBUXK.pcm
SwiftExplicitDependencyGeneratePcm arm64 /Users/admin/builder/spi-builder-workspace/.derivedData/SDKExplicitPrecompiledModules/Symbols-8G2XC01RPQ5HYIZE6JNUT864I.pcm
SwiftExplicitDependencyGeneratePcm arm64 /Users/admin/builder/spi-builder-workspace/.derivedData/SDKExplicitPrecompiledModules/CoreLocation-1SN37095DAPVJ068LLP9TBDQX.pcm
SwiftExplicitDependencyGeneratePcm arm64 /Users/admin/builder/spi-builder-workspace/.derivedData/SDKExplicitPrecompiledModules/CoreTransferable-8TBYAKHCX6UC8QQSS7BD8GQK5.pcm
SwiftExplicitDependencyGeneratePcm arm64 /Users/admin/builder/spi-builder-workspace/.derivedData/SDKExplicitPrecompiledModules/CoreGraphics-BFUJ177R223UT2ZI327ZTZY91.pcm
SwiftDriverJobDiscovery normal arm64 Compiling JSONEncoder.swift, JSONEncodingError.swift, JSONEncodingOptions.swift, JSONEncodingVisitor.swift, JSONMapEncodingVisitor.swift, JSONScanner.swift, MathUtils.swift, Message+AnyAdditions.swift, Message+BinaryAdditions.swift, Message+BinaryAdditions_Data.swift (in target 'SwiftProtobuf' from project 'SwiftProtobuf')
SwiftExplicitDependencyGeneratePcm arm64 /Users/admin/builder/spi-builder-workspace/.derivedData/SDKExplicitPrecompiledModules/os-1004XEJ3IXOOAU0KL58SM3D0K.pcm
SwiftExplicitDependencyGeneratePcm arm64 /Users/admin/builder/spi-builder-workspace/.derivedData/SDKExplicitPrecompiledModules/simd-9XXAB17Y6E4BBPQADD61NZ23.pcm
SwiftExplicitDependencyGeneratePcm arm64 /Users/admin/builder/spi-builder-workspace/.derivedData/SDKExplicitPrecompiledModules/CoreMotion-10LV922UPGE28QX2SOIO7ALIZ.pcm
SwiftExplicitDependencyGeneratePcm arm64 /Users/admin/builder/spi-builder-workspace/.derivedData/SDKExplicitPrecompiledModules/OSLog-BNGT87TS0GMBFF7TY70HHB69.pcm
SwiftExplicitDependencyGeneratePcm arm64 /Users/admin/builder/spi-builder-workspace/.derivedData/SDKExplicitPrecompiledModules/Accessibility-1DR4J4YDVDGAYQTZ0FKZ1PU09.pcm
SwiftExplicitDependencyGeneratePcm arm64 /Users/admin/builder/spi-builder-workspace/.derivedData/SDKExplicitPrecompiledModules/ImageIO-5CC6COR9KJYI1UBL7CSHLU2OG.pcm
SwiftExplicitDependencyGeneratePcm arm64 /Users/admin/builder/spi-builder-workspace/.derivedData/SDKExplicitPrecompiledModules/CoreText-6F9TY5TEPCCZ1K2KYM4GMEGHD.pcm
SwiftExplicitDependencyGeneratePcm arm64 /Users/admin/builder/spi-builder-workspace/.derivedData/SDKExplicitPrecompiledModules/FileProvider-C9I28SI56F2SEVH1BCWTKGODO.pcm
SwiftExplicitDependencyGeneratePcm arm64 /Users/admin/builder/spi-builder-workspace/.derivedData/SDKExplicitPrecompiledModules/CoreVideo-E12HJSJSLO0YKWYBES11UKJ02.pcm
SwiftExplicitDependencyGeneratePcm arm64 /Users/admin/builder/spi-builder-workspace/.derivedData/SDKExplicitPrecompiledModules/QuartzCore-12T8WVKUNCL1N7VXH87MM4YOB.pcm
SwiftExplicitDependencyGeneratePcm arm64 /Users/admin/builder/spi-builder-workspace/.derivedData/SDKExplicitPrecompiledModules/CoreImage-8WF1P230U10QM666EQMNV7OF1.pcm
SwiftExplicitDependencyGeneratePcm arm64 /Users/admin/builder/spi-builder-workspace/.derivedData/SDKExplicitPrecompiledModules/UIKit-2D2PMAAE45TMO6S28UCGCO5BR.pcm
SwiftExplicitDependencyGeneratePcm arm64 /Users/admin/builder/spi-builder-workspace/.derivedData/SDKExplicitPrecompiledModules/Spatial-5E0I2846LO3ZE24CSVR2O57TI.pcm
SwiftDriverJobDiscovery normal arm64 Compiling SwiftProtobufError.swift, TextFormatDecoder.swift, TextFormatDecodingError.swift, TextFormatDecodingOptions.swift, TextFormatEncoder.swift, TextFormatEncodingOptions.swift, TextFormatEncodingVisitor.swift, TextFormatScanner.swift, TimeUtils.swift (in target 'SwiftProtobuf' from project 'SwiftProtobuf')
SwiftExplicitDependencyGeneratePcm arm64 /Users/admin/builder/spi-builder-workspace/.derivedData/SDKExplicitPrecompiledModules/SwiftUICore-6OBBMA39VFD4CB6SG2PE41FAP.pcm
SwiftCompile normal arm64 Compiling\ PublicMessage.pb.swift,\ User+Additions.swift /Users/admin/builder/spi-builder-workspace/Sources/BerkananSDK/Protobuf/PublicMessage.pb.swift /Users/admin/builder/spi-builder-workspace/Sources/BerkananSDK/Protobuf/User+Additions.swift (in target 'BerkananSDK' from project 'BerkananSDK')
SwiftCompile normal arm64 /Users/admin/builder/spi-builder-workspace/Sources/BerkananSDK/Protobuf/PublicMessage.pb.swift (in target 'BerkananSDK' from project 'BerkananSDK')
cd /Users/admin/builder/spi-builder-workspace/.swiftpm/xcode
builtin-SwiftPerFileCompile PublicMessage.pb.swift
SwiftCompile normal arm64 /Users/admin/builder/spi-builder-workspace/Sources/BerkananSDK/Protobuf/User+Additions.swift (in target 'BerkananSDK' from project 'BerkananSDK')
cd /Users/admin/builder/spi-builder-workspace/.swiftpm/xcode
builtin-SwiftPerFileCompile User+Additions.swift
SwiftEmitModule normal arm64 Emitting\ module\ for\ BerkananSDK (in target 'BerkananSDK' from project 'BerkananSDK')
/Users/admin/builder/spi-builder-workspace/Sources/BerkananSDK/BerkananBluetoothService.swift:17:51: warning: using 'class' keyword to define a class-constrained protocol is deprecated; use 'AnyObject' instead [#deprecation]
15 | /// A protocol defining methods that local Berkanan Bluetooth service instances call on their delegates to
16 | /// handle events like receiving messages.
17 | public protocol BerkananBluetoothServiceDelegate: class {
| `- warning: using 'class' keyword to define a class-constrained protocol is deprecated; use 'AnyObject' instead [#deprecation]
18 |
19 | /// Tells the delegate that the local Berkanan Bluetooth `service` discovered `remoteService` with
/Users/admin/builder/spi-builder-workspace/Sources/BerkananSDK/Protobuf/Configuration.pb.swift:62:65: warning: 'init(dictionaryLiteral:)' is deprecated: Please regenerate your .pb.swift files with the current version of the SwiftProtobuf protoc plugin. [#DeprecatedDeclaration]
60 | extension Configuration: SwiftProtobuf.Message, SwiftProtobuf._MessageImplementationBase, SwiftProtobuf._ProtoNameProviding {
61 | public static let protoMessageName: String = "Configuration"
62 | public static let _protobuf_nameMap: SwiftProtobuf._NameMap = [
| `- warning: 'init(dictionaryLiteral:)' is deprecated: Please regenerate your .pb.swift files with the current version of the SwiftProtobuf protoc plugin. [#DeprecatedDeclaration]
63 | 1: .same(proto: "identifier"),
64 | 2: .standard(proto: "user_info"),
/Users/admin/builder/spi-builder-workspace/Sources/BerkananSDK/Protobuf/Configuration.pb.swift:69:50: warning: 'emptyData' is deprecated: Internal.emptyData isn't used any longer in newer versions of the generator. Generate code with a version later than 1.10.2 to get performance improvements. See https://github.com/apple/swift-protobuf/pull/1028 for more information. [#DeprecatedDeclaration]
67 | fileprivate class _StorageClass {
68 | var _identifier: PBUUID? = nil
69 | var _userInfo: Data = SwiftProtobuf.Internal.emptyData
| `- warning: 'emptyData' is deprecated: Internal.emptyData isn't used any longer in newer versions of the generator. Generate code with a version later than 1.10.2 to get performance improvements. See https://github.com/apple/swift-protobuf/pull/1028 for more information. [#DeprecatedDeclaration]
70 |
71 | static let defaultInstance = _StorageClass()
/Users/admin/builder/spi-builder-workspace/Sources/BerkananSDK/Protobuf/Message.pb.swift:113:65: warning: 'init(dictionaryLiteral:)' is deprecated: Please regenerate your .pb.swift files with the current version of the SwiftProtobuf protoc plugin. [#DeprecatedDeclaration]
111 | extension Message: SwiftProtobuf.Message, SwiftProtobuf._MessageImplementationBase, SwiftProtobuf._ProtoNameProviding {
112 | public static let protoMessageName: String = "Message"
113 | public static let _protobuf_nameMap: SwiftProtobuf._NameMap = [
| `- warning: 'init(dictionaryLiteral:)' is deprecated: Please regenerate your .pb.swift files with the current version of the SwiftProtobuf protoc plugin. [#DeprecatedDeclaration]
114 | 1: .same(proto: "identifier"),
115 | 2: .standard(proto: "time_to_live"),
/Users/admin/builder/spi-builder-workspace/Sources/BerkananSDK/Protobuf/Message.pb.swift:128:49: warning: 'emptyData' is deprecated: Internal.emptyData isn't used any longer in newer versions of the generator. Generate code with a version later than 1.10.2 to get performance improvements. See https://github.com/apple/swift-protobuf/pull/1028 for more information. [#DeprecatedDeclaration]
126 | var _destinationAddress: PBUUID? = nil
127 | var _payloadType: PBUUID? = nil
128 | var _payload: Data = SwiftProtobuf.Internal.emptyData
| `- warning: 'emptyData' is deprecated: Internal.emptyData isn't used any longer in newer versions of the generator. Generate code with a version later than 1.10.2 to get performance improvements. See https://github.com/apple/swift-protobuf/pull/1028 for more information. [#DeprecatedDeclaration]
129 |
130 | static let defaultInstance = _StorageClass()
/Users/admin/builder/spi-builder-workspace/Sources/BerkananSDK/Protobuf/PBUUID.pb.swift:35:51: warning: 'emptyData' is deprecated: Internal.emptyData isn't used any longer in newer versions of the generator. Generate code with a version later than 1.10.2 to get performance improvements. See https://github.com/apple/swift-protobuf/pull/1028 for more information. [#DeprecatedDeclaration]
33 |
34 | /// The required 16 bytes value of the UUID in little endian order.
35 | public var value: Data = SwiftProtobuf.Internal.emptyData
| `- warning: 'emptyData' is deprecated: Internal.emptyData isn't used any longer in newer versions of the generator. Generate code with a version later than 1.10.2 to get performance improvements. See https://github.com/apple/swift-protobuf/pull/1028 for more information. [#DeprecatedDeclaration]
36 |
37 | public var unknownFields = SwiftProtobuf.UnknownStorage()
/Users/admin/builder/spi-builder-workspace/Sources/BerkananSDK/Protobuf/PBUUID.pb.swift:46:65: warning: 'init(dictionaryLiteral:)' is deprecated: Please regenerate your .pb.swift files with the current version of the SwiftProtobuf protoc plugin. [#DeprecatedDeclaration]
44 | extension PBUUID: SwiftProtobuf.Message, SwiftProtobuf._MessageImplementationBase, SwiftProtobuf._ProtoNameProviding {
45 | public static let protoMessageName: String = "PBUUID"
46 | public static let _protobuf_nameMap: SwiftProtobuf._NameMap = [
| `- warning: 'init(dictionaryLiteral:)' is deprecated: Please regenerate your .pb.swift files with the current version of the SwiftProtobuf protoc plugin. [#DeprecatedDeclaration]
47 | 1: .same(proto: "value"),
48 | ]
/Users/admin/builder/spi-builder-workspace/Sources/BerkananSDK/Protobuf/PublicMessage.pb.swift:74:65: warning: 'init(dictionaryLiteral:)' is deprecated: Please regenerate your .pb.swift files with the current version of the SwiftProtobuf protoc plugin. [#DeprecatedDeclaration]
72 | extension PublicMessage: SwiftProtobuf.Message, SwiftProtobuf._MessageImplementationBase, SwiftProtobuf._ProtoNameProviding {
73 | public static let protoMessageName: String = "PublicMessage"
74 | public static let _protobuf_nameMap: SwiftProtobuf._NameMap = [
| `- warning: 'init(dictionaryLiteral:)' is deprecated: Please regenerate your .pb.swift files with the current version of the SwiftProtobuf protoc plugin. [#DeprecatedDeclaration]
75 | 1: .same(proto: "identifier"),
76 | 2: .standard(proto: "source_user"),
SwiftCompile normal arm64 (in target 'BerkananSDK' from project 'BerkananSDK')
cd /Users/admin/builder/spi-builder-workspace/.swiftpm/xcode
SwiftCompile normal arm64 Compiling\ Configuration.pb.swift,\ Message+Additions.swift /Users/admin/builder/spi-builder-workspace/Sources/BerkananSDK/Protobuf/Configuration.pb.swift /Users/admin/builder/spi-builder-workspace/Sources/BerkananSDK/Protobuf/Message+Additions.swift (in target 'BerkananSDK' from project 'BerkananSDK')
/Users/admin/builder/spi-builder-workspace/Sources/BerkananSDK/Protobuf/Configuration.pb.swift:62:65: warning: 'init(dictionaryLiteral:)' is deprecated: Please regenerate your .pb.swift files with the current version of the SwiftProtobuf protoc plugin. [#DeprecatedDeclaration]
60 | extension Configuration: SwiftProtobuf.Message, SwiftProtobuf._MessageImplementationBase, SwiftProtobuf._ProtoNameProviding {
61 | public static let protoMessageName: String = "Configuration"
62 | public static let _protobuf_nameMap: SwiftProtobuf._NameMap = [
| `- warning: 'init(dictionaryLiteral:)' is deprecated: Please regenerate your .pb.swift files with the current version of the SwiftProtobuf protoc plugin. [#DeprecatedDeclaration]
63 | 1: .same(proto: "identifier"),
64 | 2: .standard(proto: "user_info"),
/Users/admin/builder/spi-builder-workspace/Sources/BerkananSDK/Protobuf/Configuration.pb.swift:69:50: warning: 'emptyData' is deprecated: Internal.emptyData isn't used any longer in newer versions of the generator. Generate code with a version later than 1.10.2 to get performance improvements. See https://github.com/apple/swift-protobuf/pull/1028 for more information. [#DeprecatedDeclaration]
67 | fileprivate class _StorageClass {
68 | var _identifier: PBUUID? = nil
69 | var _userInfo: Data = SwiftProtobuf.Internal.emptyData
| `- warning: 'emptyData' is deprecated: Internal.emptyData isn't used any longer in newer versions of the generator. Generate code with a version later than 1.10.2 to get performance improvements. See https://github.com/apple/swift-protobuf/pull/1028 for more information. [#DeprecatedDeclaration]
70 |
71 | static let defaultInstance = _StorageClass()
SwiftCompile normal arm64 /Users/admin/builder/spi-builder-workspace/Sources/BerkananSDK/Protobuf/Configuration.pb.swift (in target 'BerkananSDK' from project 'BerkananSDK')
cd /Users/admin/builder/spi-builder-workspace/.swiftpm/xcode
builtin-SwiftPerFileCompile Configuration.pb.swift
SwiftCompile normal arm64 /Users/admin/builder/spi-builder-workspace/Sources/BerkananSDK/Protobuf/Message+Additions.swift (in target 'BerkananSDK' from project 'BerkananSDK')
cd /Users/admin/builder/spi-builder-workspace/.swiftpm/xcode
builtin-SwiftPerFileCompile Message+Additions.swift
SwiftCompile normal arm64 Compiling\ Message+PDU.swift,\ Message.pb.swift /Users/admin/builder/spi-builder-workspace/Sources/BerkananSDK/Protobuf/Message+PDU.swift /Users/admin/builder/spi-builder-workspace/Sources/BerkananSDK/Protobuf/Message.pb.swift (in target 'BerkananSDK' from project 'BerkananSDK')
/Users/admin/builder/spi-builder-workspace/Sources/BerkananSDK/Protobuf/Message+PDU.swift:27:14: warning: 'init(serializedData:extensions:partial:options:)' is deprecated: replaced by 'init(serializedBytes:extensions:partial:options:)' [#DeprecatedDeclaration]
25 | throw CBATTError(.invalidPdu)
26 | }
27 | try self.init(serializedData: result)
| |- warning: 'init(serializedData:extensions:partial:options:)' is deprecated: replaced by 'init(serializedBytes:extensions:partial:options:)' [#DeprecatedDeclaration]
| `- note: use 'init(serializedBytes:extensions:partial:options:)' instead
28 | }
29 |
/Users/admin/builder/spi-builder-workspace/Sources/BerkananSDK/Protobuf/Message.pb.swift:113:65: warning: 'init(dictionaryLiteral:)' is deprecated: Please regenerate your .pb.swift files with the current version of the SwiftProtobuf protoc plugin. [#DeprecatedDeclaration]
111 | extension Message: SwiftProtobuf.Message, SwiftProtobuf._MessageImplementationBase, SwiftProtobuf._ProtoNameProviding {
112 | public static let protoMessageName: String = "Message"
113 | public static let _protobuf_nameMap: SwiftProtobuf._NameMap = [
| `- warning: 'init(dictionaryLiteral:)' is deprecated: Please regenerate your .pb.swift files with the current version of the SwiftProtobuf protoc plugin. [#DeprecatedDeclaration]
114 | 1: .same(proto: "identifier"),
115 | 2: .standard(proto: "time_to_live"),
SwiftCompile normal arm64 /Users/admin/builder/spi-builder-workspace/Sources/BerkananSDK/Protobuf/Message+PDU.swift (in target 'BerkananSDK' from project 'BerkananSDK')
cd /Users/admin/builder/spi-builder-workspace/.swiftpm/xcode
builtin-SwiftPerFileCompile Message+PDU.swift
SwiftCompile normal arm64 /Users/admin/builder/spi-builder-workspace/Sources/BerkananSDK/Protobuf/Message.pb.swift (in target 'BerkananSDK' from project 'BerkananSDK')
cd /Users/admin/builder/spi-builder-workspace/.swiftpm/xcode
builtin-SwiftPerFileCompile Message.pb.swift
SwiftCompile normal arm64 Compiling\ BerkananBluetoothService.swift,\ BluetoothController.swift /Users/admin/builder/spi-builder-workspace/Sources/BerkananSDK/BerkananBluetoothService.swift /Users/admin/builder/spi-builder-workspace/Sources/BerkananSDK/Bluetooth/BluetoothController.swift (in target 'BerkananSDK' from project 'BerkananSDK')
SwiftCompile normal arm64 /Users/admin/builder/spi-builder-workspace/Sources/BerkananSDK/BerkananBluetoothService.swift (in target 'BerkananSDK' from project 'BerkananSDK')
cd /Users/admin/builder/spi-builder-workspace/.swiftpm/xcode
builtin-SwiftPerFileCompile BerkananBluetoothService.swift
SwiftCompile normal arm64 /Users/admin/builder/spi-builder-workspace/Sources/BerkananSDK/Bluetooth/BluetoothController.swift (in target 'BerkananSDK' from project 'BerkananSDK')
cd /Users/admin/builder/spi-builder-workspace/.swiftpm/xcode
builtin-SwiftPerFileCompile BluetoothController.swift
SwiftCompile normal arm64 Compiling\ BluetoothService+CoreBluetooth.swift,\ BluetoothService.swift /Users/admin/builder/spi-builder-workspace/Sources/BerkananSDK/Bluetooth/BluetoothService+CoreBluetooth.swift /Users/admin/builder/spi-builder-workspace/Sources/BerkananSDK/Bluetooth/BluetoothService.swift (in target 'BerkananSDK' from project 'BerkananSDK')
/Users/admin/builder/spi-builder-workspace/Sources/BerkananSDK/Bluetooth/BluetoothService+CoreBluetooth.swift:27:19: error: 'init(type:primary:)' is unavailable in visionOS
25 | )
26 | #else
27 | let service = CBMutableService(
| `- error: 'init(type:primary:)' is unavailable in visionOS
28 | type: CBUUID(string: UUIDPeripheralServiceString),
29 | primary: true
/Applications/Xcode-27.0.0-Release.Candidate.app/Contents/Developer/Platforms/XROS.platform/Developer/SDKs/XROS27.0.sdk/System/Library/Frameworks/CoreBluetooth.framework/Headers/CBService.h:92:1: note: 'init(type:primary:)' has been explicitly marked unavailable here
90 | *
91 | */
92 | - (instancetype)initWithType:(CBUUID *)UUID primary:(BOOL)isPrimary API_AVAILABLE(ios(6.0), macos(10.9)) API_UNAVAILABLE(watchos, tvos) NS_DESIGNATED_INITIALIZER
| `- note: 'init(type:primary:)' has been explicitly marked unavailable here
93 | #if TARGET_OS_VISION
94 | API_UNAVAILABLE(visionos)
/Users/admin/builder/spi-builder-workspace/Sources/BerkananSDK/Bluetooth/BluetoothService+CoreBluetooth.swift:45:12: error: 'init(type:properties:value:permissions:)' is unavailable in visionOS
43 | )
44 | #else
45 | return CBMutableCharacteristic(
| `- error: 'init(type:properties:value:permissions:)' is unavailable in visionOS
46 | type: CBUUID(string: UUIDMessageCharacteristicString),
47 | properties: [.write],
/Applications/Xcode-27.0.0-Release.Candidate.app/Contents/Developer/Platforms/XROS.platform/Developer/SDKs/XROS27.0.sdk/System/Library/Frameworks/CoreBluetooth.framework/Headers/CBCharacteristic.h:179:1: note: 'init(type:properties:value:permissions:)' has been explicitly marked unavailable here
177 | *
178 | */
179 | - (instancetype)initWithType:(CBUUID *)UUID properties:(CBCharacteristicProperties)properties value:(nullable NSData *)value permissions:(CBAttributePermissions)permissions API_AVAILABLE(ios(6.0), macos(10.9)) API_UNAVAILABLE(watchos, tvos) NS_DESIGNATED_INITIALIZER
| `- note: 'init(type:properties:value:permissions:)' has been explicitly marked unavailable here
180 | #if TARGET_OS_VISION
181 | API_UNAVAILABLE(visionos)
/Users/admin/builder/spi-builder-workspace/Sources/BerkananSDK/Bluetooth/BluetoothService+CoreBluetooth.swift:68:12: error: 'init(type:properties:value:permissions:)' is unavailable in visionOS
66 | )
67 | #else
68 | return CBMutableCharacteristic(
| `- error: 'init(type:properties:value:permissions:)' is unavailable in visionOS
69 | type: CBUUID(
70 | string: BluetoothService.UUIDConfigurationCharacteristicString
/Applications/Xcode-27.0.0-Release.Candidate.app/Contents/Developer/Platforms/XROS.platform/Developer/SDKs/XROS27.0.sdk/System/Library/Frameworks/CoreBluetooth.framework/Headers/CBCharacteristic.h:179:1: note: 'init(type:properties:value:permissions:)' has been explicitly marked unavailable here
177 | *
178 | */
179 | - (instancetype)initWithType:(CBUUID *)UUID properties:(CBCharacteristicProperties)properties value:(nullable NSData *)value permissions:(CBAttributePermissions)permissions API_AVAILABLE(ios(6.0), macos(10.9)) API_UNAVAILABLE(watchos, tvos) NS_DESIGNATED_INITIALIZER
| `- note: 'init(type:properties:value:permissions:)' has been explicitly marked unavailable here
180 | #if TARGET_OS_VISION
181 | API_UNAVAILABLE(visionos)
Failed frontend command:
/Applications/Xcode-27.0.0-Release.Candidate.app/Contents/Developer/Toolchains/XcodeDefault.xctoolchain/usr/bin/swift-frontend -frontend -c /Users/admin/builder/spi-builder-workspace/Sources/BerkananSDK/BerkananBluetoothService.swift /Users/admin/builder/spi-builder-workspace/Sources/BerkananSDK/Bluetooth/BluetoothController.swift -primary-file /Users/admin/builder/spi-builder-workspace/Sources/BerkananSDK/Bluetooth/BluetoothService+CoreBluetooth.swift -primary-file /Users/admin/builder/spi-builder-workspace/Sources/BerkananSDK/Bluetooth/BluetoothService.swift /Users/admin/builder/spi-builder-workspace/Sources/BerkananSDK/Bluetooth/CBPeripheral+Notifications.swift /Users/admin/builder/spi-builder-workspace/Sources/BerkananSDK/Foundation/UUID+Protobuf.swift /Users/admin/builder/spi-builder-workspace/Sources/BerkananSDK/Protobuf/Configuration+Additions.swift /Users/admin/builder/spi-builder-workspace/Sources/BerkananSDK/Protobuf/Configuration+PDU.swift /Users/admin/builder/spi-builder-workspace/Sources/BerkananSDK/Protobuf/Configuration.pb.swift /Users/admin/builder/spi-builder-workspace/Sources/BerkananSDK/Protobuf/Message+Additions.swift /Users/admin/builder/spi-builder-workspace/Sources/BerkananSDK/Protobuf/Message+PDU.swift /Users/admin/builder/spi-builder-workspace/Sources/BerkananSDK/Protobuf/Message.pb.swift /Users/admin/builder/spi-builder-workspace/Sources/BerkananSDK/Protobuf/PBUUID+Additions.swift /Users/admin/builder/spi-builder-workspace/Sources/BerkananSDK/Protobuf/PBUUID+PayloadTypes.swift /Users/admin/builder/spi-builder-workspace/Sources/BerkananSDK/Protobuf/PBUUID.pb.swift /Users/admin/builder/spi-builder-workspace/Sources/BerkananSDK/Protobuf/PublicMessage+Additions.swift /Users/admin/builder/spi-builder-workspace/Sources/BerkananSDK/Protobuf/PublicMessage.pb.swift /Users/admin/builder/spi-builder-workspace/Sources/BerkananSDK/Protobuf/User+Additions.swift /Users/admin/builder/spi-builder-workspace/Sources/BerkananSDK/Protobuf/User.pb.swift -emit-dependencies-path /Users/admin/builder/spi-builder-workspace/.derivedData/Build/Intermediates.noindex/BerkananSDK.build/Debug-xros/BerkananSDK-t.build/Objects-normal/arm64/BluetoothService+CoreBluetooth.d -emit-const-values-path /Users/admin/builder/spi-builder-workspace/.derivedData/Build/Intermediates.noindex/BerkananSDK.build/Debug-xros/BerkananSDK-t.build/Objects-normal/arm64/BluetoothService+CoreBluetooth.swiftconstvalues -emit-reference-dependencies-path /Users/admin/builder/spi-builder-workspace/.derivedData/Build/Intermediates.noindex/BerkananSDK.build/Debug-xros/BerkananSDK-t.build/Objects-normal/arm64/BluetoothService+CoreBluetooth.swiftdeps -serialize-diagnostics-path /Users/admin/builder/spi-builder-workspace/.derivedData/Build/Intermediates.noindex/BerkananSDK.build/Debug-xros/BerkananSDK-t.build/Objects-normal/arm64/BluetoothService+CoreBluetooth.dia -emit-dependencies-path /Users/admin/builder/spi-builder-workspace/.derivedData/Build/Intermediates.noindex/BerkananSDK.build/Debug-xros/BerkananSDK-t.build/Objects-normal/arm64/BluetoothService.d -emit-const-values-path /Users/admin/builder/spi-builder-workspace/.derivedData/Build/Intermediates.noindex/BerkananSDK.build/Debug-xros/BerkananSDK-t.build/Objects-normal/arm64/BluetoothService.swiftconstvalues -emit-reference-dependencies-path /Users/admin/builder/spi-builder-workspace/.derivedData/Build/Intermediates.noindex/BerkananSDK.build/Debug-xros/BerkananSDK-t.build/Objects-normal/arm64/BluetoothService.swiftdeps -serialize-diagnostics-path /Users/admin/builder/spi-builder-workspace/.derivedData/Build/Intermediates.noindex/BerkananSDK.build/Debug-xros/BerkananSDK-t.build/Objects-normal/arm64/BluetoothService.dia -target arm64-apple-xros1.0 -module-can-import-version Combine 3023 0 -module-can-import-version UIKit 9127.0.84.1 9127.0.84 -disable-cross-import-overlay-search -load-resolved-plugin /Applications/Xcode-27.0.0-Release.Candidate.app/Contents/Developer/Platforms/XROS.platform/Developer/usr/lib/swift/host/plugins/libFoundationMacros.dylib\#/Applications/Xcode-27.0.0-Release.Candidate.app/Contents/Developer/Platforms/XROS.platform/Developer/usr/bin/swift-plugin-server\#FoundationMacros -load-resolved-plugin /Applications/Xcode-27.0.0-Release.Candidate.app/Contents/Developer/Platforms/XROS.platform/Developer/usr/lib/swift/host/plugins/libObservationMacros.dylib\#/Applications/Xcode-27.0.0-Release.Candidate.app/Contents/Developer/Platforms/XROS.platform/Developer/usr/bin/swift-plugin-server\#ObservationMacros -load-resolved-plugin /Applications/Xcode-27.0.0-Release.Candidate.app/Contents/Developer/Platforms/XROS.platform/Developer/usr/lib/swift/host/plugins/libPreviewsMacros.dylib\#/Applications/Xcode-27.0.0-Release.Candidate.app/Contents/Developer/Platforms/XROS.platform/Developer/usr/bin/swift-plugin-server\#PreviewsMacros -load-resolved-plugin /Applications/Xcode-27.0.0-Release.Candidate.app/Contents/Developer/Platforms/XROS.platform/Developer/usr/lib/swift/host/plugins/libSwiftMacros.dylib\#/Applications/Xcode-27.0.0-Release.Candidate.app/Contents/Developer/Platforms/XROS.platform/Developer/usr/bin/swift-plugin-server\#SwiftMacros -load-resolved-plugin /Applications/Xcode-27.0.0-Release.Candidate.app/Contents/Developer/Platforms/XROS.platform/Developer/usr/lib/swift/host/plugins/libSwiftUIMacros.dylib\#/Applications/Xcode-27.0.0-Release.Candidate.app/Contents/Developer/Platforms/XROS.platform/Developer/usr/bin/swift-plugin-server\#SwiftUIMacros -disable-implicit-swift-modules -Xcc -fno-implicit-modules -Xcc -fno-implicit-module-maps -explicit-swift-module-map-file /Users/admin/builder/spi-builder-workspace/.derivedData/Build/Intermediates.noindex/BerkananSDK.build/Debug-xros/BerkananSDK-t.build/Objects-normal/arm64/BerkananSDK-dependencies-1.json -Xllvm -aarch64-use-tbi -enable-objc-interop -stack-check -sdk /Applications/Xcode-27.0.0-Release.Candidate.app/Contents/Developer/Platforms/XROS.platform/Developer/SDKs/XROS27.0.sdk -I /Users/admin/builder/spi-builder-workspace/.derivedData/Build/Products/Debug-xros -Isystem /Applications/Xcode-27.0.0-Release.Candidate.app/Contents/Developer/Platforms/XROS.platform/Developer/usr/lib -F /Users/admin/builder/spi-builder-workspace/.derivedData/Build/Products/Debug-xros/PackageFrameworks -F /Users/admin/builder/spi-builder-workspace/.derivedData/Build/Products/Debug-xros -F /Applications/Xcode-27.0.0-Release.Candidate.app/Contents/Developer/Platforms/XROS.platform/Developer/Library/Frameworks -F /Applications/Xcode-27.0.0-Release.Candidate.app/Contents/Developer/Platforms/XROS.platform/Developer/SDKs/XROS27.0.sdk/Developer/Library/Frameworks -module-cache-path /Users/admin/builder/spi-builder-workspace/.derivedData/Build/Intermediates.noindex/SwiftExplicitPrecompiledModules -no-color-diagnostics -Xcc -fno-color-diagnostics -enable-testing -g -debug-info-format\=dwarf -dwarf-version\=4 -profile-generate -profile-coverage-mapping -swift-version 5 -Onone -D SWIFT_PACKAGE -D DEBUG -D SWIFT_MODULE_RESOURCE_BUNDLE_UNAVAILABLE -D Xcode -serialize-debugging-options -enable-experimental-feature DebugDescriptionMacro -empty-abi-descriptor -validate-clang-modules-once -clang-build-session-file /Users/admin/builder/spi-builder-workspace/.derivedData/ModuleCache.noindex/Session.modulevalidation -Xcc -working-directory -Xcc /Users/admin/builder/spi-builder-workspace/.swiftpm/xcode -enable-anonymous-context-mangled-names -file-compilation-dir /Users/admin/builder/spi-builder-workspace/.swiftpm/xcode -Xcc -fmodule-map-file\=/Users/admin/builder/spi-builder-workspace/.derivedData/Build/Intermediates.noindex/GeneratedModuleMaps-xros/CBerkananSDK.modulemap -Xcc -D_LIBCPP_HARDENING_MODE\=_LIBCPP_HARDENING_MODE_DEBUG -Xcc -ivfsstatcache -Xcc /Users/admin/builder/spi-builder-workspace/.derivedData/SDKStatCaches.noindex/xros27.0-24M361-e829b21a6f8c9b70876ba0858053c044735bd543db762f57723cac368afd1ce4.sdkstatcache -Xcc -fmodules-prune-interval\=86400 -Xcc -fmodules-prune-after\=345600 -Xcc -I/Users/admin/builder/spi-builder-workspace/Sources/CBerkananSDK/include -Xcc -I/Users/admin/builder/spi-builder-workspace/.derivedData/Build/Products/Debug-xros/include -Xcc -I/Users/admin/builder/spi-builder-workspace/.derivedData/Build/Intermediates.noindex/BerkananSDK.build/Debug-xros/BerkananSDK-t.build/DerivedSources-normal/arm64 -Xcc -I/Users/admin/builder/spi-builder-workspace/.derivedData/Build/Intermediates.noindex/BerkananSDK.build/Debug-xros/BerkananSDK-t.build/DerivedSources/arm64 -Xcc -I/Users/admin/builder/spi-builder-workspace/.derivedData/Build/Intermediates.noindex/BerkananSDK.build/Debug-xros/BerkananSDK-t.build/DerivedSources -Xcc -DSWIFT_PACKAGE -Xcc -DDEBUG\=1 -no-auto-bridging-header-chaining -module-name BerkananSDK -const-gather-protocols-file /Users/admin/builder/spi-builder-workspace/.derivedData/Build/Intermediates.noindex/BerkananSDK.build/Debug-xros/BerkananSDK-t.build/Objects-normal/arm64/BerkananSDK_const_extract_protocols.json -disable-clang-spi -clang-target arm64-apple-xros27.0 -target-sdk-version 27.0 -target-sdk-name xros27.0 -in-process-plugin-server-path /Applications/Xcode-27.0.0-Release.Candidate.app/Contents/Developer/Toolchains/XcodeDefault.xctoolchain/usr/lib/swift/host/libSwiftInProcPluginServer.dylib -parse-as-library -o /Users/admin/builder/spi-builder-workspace/.derivedData/Build/Intermediates.noindex/BerkananSDK.build/Debug-xros/BerkananSDK-t.build/Objects-normal/arm64/BluetoothService+CoreBluetooth.o -o /Users/admin/builder/spi-builder-workspace/.derivedData/Build/Intermediates.noindex/BerkananSDK.build/Debug-xros/BerkananSDK-t.build/Objects-normal/arm64/BluetoothService.o -debug-module-path /Users/admin/builder/spi-builder-workspace/.derivedData/Build/Intermediates.noindex/BerkananSDK.build/Debug-xros/BerkananSDK-t.build/Objects-normal/arm64/BerkananSDK.swiftmodule -index-unit-output-path /BerkananSDK.build/Debug-xros/BerkananSDK-t.build/Objects-normal/arm64/BluetoothService+CoreBluetooth.o -index-unit-output-path /BerkananSDK.build/Debug-xros/BerkananSDK-t.build/Objects-normal/arm64/BluetoothService.o -index-store-path /Users/admin/builder/spi-builder-workspace/.derivedData/Index.noindex/DataStore -index-system-modules
SwiftCompile normal arm64 /Users/admin/builder/spi-builder-workspace/Sources/BerkananSDK/Bluetooth/BluetoothService+CoreBluetooth.swift (in target 'BerkananSDK' from project 'BerkananSDK')
cd /Users/admin/builder/spi-builder-workspace/.swiftpm/xcode
builtin-SwiftPerFileCompile BluetoothService+CoreBluetooth.swift
SwiftCompile normal arm64 /Users/admin/builder/spi-builder-workspace/Sources/BerkananSDK/Bluetooth/BluetoothService.swift (in target 'BerkananSDK' from project 'BerkananSDK')
cd /Users/admin/builder/spi-builder-workspace/.swiftpm/xcode
builtin-SwiftPerFileCompile BluetoothService.swift
SwiftCompile normal arm64 Compiling\ PBUUID+Additions.swift,\ PBUUID+PayloadTypes.swift /Users/admin/builder/spi-builder-workspace/Sources/BerkananSDK/Protobuf/PBUUID+Additions.swift /Users/admin/builder/spi-builder-workspace/Sources/BerkananSDK/Protobuf/PBUUID+PayloadTypes.swift (in target 'BerkananSDK' from project 'BerkananSDK')
SwiftCompile normal arm64 /Users/admin/builder/spi-builder-workspace/Sources/BerkananSDK/Protobuf/PBUUID+Additions.swift (in target 'BerkananSDK' from project 'BerkananSDK')
cd /Users/admin/builder/spi-builder-workspace/.swiftpm/xcode
builtin-SwiftPerFileCompile PBUUID+Additions.swift
SwiftCompile normal arm64 /Users/admin/builder/spi-builder-workspace/Sources/BerkananSDK/Protobuf/PBUUID+PayloadTypes.swift (in target 'BerkananSDK' from project 'BerkananSDK')
cd /Users/admin/builder/spi-builder-workspace/.swiftpm/xcode
builtin-SwiftPerFileCompile PBUUID+PayloadTypes.swift
SwiftCompile normal arm64 Compiling\ PBUUID.pb.swift,\ PublicMessage+Additions.swift /Users/admin/builder/spi-builder-workspace/Sources/BerkananSDK/Protobuf/PBUUID.pb.swift /Users/admin/builder/spi-builder-workspace/Sources/BerkananSDK/Protobuf/PublicMessage+Additions.swift (in target 'BerkananSDK' from project 'BerkananSDK')
/Users/admin/builder/spi-builder-workspace/Sources/BerkananSDK/Protobuf/PBUUID.pb.swift:35:51: warning: 'emptyData' is deprecated: Internal.emptyData isn't used any longer in newer versions of the generator. Generate code with a version later than 1.10.2 to get performance improvements. See https://github.com/apple/swift-protobuf/pull/1028 for more information. [#DeprecatedDeclaration]
33 |
34 | /// The required 16 bytes value of the UUID in little endian order.
35 | public var value: Data = SwiftProtobuf.Internal.emptyData
| `- warning: 'emptyData' is deprecated: Internal.emptyData isn't used any longer in newer versions of the generator. Generate code with a version later than 1.10.2 to get performance improvements. See https://github.com/apple/swift-protobuf/pull/1028 for more information. [#DeprecatedDeclaration]
36 |
37 | public var unknownFields = SwiftProtobuf.UnknownStorage()
/Users/admin/builder/spi-builder-workspace/Sources/BerkananSDK/Protobuf/PBUUID.pb.swift:46:65: warning: 'init(dictionaryLiteral:)' is deprecated: Please regenerate your .pb.swift files with the current version of the SwiftProtobuf protoc plugin. [#DeprecatedDeclaration]
44 | extension PBUUID: SwiftProtobuf.Message, SwiftProtobuf._MessageImplementationBase, SwiftProtobuf._ProtoNameProviding {
45 | public static let protoMessageName: String = "PBUUID"
46 | public static let _protobuf_nameMap: SwiftProtobuf._NameMap = [
| `- warning: 'init(dictionaryLiteral:)' is deprecated: Please regenerate your .pb.swift files with the current version of the SwiftProtobuf protoc plugin. [#DeprecatedDeclaration]
47 | 1: .same(proto: "value"),
48 | ]
[#DeprecatedDeclaration]: <https://docs.swift.org/compiler/documentation/diagnostics/deprecated-declaration>
SwiftCompile normal arm64 /Users/admin/builder/spi-builder-workspace/Sources/BerkananSDK/Protobuf/PBUUID.pb.swift (in target 'BerkananSDK' from project 'BerkananSDK')
cd /Users/admin/builder/spi-builder-workspace/.swiftpm/xcode
builtin-SwiftPerFileCompile PBUUID.pb.swift
SwiftCompile normal arm64 /Users/admin/builder/spi-builder-workspace/Sources/BerkananSDK/Protobuf/PublicMessage+Additions.swift (in target 'BerkananSDK' from project 'BerkananSDK')
cd /Users/admin/builder/spi-builder-workspace/.swiftpm/xcode
builtin-SwiftPerFileCompile PublicMessage+Additions.swift
SwiftCompile normal arm64 Compiling\ CBPeripheral+Notifications.swift,\ UUID+Protobuf.swift /Users/admin/builder/spi-builder-workspace/Sources/BerkananSDK/Bluetooth/CBPeripheral+Notifications.swift /Users/admin/builder/spi-builder-workspace/Sources/BerkananSDK/Foundation/UUID+Protobuf.swift (in target 'BerkananSDK' from project 'BerkananSDK')
SwiftCompile normal arm64 /Users/admin/builder/spi-builder-workspace/Sources/BerkananSDK/Bluetooth/CBPeripheral+Notifications.swift (in target 'BerkananSDK' from project 'BerkananSDK')
cd /Users/admin/builder/spi-builder-workspace/.swiftpm/xcode
builtin-SwiftPerFileCompile CBPeripheral+Notifications.swift
SwiftCompile normal arm64 /Users/admin/builder/spi-builder-workspace/Sources/BerkananSDK/Foundation/UUID+Protobuf.swift (in target 'BerkananSDK' from project 'BerkananSDK')
cd /Users/admin/builder/spi-builder-workspace/.swiftpm/xcode
builtin-SwiftPerFileCompile UUID+Protobuf.swift
SwiftCompile normal arm64 Compiling\ User.pb.swift /Users/admin/builder/spi-builder-workspace/Sources/BerkananSDK/Protobuf/User.pb.swift (in target 'BerkananSDK' from project 'BerkananSDK')
SwiftCompile normal arm64 /Users/admin/builder/spi-builder-workspace/Sources/BerkananSDK/Protobuf/User.pb.swift (in target 'BerkananSDK' from project 'BerkananSDK')
cd /Users/admin/builder/spi-builder-workspace/.swiftpm/xcode
builtin-SwiftPerFileCompile User.pb.swift
SwiftDriverJobDiscovery normal arm64 Compiling descriptor.pb.swift, duration.pb.swift, empty.pb.swift, field_mask.pb.swift, source_context.pb.swift, struct.pb.swift, timestamp.pb.swift, type.pb.swift, wrappers.pb.swift (in target 'SwiftProtobuf' from project 'SwiftProtobuf')
SwiftDriverJobDiscovery normal arm64 Compiling PBUUID+Additions.swift, PBUUID+PayloadTypes.swift (in target 'BerkananSDK' from project 'BerkananSDK')
SwiftDriver\ Compilation SwiftProtobuf normal arm64 com.apple.xcode.tools.swift.compiler (in target 'SwiftProtobuf' from project 'SwiftProtobuf')
cd /Users/admin/builder/spi-builder-workspace/.swiftpm/xcode
builtin-Swift-Compilation -- /Applications/Xcode-27.0.0-Release.Candidate.app/Contents/Developer/Toolchains/XcodeDefault.xctoolchain/usr/bin/swiftc -parse-as-library -module-name SwiftProtobuf -Onone @/Users/admin/builder/spi-builder-workspace/.derivedData/Build/Intermediates.noindex/SwiftProtobuf.build/Debug-xros/SwiftProtobuf-t.build/Objects-normal/arm64/SwiftProtobuf.SwiftFileList -DSWIFT_PACKAGE -DDEBUG -DSWIFT_MODULE_RESOURCE_BUNDLE_AVAILABLE -DBinaryDelimitedStreams -DFieldMaskUtilities -DXcode -enable-upcoming-feature ExistentialAny -plugin-path /Applications/Xcode-27.0.0-Release.Candidate.app/Contents/Developer/Toolchains/XcodeDefault.xctoolchain/usr/lib/swift/host/plugins/testing -enable-experimental-feature DebugDescriptionMacro -sdk /Applications/Xcode-27.0.0-Release.Candidate.app/Contents/Developer/Platforms/XROS.platform/Developer/SDKs/XROS27.0.sdk -target arm64-apple-xros1.0 -g -module-cache-path /Users/admin/builder/spi-builder-workspace/.derivedData/ModuleCache.noindex -Xfrontend -serialize-debugging-options -profile-coverage-mapping -profile-generate -enable-testing -suppress-warnings -index-store-path /Users/admin/builder/spi-builder-workspace/.derivedData/Index.noindex/DataStore -Xcc -D_LIBCPP_HARDENING_MODE\=_LIBCPP_HARDENING_MODE_DEBUG -swift-version 6 -I /Users/admin/builder/spi-builder-workspace/.derivedData/Build/Products/Debug-xros -Isystem /Applications/Xcode-27.0.0-Release.Candidate.app/Contents/Developer/Platforms/XROS.platform/Developer/usr/lib -F /Users/admin/builder/spi-builder-workspace/.derivedData/Build/Products/Debug-xros -F /Applications/Xcode-27.0.0-Release.Candidate.app/Contents/Developer/Platforms/XROS.platform/Developer/Library/Frameworks -F /Applications/Xcode-27.0.0-Release.Candidate.app/Contents/Developer/Platforms/XROS.platform/Developer/SDKs/XROS27.0.sdk/Developer/Library/Frameworks -c -j10 -enable-batch-mode -incremental -Xcc -ivfsstatcache -Xcc /Users/admin/builder/spi-builder-workspace/.derivedData/SDKStatCaches.noindex/xros27.0-24M361-e829b21a6f8c9b70876ba0858053c044735bd543db762f57723cac368afd1ce4.sdkstatcache -output-file-map /Users/admin/builder/spi-builder-workspace/.derivedData/Build/Intermediates.noindex/SwiftProtobuf.build/Debug-xros/SwiftProtobuf-t.build/Objects-normal/arm64/SwiftProtobuf-OutputFileMap.json -save-temps -no-color-diagnostics -explicit-module-build -module-cache-path /Users/admin/builder/spi-builder-workspace/.derivedData/Build/Intermediates.noindex/SwiftExplicitPrecompiledModules -clang-scanner-module-cache-path /Users/admin/builder/spi-builder-workspace/.derivedData/ModuleCache.noindex -sdk-module-cache-path /Users/admin/builder/spi-builder-workspace/.derivedData/SDKExplicitPrecompiledModules -emit-dependencies -emit-module -emit-module-path /Users/admin/builder/spi-builder-workspace/.derivedData/Build/Intermediates.noindex/SwiftProtobuf.build/Debug-xros/SwiftProtobuf-t.build/Objects-normal/arm64/SwiftProtobuf.swiftmodule -serialize-diagnostics -dependency-scan-serialize-diagnostics-path /Users/admin/builder/spi-builder-workspace/.derivedData/Build/Intermediates.noindex/SwiftProtobuf.build/Debug-xros/SwiftProtobuf-t.build/Objects-normal/arm64/SwiftProtobuf-dependency-scan.dia -user-module-version 1.38.1 -validate-clang-modules-once -clang-build-session-file /Users/admin/builder/spi-builder-workspace/.derivedData/ModuleCache.noindex/Session.modulevalidation -Xcc -fmodules-prune-interval\=86400 -Xcc -fmodules-prune-after\=345600 -package-name swift_protobuf -emit-const-values -const-gather-protocols-list /Users/admin/builder/spi-builder-workspace/.derivedData/Build/Intermediates.noindex/SwiftProtobuf.build/Debug-xros/SwiftProtobuf-t.build/Objects-normal/arm64/SwiftProtobuf_const_extract_protocols.json -Xcc -I/Users/admin/builder/spi-builder-workspace/.derivedData/Build/Products/Debug-xros/include -Xcc -I/Users/admin/builder/spi-builder-workspace/.derivedData/Build/Intermediates.noindex/SwiftProtobuf.build/Debug-xros/SwiftProtobuf-t.build/DerivedSources-normal/arm64 -Xcc -I/Users/admin/builder/spi-builder-workspace/.derivedData/Build/Intermediates.noindex/SwiftProtobuf.build/Debug-xros/SwiftProtobuf-t.build/DerivedSources/arm64 -Xcc -I/Users/admin/builder/spi-builder-workspace/.derivedData/Build/Intermediates.noindex/SwiftProtobuf.build/Debug-xros/SwiftProtobuf-t.build/DerivedSources -Xcc -DSWIFT_PACKAGE -Xcc -DDEBUG\=1 -emit-objc-header -emit-objc-header-path /Users/admin/builder/spi-builder-workspace/.derivedData/Build/Intermediates.noindex/SwiftProtobuf.build/Debug-xros/SwiftProtobuf-t.build/Objects-normal/arm64/SwiftProtobuf-Swift.h -working-directory /Users/admin/builder/spi-builder-workspace/.swiftpm/xcode -experimental-emit-module-separately -disable-cmo
SwiftCompile normal arm64 Compiling\ Configuration+Additions.swift,\ Configuration+PDU.swift /Users/admin/builder/spi-builder-workspace/Sources/BerkananSDK/Protobuf/Configuration+Additions.swift /Users/admin/builder/spi-builder-workspace/Sources/BerkananSDK/Protobuf/Configuration+PDU.swift (in target 'BerkananSDK' from project 'BerkananSDK')
SwiftCompile normal arm64 /Users/admin/builder/spi-builder-workspace/Sources/BerkananSDK/Protobuf/Configuration+Additions.swift (in target 'BerkananSDK' from project 'BerkananSDK')
cd /Users/admin/builder/spi-builder-workspace/.swiftpm/xcode
builtin-SwiftPerFileCompile Configuration+Additions.swift
SwiftCompile normal arm64 /Users/admin/builder/spi-builder-workspace/Sources/BerkananSDK/Protobuf/Configuration+PDU.swift (in target 'BerkananSDK' from project 'BerkananSDK')
cd /Users/admin/builder/spi-builder-workspace/.swiftpm/xcode
builtin-SwiftPerFileCompile Configuration+PDU.swift
Ld /Users/admin/builder/spi-builder-workspace/.derivedData/Build/Products/Debug-xros/SwiftProtobuf.o normal (in target 'SwiftProtobuf' from project 'SwiftProtobuf')
cd /Users/admin/builder/spi-builder-workspace/.dependencies/checkouts/swift-protobuf
/Applications/Xcode-27.0.0-Release.Candidate.app/Contents/Developer/Toolchains/XcodeDefault.xctoolchain/usr/bin/clang -Xlinker -reproducible -target arm64-apple-xros1.0 -r -isysroot /Applications/Xcode-27.0.0-Release.Candidate.app/Contents/Developer/Platforms/XROS.platform/Developer/SDKs/XROS27.0.sdk -O0 -w -Xlinker -no_warn_duplicate_libraries -F/Users/admin/builder/spi-builder-workspace/.derivedData/Build/Intermediates.noindex/EagerLinkingTBDs/Debug-xros -F/Users/admin/builder/spi-builder-workspace/.derivedData/Build/Products/Debug-xros -iframework /Applications/Xcode-27.0.0-Release.Candidate.app/Contents/Developer/Platforms/XROS.platform/Developer/Library/Frameworks -iframework /Applications/Xcode-27.0.0-Release.Candidate.app/Contents/Developer/Platforms/XROS.platform/Developer/SDKs/XROS27.0.sdk/Developer/Library/Frameworks -filelist /Users/admin/builder/spi-builder-workspace/.derivedData/Build/Intermediates.noindex/SwiftProtobuf.build/Debug-xros/SwiftProtobuf-t.build/Objects-normal/arm64/SwiftProtobuf.LinkFileList -nostdlib -Xlinker -object_path_lto -Xlinker /Users/admin/builder/spi-builder-workspace/.derivedData/Build/Intermediates.noindex/SwiftProtobuf.build/Debug-xros/SwiftProtobuf-t.build/Objects-normal/arm64/SwiftProtobuf_lto.o -Xlinker -no_deduplicate -Xlinker -debug_variant -Xlinker -dependency_info -Xlinker /Users/admin/builder/spi-builder-workspace/.derivedData/Build/Intermediates.noindex/SwiftProtobuf.build/Debug-xros/SwiftProtobuf-t.build/Objects-normal/arm64/SwiftProtobuf_dependency_info.dat -fobjc-link-runtime -L/Applications/Xcode-27.0.0-Release.Candidate.app/Contents/Developer/Toolchains/XcodeDefault.xctoolchain/usr/lib/swift/xros -L/usr/lib/swift -Xlinker -add_ast_path -Xlinker /Users/admin/builder/spi-builder-workspace/.derivedData/Build/Intermediates.noindex/SwiftProtobuf.build/Debug-xros/SwiftProtobuf-t.build/Objects-normal/arm64/SwiftProtobuf.swiftmodule -o /Users/admin/builder/spi-builder-workspace/.derivedData/Build/Products/Debug-xros/SwiftProtobuf.o
SwiftDriverJobDiscovery normal arm64 Compiling PBUUID.pb.swift, PublicMessage+Additions.swift (in target 'BerkananSDK' from project 'BerkananSDK')
PruneExplicitPrecompiledModules /Users/admin/builder/spi-builder-workspace/.derivedData/Build/Intermediates.noindex/ExplicitPrecompiledModules
PruneExplicitPrecompiledModules /Users/admin/builder/spi-builder-workspace/.derivedData/Build/Intermediates.noindex/SwiftExplicitPrecompiledModules
PruneExplicitPrecompiledModules /Users/admin/builder/spi-builder-workspace/.derivedData/SDKExplicitPrecompiledModules
2026-09-16 03:05:20.878 xcodebuild[799:4815] [MT] IDERunDestination: Supported platforms for the buildables in the current scheme is empty.
** BUILD FAILED **
The following build commands failed:
SwiftCompile normal arm64 Compiling\ BluetoothService+CoreBluetooth.swift,\ BluetoothService.swift /Users/admin/builder/spi-builder-workspace/Sources/BerkananSDK/Bluetooth/BluetoothService+CoreBluetooth.swift /Users/admin/builder/spi-builder-workspace/Sources/BerkananSDK/Bluetooth/BluetoothService.swift (in target 'BerkananSDK' from project 'BerkananSDK')
SwiftCompile normal arm64 /Users/admin/builder/spi-builder-workspace/Sources/BerkananSDK/Bluetooth/BluetoothService+CoreBluetooth.swift (in target 'BerkananSDK' from project 'BerkananSDK')
Building workspace BerkananSDK with scheme BerkananSDK
(3 failures)
Command line invocation:
/Applications/Xcode-27.0.0-Release.Candidate.app/Contents/Developer/usr/bin/xcodebuild -IDEClonedSourcePackagesDirPathOverride=/Users/admin/builder/spi-builder-workspace/.dependencies -resolvePackageDependencies
Resolve Package Graph
Resolved source packages:
BerkananFoundation: https://github.com/zssz/BerkananFoundation @ 1.0.0
BerkananSDK: /Users/admin/builder/spi-builder-workspace
BerkananCompression: https://github.com/zssz/BerkananCompression @ 1.0.3
SwiftProtobuf: https://github.com/apple/swift-protobuf.git @ 1.38.1
resolved source packages: BerkananFoundation, BerkananSDK, BerkananCompression, SwiftProtobuf
2026-09-16 03:05:32.238 xcodebuild[1032:5849] [MT] IDERunDestination: Supported platforms for the buildables in the current scheme is empty.
{
"dependencies" : [
{
"identity" : "swift-protobuf",
"requirement" : {
"range" : [
{
"lower_bound" : "1.7.0",
"upper_bound" : "2.0.0"
}
]
},
"type" : "sourceControl",
"url" : "https://github.com/apple/swift-protobuf.git"
},
{
"identity" : "berkananfoundation",
"requirement" : {
"range" : [
{
"lower_bound" : "1.0.0",
"upper_bound" : "2.0.0"
}
]
},
"type" : "sourceControl",
"url" : "https://github.com/zssz/BerkananFoundation"
},
{
"identity" : "berkanancompression",
"requirement" : {
"range" : [
{
"lower_bound" : "1.0.0",
"upper_bound" : "2.0.0"
}
]
},
"type" : "sourceControl",
"url" : "https://github.com/zssz/BerkananCompression"
}
],
"manifest_display_name" : "BerkananSDK",
"name" : "BerkananSDK",
"path" : "/Users/admin/builder/spi-builder-workspace",
"platforms" : [
{
"name" : "ios",
"version" : "9.0"
},
{
"name" : "macos",
"version" : "10.13"
},
{
"name" : "watchos",
"version" : "4.0"
},
{
"name" : "tvos",
"version" : "9.0"
}
],
"products" : [
{
"name" : "BerkananSDK",
"targets" : [
"BerkananSDK"
],
"type" : {
"library" : [
"static"
]
}
}
],
"swift_languages_versions" : [
"5"
],
"targets" : [
{
"c99name" : "CBerkananSDK",
"module_type" : "ClangTarget",
"name" : "CBerkananSDK",
"path" : "Sources/CBerkananSDK",
"product_memberships" : [
"BerkananSDK"
],
"sources" : [
"CBMutableCharacteristic+Init.m",
"CBMutableService+Init.m",
"CBPeripheralManager+Init.m"
],
"type" : "library"
},
{
"c99name" : "BerkananSDKTests",
"module_type" : "SwiftTarget",
"name" : "BerkananSDKTests",
"path" : "Tests/BerkananSDKTests",
"sources" : [
"BerkananSDKTests.swift",
"XCTestManifests.swift"
],
"target_dependencies" : [
"BerkananSDK"
],
"type" : "test"
},
{
"c99name" : "BerkananSDK",
"module_type" : "SwiftTarget",
"name" : "BerkananSDK",
"path" : "Sources/BerkananSDK",
"product_dependencies" : [
"SwiftProtobuf",
"BerkananFoundation",
"BerkananCompression"
],
"product_memberships" : [
"BerkananSDK"
],
"sources" : [
"BerkananBluetoothService.swift",
"Bluetooth/BluetoothController.swift",
"Bluetooth/BluetoothService+CoreBluetooth.swift",
"Bluetooth/BluetoothService.swift",
"Bluetooth/CBPeripheral+Notifications.swift",
"Foundation/UUID+Protobuf.swift",
"Protobuf/Configuration+Additions.swift",
"Protobuf/Configuration+PDU.swift",
"Protobuf/Configuration.pb.swift",
"Protobuf/Message+Additions.swift",
"Protobuf/Message+PDU.swift",
"Protobuf/Message.pb.swift",
"Protobuf/PBUUID+Additions.swift",
"Protobuf/PBUUID+PayloadTypes.swift",
"Protobuf/PBUUID.pb.swift",
"Protobuf/PublicMessage+Additions.swift",
"Protobuf/PublicMessage.pb.swift",
"Protobuf/User+Additions.swift",
"Protobuf/User.pb.swift"
],
"target_dependencies" : [
"CBerkananSDK"
],
"type" : "library"
}
],
"tools_version" : "5.1"
}
{
"workspace" : {
"name" : "BerkananSDK",
"schemes" : [
"BerkananSDK"
]
}
}
2026-09-16 03:05:34.353 xcodebuild[1041:5923] [MT] IDERunDestination: Supported platforms for the buildables in the current scheme is empty.
Running build ...
env DEVELOPER_DIR=/Applications/Xcode-27.0.0-Release.Candidate.app xcrun xcodebuild -IDEClonedSourcePackagesDirPathOverride=$PWD/.dependencies -skipMacroValidation -skipPackagePluginValidation -derivedDataPath $PWD/.derivedData build -scheme BerkananSDK -destination generic/platform=xrOS
Command line invocation:
/Applications/Xcode-27.0.0-Release.Candidate.app/Contents/Developer/usr/bin/xcodebuild -IDEClonedSourcePackagesDirPathOverride=/Users/admin/builder/spi-builder-workspace/.dependencies -skipMacroValidation -skipPackagePluginValidation -derivedDataPath /Users/admin/builder/spi-builder-workspace/.derivedData build -scheme BerkananSDK -destination generic/platform=xrOS
Resolve Package Graph
Resolved source packages:
BerkananSDK: /Users/admin/builder/spi-builder-workspace
BerkananCompression: https://github.com/zssz/BerkananCompression @ 1.0.3
BerkananFoundation: https://github.com/zssz/BerkananFoundation @ 1.0.0
SwiftProtobuf: https://github.com/apple/swift-protobuf.git @ 1.38.1
ComputePackagePrebuildTargetDependencyGraph
Prepare packages
CreateBuildRequest
SendProjectDescription
CreateBuildOperation
ComputeTargetDependencyGraph
note: Building targets in dependency order
note: Target dependency graph (10 targets)
Target 'BerkananSDK-product' in project 'BerkananSDK'
➜ Explicit dependency on target 'BerkananSDK' in project 'BerkananSDK'
➜ Explicit dependency on target 'CBerkananSDK' in project 'BerkananSDK'
➜ Explicit dependency on target 'SwiftProtobuf-product' in project 'SwiftProtobuf'
➜ Explicit dependency on target 'BerkananFoundation-product' in project 'BerkananFoundation'
➜ Explicit dependency on target 'BerkananCompression-product' in project 'BerkananCompression'
Target 'BerkananSDK' in project 'BerkananSDK'
➜ Explicit dependency on target 'CBerkananSDK' in project 'BerkananSDK'
➜ Explicit dependency on target 'SwiftProtobuf-product' in project 'SwiftProtobuf'
➜ Explicit dependency on target 'BerkananFoundation-product' in project 'BerkananFoundation'
➜ Explicit dependency on target 'BerkananCompression-product' in project 'BerkananCompression'
Target 'BerkananCompression-product' in project 'BerkananCompression'
➜ Explicit dependency on target 'BerkananCompression' in project 'BerkananCompression'
Target 'BerkananCompression' in project 'BerkananCompression' (no dependencies)
Target 'BerkananFoundation-product' in project 'BerkananFoundation'
➜ Explicit dependency on target 'BerkananFoundation' in project 'BerkananFoundation'
Target 'BerkananFoundation' in project 'BerkananFoundation' (no dependencies)
Target 'SwiftProtobuf-product' in project 'SwiftProtobuf'
➜ Explicit dependency on target 'SwiftProtobuf' in project 'SwiftProtobuf'
➜ Explicit dependency on target 'SwiftProtobuf_SwiftProtobuf' in project 'SwiftProtobuf'
Target 'SwiftProtobuf' in project 'SwiftProtobuf'
➜ Explicit dependency on target 'SwiftProtobuf_SwiftProtobuf' in project 'SwiftProtobuf'
Target 'SwiftProtobuf_SwiftProtobuf' in project 'SwiftProtobuf' (no dependencies)
Target 'CBerkananSDK' in project 'BerkananSDK' (no dependencies)
GatherProvisioningInputs
CreateBuildDescription
ClangStatCache /Applications/Xcode-27.0.0-Release.Candidate.app/Contents/Developer/Toolchains/XcodeDefault.xctoolchain/usr/bin/clang-stat-cache /Applications/Xcode-27.0.0-Release.Candidate.app/Contents/Developer/Platforms/XROS.platform/Developer/SDKs/XROS27.0.sdk /Users/admin/builder/spi-builder-workspace/.derivedData/SDKStatCaches.noindex/xros27.0-24M361-e829b21a6f8c9b70876ba0858053c044735bd543db762f57723cac368afd1ce4.sdkstatcache
cd /Users/admin/builder/spi-builder-workspace/.swiftpm/xcode
/Applications/Xcode-27.0.0-Release.Candidate.app/Contents/Developer/Toolchains/XcodeDefault.xctoolchain/usr/bin/clang-stat-cache /Applications/Xcode-27.0.0-Release.Candidate.app/Contents/Developer/Platforms/XROS.platform/Developer/SDKs/XROS27.0.sdk -o /Users/admin/builder/spi-builder-workspace/.derivedData/SDKStatCaches.noindex/xros27.0-24M361-e829b21a6f8c9b70876ba0858053c044735bd543db762f57723cac368afd1ce4.sdkstatcache
SwiftDriver BerkananSDK normal arm64 com.apple.xcode.tools.swift.compiler (in target 'BerkananSDK' from project 'BerkananSDK')
cd /Users/admin/builder/spi-builder-workspace/.swiftpm/xcode
builtin-SwiftDriver -- /Applications/Xcode-27.0.0-Release.Candidate.app/Contents/Developer/Toolchains/XcodeDefault.xctoolchain/usr/bin/swiftc -parse-as-library -module-name BerkananSDK -Onone @/Users/admin/builder/spi-builder-workspace/.derivedData/Build/Intermediates.noindex/BerkananSDK.build/Debug-xros/BerkananSDK-t.build/Objects-normal/arm64/BerkananSDK.SwiftFileList -DSWIFT_PACKAGE -DDEBUG -DSWIFT_MODULE_RESOURCE_BUNDLE_UNAVAILABLE -Xcc -fmodule-map-file\=/Users/admin/builder/spi-builder-workspace/.derivedData/Build/Intermediates.noindex/GeneratedModuleMaps-xros/CBerkananSDK.modulemap -DXcode -plugin-path /Applications/Xcode-27.0.0-Release.Candidate.app/Contents/Developer/Toolchains/XcodeDefault.xctoolchain/usr/lib/swift/host/plugins/testing -enable-experimental-feature DebugDescriptionMacro -sdk /Applications/Xcode-27.0.0-Release.Candidate.app/Contents/Developer/Platforms/XROS.platform/Developer/SDKs/XROS27.0.sdk -target arm64-apple-xros1.0 -g -module-cache-path /Users/admin/builder/spi-builder-workspace/.derivedData/ModuleCache.noindex -Xfrontend -serialize-debugging-options -profile-coverage-mapping -profile-generate -enable-testing -index-store-path /Users/admin/builder/spi-builder-workspace/.derivedData/Index.noindex/DataStore -Xcc -D_LIBCPP_HARDENING_MODE\=_LIBCPP_HARDENING_MODE_DEBUG -swift-version 5 -I /Users/admin/builder/spi-builder-workspace/.derivedData/Build/Products/Debug-xros -Isystem /Applications/Xcode-27.0.0-Release.Candidate.app/Contents/Developer/Platforms/XROS.platform/Developer/usr/lib -F /Users/admin/builder/spi-builder-workspace/.derivedData/Build/Products/Debug-xros/PackageFrameworks -F /Users/admin/builder/spi-builder-workspace/.derivedData/Build/Products/Debug-xros -F /Applications/Xcode-27.0.0-Release.Candidate.app/Contents/Developer/Platforms/XROS.platform/Developer/Library/Frameworks -F /Applications/Xcode-27.0.0-Release.Candidate.app/Contents/Developer/Platforms/XROS.platform/Developer/SDKs/XROS27.0.sdk/Developer/Library/Frameworks -c -j10 -enable-batch-mode -incremental -Xcc -ivfsstatcache -Xcc /Users/admin/builder/spi-builder-workspace/.derivedData/SDKStatCaches.noindex/xros27.0-24M361-e829b21a6f8c9b70876ba0858053c044735bd543db762f57723cac368afd1ce4.sdkstatcache -output-file-map /Users/admin/builder/spi-builder-workspace/.derivedData/Build/Intermediates.noindex/BerkananSDK.build/Debug-xros/BerkananSDK-t.build/Objects-normal/arm64/BerkananSDK-OutputFileMap.json -save-temps -no-color-diagnostics -explicit-module-build -module-cache-path /Users/admin/builder/spi-builder-workspace/.derivedData/Build/Intermediates.noindex/SwiftExplicitPrecompiledModules -clang-scanner-module-cache-path /Users/admin/builder/spi-builder-workspace/.derivedData/ModuleCache.noindex -sdk-module-cache-path /Users/admin/builder/spi-builder-workspace/.derivedData/SDKExplicitPrecompiledModules -emit-dependencies -emit-module -emit-module-path /Users/admin/builder/spi-builder-workspace/.derivedData/Build/Intermediates.noindex/BerkananSDK.build/Debug-xros/BerkananSDK-t.build/Objects-normal/arm64/BerkananSDK.swiftmodule -serialize-diagnostics -dependency-scan-serialize-diagnostics-path /Users/admin/builder/spi-builder-workspace/.derivedData/Build/Intermediates.noindex/BerkananSDK.build/Debug-xros/BerkananSDK-t.build/Objects-normal/arm64/BerkananSDK-dependency-scan.dia -validate-clang-modules-once -clang-build-session-file /Users/admin/builder/spi-builder-workspace/.derivedData/ModuleCache.noindex/Session.modulevalidation -Xcc -fmodules-prune-interval\=86400 -Xcc -fmodules-prune-after\=345600 -emit-const-values -const-gather-protocols-list /Users/admin/builder/spi-builder-workspace/.derivedData/Build/Intermediates.noindex/BerkananSDK.build/Debug-xros/BerkananSDK-t.build/Objects-normal/arm64/BerkananSDK_const_extract_protocols.json -Xcc -I/Users/admin/builder/spi-builder-workspace/Sources/CBerkananSDK/include -Xcc -I/Users/admin/builder/spi-builder-workspace/.derivedData/Build/Products/Debug-xros/include -Xcc -I/Users/admin/builder/spi-builder-workspace/.derivedData/Build/Intermediates.noindex/BerkananSDK.build/Debug-xros/BerkananSDK-t.build/DerivedSources-normal/arm64 -Xcc -I/Users/admin/builder/spi-builder-workspace/.derivedData/Build/Intermediates.noindex/BerkananSDK.build/Debug-xros/BerkananSDK-t.build/DerivedSources/arm64 -Xcc -I/Users/admin/builder/spi-builder-workspace/.derivedData/Build/Intermediates.noindex/BerkananSDK.build/Debug-xros/BerkananSDK-t.build/DerivedSources -Xcc -DSWIFT_PACKAGE -Xcc -DDEBUG\=1 -emit-objc-header -emit-objc-header-path /Users/admin/builder/spi-builder-workspace/.derivedData/Build/Intermediates.noindex/BerkananSDK.build/Debug-xros/BerkananSDK-t.build/Objects-normal/arm64/BerkananSDK-Swift.h -working-directory /Users/admin/builder/spi-builder-workspace/.swiftpm/xcode -experimental-emit-module-separately -disable-cmo
Ld /Users/admin/builder/spi-builder-workspace/.derivedData/Build/Products/Debug-xros/SwiftProtobuf.o normal (in target 'SwiftProtobuf' from project 'SwiftProtobuf')
cd /Users/admin/builder/spi-builder-workspace/.dependencies/checkouts/swift-protobuf
/Applications/Xcode-27.0.0-Release.Candidate.app/Contents/Developer/Toolchains/XcodeDefault.xctoolchain/usr/bin/clang -Xlinker -reproducible -target arm64-apple-xros1.0 -r -isysroot /Applications/Xcode-27.0.0-Release.Candidate.app/Contents/Developer/Platforms/XROS.platform/Developer/SDKs/XROS27.0.sdk -O0 -w -Xlinker -no_warn_duplicate_libraries -F/Users/admin/builder/spi-builder-workspace/.derivedData/Build/Intermediates.noindex/EagerLinkingTBDs/Debug-xros -F/Users/admin/builder/spi-builder-workspace/.derivedData/Build/Products/Debug-xros -iframework /Applications/Xcode-27.0.0-Release.Candidate.app/Contents/Developer/Platforms/XROS.platform/Developer/Library/Frameworks -iframework /Applications/Xcode-27.0.0-Release.Candidate.app/Contents/Developer/Platforms/XROS.platform/Developer/SDKs/XROS27.0.sdk/Developer/Library/Frameworks -filelist /Users/admin/builder/spi-builder-workspace/.derivedData/Build/Intermediates.noindex/SwiftProtobuf.build/Debug-xros/SwiftProtobuf-t.build/Objects-normal/arm64/SwiftProtobuf.LinkFileList -nostdlib -Xlinker -object_path_lto -Xlinker /Users/admin/builder/spi-builder-workspace/.derivedData/Build/Intermediates.noindex/SwiftProtobuf.build/Debug-xros/SwiftProtobuf-t.build/Objects-normal/arm64/SwiftProtobuf_lto.o -Xlinker -no_deduplicate -Xlinker -debug_variant -Xlinker -dependency_info -Xlinker /Users/admin/builder/spi-builder-workspace/.derivedData/Build/Intermediates.noindex/SwiftProtobuf.build/Debug-xros/SwiftProtobuf-t.build/Objects-normal/arm64/SwiftProtobuf_dependency_info.dat -fobjc-link-runtime -L/Applications/Xcode-27.0.0-Release.Candidate.app/Contents/Developer/Toolchains/XcodeDefault.xctoolchain/usr/lib/swift/xros -L/usr/lib/swift -Xlinker -add_ast_path -Xlinker /Users/admin/builder/spi-builder-workspace/.derivedData/Build/Intermediates.noindex/SwiftProtobuf.build/Debug-xros/SwiftProtobuf-t.build/Objects-normal/arm64/SwiftProtobuf.swiftmodule -o /Users/admin/builder/spi-builder-workspace/.derivedData/Build/Products/Debug-xros/SwiftProtobuf.o
ExtractAppIntentsMetadata (in target 'SwiftProtobuf' from project 'SwiftProtobuf')
cd /Users/admin/builder/spi-builder-workspace/.dependencies/checkouts/swift-protobuf
/Applications/Xcode-27.0.0-Release.Candidate.app/Contents/Developer/Toolchains/XcodeDefault.xctoolchain/usr/bin/appintentsmetadataprocessor --toolchain-dir /var/run/com.apple.security.cryptexd/mnt/com.apple.MobileAsset.MetalToolchain-v27.1.266.1.TzrbrB/Metal.xctoolchain --module-name SwiftProtobuf --sdk-root /Applications/Xcode-27.0.0-Release.Candidate.app/Contents/Developer/Platforms/XROS.platform/Developer/SDKs/XROS27.0.sdk --xcode-version 27A266a --platform-family xrOS --deployment-target 1.0 --bundle-identifier swift-protobuf.SwiftProtobuf --output /Users/admin/builder/spi-builder-workspace/.derivedData/Build/Products/Debug-xros/SwiftProtobuf.appintents --target-triple arm64-apple-xros1.0 --binary-file /Users/admin/builder/spi-builder-workspace/.derivedData/Build/Products/Debug-xros/SwiftProtobuf.o --dependency-file /Users/admin/builder/spi-builder-workspace/.derivedData/Build/Intermediates.noindex/SwiftProtobuf.build/Debug-xros/SwiftProtobuf-t.build/Objects-normal/arm64/SwiftProtobuf_dependency_info.dat --stringsdata-file /Users/admin/builder/spi-builder-workspace/.derivedData/Build/Intermediates.noindex/SwiftProtobuf.build/Debug-xros/SwiftProtobuf-t.build/Objects-normal/arm64/ExtractedAppShortcutsMetadata.stringsdata --source-file-list /Users/admin/builder/spi-builder-workspace/.derivedData/Build/Intermediates.noindex/SwiftProtobuf.build/Debug-xros/SwiftProtobuf-t.build/Objects-normal/arm64/SwiftProtobuf.SwiftFileList --metadata-file-list /Users/admin/builder/spi-builder-workspace/.derivedData/Build/Intermediates.noindex/SwiftProtobuf.build/Debug-xros/SwiftProtobuf-t.build/SwiftProtobuf.DependencyMetadataFileList --static-metadata-file-list /Users/admin/builder/spi-builder-workspace/.derivedData/Build/Intermediates.noindex/SwiftProtobuf.build/Debug-xros/SwiftProtobuf-t.build/SwiftProtobuf.DependencyStaticMetadataFileList --swift-const-vals-list /Users/admin/builder/spi-builder-workspace/.derivedData/Build/Intermediates.noindex/SwiftProtobuf.build/Debug-xros/SwiftProtobuf-t.build/Objects-normal/arm64/SwiftProtobuf.SwiftConstValuesFileList --force --compile-time-extraction --deployment-aware-processing --no-app-shortcuts-localization
2026-09-16 03:05:37.664 appintentsmetadataprocessor[1055:6024] Starting appintentsmetadataprocessor export
2026-09-16 03:05:37.728 appintentsmetadataprocessor[1055:6024] Extracted no relevant App Intents symbols, skipping writing output
SwiftCompile normal arm64 Compiling\ BerkananBluetoothService.swift,\ BluetoothController.swift /Users/admin/builder/spi-builder-workspace/Sources/BerkananSDK/BerkananBluetoothService.swift /Users/admin/builder/spi-builder-workspace/Sources/BerkananSDK/Bluetooth/BluetoothController.swift (in target 'BerkananSDK' from project 'BerkananSDK')
SwiftCompile normal arm64 /Users/admin/builder/spi-builder-workspace/Sources/BerkananSDK/BerkananBluetoothService.swift (in target 'BerkananSDK' from project 'BerkananSDK')
cd /Users/admin/builder/spi-builder-workspace/.swiftpm/xcode
builtin-SwiftPerFileCompile BerkananBluetoothService.swift
SwiftCompile normal arm64 /Users/admin/builder/spi-builder-workspace/Sources/BerkananSDK/Bluetooth/BluetoothController.swift (in target 'BerkananSDK' from project 'BerkananSDK')
cd /Users/admin/builder/spi-builder-workspace/.swiftpm/xcode
builtin-SwiftPerFileCompile BluetoothController.swift
SwiftCompile normal arm64 Compiling\ BluetoothService+CoreBluetooth.swift,\ BluetoothService.swift /Users/admin/builder/spi-builder-workspace/Sources/BerkananSDK/Bluetooth/BluetoothService+CoreBluetooth.swift /Users/admin/builder/spi-builder-workspace/Sources/BerkananSDK/Bluetooth/BluetoothService.swift (in target 'BerkananSDK' from project 'BerkananSDK')
/Users/admin/builder/spi-builder-workspace/Sources/BerkananSDK/Bluetooth/BluetoothService+CoreBluetooth.swift:27:19: error: 'init(type:primary:)' is unavailable in visionOS
25 | )
26 | #else
27 | let service = CBMutableService(
| `- error: 'init(type:primary:)' is unavailable in visionOS
28 | type: CBUUID(string: UUIDPeripheralServiceString),
29 | primary: true
/Applications/Xcode-27.0.0-Release.Candidate.app/Contents/Developer/Platforms/XROS.platform/Developer/SDKs/XROS27.0.sdk/System/Library/Frameworks/CoreBluetooth.framework/Headers/CBService.h:92:1: note: 'init(type:primary:)' has been explicitly marked unavailable here
90 | *
91 | */
92 | - (instancetype)initWithType:(CBUUID *)UUID primary:(BOOL)isPrimary API_AVAILABLE(ios(6.0), macos(10.9)) API_UNAVAILABLE(watchos, tvos) NS_DESIGNATED_INITIALIZER
| `- note: 'init(type:primary:)' has been explicitly marked unavailable here
93 | #if TARGET_OS_VISION
94 | API_UNAVAILABLE(visionos)
/Users/admin/builder/spi-builder-workspace/Sources/BerkananSDK/Bluetooth/BluetoothService+CoreBluetooth.swift:45:12: error: 'init(type:properties:value:permissions:)' is unavailable in visionOS
43 | )
44 | #else
45 | return CBMutableCharacteristic(
| `- error: 'init(type:properties:value:permissions:)' is unavailable in visionOS
46 | type: CBUUID(string: UUIDMessageCharacteristicString),
47 | properties: [.write],
/Applications/Xcode-27.0.0-Release.Candidate.app/Contents/Developer/Platforms/XROS.platform/Developer/SDKs/XROS27.0.sdk/System/Library/Frameworks/CoreBluetooth.framework/Headers/CBCharacteristic.h:179:1: note: 'init(type:properties:value:permissions:)' has been explicitly marked unavailable here
177 | *
178 | */
179 | - (instancetype)initWithType:(CBUUID *)UUID properties:(CBCharacteristicProperties)properties value:(nullable NSData *)value permissions:(CBAttributePermissions)permissions API_AVAILABLE(ios(6.0), macos(10.9)) API_UNAVAILABLE(watchos, tvos) NS_DESIGNATED_INITIALIZER
| `- note: 'init(type:properties:value:permissions:)' has been explicitly marked unavailable here
180 | #if TARGET_OS_VISION
181 | API_UNAVAILABLE(visionos)
/Users/admin/builder/spi-builder-workspace/Sources/BerkananSDK/Bluetooth/BluetoothService+CoreBluetooth.swift:68:12: error: 'init(type:properties:value:permissions:)' is unavailable in visionOS
66 | )
67 | #else
68 | return CBMutableCharacteristic(
| `- error: 'init(type:properties:value:permissions:)' is unavailable in visionOS
69 | type: CBUUID(
70 | string: BluetoothService.UUIDConfigurationCharacteristicString
/Applications/Xcode-27.0.0-Release.Candidate.app/Contents/Developer/Platforms/XROS.platform/Developer/SDKs/XROS27.0.sdk/System/Library/Frameworks/CoreBluetooth.framework/Headers/CBCharacteristic.h:179:1: note: 'init(type:properties:value:permissions:)' has been explicitly marked unavailable here
177 | *
178 | */
179 | - (instancetype)initWithType:(CBUUID *)UUID properties:(CBCharacteristicProperties)properties value:(nullable NSData *)value permissions:(CBAttributePermissions)permissions API_AVAILABLE(ios(6.0), macos(10.9)) API_UNAVAILABLE(watchos, tvos) NS_DESIGNATED_INITIALIZER
| `- note: 'init(type:properties:value:permissions:)' has been explicitly marked unavailable here
180 | #if TARGET_OS_VISION
181 | API_UNAVAILABLE(visionos)
Failed frontend command:
/Applications/Xcode-27.0.0-Release.Candidate.app/Contents/Developer/Toolchains/XcodeDefault.xctoolchain/usr/bin/swift-frontend -frontend -c /Users/admin/builder/spi-builder-workspace/Sources/BerkananSDK/BerkananBluetoothService.swift /Users/admin/builder/spi-builder-workspace/Sources/BerkananSDK/Bluetooth/BluetoothController.swift -primary-file /Users/admin/builder/spi-builder-workspace/Sources/BerkananSDK/Bluetooth/BluetoothService+CoreBluetooth.swift -primary-file /Users/admin/builder/spi-builder-workspace/Sources/BerkananSDK/Bluetooth/BluetoothService.swift /Users/admin/builder/spi-builder-workspace/Sources/BerkananSDK/Bluetooth/CBPeripheral+Notifications.swift /Users/admin/builder/spi-builder-workspace/Sources/BerkananSDK/Foundation/UUID+Protobuf.swift /Users/admin/builder/spi-builder-workspace/Sources/BerkananSDK/Protobuf/Configuration+Additions.swift /Users/admin/builder/spi-builder-workspace/Sources/BerkananSDK/Protobuf/Configuration+PDU.swift /Users/admin/builder/spi-builder-workspace/Sources/BerkananSDK/Protobuf/Configuration.pb.swift /Users/admin/builder/spi-builder-workspace/Sources/BerkananSDK/Protobuf/Message+Additions.swift /Users/admin/builder/spi-builder-workspace/Sources/BerkananSDK/Protobuf/Message+PDU.swift /Users/admin/builder/spi-builder-workspace/Sources/BerkananSDK/Protobuf/Message.pb.swift /Users/admin/builder/spi-builder-workspace/Sources/BerkananSDK/Protobuf/PBUUID+Additions.swift /Users/admin/builder/spi-builder-workspace/Sources/BerkananSDK/Protobuf/PBUUID+PayloadTypes.swift /Users/admin/builder/spi-builder-workspace/Sources/BerkananSDK/Protobuf/PBUUID.pb.swift /Users/admin/builder/spi-builder-workspace/Sources/BerkananSDK/Protobuf/PublicMessage+Additions.swift /Users/admin/builder/spi-builder-workspace/Sources/BerkananSDK/Protobuf/PublicMessage.pb.swift /Users/admin/builder/spi-builder-workspace/Sources/BerkananSDK/Protobuf/User+Additions.swift /Users/admin/builder/spi-builder-workspace/Sources/BerkananSDK/Protobuf/User.pb.swift -emit-dependencies-path /Users/admin/builder/spi-builder-workspace/.derivedData/Build/Intermediates.noindex/BerkananSDK.build/Debug-xros/BerkananSDK-t.build/Objects-normal/arm64/BluetoothService+CoreBluetooth.d -emit-const-values-path /Users/admin/builder/spi-builder-workspace/.derivedData/Build/Intermediates.noindex/BerkananSDK.build/Debug-xros/BerkananSDK-t.build/Objects-normal/arm64/BluetoothService+CoreBluetooth.swiftconstvalues -emit-reference-dependencies-path /Users/admin/builder/spi-builder-workspace/.derivedData/Build/Intermediates.noindex/BerkananSDK.build/Debug-xros/BerkananSDK-t.build/Objects-normal/arm64/BluetoothService+CoreBluetooth.swiftdeps -serialize-diagnostics-path /Users/admin/builder/spi-builder-workspace/.derivedData/Build/Intermediates.noindex/BerkananSDK.build/Debug-xros/BerkananSDK-t.build/Objects-normal/arm64/BluetoothService+CoreBluetooth.dia -emit-dependencies-path /Users/admin/builder/spi-builder-workspace/.derivedData/Build/Intermediates.noindex/BerkananSDK.build/Debug-xros/BerkananSDK-t.build/Objects-normal/arm64/BluetoothService.d -emit-const-values-path /Users/admin/builder/spi-builder-workspace/.derivedData/Build/Intermediates.noindex/BerkananSDK.build/Debug-xros/BerkananSDK-t.build/Objects-normal/arm64/BluetoothService.swiftconstvalues -emit-reference-dependencies-path /Users/admin/builder/spi-builder-workspace/.derivedData/Build/Intermediates.noindex/BerkananSDK.build/Debug-xros/BerkananSDK-t.build/Objects-normal/arm64/BluetoothService.swiftdeps -serialize-diagnostics-path /Users/admin/builder/spi-builder-workspace/.derivedData/Build/Intermediates.noindex/BerkananSDK.build/Debug-xros/BerkananSDK-t.build/Objects-normal/arm64/BluetoothService.dia -target arm64-apple-xros1.0 -module-can-import-version Combine 3023 0 -module-can-import-version UIKit 9127.0.84.1 9127.0.84 -disable-cross-import-overlay-search -load-resolved-plugin /Applications/Xcode-27.0.0-Release.Candidate.app/Contents/Developer/Platforms/XROS.platform/Developer/usr/lib/swift/host/plugins/libFoundationMacros.dylib\#/Applications/Xcode-27.0.0-Release.Candidate.app/Contents/Developer/Platforms/XROS.platform/Developer/usr/bin/swift-plugin-server\#FoundationMacros -load-resolved-plugin /Applications/Xcode-27.0.0-Release.Candidate.app/Contents/Developer/Platforms/XROS.platform/Developer/usr/lib/swift/host/plugins/libObservationMacros.dylib\#/Applications/Xcode-27.0.0-Release.Candidate.app/Contents/Developer/Platforms/XROS.platform/Developer/usr/bin/swift-plugin-server\#ObservationMacros -load-resolved-plugin /Applications/Xcode-27.0.0-Release.Candidate.app/Contents/Developer/Platforms/XROS.platform/Developer/usr/lib/swift/host/plugins/libPreviewsMacros.dylib\#/Applications/Xcode-27.0.0-Release.Candidate.app/Contents/Developer/Platforms/XROS.platform/Developer/usr/bin/swift-plugin-server\#PreviewsMacros -load-resolved-plugin /Applications/Xcode-27.0.0-Release.Candidate.app/Contents/Developer/Platforms/XROS.platform/Developer/usr/lib/swift/host/plugins/libSwiftMacros.dylib\#/Applications/Xcode-27.0.0-Release.Candidate.app/Contents/Developer/Platforms/XROS.platform/Developer/usr/bin/swift-plugin-server\#SwiftMacros -load-resolved-plugin /Applications/Xcode-27.0.0-Release.Candidate.app/Contents/Developer/Platforms/XROS.platform/Developer/usr/lib/swift/host/plugins/libSwiftUIMacros.dylib\#/Applications/Xcode-27.0.0-Release.Candidate.app/Contents/Developer/Platforms/XROS.platform/Developer/usr/bin/swift-plugin-server\#SwiftUIMacros -disable-implicit-swift-modules -Xcc -fno-implicit-modules -Xcc -fno-implicit-module-maps -explicit-swift-module-map-file /Users/admin/builder/spi-builder-workspace/.derivedData/Build/Intermediates.noindex/BerkananSDK.build/Debug-xros/BerkananSDK-t.build/Objects-normal/arm64/BerkananSDK-dependencies-1.json -Xllvm -aarch64-use-tbi -enable-objc-interop -stack-check -sdk /Applications/Xcode-27.0.0-Release.Candidate.app/Contents/Developer/Platforms/XROS.platform/Developer/SDKs/XROS27.0.sdk -I /Users/admin/builder/spi-builder-workspace/.derivedData/Build/Products/Debug-xros -Isystem /Applications/Xcode-27.0.0-Release.Candidate.app/Contents/Developer/Platforms/XROS.platform/Developer/usr/lib -F /Users/admin/builder/spi-builder-workspace/.derivedData/Build/Products/Debug-xros/PackageFrameworks -F /Users/admin/builder/spi-builder-workspace/.derivedData/Build/Products/Debug-xros -F /Applications/Xcode-27.0.0-Release.Candidate.app/Contents/Developer/Platforms/XROS.platform/Developer/Library/Frameworks -F /Applications/Xcode-27.0.0-Release.Candidate.app/Contents/Developer/Platforms/XROS.platform/Developer/SDKs/XROS27.0.sdk/Developer/Library/Frameworks -module-cache-path /Users/admin/builder/spi-builder-workspace/.derivedData/Build/Intermediates.noindex/SwiftExplicitPrecompiledModules -no-color-diagnostics -Xcc -fno-color-diagnostics -enable-testing -g -debug-info-format\=dwarf -dwarf-version\=4 -profile-generate -profile-coverage-mapping -swift-version 5 -Onone -D SWIFT_PACKAGE -D DEBUG -D SWIFT_MODULE_RESOURCE_BUNDLE_UNAVAILABLE -D Xcode -serialize-debugging-options -enable-experimental-feature DebugDescriptionMacro -empty-abi-descriptor -validate-clang-modules-once -clang-build-session-file /Users/admin/builder/spi-builder-workspace/.derivedData/ModuleCache.noindex/Session.modulevalidation -Xcc -working-directory -Xcc /Users/admin/builder/spi-builder-workspace/.swiftpm/xcode -enable-anonymous-context-mangled-names -file-compilation-dir /Users/admin/builder/spi-builder-workspace/.swiftpm/xcode -Xcc -fmodule-map-file\=/Users/admin/builder/spi-builder-workspace/.derivedData/Build/Intermediates.noindex/GeneratedModuleMaps-xros/CBerkananSDK.modulemap -Xcc -D_LIBCPP_HARDENING_MODE\=_LIBCPP_HARDENING_MODE_DEBUG -Xcc -ivfsstatcache -Xcc /Users/admin/builder/spi-builder-workspace/.derivedData/SDKStatCaches.noindex/xros27.0-24M361-e829b21a6f8c9b70876ba0858053c044735bd543db762f57723cac368afd1ce4.sdkstatcache -Xcc -fmodules-prune-interval\=86400 -Xcc -fmodules-prune-after\=345600 -Xcc -I/Users/admin/builder/spi-builder-workspace/Sources/CBerkananSDK/include -Xcc -I/Users/admin/builder/spi-builder-workspace/.derivedData/Build/Products/Debug-xros/include -Xcc -I/Users/admin/builder/spi-builder-workspace/.derivedData/Build/Intermediates.noindex/BerkananSDK.build/Debug-xros/BerkananSDK-t.build/DerivedSources-normal/arm64 -Xcc -I/Users/admin/builder/spi-builder-workspace/.derivedData/Build/Intermediates.noindex/BerkananSDK.build/Debug-xros/BerkananSDK-t.build/DerivedSources/arm64 -Xcc -I/Users/admin/builder/spi-builder-workspace/.derivedData/Build/Intermediates.noindex/BerkananSDK.build/Debug-xros/BerkananSDK-t.build/DerivedSources -Xcc -DSWIFT_PACKAGE -Xcc -DDEBUG\=1 -no-auto-bridging-header-chaining -module-name BerkananSDK -const-gather-protocols-file /Users/admin/builder/spi-builder-workspace/.derivedData/Build/Intermediates.noindex/BerkananSDK.build/Debug-xros/BerkananSDK-t.build/Objects-normal/arm64/BerkananSDK_const_extract_protocols.json -disable-clang-spi -clang-target arm64-apple-xros27.0 -target-sdk-version 27.0 -target-sdk-name xros27.0 -in-process-plugin-server-path /Applications/Xcode-27.0.0-Release.Candidate.app/Contents/Developer/Toolchains/XcodeDefault.xctoolchain/usr/lib/swift/host/libSwiftInProcPluginServer.dylib -parse-as-library -o /Users/admin/builder/spi-builder-workspace/.derivedData/Build/Intermediates.noindex/BerkananSDK.build/Debug-xros/BerkananSDK-t.build/Objects-normal/arm64/BluetoothService+CoreBluetooth.o -o /Users/admin/builder/spi-builder-workspace/.derivedData/Build/Intermediates.noindex/BerkananSDK.build/Debug-xros/BerkananSDK-t.build/Objects-normal/arm64/BluetoothService.o -debug-module-path /Users/admin/builder/spi-builder-workspace/.derivedData/Build/Intermediates.noindex/BerkananSDK.build/Debug-xros/BerkananSDK-t.build/Objects-normal/arm64/BerkananSDK.swiftmodule -index-unit-output-path /BerkananSDK.build/Debug-xros/BerkananSDK-t.build/Objects-normal/arm64/BluetoothService+CoreBluetooth.o -index-unit-output-path /BerkananSDK.build/Debug-xros/BerkananSDK-t.build/Objects-normal/arm64/BluetoothService.o -index-store-path /Users/admin/builder/spi-builder-workspace/.derivedData/Index.noindex/DataStore -index-system-modules
SwiftCompile normal arm64 /Users/admin/builder/spi-builder-workspace/Sources/BerkananSDK/Bluetooth/BluetoothService+CoreBluetooth.swift (in target 'BerkananSDK' from project 'BerkananSDK')
cd /Users/admin/builder/spi-builder-workspace/.swiftpm/xcode
builtin-SwiftPerFileCompile BluetoothService+CoreBluetooth.swift
SwiftCompile normal arm64 /Users/admin/builder/spi-builder-workspace/Sources/BerkananSDK/Bluetooth/BluetoothService.swift (in target 'BerkananSDK' from project 'BerkananSDK')
cd /Users/admin/builder/spi-builder-workspace/.swiftpm/xcode
builtin-SwiftPerFileCompile BluetoothService.swift
SwiftCompile normal arm64 Compiling\ CBPeripheral+Notifications.swift,\ UUID+Protobuf.swift /Users/admin/builder/spi-builder-workspace/Sources/BerkananSDK/Bluetooth/CBPeripheral+Notifications.swift /Users/admin/builder/spi-builder-workspace/Sources/BerkananSDK/Foundation/UUID+Protobuf.swift (in target 'BerkananSDK' from project 'BerkananSDK')
SwiftCompile normal arm64 /Users/admin/builder/spi-builder-workspace/Sources/BerkananSDK/Bluetooth/CBPeripheral+Notifications.swift (in target 'BerkananSDK' from project 'BerkananSDK')
cd /Users/admin/builder/spi-builder-workspace/.swiftpm/xcode
builtin-SwiftPerFileCompile CBPeripheral+Notifications.swift
SwiftCompile normal arm64 /Users/admin/builder/spi-builder-workspace/Sources/BerkananSDK/Foundation/UUID+Protobuf.swift (in target 'BerkananSDK' from project 'BerkananSDK')
cd /Users/admin/builder/spi-builder-workspace/.swiftpm/xcode
builtin-SwiftPerFileCompile UUID+Protobuf.swift
SwiftCompile normal arm64 Compiling\ Configuration+Additions.swift,\ Configuration+PDU.swift /Users/admin/builder/spi-builder-workspace/Sources/BerkananSDK/Protobuf/Configuration+Additions.swift /Users/admin/builder/spi-builder-workspace/Sources/BerkananSDK/Protobuf/Configuration+PDU.swift (in target 'BerkananSDK' from project 'BerkananSDK')
/Users/admin/builder/spi-builder-workspace/Sources/BerkananSDK/Protobuf/Configuration+Additions.swift:18:56: warning: 'emptyData' is deprecated: Internal.emptyData isn't used any longer in newer versions of the generator. Generate code with a version later than 1.10.2 to get performance improvements. See https://github.com/apple/swift-protobuf/pull/1028 for more information. [#DeprecatedDeclaration]
16 | public init(identifier: UUID, userInfo: Data? = nil) {
17 | self.identifier = identifier.protobufValue()
18 | self.userInfo = userInfo ?? SwiftProtobuf.Internal.emptyData
| `- warning: 'emptyData' is deprecated: Internal.emptyData isn't used any longer in newer versions of the generator. Generate code with a version later than 1.10.2 to get performance improvements. See https://github.com/apple/swift-protobuf/pull/1028 for more information. [#DeprecatedDeclaration]
19 | }
20 |
SwiftCompile normal arm64 /Users/admin/builder/spi-builder-workspace/Sources/BerkananSDK/Protobuf/Configuration+Additions.swift (in target 'BerkananSDK' from project 'BerkananSDK')
cd /Users/admin/builder/spi-builder-workspace/.swiftpm/xcode
builtin-SwiftPerFileCompile Configuration+Additions.swift
SwiftCompile normal arm64 /Users/admin/builder/spi-builder-workspace/Sources/BerkananSDK/Protobuf/Configuration+PDU.swift (in target 'BerkananSDK' from project 'BerkananSDK')
cd /Users/admin/builder/spi-builder-workspace/.swiftpm/xcode
builtin-SwiftPerFileCompile Configuration+PDU.swift
SwiftCompile normal arm64 Compiling\ Message.pb.swift /Users/admin/builder/spi-builder-workspace/Sources/BerkananSDK/Protobuf/Message.pb.swift (in target 'BerkananSDK' from project 'BerkananSDK')
SwiftCompile normal arm64 /Users/admin/builder/spi-builder-workspace/Sources/BerkananSDK/Protobuf/Message.pb.swift (in target 'BerkananSDK' from project 'BerkananSDK')
cd /Users/admin/builder/spi-builder-workspace/.swiftpm/xcode
builtin-SwiftPerFileCompile Message.pb.swift
/Users/admin/builder/spi-builder-workspace/Sources/BerkananSDK/Protobuf/Message.pb.swift:113:65: warning: 'init(dictionaryLiteral:)' is deprecated: Please regenerate your .pb.swift files with the current version of the SwiftProtobuf protoc plugin. [#DeprecatedDeclaration]
111 | extension Message: SwiftProtobuf.Message, SwiftProtobuf._MessageImplementationBase, SwiftProtobuf._ProtoNameProviding {
112 | public static let protoMessageName: String = "Message"
113 | public static let _protobuf_nameMap: SwiftProtobuf._NameMap = [
| `- warning: 'init(dictionaryLiteral:)' is deprecated: Please regenerate your .pb.swift files with the current version of the SwiftProtobuf protoc plugin. [#DeprecatedDeclaration]
114 | 1: .same(proto: "identifier"),
115 | 2: .standard(proto: "time_to_live"),
SwiftCompile normal arm64 Compiling\ PublicMessage.pb.swift /Users/admin/builder/spi-builder-workspace/Sources/BerkananSDK/Protobuf/PublicMessage.pb.swift (in target 'BerkananSDK' from project 'BerkananSDK')
SwiftCompile normal arm64 /Users/admin/builder/spi-builder-workspace/Sources/BerkananSDK/Protobuf/PublicMessage.pb.swift (in target 'BerkananSDK' from project 'BerkananSDK')
cd /Users/admin/builder/spi-builder-workspace/.swiftpm/xcode
builtin-SwiftPerFileCompile PublicMessage.pb.swift
SwiftCompile normal arm64 Compiling\ User+Additions.swift /Users/admin/builder/spi-builder-workspace/Sources/BerkananSDK/Protobuf/User+Additions.swift (in target 'BerkananSDK' from project 'BerkananSDK')
SwiftCompile normal arm64 /Users/admin/builder/spi-builder-workspace/Sources/BerkananSDK/Protobuf/User+Additions.swift (in target 'BerkananSDK' from project 'BerkananSDK')
cd /Users/admin/builder/spi-builder-workspace/.swiftpm/xcode
builtin-SwiftPerFileCompile User+Additions.swift
SwiftCompile normal arm64 Compiling\ Message+PDU.swift /Users/admin/builder/spi-builder-workspace/Sources/BerkananSDK/Protobuf/Message+PDU.swift (in target 'BerkananSDK' from project 'BerkananSDK')
SwiftCompile normal arm64 /Users/admin/builder/spi-builder-workspace/Sources/BerkananSDK/Protobuf/Message+PDU.swift (in target 'BerkananSDK' from project 'BerkananSDK')
cd /Users/admin/builder/spi-builder-workspace/.swiftpm/xcode
builtin-SwiftPerFileCompile Message+PDU.swift
SwiftEmitModule normal arm64 Emitting\ module\ for\ BerkananSDK (in target 'BerkananSDK' from project 'BerkananSDK')
SwiftCompile normal arm64 (in target 'BerkananSDK' from project 'BerkananSDK')
cd /Users/admin/builder/spi-builder-workspace/.swiftpm/xcode
SwiftCompile normal arm64 Compiling\ Configuration.pb.swift,\ Message+Additions.swift /Users/admin/builder/spi-builder-workspace/Sources/BerkananSDK/Protobuf/Configuration.pb.swift /Users/admin/builder/spi-builder-workspace/Sources/BerkananSDK/Protobuf/Message+Additions.swift (in target 'BerkananSDK' from project 'BerkananSDK')
/Users/admin/builder/spi-builder-workspace/Sources/BerkananSDK/Protobuf/Configuration.pb.swift:62:65: warning: 'init(dictionaryLiteral:)' is deprecated: Please regenerate your .pb.swift files with the current version of the SwiftProtobuf protoc plugin. [#DeprecatedDeclaration]
60 | extension Configuration: SwiftProtobuf.Message, SwiftProtobuf._MessageImplementationBase, SwiftProtobuf._ProtoNameProviding {
61 | public static let protoMessageName: String = "Configuration"
62 | public static let _protobuf_nameMap: SwiftProtobuf._NameMap = [
| `- warning: 'init(dictionaryLiteral:)' is deprecated: Please regenerate your .pb.swift files with the current version of the SwiftProtobuf protoc plugin. [#DeprecatedDeclaration]
63 | 1: .same(proto: "identifier"),
64 | 2: .standard(proto: "user_info"),
SwiftCompile normal arm64 /Users/admin/builder/spi-builder-workspace/Sources/BerkananSDK/Protobuf/Configuration.pb.swift (in target 'BerkananSDK' from project 'BerkananSDK')
cd /Users/admin/builder/spi-builder-workspace/.swiftpm/xcode
builtin-SwiftPerFileCompile Configuration.pb.swift
SwiftCompile normal arm64 /Users/admin/builder/spi-builder-workspace/Sources/BerkananSDK/Protobuf/Message+Additions.swift (in target 'BerkananSDK' from project 'BerkananSDK')
cd /Users/admin/builder/spi-builder-workspace/.swiftpm/xcode
builtin-SwiftPerFileCompile Message+Additions.swift
SwiftCompile normal arm64 Compiling\ User.pb.swift /Users/admin/builder/spi-builder-workspace/Sources/BerkananSDK/Protobuf/User.pb.swift (in target 'BerkananSDK' from project 'BerkananSDK')
SwiftCompile normal arm64 /Users/admin/builder/spi-builder-workspace/Sources/BerkananSDK/Protobuf/User.pb.swift (in target 'BerkananSDK' from project 'BerkananSDK')
cd /Users/admin/builder/spi-builder-workspace/.swiftpm/xcode
builtin-SwiftPerFileCompile User.pb.swift
PruneExplicitPrecompiledModules /Users/admin/builder/spi-builder-workspace/.derivedData/SDKExplicitPrecompiledModules
PruneExplicitPrecompiledModules /Users/admin/builder/spi-builder-workspace/.derivedData/Build/Intermediates.noindex/SwiftExplicitPrecompiledModules
PruneExplicitPrecompiledModules /Users/admin/builder/spi-builder-workspace/.derivedData/Build/Intermediates.noindex/ExplicitPrecompiledModules
2026-09-16 03:05:36.163 xcodebuild[1043:5955] [MT] IDERunDestination: Supported platforms for the buildables in the current scheme is empty.
** BUILD FAILED **
The following build commands failed:
SwiftCompile normal arm64 Compiling\ BluetoothService+CoreBluetooth.swift,\ BluetoothService.swift /Users/admin/builder/spi-builder-workspace/Sources/BerkananSDK/Bluetooth/BluetoothService+CoreBluetooth.swift /Users/admin/builder/spi-builder-workspace/Sources/BerkananSDK/Bluetooth/BluetoothService.swift (in target 'BerkananSDK' from project 'BerkananSDK')
SwiftCompile normal arm64 /Users/admin/builder/spi-builder-workspace/Sources/BerkananSDK/Bluetooth/BluetoothService+CoreBluetooth.swift (in target 'BerkananSDK' from project 'BerkananSDK')
Building workspace BerkananSDK with scheme BerkananSDK
(3 failures)
BUILD FAILURE 6.4 visionOS