Build Information
Failed to build swift-windowsappsdk, reference main (317527), with Swift 6.4 for macOS (Xcode) using Xcode 27.0 on 23 Sep 2026 05:27:11 UTC.
Build Command
No build command. This typically means the build failed at an early stage where we determine the build command.Build Log
========================================
RunAll
========================================
Builder version: 5.1.0
Interrupt handler set up.
========================================
Checkout
========================================
Clone URL: https://github.com/thebrowsercompany/swift-windowsappsdk.git
Reference: main
Initialized empty Git repository in /Users/admin/builder/spi-builder-workspace/.git/
From https://github.com/thebrowsercompany/swift-windowsappsdk
* branch main -> FETCH_HEAD
* [new branch] main -> origin/main
HEAD is now at 317527d update to latest swift-winrt and 1.7
Cloned https://github.com/thebrowsercompany/swift-windowsappsdk.git
Revision (git rev-parse @):
317527def617c5b7b3153380a85390bf7d3ec5b2
SUCCESS checkout https://github.com/thebrowsercompany/swift-windowsappsdk.git at main
========================================
Build
========================================
Selected platform: macosXcodebuild
Swift version: 6.4
Building package at path: $PWD
https://github.com/thebrowsercompany/swift-windowsappsdk.git
Command line invocation:
/Applications/Xcode-27.0.0-Release.Candidate.app/Contents/Developer/usr/bin/xcodebuild -IDEClonedSourcePackagesDirPathOverride=/Users/admin/builder/spi-builder-workspace/.dependencies -resolvePackageDependencies
Resolve Package Graph
the package at '/Users/admin/builder/swift-cwinrt' cannot be accessed (/Users/admin/builder/swift-cwinrt doesn't exist in file system)
Resolve Package Graph
the package at '/Users/admin/builder/swift-cwinrt' cannot be accessed (/Users/admin/builder/swift-cwinrt doesn't exist in file system)
Resolved source packages:
spi-builder-workspace: (null)
2026-09-23 01:27:10.107 xcodebuild[533:3031] Writing error result bundle to /var/folders/xq/y_g06wb113726d38xsyx71_h0000gn/T/ResultBundle_2026-23-09_01-27-0010.xcresult
xcodebuild: error: Could not resolve package dependencies:
the package at '/Users/admin/builder/swift-cwinrt' cannot be accessed (/Users/admin/builder/swift-cwinrt doesn't exist in file system)
Command line invocation:
/Applications/Xcode-27.0.0-Release.Candidate.app/Contents/Developer/usr/bin/xcodebuild -IDEClonedSourcePackagesDirPathOverride=/Users/admin/builder/spi-builder-workspace/.dependencies -resolvePackageDependencies
Resolve Package Graph
the package at '/Users/admin/builder/swift-cwinrt' cannot be accessed (/Users/admin/builder/swift-cwinrt doesn't exist in file system)
Resolved source packages:
spi-builder-workspace: (null)
2026-09-23 01:27:11.211 xcodebuild[603:3713] Writing error result bundle to /var/folders/xq/y_g06wb113726d38xsyx71_h0000gn/T/ResultBundle_2026-23-09_01-27-0011.xcresult
xcodebuild: error: Could not resolve package dependencies:
the package at '/Users/admin/builder/swift-cwinrt' cannot be accessed (/Users/admin/builder/swift-cwinrt doesn't exist in file system)
BUILD FAILURE 6.4 macosXcodebuild