Build Information
Failed to build GoogleCloudGKEMultiCloudV1, reference main (68039d), with Swift 6.2 for Android on 11 Oct 2026 13:40:54 UTC.
Build Command
bash -c docker run --pull=always --rm -v "checkouts-54344843-2":/host -w "$PWD" -e JAVA_HOME="/root/.sdkman/candidates/java/current" -e SPI_BUILD="1" -e SPI_PROCESSING="1" registry.gitlab.com/saguaro1/spi-images:android-6.2-latest swift build --swift-sdk aarch64-unknown-linux-android28 2>&1Build Log
========================================
RunAll
========================================
Builder version: 5.1.1
Interrupt handler set up.
========================================
Checkout
========================================
Clone URL: https://github.com/googleapis/swift-google-cloud-gkemulticloud-v1.git
Reference: main
Initialized empty Git repository in /host/spi-builder-workspace/.git/
hint: Using 'master' as the name for the initial branch. This default branch name
hint: is subject to change. To configure the initial branch name to use in all
hint: of your new repositories, which will suppress this warning, call:
hint:
hint: git config --global init.defaultBranch <name>
hint:
hint: Names commonly chosen instead of 'master' are 'main', 'trunk' and
hint: 'development'. The just-created branch can be renamed via this command:
hint:
hint: git branch -m <name>
From https://github.com/googleapis/swift-google-cloud-gkemulticloud-v1
* branch main -> FETCH_HEAD
* [new branch] main -> origin/main
HEAD is now at 68039d0 chore: release circa 2026-10-07 (#1382)
Cloned https://github.com/googleapis/swift-google-cloud-gkemulticloud-v1.git
Revision (git rev-parse @):
68039d0a41077ebee491d9436b635a48da01521e
SPI manifest file found: $PWD/.spi.yml
SUCCESS checkout https://github.com/googleapis/swift-google-cloud-gkemulticloud-v1.git at main
========================================
Build
========================================
Selected platform: android
Swift version: 6.2
Building package at path: $PWD
https://github.com/googleapis/swift-google-cloud-gkemulticloud-v1.git
Running build ...
bash -c docker run --pull=always --rm -v "checkouts-54344843-2":/host -w "$PWD" -e JAVA_HOME="/root/.sdkman/candidates/java/current" -e SPI_BUILD="1" -e SPI_PROCESSING="1" registry.gitlab.com/saguaro1/spi-images:android-6.2-latest swift build --swift-sdk aarch64-unknown-linux-android28 2>&1
android-6.2-latest: Pulling from saguaro1/spi-images
Digest: sha256:a839c9ce201f1dacc8eb056626ec7ab0a1c6d53d7b77c83feda395f4507c51be
Status: Image is up to date for registry.gitlab.com/saguaro1/spi-images:android-6.2-latest
Fetching https://github.com/googleapis/swift-google-gax
Fetching https://github.com/googleapis/swift-google-type
Fetching https://github.com/googleapis/swift-google-wkt
Fetching https://github.com/googleapis/swift-google-longrunning
Fetching https://github.com/apple/swift-log
Fetching https://github.com/googleapis/swift-google-rpc
[1/422] Fetching swift-google-rpc
[18/8679] Fetching swift-google-rpc, swift-log
[19/9116] Fetching swift-google-rpc, swift-log, swift-google-type
[439/10139] Fetching swift-google-rpc, swift-log, swift-google-type, swift-google-wkt
[736/11887] Fetching swift-google-rpc, swift-log, swift-google-type, swift-google-wkt, swift-google-gax
[950/12506] Fetching swift-google-rpc, swift-log, swift-google-type, swift-google-wkt, swift-google-gax, swift-google-longrunning
Fetched https://github.com/googleapis/swift-google-rpc from cache (0.40s)
[4072/12084] Fetching swift-log, swift-google-type, swift-google-wkt, swift-google-gax, swift-google-longrunning
Fetching https://github.com/googleapis/swift-google-auth
Fetched https://github.com/googleapis/swift-google-type from cache (0.42s)
[6141/11647] Fetching swift-log, swift-google-wkt, swift-google-gax, swift-google-longrunning
Fetched https://github.com/googleapis/swift-google-gax from cache (0.45s)
[8175/8257] Fetching swift-log
Fetched https://github.com/googleapis/swift-google-longrunning from cache (0.52s)
Fetched https://github.com/googleapis/swift-google-wkt from cache (0.52s)
Fetched https://github.com/apple/swift-log from cache (0.52s)
[1/1023] Fetching swift-google-auth
Fetched https://github.com/googleapis/swift-google-auth from cache (0.42s)
Computing version for https://github.com/googleapis/swift-google-wkt
Computed https://github.com/googleapis/swift-google-wkt at 0.5.0 (1.00s)
Fetching https://github.com/swift-extras/swift-extras-base64
[1/954] Fetching swift-extras-base64
Fetched https://github.com/swift-extras/swift-extras-base64 from cache (0.42s)
Computing version for https://github.com/googleapis/swift-google-type
Computed https://github.com/googleapis/swift-google-type at 0.5.0 (0.58s)
Computing version for https://github.com/googleapis/swift-google-rpc
Computed https://github.com/googleapis/swift-google-rpc at 0.5.0 (0.16s)
Computing version for https://github.com/googleapis/swift-google-longrunning
Computed https://github.com/googleapis/swift-google-longrunning at 0.5.0 (0.17s)
Computing version for https://github.com/googleapis/swift-google-gax
Computed https://github.com/googleapis/swift-google-gax at 0.5.0 (0.17s)
Fetching https://github.com/swift-server/async-http-client.git
Fetching https://github.com/apple/swift-nio
[1/16464] Fetching async-http-client
[16465/102838] Fetching async-http-client, swift-nio
Fetched https://github.com/swift-server/async-http-client.git from cache (0.99s)
[11229/86374] Fetching swift-nio
Fetched https://github.com/apple/swift-nio from cache (3.96s)
Computing version for https://github.com/googleapis/swift-google-auth
Computed https://github.com/googleapis/swift-google-auth at 0.5.0 (4.15s)
Fetching https://github.com/vapor/jwt-kit.git
Fetching https://github.com/apple/swift-system.git
[1/7241] Fetching swift-system
[7242/17495] Fetching swift-system, jwt-kit
Fetched https://github.com/apple/swift-system.git from cache (0.92s)
Fetched https://github.com/vapor/jwt-kit.git from cache (0.92s)
Computing version for https://github.com/swift-extras/swift-extras-base64
Computed https://github.com/swift-extras/swift-extras-base64 at 1.2.0 (1.09s)
Computing version for https://github.com/swift-server/async-http-client.git
Computed https://github.com/swift-server/async-http-client.git at 1.36.2 (0.19s)
Fetching https://github.com/apple/swift-service-context.git
Fetching https://github.com/apple/swift-algorithms.git
Fetching https://github.com/apple/swift-nio-http2.git
Fetching https://github.com/apple/swift-configuration.git
Fetching https://github.com/apple/swift-nio-ssl.git
Fetching https://github.com/apple/swift-atomics.git
[1/1500] Fetching swift-service-context
[211/7664] Fetching swift-service-context, swift-algorithms
[726/11592] Fetching swift-service-context, swift-algorithms, swift-configuration
[2169/28463] Fetching swift-service-context, swift-algorithms, swift-configuration, swift-nio-ssl
[7670/30352] Fetching swift-service-context, swift-algorithms, swift-configuration, swift-nio-ssl, swift-atomics
[13228/42646] Fetching swift-service-context, swift-algorithms, swift-configuration, swift-nio-ssl, swift-atomics, swift-nio-http2
Fetched https://github.com/apple/swift-algorithms.git from cache (0.50s)
Fetching https://github.com/apple/swift-distributed-tracing.git
[7186/36482] Fetching swift-service-context, swift-configuration, swift-nio-ssl, swift-atomics, swift-nio-http2
Fetched https://github.com/apple/swift-configuration.git from cache (0.51s)
Fetching https://github.com/apple/swift-nio-extras.git
[3427/32554] Fetching swift-service-context, swift-nio-ssl, swift-atomics, swift-nio-http2
[31543/39257] Fetching swift-service-context, swift-nio-ssl, swift-atomics, swift-nio-http2, swift-nio-extras
[32656/45808] Fetching swift-service-context, swift-nio-ssl, swift-atomics, swift-nio-http2, swift-nio-extras, swift-distributed-tracing
Fetched https://github.com/apple/swift-nio-extras.git from cache (0.63s)
Fetching https://github.com/apple/swift-nio-transport-services.git
Fetched https://github.com/apple/swift-distributed-tracing.git from cache (0.71s)
Fetched https://github.com/apple/swift-service-context.git from cache (1.26s)
Fetched https://github.com/apple/swift-nio-http2.git from cache (1.26s)
Fetched https://github.com/apple/swift-atomics.git from cache (1.50s)
Fetched https://github.com/apple/swift-nio-ssl.git from cache (1.51s)
[1/2867] Fetching swift-nio-transport-services
Fetched https://github.com/apple/swift-nio-transport-services.git from cache (0.64s)
Computing version for https://github.com/apple/swift-service-context.git
Computed https://github.com/apple/swift-service-context.git at 1.3.0 (2.00s)
Computing version for https://github.com/apple/swift-algorithms.git
Computed https://github.com/apple/swift-algorithms.git at 1.2.1 (0.99s)
Fetching https://github.com/apple/swift-numerics.git
[1/6733] Fetching swift-numerics
Fetched https://github.com/apple/swift-numerics.git from cache (0.55s)
Computing version for https://github.com/apple/swift-log
Computed https://github.com/apple/swift-log at 1.16.1 (0.72s)
Computing version for https://github.com/apple/swift-distributed-tracing.git
Computed https://github.com/apple/swift-distributed-tracing.git at 1.5.0 (0.16s)
Computing version for https://github.com/apple/swift-atomics.git
Computed https://github.com/apple/swift-atomics.git at 1.3.1 (0.16s)
Computing version for https://github.com/apple/swift-numerics.git
Computed https://github.com/apple/swift-numerics.git at 1.1.1 (0.15s)
Computing version for https://github.com/apple/swift-nio
Computed https://github.com/apple/swift-nio at 2.104.0 (0.35s)
Fetching https://github.com/apple/swift-collections.git
[1/28703] Fetching swift-collections
Fetched https://github.com/apple/swift-collections.git from cache (1.20s)
Computing version for https://github.com/apple/swift-configuration.git
Computed https://github.com/apple/swift-configuration.git at 1.2.2 (2.09s)
Fetching https://github.com/swift-server/swift-service-lifecycle
[1/2867] Fetching swift-service-lifecycle
Fetched https://github.com/swift-server/swift-service-lifecycle from cache (0.44s)
Computing version for https://github.com/apple/swift-nio-transport-services.git
Computed https://github.com/apple/swift-nio-transport-services.git at 1.28.0 (0.61s)
Computing version for https://github.com/swift-server/swift-service-lifecycle
Computed https://github.com/swift-server/swift-service-lifecycle at 2.12.1 (0.15s)
Fetching https://github.com/apple/swift-async-algorithms.git
[1/6820] Fetching swift-async-algorithms
Fetched https://github.com/apple/swift-async-algorithms.git from cache (0.56s)
Computing version for https://github.com/apple/swift-async-algorithms.git
Computed https://github.com/apple/swift-async-algorithms.git at 1.1.7 (0.77s)
Computing version for https://github.com/apple/swift-collections.git
Computed https://github.com/apple/swift-collections.git at 1.7.2 (0.26s)
Computing version for https://github.com/apple/swift-nio-http2.git
Computed https://github.com/apple/swift-nio-http2.git at 1.46.0 (0.18s)
Computing version for https://github.com/vapor/jwt-kit.git
Computed https://github.com/vapor/jwt-kit.git at 5.7.1 (0.15s)
Fetching https://github.com/apple/swift-certificates.git
Fetching https://github.com/apple/swift-crypto.git
[1/18629] Fetching swift-crypto
[188/26238] Fetching swift-crypto, swift-certificates
Fetched https://github.com/apple/swift-certificates.git from cache (0.56s)
[2050/18629] Fetching swift-crypto
Fetched https://github.com/apple/swift-crypto.git from cache (1.27s)
Computing version for https://github.com/apple/swift-crypto.git
Computed https://github.com/apple/swift-crypto.git at 4.5.2 (1.96s)
Fetching https://github.com/apple/swift-asn1.git
[1/2009] Fetching swift-asn1
Fetched https://github.com/apple/swift-asn1.git from cache (0.39s)
Computing version for https://github.com/apple/swift-asn1.git
Computed https://github.com/apple/swift-asn1.git at 1.7.3 (0.59s)
Computing version for https://github.com/apple/swift-certificates.git
Computed https://github.com/apple/swift-certificates.git at 1.21.0 (0.22s)
Computing version for https://github.com/apple/swift-nio-ssl.git
Computed https://github.com/apple/swift-nio-ssl.git at 2.37.5 (0.20s)
Computing version for https://github.com/apple/swift-system.git
Computed https://github.com/apple/swift-system.git at 1.8.1 (0.19s)
Computing version for https://github.com/apple/swift-nio-extras.git
Computed https://github.com/apple/swift-nio-extras.git at 1.35.1 (0.27s)
Fetching https://github.com/apple/swift-http-types.git
Fetching https://github.com/apple/swift-http-structured-headers.git
[1/1939] Fetching swift-http-types
[2/3192] Fetching swift-http-types, swift-http-structured-headers
Fetched https://github.com/apple/swift-http-structured-headers.git from cache (0.41s)
Fetched https://github.com/apple/swift-http-types.git from cache (0.41s)
Computing version for https://github.com/apple/swift-http-structured-headers.git
Computed https://github.com/apple/swift-http-structured-headers.git at 1.7.0 (0.58s)
Computing version for https://github.com/apple/swift-http-types.git
Computed https://github.com/apple/swift-http-types.git at 1.8.0 (0.18s)
Creating working copy for https://github.com/apple/swift-asn1.git
Working copy of https://github.com/apple/swift-asn1.git resolved at 1.7.3
Creating working copy for https://github.com/apple/swift-distributed-tracing.git
Working copy of https://github.com/apple/swift-distributed-tracing.git resolved at 1.5.0
Creating working copy for https://github.com/googleapis/swift-google-type
Working copy of https://github.com/googleapis/swift-google-type resolved at 0.5.0
Creating working copy for https://github.com/apple/swift-crypto.git
Working copy of https://github.com/apple/swift-crypto.git resolved at 4.5.2
Creating working copy for https://github.com/swift-extras/swift-extras-base64
Working copy of https://github.com/swift-extras/swift-extras-base64 resolved at 1.2.0
Creating working copy for https://github.com/googleapis/swift-google-rpc
Working copy of https://github.com/googleapis/swift-google-rpc resolved at 0.5.0
Creating working copy for https://github.com/apple/swift-certificates.git
Working copy of https://github.com/apple/swift-certificates.git resolved at 1.21.0
Creating working copy for https://github.com/googleapis/swift-google-longrunning
Working copy of https://github.com/googleapis/swift-google-longrunning resolved at 0.5.0
Creating working copy for https://github.com/apple/swift-configuration.git
Working copy of https://github.com/apple/swift-configuration.git resolved at 1.2.2
Creating working copy for https://github.com/apple/swift-algorithms.git
Working copy of https://github.com/apple/swift-algorithms.git resolved at 1.2.1
Creating working copy for https://github.com/swift-server/async-http-client.git
Working copy of https://github.com/swift-server/async-http-client.git resolved at 1.36.2
Creating working copy for https://github.com/apple/swift-http-structured-headers.git
Working copy of https://github.com/apple/swift-http-structured-headers.git resolved at 1.7.0
Creating working copy for https://github.com/apple/swift-nio
Working copy of https://github.com/apple/swift-nio resolved at 2.104.0
Creating working copy for https://github.com/apple/swift-http-types.git
Working copy of https://github.com/apple/swift-http-types.git resolved at 1.8.0
Creating working copy for https://github.com/apple/swift-nio-extras.git
Working copy of https://github.com/apple/swift-nio-extras.git resolved at 1.35.1
Creating working copy for https://github.com/apple/swift-system.git
Working copy of https://github.com/apple/swift-system.git resolved at 1.8.1
Creating working copy for https://github.com/apple/swift-nio-transport-services.git
Working copy of https://github.com/apple/swift-nio-transport-services.git resolved at 1.28.0
Creating working copy for https://github.com/apple/swift-nio-http2.git
Working copy of https://github.com/apple/swift-nio-http2.git resolved at 1.46.0
Creating working copy for https://github.com/apple/swift-log
Working copy of https://github.com/apple/swift-log resolved at 1.16.1
Creating working copy for https://github.com/apple/swift-service-context.git
Working copy of https://github.com/apple/swift-service-context.git resolved at 1.3.0
Creating working copy for https://github.com/apple/swift-async-algorithms.git
Working copy of https://github.com/apple/swift-async-algorithms.git resolved at 1.1.7
Creating working copy for https://github.com/googleapis/swift-google-auth
Working copy of https://github.com/googleapis/swift-google-auth resolved at 0.5.0
Creating working copy for https://github.com/apple/swift-numerics.git
Working copy of https://github.com/apple/swift-numerics.git resolved at 1.1.1
Creating working copy for https://github.com/apple/swift-collections.git
Working copy of https://github.com/apple/swift-collections.git resolved at 1.7.2
Creating working copy for https://github.com/vapor/jwt-kit.git
Working copy of https://github.com/vapor/jwt-kit.git resolved at 5.7.1
Creating working copy for https://github.com/apple/swift-nio-ssl.git
Working copy of https://github.com/apple/swift-nio-ssl.git resolved at 2.37.5
Creating working copy for https://github.com/googleapis/swift-google-gax
Working copy of https://github.com/googleapis/swift-google-gax resolved at 0.5.0
Creating working copy for https://github.com/googleapis/swift-google-wkt
Working copy of https://github.com/googleapis/swift-google-wkt resolved at 0.5.0
Creating working copy for https://github.com/swift-server/swift-service-lifecycle
Working copy of https://github.com/swift-server/swift-service-lifecycle resolved at 2.12.1
Creating working copy for https://github.com/apple/swift-atomics.git
Working copy of https://github.com/apple/swift-atomics.git resolved at 1.3.1
Building for debugging...
[0/1114] Compiling _NumericsShims _NumericsShims.c
[0/1114] Write sources
[5/1114] Compiling _AtomicsShims.c
[5/1114] Write sources
[44/1114] Compiling CXKCPShims shims.c
[45/1114] Compiling SimpleFIPS202.c
[46/1114] Compiling KeccakSponge.c
[47/1114] Compiling asn_pack.cc
[48/1114] Compiling KeccakHash.c
[49/1114] Compiling get_cipher.cc
[50/1114] Compiling CSystem shims.c
[51/1114] Compiling CNIOWindows shim.c
[52/1114] Compiling CNIOWindows WSAStartup.c
[53/1114] Compiling CNIOWASI CNIOWASI.c
[54/1114] Compiling CNIOPosix event_loop_id.c
[55/1114] Compiling CNIOOpenBSD shim.c
[56/1114] Compiling a_dup.cc
[57/1114] Compiling CNIOLinux liburing_shims.c
[58/1114] Compiling KeccakP-1600-opt64.c
[59/1114] Compiling CNIOLLHTTP c_nio_http.c
[60/1114] Compiling CNIOFreeBSD shim.c
[61/1114] Compiling CNIOLinux shim.c
[62/1114] Compiling CNIOLLHTTP c_nio_api.c
[63/1114] Compiling asn1_par.cc
[64/1114] Compiling a_d2i_fp.cc
[65/1114] Compiling CNIOExtrasZlib inftrees.c
[66/1114] Compiling CNIOExtrasZlib zutil.c
[67/1114] Compiling CNIOExtrasZlib inffast.c
[68/1114] Compiling CNIOExtrasZlib trees.c
[69/1114] Compiling CNIODarwin shim.c
[70/1114] Compiling CNIOExtrasZlib adler32.c
[71/1114] Compiling CNIOExtrasZlib crc32.c
[72/1114] Compiling CNIOExtrasZlib inflate.c
[73/1114] Compiling fiat_p256_adx_sqr.S
[74/1114] Compiling fiat_curve25519_adx_square.S
[75/1114] Compiling fiat_p256_adx_mul.S
[76/1114] Compiling fiat_curve25519_adx_mul.S
[77/1114] Compiling CNIOLLHTTP c_nio_llhttp.c
[78/1114] Compiling CNIOExtrasZlib deflate.c
[79/1114] Write swift-version--11D90AFD9DD3AB2.txt
[80/1114] Compiling a_gentm.cc
[81/1118] Compiling CNIOBoringSSLShims shims.c
[82/1120] Compiling tls13_enc.cc
[83/1122] Compiling tls_record.cc
[84/1140] Compiling tls_method.cc
[85/1159] Compiling tls13_both.cc
[86/1167] Compiling tls13_client.cc
[87/1184] Compiling tls13_server.cc
[89/1201] Compiling Logging LogEvent.swift
[90/1201] Compiling Logging LogHandler.swift
[91/1201] Emitting module RealModule
[92/1202] Compiling _NIOBase64 Base64.swift
[93/1202] Emitting module _NIOBase64
[94/1202] Compiling SwiftASN1 TimeUtilities.swift
[95/1202] Compiling SwiftASN1 UTCTime.swift
[96/1204] Compiling RealModule RelaxedArithmetic.swift
[97/1205] Compiling _CertificateInternals _TinyArray.swift
[98/1205] Emitting module _CertificateInternals
[100/1206] Emitting module ServiceContextModule
[101/1206] Compiling ServiceContextModule ServiceContextKey.swift
[102/1206] Compiling ServiceContextModule ServiceContext.swift
[104/1207] Compiling Logging SwiftLogNoOpLogHandler.swift
[105/1207] Compiling Logging Locks.swift
[106/1207] Compiling RealModule RealFunctions.swift
[107/1235] Compiling RealModule Float16+Real.swift
[108/1235] Compiling RealModule Real.swift
[109/1235] Compiling RealModule Float80+Real.swift
[110/1235] Compiling InternalCollectionsUtilities Debugging.swift
[111/1235] Compiling InternalCollectionsUtilities Descriptions.swift
[112/1235] Compiling InternalCollectionsUtilities FixedWidthInteger+roundUpToPowerOfTwo.swift
[113/1235] Compiling InternalCollectionsUtilities Integer rank.swift
[114/1235] Compiling InternalCollectionsUtilities UInt+first and last set bit.swift
[116/1237] Compiling InternalCollectionsUtilities BorrowingIteratorProtocol+Equality.swift
[117/1238] Compiling InternalCollectionsUtilities BorrowingIteratorProtocol+Extras.swift
[119/1241] Wrapping AST for _NIOBase64 for debugging
[122/1241] Emitting module SystemPackage
[123/1246] Compiling Logging LoggingSystem.swift
[124/1247] Emitting module _NIODataStructures
[124/1253] Wrapping AST for _CertificateInternals for debugging
[126/1253] Compiling _NIODataStructures PriorityQueue.swift
[131/1253] Compiling _NIODataStructures Heap.swift
[132/1253] Compiling _NIODataStructures _TinyArray.swift
[133/1257] Compiling InternalCollectionsUtilities UnsafeMutablePointer+Extras.swift
[134/1257] Compiling InternalCollectionsUtilities UnsafeMutableRawBufferPointer+Extras.swift
[135/1257] Compiling InternalCollectionsUtilities UnsafePointer+Extras.swift
[135/1257] Wrapping AST for ServiceContextModule for debugging
[137/1257] Wrapping AST for RealModule for debugging
[138/1257] Wrapping AST for _NIODataStructures for debugging
[140/1257] Compiling Instrumentation Instrument.swift
[141/1257] Compiling Logging Logger.swift
[142/1257] Compiling Logging Logger+Attributes.swift
[143/1257] Compiling Instrumentation NoOpInstrument.swift
[144/1257] Compiling Logging Logger+With.swift
[145/1257] Compiling Instrumentation MultiplexInstrument.swift
[146/1257] Compiling InternalCollectionsUtilities UnsafeRawBufferPointer+Extras.swift
[147/1257] Compiling InternalCollectionsUtilities _SortedCollection.swift
[148/1257] Compiling InternalCollectionsUtilities _UniqueCollection.swift
[149/1257] Emitting module Instrumentation
[150/1257] Compiling InternalCollectionsUtilities String+Padding.swift
[151/1257] Compiling InternalCollectionsUtilities TemporaryAllocation.swift
[152/1257] Compiling InternalCollectionsUtilities _UnsafeBitSet+Index.swift
[153/1257] Compiling InternalCollectionsUtilities MutableSpan+Extras.swift
[154/1257] Compiling InternalCollectionsUtilities OutputSpan+Extras.swift
[158/1257] Compiling InternalCollectionsUtilities UInt+reversed.swift
[159/1257] Compiling InternalCollectionsUtilities Iterable+CopyContents.swift
[160/1257] Compiling InternalCollectionsUtilities Iterable+Equality.swift
[161/1257] Compiling InternalCollectionsUtilities LifetimeOverride.swift
[162/1257] Compiling InternalCollectionsUtilities MutableRef.swift
[162/1257] Compiling t1_enc.cc
[164/1257] Emitting module SwiftASN1
[165/1257] Emitting module InternalCollectionsUtilities
[166/1257] Compiling SystemPackage SystemString.swift
[167/1257] Compiling SystemPackage Util+StringArray.swift
[168/1257] Compiling SystemPackage Util.swift
[169/1257] Compiling SystemPackage UtilConsumers.swift
[170/1257] Compiling SystemPackage WinSDK+Overlay.swift
[173/1257] Compiling InternalCollectionsUtilities _UnsafeBitSet.swift
[174/1257] Compiling InternalCollectionsUtilities UnsafeBufferPointer+Extras.swift
[175/1257] Compiling InternalCollectionsUtilities UnsafeMutableBufferPointer+Extras.swift
[182/1257] Compiling SystemPackage PlatformString.swift
[190/1257] Emitting module Logging
[193/1257] Compiling Instrumentation Locks.swift
[194/1257] Compiling Instrumentation InstrumentationSystem.swift
[195/1258] Compiling SystemPackage Backcompat.swift
[196/1258] Compiling SystemPackage CInterop.swift
[197/1258] Compiling SystemPackage Constants.swift
[198/1258] Compiling SystemPackage Exports.swift
[199/1258] Compiling SystemPackage Mocking.swift
[202/1258] Compiling InternalCollectionsUtilities RandomAccessCollection+Offsets.swift
[203/1258] Compiling InternalCollectionsUtilities Span+Extras.swift
[204/1258] Compiling InternalCollectionsUtilities _UnsafeBitSet+_Word.swift
[212/1258] Compiling InternalCollectionsUtilities Strideable+LimitHelpers.swift
[220/1258] Compiling Logging MetadataProvider.swift
[224/1261] Wrapping AST for SwiftASN1 for debugging
[225/1267] Wrapping AST for SystemPackage for debugging
[226/1269] Wrapping AST for Logging for debugging
[239/1270] Wrapping AST for Instrumentation for debugging
[242/1270] Compiling ExtrasBase64 Base32+Span.swift
[243/1270] Compiling Tracing InstrumentationSystem+Tracing.swift
[244/1271] Compiling Tracing TracingTime.swift
[245/1271] Compiling Tracing TracerProtocol.swift
[246/1271] Emitting module Tracing
[247/1271] Compiling Tracing WithTracer.swift
[247/1271] Compiling ssl_versions.cc
[249/1271] Compiling Tracing Tracer.swift
[250/1271] Compiling Tracing TracerProtocol+Legacy.swift
[250/1271] Compiling ssl_x509.cc
[251/1275] Wrapping AST for InternalCollectionsUtilities for debugging
[253/1275] Emitting module SpanPreview
[254/1275] Compiling SpanPreview OutputSpan+InputSpanHelpers.swift
[255/1275] Compiling SpanPreview InputSpan.swift
[256/1275] Compiling SpanPreview MutableSpan+InputSpanHelpers.swift
[256/1276] Compiling ssl_transcript.cc
[259/1276] Compiling Tracing NoOpTracer.swift
[260/1276] Compiling Tracing SpanProtocol.swift
[261/1319] Compiling ssl_privkey.cc
[262/1319] Wrapping AST for Tracing for debugging
[263/1319] Wrapping AST for SpanPreview for debugging
[264/1319] Compiling ssl_stat.cc
[266/1319] Compiling DequeModule _DequeBuffer.swift
[267/1319] Compiling DequeModule _DequeBufferHeader.swift
[268/1319] Compiling DequeModule RigidDeque+Append.swift
[269/1319] Compiling DequeModule RigidDeque+Consumption.swift
[270/1319] Compiling DequeModule RigidDeque+ContainerOperations.swift
[271/1319] Compiling DequeModule RigidDeque+Deprecations.swift
[272/1324] Compiling DequeModule UniqueDeque+Consumption.swift
[273/1324] Compiling DequeModule UniqueDeque+ContainerOperations.swift
[274/1324] Compiling DequeModule UniqueDeque+Deprecations.swift
[275/1324] Compiling DequeModule UniqueDeque+Descriptions.swift
[276/1324] Compiling DequeModule UniqueDeque+Equatable.swift
[277/1324] Compiling DequeModule UniqueDeque+Hashable.swift
[278/1324] Compiling DequeModule UniqueDeque+Initializers.swift
[279/1324] Compiling DequeModule UniqueDeque+Insertions.swift
[280/1324] Compiling DequeModule UniqueDeque+Iterable.swift
[281/1324] Compiling DequeModule UniqueDeque+Prepend.swift
[282/1324] Compiling DequeModule UniqueDeque+Removals.swift
[283/1324] Compiling DequeModule RigidDeque+Prepend.swift
[284/1324] Compiling DequeModule RigidDeque+Removals.swift
[285/1324] Compiling DequeModule RigidDeque+Replacements.swift
[286/1324] Compiling DequeModule RigidDeque+Testing.swift
[287/1324] Compiling DequeModule RigidDeque.swift
[288/1324] Compiling DequeModule UniqueDeque+Append.swift
[289/1324] Compiling DequeModule RigidDeque+Descriptions.swift
[290/1324] Compiling DequeModule RigidDeque+Equatable.swift
[291/1324] Compiling DequeModule RigidDeque+Hashable.swift
[292/1324] Compiling DequeModule RigidDeque+Initializers.swift
[293/1324] Compiling DequeModule RigidDeque+Insertions.swift
[294/1324] Compiling DequeModule RigidDeque+Iterable.swift
[294/1324] Compiling ssl_key_share.cc
[296/1324] Compiling DequeModule Deque+Extras.swift
[297/1324] Compiling DequeModule Deque+Hashable.swift
[298/1324] Compiling DequeModule Deque+Testing.swift
[299/1324] Compiling DequeModule Deque._Storage.swift
[300/1324] Compiling DequeModule Deque._UnsafeHandle.swift
[301/1324] Compiling DequeModule Deque.swift
[302/1324] Compiling DequeModule Deque+Codable.swift
[303/1324] Compiling DequeModule Deque+Collection.swift
[304/1324] Compiling DequeModule Deque+CustomReflectable.swift
[305/1324] Compiling DequeModule Deque+Descriptions.swift
[306/1324] Compiling DequeModule Deque+Equatable.swift
[307/1324] Compiling DequeModule Deque+ExpressibleByArrayLiteral.swift
[307/1324] Compiling ssl_session.cc
[308/1324] Compiling ssl_cert.cc
[309/1324] Compiling ssl_file.cc
[310/1324] Compiling ssl_asn1.cc
[311/1324] Compiling ssl_credential.cc
[312/1324] Compiling s3_pkt.cc
[313/1324] Compiling ssl_lib.cc
[314/1324] Compiling ssl_cipher.cc
[315/1324] Compiling ssl_buffer.cc
[316/1324] Compiling s3_both.cc
[318/1324] Emitting module DequeModule
[318/1324] Compiling ssl_aead_ctx.cc
[319/1324] Compiling s3_lib.cc
[320/1324] Compiling handshake_server.cc
[321/1324] Compiling handshake_client.cc
[322/1324] Compiling handshake.cc
[323/1324] Compiling dtls_method.cc
[325/1324] Compiling DequeModule UniqueDeque+Replacements.swift
[326/1324] Compiling DequeModule UniqueDeque.swift
[327/1324] Compiling DequeModule _DequeSlot.swift
[328/1324] Compiling DequeModule _UnsafeDequeHandle.swift
[329/1324] Compiling DequeModule _UnsafeDequeSegments.swift
[330/1325] Compiling d1_pkt.cc
[332/1325] Compiling ExtrasBase64 Base64.swift
[333/1325] Compiling ExtrasBase64 Base64+Span.swift
[334/1325] Compiling ExtrasBase64 Base32.swift
[334/1325] Compiling handoff.cc
[335/1368] Wrapping AST for DequeModule for debugging
[336/1368] Compiling d1_lib.cc
[338/1368] Emitting module ExtrasBase64
[339/1369] Compiling encrypted_client_hello.cc
[340/1369] Wrapping AST for ExtrasBase64 for debugging
[341/1369] Compiling md5-x86_64-linux.S
[342/1369] Compiling md5-x86_64-apple.S
[343/1374] Compiling md5-586-linux.S
[344/1400] Compiling md5-586-apple.S
[346/1400] Emitting module Configuration
[346/1405] Compiling bio_ssl.cc
[347/1405] Compiling chacha20_poly1305_x86_64-linux.S
[348/1405] Compiling chacha20_poly1305_x86_64-apple.S
[349/1405] Compiling chacha20_poly1305_armv8-win.S
[350/1405] Compiling chacha20_poly1305_armv8-linux.S
[351/1405] Compiling extensions.cc
[352/1405] Compiling chacha-x86_64-linux.S
[353/1405] Compiling chacha20_poly1305_armv8-apple.S
[354/1405] Compiling chacha-x86_64-apple.S
[355/1405] Compiling chacha-x86-apple.S
[356/1405] Compiling chacha-x86-linux.S
[357/1405] Compiling d1_srtp.cc
[358/1405] Compiling chacha-armv8-win.S
[359/1405] Compiling chacha-armv8-apple.S
[360/1405] Compiling chacha-armv4-linux.S
[361/1405] Compiling aes128gcmsiv-x86_64-linux.S
[362/1405] Compiling aes128gcmsiv-x86_64-apple.S
[363/1405] Compiling chacha-armv8-linux.S
[364/1405] Compiling x86_64-mont5-apple.S
[365/1405] Compiling x86_64-mont-linux.S
[366/1405] Compiling x86_64-mont5-linux.S
[367/1405] Compiling x86-mont-linux.S
[368/1405] Compiling dtls_record.cc
[369/1405] Compiling x86_64-mont-apple.S
[370/1405] Compiling x86-mont-apple.S
[371/1405] Compiling vpaes-x86_64-apple.S
[372/1405] Compiling vpaes-x86_64-linux.S
[373/1405] Compiling vpaes-armv8-win.S
[374/1405] Compiling vpaes-x86-linux.S
[375/1405] Compiling vpaes-x86-apple.S
[376/1405] Compiling vpaes-armv7-linux.S
[377/1405] Compiling sha512-x86_64-linux.S
[378/1405] Compiling vpaes-armv8-linux.S
[379/1405] Compiling vpaes-armv8-apple.S
[380/1405] Compiling sha512-x86_64-apple.S
[381/1405] Compiling sha512-armv8-win.S
[382/1405] Compiling sha512-armv8-linux.S
[383/1405] Compiling sha512-armv4-linux.S
[384/1405] Compiling sha256-x86_64-linux.S
[385/1405] Compiling sha512-586-apple.S
[386/1405] Compiling sha512-586-linux.S
[387/1405] Compiling sha512-armv8-apple.S
[388/1405] Compiling sha256-armv8-linux.S
[389/1405] Compiling sha256-x86_64-apple.S
[390/1405] Compiling sha256-armv8-win.S
[391/1405] Compiling sha256-586-linux.S
[392/1405] Compiling sha256-armv4-linux.S
[393/1405] Compiling sha256-armv8-apple.S
[394/1405] Compiling sha1-armv8-win.S
[395/1405] Compiling sha1-x86_64-apple.S
[396/1405] Compiling sha256-586-apple.S
[397/1405] Compiling sha1-x86_64-linux.S
[398/1405] Compiling sha1-armv4-large-linux.S
[399/1405] Compiling sha1-armv8-apple.S
[400/1405] Compiling sha1-586-linux.S
[401/1405] Compiling sha1-armv8-linux.S
[402/1405] Compiling rsaz-avx2-apple.S
[403/1405] Compiling rsaz-avx2-linux.S
[404/1405] Compiling sha1-586-apple.S
[405/1405] Compiling rdrand-x86_64-linux.S
[406/1405] Compiling err_data.cc
[407/1405] Compiling rdrand-x86_64-apple.S
[408/1405] Compiling p256_beeu-armv8-asm-win.S
[409/1405] Compiling p256_beeu-x86_64-asm-linux.S
[410/1405] Compiling p256_beeu-x86_64-asm-apple.S
[411/1405] Compiling p256_beeu-armv8-asm-apple.S
[412/1405] Compiling p256-armv8-asm-win.S
[413/1405] Compiling p256-x86_64-asm-apple.S
[414/1405] Compiling p256-armv8-asm-linux.S
[415/1405] Compiling p256_beeu-armv8-asm-linux.S
[416/1405] Compiling p256-x86_64-asm-linux.S
[417/1405] Compiling ghashv8-armv8-apple.S
[418/1405] Compiling ghashv8-armv8-linux.S
[419/1405] Compiling p256-armv8-asm-apple.S
[420/1405] Compiling ghashv8-armv8-win.S
[421/1405] Compiling ghashv8-armv7-linux.S
[422/1405] Compiling ghash-x86_64-apple.S
[423/1405] Compiling ghash-x86_64-linux.S
[424/1405] Compiling ghash-x86-linux.S
[425/1405] Compiling ghash-x86-apple.S
[426/1405] Compiling ghash-ssse3-x86_64-linux.S
[427/1405] Compiling ghash-ssse3-x86_64-apple.S
[428/1405] Compiling ghash-ssse3-x86-linux.S
[429/1405] Compiling ghash-neon-armv8-win.S
[430/1405] Compiling ghash-neon-armv8-apple.S
[430/1405] Compiling ghash-neon-armv8-linux.S
[432/1405] Compiling ghash-ssse3-x86-apple.S
[433/1405] Compiling co-586-apple.S
[434/1405] Compiling ghash-armv4-linux.S
[435/1405] Compiling bn-armv8-win.S
[436/1405] Compiling co-586-linux.S
[437/1405] Compiling bsaes-armv7-linux.S
[438/1405] Compiling bn-armv8-apple.S
[439/1405] Compiling bn-586-linux.S
[440/1405] Compiling bn-armv8-linux.S
[441/1405] Compiling armv8-mont-linux.S
[442/1405] Compiling armv8-mont-apple.S
[443/1405] Compiling armv8-mont-win.S
[444/1405] Compiling bn-586-apple.S
[445/1405] Compiling armv4-mont-linux.S
[446/1405] Compiling aesv8-gcm-armv8-apple.S
[447/1405] Compiling aesv8-armv8-win.S
[448/1405] Compiling aesv8-gcm-armv8-win.S
[449/1405] Compiling aesv8-gcm-armv8-linux.S
[450/1405] Compiling aesni-x86_64-apple.S
[451/1405] Compiling aesni-x86_64-linux.S
[452/1405] Compiling aesv8-armv8-linux.S
[453/1405] Compiling aesv8-armv7-linux.S
[454/1405] Compiling aesv8-armv8-apple.S
[455/1405] Compiling aesni-x86-apple.S
[456/1405] Compiling aesni-x86-linux.S
[457/1405] Compiling aesni-gcm-x86_64-linux.S
[458/1405] Compiling aes-gcm-avx2-x86_64-apple.S
[459/1405] Compiling aesni-gcm-x86_64-apple.S
[460/1405] Compiling aes-gcm-avx2-x86_64-linux.S
[461/1405] Compiling aes-gcm-avx10-x86_64-linux.S
[462/1405] Compiling aes-gcm-avx10-x86_64-apple.S
[463/1405] Compiling d1_both.cc
[465/1405] Compiling GoogleWKT WKTDoubleValue.swift
[466/1405] Compiling GoogleWKT WKTDuration.swift
[467/1405] Compiling GoogleWKT WKTEmpty.swift
[468/1405] Compiling GoogleWKT WKTFieldMask.swift
[469/1405] Compiling GoogleWKT WKTFloatValue.swift
[470/1405] Compiling GoogleWKT WKTInt32Value.swift
[471/1405] Compiling GoogleWKT WKTInt64Value.swift
[472/1405] Compiling GoogleWKT WKTRecursive.swift
[473/1409] Compiling GoogleWKT WKTField.swift
[474/1409] Compiling GoogleWKT WKTMethod.swift
[475/1409] Compiling GoogleWKT WKTMixin.swift
[476/1409] Compiling GoogleWKT WKTOption.swift
[477/1409] Compiling GoogleWKT WKTStringValue.swift
[478/1409] Compiling GoogleWKT WKTTimestamp.swift
[479/1409] Compiling GoogleWKT WKTUInt32Value.swift
[480/1409] Compiling GoogleWKT WKTUInt64Value.swift
[481/1409] Compiling GoogleWKT WKTValue.swift
[482/1409] Compiling GoogleWKT WKTApi.swift
[483/1409] Compiling GoogleWKT WKTEnum.swift
[484/1409] Compiling GoogleWKT WKTEnumValue.swift
[485/1409] Compiling GoogleWKT UnknownFields.swift
[486/1409] Compiling GoogleWKT WKTAny.swift
[487/1409] Compiling GoogleWKT WKTAnyError.swift
[488/1409] Compiling GoogleWKT WKTBoolValue.swift
[489/1409] Compiling GoogleWKT WKTBytesValue.swift
[489/1409] Compiling x_x509a.cc
[491/1409] Emitting module GoogleWKT
[492/1409] Compiling GoogleWKT AnyPackable.swift
[493/1409] Compiling GoogleWKT DecodeToDefault.swift
[494/1409] Compiling GoogleWKT DiscoveryBase64.swift
[495/1409] Compiling GoogleWKT ProtoJSONDecoder.swift
[496/1409] Compiling GoogleWKT ProtoJSONEncoder.swift
[496/1409] Compiling x_req.cc
[498/1409] Compiling Configuration CombineLatestManyStorage.swift
[499/1409] Compiling Configuration AsyncSequences.swift
[500/1409] Compiling Configuration FoundationExtensions.swift
[501/1409] Compiling Configuration Span.swift
[502/1409] Compiling Configuration ConfigBytesFromStringDecoder.swift
[515/1409] Compiling GoogleWKT WKTSourceContext.swift
[516/1409] Compiling GoogleWKT WKTSyntax.swift
[517/1409] Compiling GoogleWKT WKTType.swift
[518/1409] Compiling GoogleWKT PackageVersion.swift
[529/1410] Compiling Configuration AsyncCombineLatestManySequence.swift
[530/1410] Compiling Configuration CombineLatestManyStateMachine.swift
[531/1410] Compiling Configuration JSONSnapshot.swift
[532/1410] Compiling Configuration PropertyListSnapshot.swift
[533/1410] Compiling Configuration ReloadingFileProvider.swift
[534/1410] Compiling Configuration ReloadingFileProviderMetrics.swift
[535/1410] Compiling Configuration YAMLSnapshot.swift
[536/1410] Compiling Configuration InMemoryProvider.swift
[537/1410] Compiling x_val.cc
[544/1410] Compiling x_spki.cc
[545/1410] Compiling x_sig.cc
[546/1410] Compiling x_x509.cc
[547/1426] Wrapping AST for GoogleWKT for debugging
[548/1443] Compiling x_exten.cc
[550/1443] Compiling GoogleRpc LocalizedMessage.swift
[551/1443] Compiling GoogleRpc PackageVersion.swift
[551/1443] Compiling x_name.cc
[553/1445] Emitting module GoogleRpc
[553/1445] Compiling x_pubkey.cc
[556/1445] Compiling GoogleRpc PreconditionFailure.swift
[557/1447] Compiling GoogleRpc DebugInfo.swift
[558/1447] Compiling GoogleRpc ErrorInfo.swift
[559/1447] Compiling GoogleRpc HttpRequest.swift
[560/1447] Compiling GoogleRpc HttpResponse.swift
[561/1447] Compiling GoogleRpc Help.swift
[562/1447] Compiling GoogleRpc HttpHeader.swift
[563/1447] Compiling GoogleRpc RequestInfo.swift
[564/1447] Compiling GoogleRpc ResourceInfo.swift
[566/1447] Compiling GoogleRpc QuotaFailure.swift
[567/1447] Compiling GoogleRpc BadRequest.swift
[568/1447] Compiling GoogleRpc Code.swift
[572/1447] Compiling GoogleRpc Status.swift
[573/1447] Compiling GoogleType Month.swift
[577/1447] Compiling GoogleRpc RetryInfo.swift
[577/1447] Compiling x_crl.cc
[582/1447] Emitting module GoogleType
[589/1448] Compiling GoogleType TimeOfDay.swift
[590/1448] Compiling GoogleType TimeZone.swift
[590/1449] Compiling x_attrib.cc
[592/1449] Wrapping AST for GoogleRpc for debugging
[593/1449] Wrapping AST for GoogleType for debugging
[594/1449] Compiling x509spki.cc
[595/1449] Compiling x_all.cc
[596/1449] Compiling x509_vpm.cc
[597/1449] Compiling x_algor.cc
[598/1449] Compiling x509rset.cc
[599/1449] Compiling x509name.cc
[600/1449] Compiling x509_txt.cc
[601/1449] Compiling x509_trs.cc
[602/1449] Compiling x509cset.cc
[610/1450] Compiling x509_lu.cc
[611/1450] Compiling x509_v3.cc
[612/1450] Wrapping AST for Configuration for debugging
[613/1450] Compiling x509_vfy.cc
[614/1450] Compiling x509_req.cc
[615/1450] Compiling x509_obj.cc
[616/1450] Compiling x509_set.cc
[617/1450] Compiling x509_cmp.cc
[618/1450] Compiling x509_att.cc
[619/1450] Compiling x509_ext.cc
[620/1450] Compiling x509_def.cc
[621/1450] Compiling x509_d2.cc
[622/1450] Compiling v3_prn.cc
[623/1450] Compiling v3_purp.cc
[624/1450] Compiling x509.cc
[625/1450] Compiling v3_skey.cc
[626/1450] Compiling v3_ncons.cc
[627/1450] Compiling v3_utl.cc
[628/1450] Compiling v3_int.cc
[629/1450] Compiling v3_ia5.cc
[630/1450] Compiling v3_pmaps.cc
[631/1450] Compiling v3_pcons.cc
[632/1450] Compiling v3_extku.cc
[633/1450] Compiling v3_ocsp.cc
[634/1450] Compiling v3_lib.cc
[635/1450] Compiling v3_enum.cc
[636/1450] Compiling v3_info.cc
[637/1450] Compiling v3_conf.cc
[638/1450] Compiling v3_genn.cc
[639/1450] Compiling v3_cpols.cc
[640/1450] Compiling v3_crld.cc
[641/1450] Compiling v3_bitst.cc
[642/1450] Compiling v3_bcons.cc
[643/1450] Compiling v3_akey.cc
[644/1450] Compiling v3_akeya.cc
[645/1450] Compiling t_x509a.cc
[646/1450] Compiling v3_alt.cc
[647/1450] Compiling t_x509.cc
[648/1450] Compiling t_crl.cc
[649/1450] Compiling t_req.cc
[650/1450] Compiling policy.cc
[651/1450] Compiling i2d_pr.cc
[652/1450] Compiling rsa_pss.cc
[653/1450] Compiling a_sign.cc
[654/1450] Compiling name_print.cc
[655/1450] Compiling by_file.cc
[656/1450] Compiling voprf.cc
[657/1450] Compiling a_verify.cc
[657/1450] Compiling asn1_gen.cc
[659/1450] Compiling by_dir.cc
[660/1450] Compiling algorithm.cc
[661/1450] Compiling thread_win.cc
[662/1450] Compiling a_digest.cc
[663/1450] Compiling stack.cc
[664/1450] Compiling pmbtoken.cc
[665/1450] Compiling thread_pthread.cc
[666/1450] Compiling thread_none.cc
[667/1450] Compiling thread.cc
[668/1450] Compiling trust_token.cc
[669/1450] Compiling sha1.cc
[670/1450] Compiling siphash.cc
[671/1450] Compiling sha256.cc
[672/1450] Compiling rsa_crypt.cc
[673/1450] Compiling slhdsa.cc
[674/1450] Compiling rsa_extra.cc
[675/1450] Compiling spake2plus.cc
[676/1450] Compiling sha512.cc
[677/1450] Compiling windows.cc
[678/1450] Compiling rsa_print.cc
[679/1450] Compiling refcount.cc
[680/1450] Compiling rc4.cc
[681/1450] Compiling forkunsafe.cc
[682/1450] Compiling passive.cc
[683/1450] Compiling trusty.cc
[684/1450] Compiling fork_detect.cc
[685/1450] Compiling urandom.cc
[686/1450] Compiling rand.cc
[687/1450] Compiling poly1305_arm_asm.S
[688/1450] Compiling rsa_asn1.cc
[689/1450] Compiling poly1305_arm.cc
[690/1450] Compiling ios.cc
[691/1450] Compiling poly1305_vec.cc
[692/1450] Compiling getentropy.cc
[693/1450] Compiling deterministic.cc
[694/1450] Compiling pkcs7.cc
[695/1450] Compiling poly1305.cc
[696/1450] Compiling pool.cc
[697/1450] Compiling pkcs8.cc
[698/1450] Compiling pkcs7_x509.cc
[699/1450] Compiling p5_pbev2.cc
[700/1450] Compiling pkcs8_x509.cc
[701/1450] Compiling pem_xaux.cc
[702/1450] Compiling pem_pkey.cc
[703/1450] Compiling pem_x509.cc
[704/1450] Compiling pem_info.cc
[705/1450] Compiling pem_lib.cc
[706/1450] Compiling pem_pk8.cc
[707/1450] Compiling pem_oth.cc
[708/1450] Compiling mlkem.cc
[709/1450] Compiling md4.cc
[710/1450] Compiling mldsa.cc
[711/1450] Compiling obj_xref.cc
[712/1450] Compiling pem_all.cc
[713/1450] Compiling md5.cc
[714/1450] Compiling poly_rq_mul.S
[715/1450] Compiling fips_shared_support.cc
[716/1450] Compiling mem.cc
[717/1450] Compiling obj.cc
[718/1450] Compiling ex_data.cc
[719/1450] Compiling lhash.cc
[720/1450] Compiling sign.cc
[721/1450] Compiling print.cc
[722/1450] Compiling kyber.cc
[723/1450] Compiling hrss.cc
[724/1450] Compiling hpke.cc
[725/1450] Compiling p_x25519.cc
[726/1450] Compiling pbkdf.cc
[727/1450] Compiling scrypt.cc
[728/1450] Compiling p_ed25519.cc
[729/1450] Compiling p_ec.cc
[730/1450] Compiling p_x25519_asn1.cc
[731/1450] Compiling p_rsa_asn1.cc
[732/1450] Compiling p_rsa.cc
[733/1450] Compiling p_dsa_asn1.cc
[734/1450] Compiling p_hkdf.cc
[735/1450] Compiling p_ed25519_asn1.cc
[736/1450] Compiling p_dh_asn1.cc
[737/1450] Compiling p_ec_asn1.cc
[738/1450] Compiling evp_ctx.cc
[739/1450] Compiling ecdh.cc
[739/1450] Compiling err.cc
[741/1450] Compiling p_dh.cc
[742/1450] Compiling evp.cc
[743/1450] Compiling dsa_asn1.cc
[744/1450] Compiling engine.cc
[745/1450] Compiling evp_asn1.cc
[746/1450] Compiling bcm.cc
[747/1450] Compiling ecdsa_asn1.cc
[748/1450] Compiling ec_derive.cc
[749/1450] Compiling hash_to_curve.cc
[750/1450] Compiling digest_extra.cc
[751/1450] Compiling curve25519_64_adx.cc
[752/1450] Compiling x25519-asm-arm.S
[752/1450] Compiling dsa.cc
[754/1450] Compiling ec_asn1.cc
[755/1450] Compiling params.cc
[756/1450] Compiling des.cc
[757/1450] Compiling dh_asn1.cc
[758/1450] Compiling spake25519.cc
[759/1450] Compiling cpu_intel.cc
[760/1450] Compiling crypto.cc
[761/1450] Compiling cpu_aarch64_win.cc
[762/1450] Compiling cpu_arm_freebsd.cc
[763/1450] Compiling cpu_aarch64_sysreg.cc
[764/1450] Compiling cpu_arm_linux.cc
[765/1450] Compiling cpu_aarch64_openbsd.cc
[766/1450] Compiling curve25519.cc
[767/1450] Compiling e_rc4.cc
[768/1450] Compiling conf.cc
[769/1450] Compiling cpu_aarch64_apple.cc
[770/1450] Compiling cpu_aarch64_linux.cc
[771/1450] Compiling cpu_aarch64_fuchsia.cc
[772/1450] Compiling e_null.cc
[773/1450] Compiling tls_cbc.cc
[774/1450] Compiling e_rc2.cc
[775/1450] Compiling e_tls.cc
[776/1450] Compiling derive_key.cc
[777/1450] Compiling e_chacha20poly1305.cc
[778/1450] Compiling e_des.cc
[779/1450] Compiling e_aesctrhmac.cc
[780/1450] Compiling unicode.cc
[781/1450] Compiling e_aesgcmsiv.cc
[782/1450] Compiling chacha.cc
[783/1450] Compiling cbs.cc
[784/1450] Compiling blake2.cc
[785/1450] Compiling buf.cc
[785/1450] Compiling cbb.cc
[787/1450] Compiling ber.cc
[788/1450] Compiling convert.cc
[789/1450] Compiling bn_asn1.cc
[790/1450] Compiling socket_helper.cc
[791/1450] Compiling asn1_compat.cc
[792/1450] Compiling socket.cc
[793/1450] Compiling file.cc
[794/1450] Compiling printf.cc
[795/1450] Compiling bio.cc
[796/1450] Compiling pair.cc
[797/1450] Compiling fd.cc
[798/1450] Compiling hexdump.cc
[799/1450] Compiling errno.cc
[800/1450] Compiling base64.cc
[801/1450] Compiling connect.cc
[802/1450] Compiling tasn_enc.cc
[803/1450] Compiling bio_mem.cc
[804/1450] Compiling tasn_dec.cc
[805/1450] Compiling posix_time.cc
[806/1450] Compiling asn_pack.cc
[807/1450] Compiling asn1_par.cc
[808/1450] Compiling tasn_typ.cc
[809/1450] Compiling tasn_fre.cc
[810/1450] Compiling asn1_lib.cc
[811/1450] Compiling tasn_utl.cc
[812/1450] Compiling tasn_new.cc
[813/1450] Compiling f_string.cc
[814/1450] Compiling f_int.cc
[815/1450] Compiling a_utctm.cc
[816/1450] Compiling a_time.cc
[817/1450] Compiling a_octet.cc
[818/1450] Compiling a_mbstr.cc
[819/1450] Compiling a_strnid.cc
[820/1450] Compiling a_dup.cc
[821/1450] Compiling a_type.cc
[822/1450] Compiling a_object.cc
[823/1450] Compiling a_i2d_fp.cc
[824/1450] Compiling a_strex.cc
[825/1450] Compiling CGoogleGaxCRC32C CGoogleGaxCRC32C.c
[826/1450] Compiling a_d2i_fp.cc
[827/1450] Compiling fiat_p256_adx_sqr.S
[828/1450] Compiling fiat_p256_adx_mul.S
[829/1450] Compiling fiat_curve25519_adx_square.S
[830/1450] Compiling fiat_curve25519_adx_mul.S
[831/1450] Compiling md5-x86_64-linux.S
[832/1450] Compiling md5-x86_64-apple.S
[833/1450] Compiling md5-586-linux.S
[834/1450] Compiling md5-586-apple.S
[835/1450] Compiling CCryptoBoringSSLShims shims.c
[836/1450] Compiling a_bool.cc
[837/1450] Compiling a_bitstr.cc
[838/1450] Compiling chacha20_poly1305_x86_64-linux.S
[839/1450] Compiling chacha20_poly1305_x86_64-apple.S
[840/1450] Compiling a_int.cc
[841/1450] Compiling chacha20_poly1305_armv8-win.S
[842/1450] Compiling err_data.cc
[843/1450] Compiling chacha20_poly1305_armv8-apple.S
[844/1450] Compiling chacha-x86_64-linux.S
[845/1450] Compiling chacha20_poly1305_armv8-linux.S
[846/1450] Compiling chacha-x86_64-apple.S
[847/1450] Compiling a_gentm.cc
[848/1450] Compiling chacha-armv8-apple.S
[849/1450] Compiling chacha-x86-linux.S
[849/1450] Compiling chacha-x86-apple.S
[851/1450] Compiling chacha-armv8-win.S
[852/1450] Compiling x86_64-mont5-linux.S
[853/1450] Compiling chacha-armv8-linux.S
[854/1450] Compiling aes128gcmsiv-x86_64-apple.S
[855/1450] Compiling aes128gcmsiv-x86_64-linux.S
[856/1450] Compiling chacha-armv4-linux.S
[857/1450] Compiling x86_64-mont5-apple.S
[858/1450] Compiling x86_64-mont-apple.S
[859/1450] Compiling x86-mont-apple.S
[860/1450] Compiling vpaes-x86_64-linux.S
[861/1450] Compiling x86_64-mont-linux.S
[862/1450] Compiling vpaes-x86_64-apple.S
[863/1450] Compiling x86-mont-linux.S
[864/1450] Compiling vpaes-x86-linux.S
[865/1450] Compiling vpaes-armv8-win.S
[866/1450] Compiling vpaes-armv8-apple.S
[867/1450] Compiling vpaes-x86-apple.S
[868/1450] Compiling vpaes-armv7-linux.S
[869/1450] Compiling vpaes-armv8-linux.S
[870/1450] Compiling sha512-x86_64-apple.S
[871/1450] Compiling sha512-x86_64-linux.S
[872/1450] Compiling sha512-armv8-win.S
[873/1450] Compiling sha512-armv8-linux.S
[874/1450] Compiling sha512-armv4-linux.S
[875/1450] Compiling sha512-armv8-apple.S
[876/1450] Compiling sha512-586-apple.S
[877/1450] Compiling sha512-586-linux.S
[878/1450] Compiling sha256-armv8-win.S
[879/1450] Compiling sha256-x86_64-linux.S
[880/1450] Compiling sha256-x86_64-apple.S
[881/1450] Compiling sha256-armv8-apple.S
[882/1450] Compiling sha256-armv8-linux.S
[883/1450] Compiling sha1-x86_64-linux.S
[884/1450] Compiling sha256-586-linux.S
[885/1450] Compiling sha256-586-apple.S
[886/1450] Compiling sha256-armv4-linux.S
[887/1450] Compiling sha1-x86_64-apple.S
[888/1450] Compiling sha1-armv8-apple.S
[889/1450] Compiling sha1-armv4-large-linux.S
[890/1450] Compiling sha1-586-apple.S
[891/1450] Compiling sha1-armv8-linux.S
[892/1450] Compiling sha1-armv8-win.S
[892/1450] Compiling sha1-586-linux.S
[894/1450] Compiling rsaz-avx2-linux.S
[895/1450] Compiling rdrand-x86_64-apple.S
[896/1450] Compiling p256_beeu-x86_64-asm-linux.S
[897/1450] Compiling rsaz-avx2-apple.S
[898/1450] Compiling rdrand-x86_64-linux.S
[899/1450] Compiling p256_beeu-armv8-asm-win.S
[900/1450] Compiling p256_beeu-x86_64-asm-apple.S
[901/1450] Compiling p256_beeu-armv8-asm-linux.S
[902/1450] Compiling p256-x86_64-asm-linux.S
[903/1450] Compiling p256-x86_64-asm-apple.S
[904/1450] Compiling p256_beeu-armv8-asm-apple.S
[905/1450] Compiling p256-armv8-asm-win.S
[906/1450] Compiling p256-armv8-asm-linux.S
[907/1450] Compiling p256-armv8-asm-apple.S
[908/1450] Compiling ghashv8-armv8-apple.S
[909/1450] Compiling ghashv8-armv8-win.S
[910/1450] Compiling ghashv8-armv7-linux.S
[911/1450] Compiling ghashv8-armv8-linux.S
[912/1450] Compiling ghash-x86_64-apple.S
[913/1450] Compiling ghash-x86-linux.S
[914/1450] Compiling ghash-x86_64-linux.S
[915/1450] Compiling ghash-x86-apple.S
[916/1450] Compiling ghash-ssse3-x86_64-linux.S
[917/1450] Compiling ghash-ssse3-x86-apple.S
[917/1450] Compiling ghash-ssse3-x86-linux.S
[919/1450] Compiling ghash-neon-armv8-apple.S
[920/1450] Compiling ghash-ssse3-x86_64-apple.S
[921/1450] Compiling co-586-apple.S
[921/1450] Compiling co-586-linux.S
[923/1450] Compiling ghash-neon-armv8-linux.S
[924/1450] Compiling ghash-armv4-linux.S
[925/1450] Compiling ghash-neon-armv8-win.S
[926/1450] Compiling bsaes-armv7-linux.S
[927/1450] Compiling bn-armv8-win.S
[928/1450] Compiling bn-armv8-apple.S
[929/1450] Compiling bn-586-apple.S
[929/1450] Compiling bn-armv8-linux.S
[931/1450] Compiling bn-586-linux.S
[932/1450] Compiling armv8-mont-win.S
[933/1450] Compiling armv4-mont-linux.S
[934/1450] Compiling aesv8-gcm-armv8-linux.S
[935/1450] Compiling armv8-mont-apple.S
[936/1450] Compiling armv8-mont-linux.S
[937/1450] Compiling aesv8-gcm-armv8-win.S
[938/1450] Compiling aesv8-armv8-win.S
[939/1450] Compiling aesv8-gcm-armv8-apple.S
[940/1450] Compiling aesv8-armv8-linux.S
[941/1450] Compiling aesv8-armv8-apple.S
[942/1450] Compiling aesv8-armv7-linux.S
[943/1450] Compiling aesni-x86_64-linux.S
[944/1450] Compiling aesni-x86_64-apple.S
[945/1450] Compiling aesni-gcm-x86_64-linux.S
[946/1450] Compiling aesni-x86-linux.S
[947/1450] Compiling aesni-gcm-x86_64-apple.S
[948/1450] Compiling aesni-x86-apple.S
[949/1450] Compiling aes-gcm-avx512-x86_64-linux.S
[950/1450] Compiling aes-gcm-avx512-x86_64-apple.S
[951/1450] Compiling aes-gcm-avx2-x86_64-apple.S
[952/1450] Compiling aes-gcm-avx2-x86_64-linux.S
[953/1450] Compiling xwing.cc
[954/1450] Compiling x_spki.cc
[955/1450] Compiling x_sig.cc
[956/1450] Compiling x_req.cc
[956/1450] Compiling x_x509.cc
[958/1450] Compiling x_x509a.cc
[959/1450] Compiling c-atomics.c
[960/1450] Compiling c-nioatomics.c
[961/1450] Compiling x_pubkey.cc
[962/1457] Compiling x509spki.cc
[963/1457] Compiling x_crl.cc
[965/1457] Compiling NIOConcurrencyHelpers NIOThreadPoolWorkAvailable.swift
[966/1457] Compiling NIOConcurrencyHelpers NIOLockedValueBox.swift
[967/1457] Compiling NIOConcurrencyHelpers lock.swift
[967/1457] Compiling x_algor.cc
[969/1457] Compiling NIOConcurrencyHelpers NIOLock.swift
[969/1457] Compiling x_attrib.cc
[970/1457] Compiling x_name.cc
[971/1457] Compiling x_exten.cc
[973/1457] Emitting module NIOConcurrencyHelpers
[973/1457] Compiling x509cset.cc
[975/1457] Compiling NIOConcurrencyHelpers atomics.swift
[976/1457] Compiling NIOConcurrencyHelpers NIOAtomic.swift
[977/1458] Compiling x509_vpm.cc
[977/1458] Wrapping AST for NIOConcurrencyHelpers for debugging
[979/1458] Compiling x_all.cc
[980/1458] Compiling x509_set.cc
[981/1458] Compiling x509name.cc
[982/1458] Compiling x509rset.cc
[983/1458] Compiling x509_txt.cc
[984/1458] Compiling x509_vfy.cc
[985/1458] Compiling x509_v3.cc
[986/1458] Compiling x509_trs.cc
[987/1458] Compiling x509_req.cc
[988/1458] Compiling x509_ext.cc
[989/1458] Compiling x509_cmp.cc
[990/1458] Compiling x509_d2.cc
[991/1458] Compiling x509_obj.cc
[992/1458] Compiling x509_lu.cc
[993/1458] Compiling x509_def.cc
[994/1458] Compiling x509_att.cc
[995/1458] Compiling v3_utl.cc
[996/1458] Compiling x509.cc
[997/1458] Compiling v3_skey.cc
[998/1458] Compiling v3_prn.cc
[999/1458] Compiling v3_purp.cc
[1000/1458] Compiling v3_ncons.cc
[1001/1458] Compiling v3_pcons.cc
[1002/1458] Compiling v3_pmaps.cc
[1003/1458] Compiling v3_ia5.cc
[1004/1458] Compiling v3_info.cc
[1005/1458] Compiling v3_lib.cc
[1006/1458] Compiling v3_ocsp.cc
[1007/1458] Compiling v3_crld.cc
[1008/1458] Compiling v3_int.cc
[1009/1458] Compiling v3_genn.cc
[1010/1458] Compiling v3_bcons.cc
[1011/1458] Compiling v3_extku.cc
[1012/1458] Compiling v3_enum.cc
[1013/1458] Compiling v3_akey.cc
[1014/1458] Compiling v3_cpols.cc
[1015/1458] Compiling v3_conf.cc
[1016/1458] Compiling v3_bitst.cc
[1017/1458] Compiling v3_alt.cc
[1018/1458] Compiling t_x509.cc
[1019/1458] Compiling v3_akeya.cc
[1019/1458] Compiling i2d_pr.cc
[1021/1458] Compiling t_x509a.cc
[1022/1458] Compiling t_req.cc
[1023/1458] Compiling policy.cc
[1024/1458] Compiling name_print.cc
[1025/1458] Compiling t_crl.cc
[1026/1458] Compiling rsa_pss.cc
[1027/1458] Compiling by_dir.cc
[1028/1458] Compiling algorithm.cc
[1029/1458] Compiling asn1_gen.cc
[1030/1458] Compiling by_file.cc
[1031/1458] Compiling a_sign.cc
[1032/1458] Compiling a_verify.cc
[1033/1458] Compiling thread_win.cc
[1034/1458] Compiling voprf.cc
[1035/1458] Compiling thread_none.cc
[1036/1458] Compiling a_digest.cc
[1037/1458] Compiling pmbtoken.cc
[1038/1458] Compiling stack.cc
[1039/1458] Compiling thread.cc
[1040/1458] Compiling thread_pthread.cc
[1041/1458] Compiling trust_token.cc
[1042/1458] Compiling spake2plus.cc
[1043/1458] Compiling sha512.cc
[1044/1458] Compiling siphash.cc
[1045/1458] Compiling sha1.cc
[1046/1458] Compiling rsa_print.cc
[1047/1458] Compiling sha256.cc
[1048/1458] Compiling rsa_extra.cc
[1049/1458] Compiling slhdsa.cc
[1050/1458] Compiling rc4.cc
[1051/1458] Compiling rsa_crypt.cc
[1052/1458] Compiling trusty.cc
[1053/1458] Compiling refcount.cc
[1054/1458] Compiling urandom.cc
[1055/1458] Compiling windows.cc
[1056/1458] Compiling rand.cc
[1057/1458] Compiling ios.cc
[1058/1458] Compiling passive.cc
[1059/1458] Compiling forkunsafe.cc
[1060/1458] Compiling getentropy.cc
[1061/1458] Compiling poly1305_arm_asm.S
[1062/1458] Compiling rsa_asn1.cc
[1063/1458] Compiling fork_detect.cc
[1064/1458] Compiling deterministic.cc
[1065/1458] Compiling poly1305_arm.cc
[1066/1458] Compiling poly1305_vec.cc
[1067/1458] Compiling pool.cc
[1068/1458] Compiling poly1305.cc
[1069/1458] Compiling pkcs8.cc
[1070/1458] Compiling p5_pbev2.cc
[1071/1458] Compiling pem_xaux.cc
[1072/1458] Compiling pkcs8_x509.cc
[1073/1458] Compiling pkcs7.cc
[1074/1458] Compiling pkcs7_x509.cc
[1075/1458] Compiling pem_pk8.cc
[1076/1458] Compiling pem_x509.cc
[1077/1458] Compiling pem_pkey.cc
[1078/1458] Compiling mlkem.cc
[1079/1458] Compiling mldsa.cc
[1080/1458] Compiling pem_info.cc
[1081/1458] Compiling pem_oth.cc
[1082/1458] Compiling obj_xref.cc
[1083/1458] Compiling mem.cc
[1084/1458] Compiling obj.cc
[1085/1458] Compiling pem_lib.cc
[1086/1458] Compiling poly_rq_mul.S
[1087/1458] Compiling md5.cc
[1088/1458] Compiling pem_all.cc
[1088/1458] Compiling fips_shared_support.cc
[1090/1458] Compiling kyber.cc
[1091/1458] Compiling md4.cc
[1092/1458] Compiling lhash.cc
[1093/1458] Compiling ex_data.cc
[1094/1458] Compiling fuzzer_mode.cc
[1095/1458] Compiling scrypt.cc
[1096/1458] Compiling pbkdf.cc
[1097/1458] Compiling hpke.cc
[1098/1458] Compiling hrss.cc
[1099/1458] Compiling sign.cc
[1100/1458] Compiling print.cc
[1101/1458] Compiling p_x25519_asn1.cc
[1102/1458] Compiling p_rsa_asn1.cc
[1103/1458] Compiling p_x25519.cc
[1104/1458] Compiling p_rsa.cc
[1105/1458] Compiling p_ed25519_asn1.cc
[1106/1458] Compiling p_hkdf.cc
[1107/1458] Compiling p_ed25519.cc
[1108/1458] Compiling p_ec_asn1.cc
[1109/1458] Compiling p_ec.cc
[1110/1458] Compiling p_dsa_asn1.cc
[1111/1458] Compiling p_dh_asn1.cc
[1112/1458] Compiling evp_ctx.cc
[1113/1458] Compiling p_dh.cc
[1114/1458] Compiling ecdh.cc
[1115/1458] Compiling evp_asn1.cc
[1116/1458] Compiling engine.cc
[1117/1458] Compiling err.cc
[1118/1458] Compiling ecdsa_p1363.cc
[1119/1458] Compiling evp.cc
[1120/1458] Compiling ecdsa_asn1.cc
[1121/1458] Compiling hash_to_curve.cc
[1122/1458] Compiling ec_derive.cc
[1123/1458] Compiling dsa.cc
[1124/1458] Compiling ec_asn1.cc
[1125/1458] Compiling dsa_asn1.cc
[1126/1458] Compiling spake25519.cc
[1127/1458] Compiling x25519-asm-arm.S
[1128/1458] Compiling curve25519_64_adx.cc
[1128/1458] Compiling digest_extra.cc
[1130/1458] Compiling des.cc
[1131/1458] Compiling params.cc
[1132/1458] Compiling dh_asn1.cc
[1133/1458] Compiling curve25519.cc
[1134/1458] Compiling cpu_arm_linux.cc
[1135/1458] Compiling cpu_arm_freebsd.cc
[1136/1458] Compiling cpu_intel.cc
[1136/1458] Compiling cpu_aarch64_win.cc
[1138/1458] Compiling cpu_aarch64_openbsd.cc
[1139/1458] Compiling crypto.cc
[1140/1458] Compiling cpu_aarch64_sysreg.cc
[1141/1458] Compiling get_cipher.cc
[1142/1458] Compiling cpu_aarch64_fuchsia.cc
[1143/1458] Compiling cpu_aarch64_apple.cc
[1144/1458] Compiling cpu_aarch64_linux.cc
[1145/1458] Compiling conf.cc
[1146/1458] Compiling tls_cbc.cc
[1147/1458] Compiling e_tls.cc
[1148/1458] Compiling cms.cc
[1149/1458] Compiling e_null.cc
[1150/1458] Compiling e_des.cc
[1151/1458] Compiling e_rc4.cc
[1152/1458] Compiling e_rc2.cc
[1153/1458] Compiling e_chacha20poly1305.cc
[1154/1458] Compiling e_aesctrhmac.cc
[1155/1458] Compiling chacha.cc
[1156/1458] Compiling e_aeseax.cc
[1157/1458] Compiling derive_key.cc
[1158/1458] Compiling e_aesgcmsiv.cc
[1159/1458] Compiling unicode.cc
[1160/1458] Compiling cbs.cc
[1161/1458] Compiling ber.cc
[1162/1458] Compiling buf.cc
[1163/1458] Compiling cbb.cc
[1164/1458] Compiling sqrt.cc
[1165/1458] Compiling exponentiation.cc
[1166/1458] Compiling asn1_compat.cc
[1167/1458] Compiling div.cc
[1168/1458] Compiling bn_asn1.cc
[1169/1458] Compiling pair.cc
[1170/1458] Compiling printf.cc
[1171/1458] Compiling blake2.cc
[1172/1458] Compiling errno.cc
[1173/1458] Compiling file.cc
[1174/1458] Compiling hexdump.cc
[1175/1458] Compiling convert.cc
[1176/1458] Compiling fd.cc
[1177/1458] Compiling bio_mem.cc
[1178/1458] Compiling base64.cc
[1179/1458] Compiling bio.cc
[1180/1458] Compiling tasn_typ.cc
[1181/1458] Compiling tasn_utl.cc
[1182/1458] Compiling tasn_fre.cc
[1183/1458] Compiling tasn_dec.cc
[1184/1458] Compiling tasn_enc.cc
[1185/1458] Compiling tasn_new.cc
[1186/1458] Compiling bcm.cc
[1187/1458] Compiling posix_time.cc
[1188/1458] Compiling f_string.cc
[1189/1458] Compiling f_int.cc
[1190/1458] Compiling a_octet.cc
[1191/1458] Compiling asn1_lib.cc
[1192/1458] Compiling a_time.cc
[1193/1458] Compiling a_utctm.cc
[1194/1458] Compiling a_type.cc
[1195/1458] Compiling a_strnid.cc
[1196/1458] Compiling a_mbstr.cc
[1197/1458] Compiling CAsyncHTTPClient CAsyncHTTPClient.c
[1197/1458] Write sources
[1255/1458] Compiling a_int.cc
[1255/1458] Write sources
[1258/1470] Compiling a_i2d_fp.cc
[1259/1501] Compiling aes.cc
[1260/1501] Compiling a_bool.cc
[1261/1501] Compiling a_object.cc
[1263/1501] Compiling Atomics AtomicMemoryOrderings.swift
[1264/1501] Compiling Atomics DoubleWord.swift
[1265/1501] Compiling Atomics AtomicStorage.swift
[1266/1501] Compiling Atomics AtomicValue.swift
[1267/1503] Compiling Atomics UnsafeAtomic.swift
[1268/1503] Compiling Atomics UnsafeAtomicLazyReference.swift
[1269/1503] Compiling Atomics ManagedAtomic.swift
[1270/1503] Compiling Atomics ManagedAtomicLazyReference.swift
[1270/1503] Compiling a_bitstr.cc
[1271/1503] Compiling a_strex.cc
[1273/1511] Compiling Atomics AtomicInteger.swift
[1274/1511] Compiling Atomics AtomicOptionalWrappable.swift
[1275/1511] Compiling Atomics AtomicReference.swift
[1276/1511] Compiling Atomics IntegerOperations.swift
[1277/1511] Compiling Atomics Unmanaged extensions.swift
[1278/1511] Compiling Atomics IntegerConformances.swift
[1279/1511] Compiling Atomics PointerConformances.swift
[1280/1511] Compiling Atomics Primitives.native.swift
[1281/1514] Compiling CryptoBoringWrapper RandomBytes.swift
[1282/1514] Compiling Algorithms Trim.swift
[1283/1514] Compiling Algorithms Unique.swift
[1284/1514] Compiling Algorithms Windows.swift
[1285/1514] Compiling CryptoBoringWrapper FiniteFieldArithmeticContext.swift
[1286/1514] Compiling CryptoBoringWrapper EllipticCurve.swift
[1287/1514] Compiling CryptoBoringWrapper BoringSSLAEAD.swift
[1288/1514] Emitting module CryptoBoringWrapper
[1292/1514] Compiling Algorithms Split.swift
[1293/1514] Compiling Algorithms Stride.swift
[1294/1514] Compiling Algorithms Suffix.swift
[1295/1514] Compiling CryptoBoringWrapper CryptoKitErrors_boring.swift
[1296/1514] Compiling CryptoBoringWrapper EllipticCurvePoint.swift
[1297/1514] Compiling CryptoBoringWrapper ArbitraryPrecisionInteger.swift
[1298/1515] Wrapping AST for CryptoBoringWrapper for debugging
[1300/1599] Compiling Crypto ASN1BitString.swift
[1301/1599] Compiling Crypto ASN1Boolean.swift
[1302/1599] Compiling Crypto ASN1Identifier.swift
[1303/1599] Compiling Crypto AES-GCM.swift
[1304/1599] Compiling Crypto AES-GCM_boring.swift
[1305/1599] Compiling Crypto ChaChaPoly_boring.swift
[1306/1599] Compiling Crypto ASN1Any.swift
[1310/1599] Compiling Crypto ASN1Integer.swift
[1311/1599] Compiling Crypto ASN1Null.swift
[1312/1599] Compiling Crypto ASN1OctetString.swift
[1313/1599] Compiling Crypto ObjectIdentifier.swift
[1314/1599] Compiling Crypto ECDSASignature.swift
[1315/1599] Compiling Crypto PEMDocument.swift
[1316/1599] Compiling Crypto PKCS8PrivateKey.swift
[1317/1599] Compiling Crypto ChaChaPoly.swift
[1318/1599] Compiling Crypto Cipher.swift
[1319/1599] Compiling Crypto Nonces.swift
[1320/1599] Compiling Crypto ASN1.swift
[1321/1599] Emitting module Algorithms
[1322/1600] Wrapping AST for Algorithms for debugging
[1324/1600] Emitting module Crypto
[1325/1611] Emitting module Atomics
[1326/1612] Wrapping AST for Atomics for debugging
[1328/1676] Compiling NIOCore EventLoopFuture+Deprecated.swift
[1329/1676] Compiling NIOCore EventLoopFuture+WithEventLoop.swift
[1330/1676] Compiling NIOCore EventLoopFuture.swift
[1331/1676] Compiling NIOCore FileDescriptor.swift
[1332/1676] Compiling NIOCore FileHandle.swift
[1333/1676] Compiling NIOCore FileRegion.swift
[1334/1676] Compiling NIOCore GlobalSingletons.swift
[1335/1676] Compiling NIOCore IO.swift
[1336/1676] Compiling NIOCore IOData.swift
[1337/1676] Compiling NIOCore IPProtocol.swift
[1338/1676] Compiling NIOCore IntegerBitPacking.swift
[1339/1676] Compiling NIOCore IntegerTypes.swift
[1340/1676] Compiling NIOCore ChannelInvoker.swift
[1341/1676] Compiling NIOCore ChannelOption.swift
[1342/1676] Compiling NIOCore ChannelPipeline.swift
[1343/1676] Compiling NIOCore CircularBuffer.swift
[1344/1676] Compiling NIOCore Codec.swift
[1345/1676] Compiling NIOCore ConvenienceOptionSupport.swift
[1346/1676] Compiling NIOCore DeadChannel.swift
[1347/1676] Compiling NIOCore DispatchQueue+WithFuture.swift
[1348/1676] Compiling NIOCore EventLoop+Deprecated.swift
[1349/1676] Compiling NIOCore EventLoop+SerialExecutor.swift
[1350/1676] Compiling NIOCore EventLoop.swift
[1351/1676] Compiling NIOCore EventLoopFuture+AssumeIsolated.swift
[1352/1676] Compiling Crypto Signature.swift
[1353/1676] Compiling Crypto CryptoKitErrors_boring.swift
[1354/1676] Compiling Crypto Optional+withUnsafeBytes_boring.swift
[1355/1676] Compiling Crypto RNG_boring.swift
[1356/1676] Compiling Crypto SafeCompare_boring.swift
[1357/1676] Compiling Crypto Zeroization_boring.swift
[1358/1676] Compiling Crypto _CryptoModuleAnchor.swift
[1359/1676] Compiling Crypto PrettyBytes.swift
[1360/1676] Compiling Crypto SafeCompare.swift
[1361/1676] Compiling Crypto SecureBytes.swift
[1362/1676] Compiling Crypto Zeroization.swift
[1363/1676] Compiling NIOCore ByteBuffer-binaryEncodedLengthPrefix.swift
[1364/1676] Compiling NIOCore ByteBuffer-conversions.swift
[1365/1676] Compiling NIOCore ByteBuffer-core.swift
[1366/1676] Compiling NIOCore ByteBuffer-hex.swift
[1367/1676] Compiling NIOCore ByteBuffer-int.swift
[1368/1676] Compiling NIOCore ByteBuffer-lengthPrefix.swift
[1369/1676] Compiling NIOCore ByteBuffer-multi-int.swift
[1370/1676] Compiling NIOCore ByteBuffer-quicBinaryEncodingStrategy.swift
[1371/1676] Compiling NIOCore ByteBuffer-views.swift
[1372/1676] Compiling NIOCore Channel.swift
[1373/1676] Compiling NIOCore ChannelHandler.swift
[1374/1676] Compiling NIOCore ChannelHandlers.swift
[1375/1676] Compiling NIOCore AddressedEnvelope.swift
[1376/1676] Compiling NIOCore AsyncAwaitSupport.swift
[1377/1676] Compiling NIOCore AsyncChannel.swift
[1378/1676] Compiling NIOCore AsyncChannelHandler.swift
[1379/1676] Compiling NIOCore AsyncChannelInboundStream.swift
[1380/1676] Compiling NIOCore AsyncChannelOutboundWriter.swift
[1381/1676] Compiling NIOCore NIOAsyncSequenceProducer.swift
[1382/1676] Compiling NIOCore NIOAsyncSequenceProducerStrategies.swift
[1383/1676] Compiling NIOCore NIOAsyncWriter.swift
[1384/1676] Compiling NIOCore NIOThrowingAsyncSequenceProducer.swift
[1385/1676] Compiling NIOCore BSDSocketAPI.swift
[1386/1676] Compiling NIOCore ByteBuffer-aux.swift
[1387/1676] Compiling NIOCore NIOCoreSendableMetatype.swift
[1388/1676] Compiling NIOCore NIODecodedAsyncSequence.swift
[1389/1676] Compiling NIOCore NIOLoopBound.swift
[1390/1676] Compiling NIOCore NIOPooledRecvBufferAllocator.swift
[1391/1676] Compiling NIOCore NIOScheduledCallback.swift
[1392/1676] Compiling NIOCore NIOSendable.swift
[1393/1676] Compiling NIOCore NIOSplitLinesMessageDecoder.swift
[1394/1676] Compiling NIOCore NIOTransportAccessibleChannelCore.swift
[1395/1676] Compiling NIOCore RecvByteBufferAllocator.swift
[1399/1684] Compiling NIOCore Interfaces.swift
[1400/1684] Compiling NIOCore Linux.swift
[1401/1684] Compiling NIOCore MarkedCircularBuffer.swift
[1402/1684] Compiling NIOCore MulticastChannel.swift
[1403/1684] Compiling NIOCore NIOAny.swift
[1404/1684] Compiling NIOCore NIOCloseOnErrorHandler.swift
[1408/1684] Compiling NIOCore SingleStepByteToMessageDecoder.swift
[1409/1684] Compiling NIOCore SocketAddresses.swift
[1410/1684] Compiling NIOCore SocketOptionProvider.swift
[1411/1684] Compiling NIOCore SystemCallHelpers.swift
[1412/1684] Compiling NIOCore TimeAmount+Duration.swift
[1413/1684] Compiling NIOCore TypeAssistedChannelHandler.swift
[1414/1684] Compiling NIOCore UniversalBootstrapSupport.swift
[1415/1684] Compiling NIOCore Utilities.swift
[1416/1684] Compiling Crypto HKDF.swift
[1417/1684] Compiling Crypto AESWrap.swift
[1418/1684] Compiling Crypto AESWrap_boring.swift
[1419/1684] Compiling Crypto Ed25519_boring.swift
[1420/1684] Compiling Crypto NISTCurvesKeys_boring.swift
[1421/1684] Compiling Crypto X25519Keys_boring.swift
[1422/1684] Compiling Crypto Curve25519.swift
[1423/1684] Compiling Crypto Ed25519Keys.swift
[1424/1684] Compiling Crypto NISTCurvesKeys.swift
[1425/1684] Compiling Crypto X25519Keys.swift
[1426/1684] Compiling Crypto SymmetricKeys.swift
[1427/1684] Compiling Crypto HMAC.swift
[1440/1685] Wrapping AST for Crypto for debugging
[1442/1747] Compiling CryptoExtras BoringSSLPassphraseCallbackManager.swift
[1443/1747] Compiling CryptoExtras RSA+BlindSigning.swift
[1444/1747] Compiling CryptoExtras RSA.swift
[1445/1747] Compiling CryptoExtras RSA_boring.swift
[1446/1747] Compiling CryptoExtras Reexport.swift
[1447/1747] Compiling CryptoExtras Zeroization_boring.swift
[1448/1747] Compiling CryptoExtras BoringSSLHelpers.swift
[1449/1747] Compiling CryptoExtras CryptoKitErrors_boring.swift
[1450/1747] Compiling CryptoExtras ARCServer.swift
[1451/1747] Compiling CryptoExtras Data+Extensions.swift
[1452/1747] Compiling CryptoExtras DigestType.swift
[1453/1747] Compiling CryptoExtras Error.swift
[1454/1747] Compiling CryptoExtras I2OSP.swift
[1455/1747] Compiling CryptoExtras IntegerEncoding.swift
[1456/1747] Compiling CryptoExtras PEMDocument.swift
[1457/1747] Compiling CryptoExtras PrettyBytes.swift
[1458/1747] Compiling CryptoExtras SubjectPublicKeyInfo.swift
[1459/1755] Compiling CryptoExtras ThreadSpecific.swift
[1460/1755] Compiling CryptoExtras ThreadWindows.swift
[1461/1755] Compiling CryptoExtras DLEQ.swift
[1462/1755] Compiling CryptoExtras Prover.swift
[1463/1755] Compiling CryptoExtras Verifier.swift
[1464/1755] Compiling CryptoExtras ZKPToolbox.swift
[1467/1755] Compiling CryptoExtras ThreadOps.swift
[1468/1755] Compiling CryptoExtras ThreadPosix.swift
[1475/1755] Compiling CryptoExtras PKCS8DERRepresentation.swift
[1476/1755] Compiling CryptoExtras PKCS8PrivateKey.swift
[1477/1755] Compiling CryptoExtras RFC8410AlgorithmIdentifier.swift
[1478/1755] Compiling CryptoExtras ECToolbox_boring.swift
[1479/1755] Compiling CryptoExtras ECToolbox.swift
[1480/1755] Compiling CryptoExtras HashToField.swift
[1481/1755] Compiling CryptoExtras KDF.swift
[1482/1755] Compiling CryptoExtras PBKDF2_boring.swift
[1483/1755] Compiling CryptoExtras PBKDF2_commoncrypto.swift
[1484/1755] Emitting module CryptoExtras
[1485/1755] Compiling CryptoExtras CMAC.swift
[1486/1755] Compiling CryptoExtras ARC+API.swift
[1487/1755] Compiling CryptoExtras ARC.swift
[1488/1755] Compiling CryptoExtras ARCCredential.swift
[1489/1755] Compiling CryptoExtras ARCEncoding.swift
[1490/1755] Compiling CryptoExtras ARCPrecredential.swift
[1491/1755] Compiling CryptoExtras ARCPresentation.swift
[1492/1755] Compiling CryptoExtras ARCRequest.swift
[1493/1755] Compiling CryptoExtras ARCResponse.swift
[1494/1755] Compiling CryptoExtras AES_CBC.swift
[1495/1755] Compiling CryptoExtras AES_CFB.swift
[1496/1755] Compiling CryptoExtras AES_CTR.swift
[1497/1755] Compiling CryptoExtras AES_GCM_SIV.swift
[1498/1755] Compiling CryptoExtras Block Function.swift
[1499/1755] Compiling CryptoExtras AES_CBC_boring.swift
[1500/1755] Compiling CryptoExtras AES_CFB_boring.swift
[1501/1755] Compiling CryptoExtras AES_CTR_boring.swift
[1502/1755] Compiling CryptoExtras AES_GCM_SIV_boring.swift
[1512/1755] Compiling CryptoExtras PBKDF2.swift
[1513/1755] Compiling CryptoExtras Scrypt_boring.swift
[1514/1755] Compiling CryptoExtras Scrypt.swift
[1515/1755] Compiling CryptoExtras OPRF.swift
[1516/1755] Compiling CryptoExtras OPRFClient.swift
[1517/1755] Compiling CryptoExtras OPRFServer.swift
[1518/1755] Compiling CryptoExtras VOPRF+API.swift
[1519/1755] Compiling CryptoExtras VOPRFClient.swift
[1520/1755] Compiling CryptoExtras VOPRFServer.swift
[1522/1755] Compiling CryptoExtras ChaCha20CTR_boring.swift
[1523/1755] Compiling CryptoExtras ChaCha20CTR.swift
[1524/1755] Compiling CryptoExtras BoringSSLSHA512256Context.swift
[1525/1755] Compiling CryptoExtras BoringSSLSHA512256HashFunction.swift
[1526/1755] Compiling CryptoExtras SHA512256.swift
[1527/1755] Compiling CryptoExtras SHA512256Digest.swift
[1528/1755] Compiling CryptoExtras Curve25519+PEM.swift
[1529/1755] Compiling CryptoExtras ObjectIdentifier.swift
[1538/1756] Wrapping AST for CryptoExtras for debugging
[1540/1758] Compiling _CryptoExtras Exports.swift
[1541/1758] Emitting module _CryptoExtras
[1542/1759] Wrapping AST for _CryptoExtras for debugging
[1544/1854] Compiling X509 CMSIssuerAndSerialNumber.swift
[1545/1854] Compiling X509 CMSOperations.swift
[1546/1854] Compiling X509 CMSSignature.swift
[1547/1854] Compiling X509 CMSSignedData.swift
[1548/1854] Compiling X509 CMSSignerIdentifier.swift
[1549/1854] Compiling X509 CMSSignerInfo.swift
[1550/1854] Compiling X509 CMSVersion.swift
[1551/1854] Compiling X509 Curve25519+DER.swift
[1552/1854] Compiling X509 CustomPrivateKey.swift
[1553/1854] Compiling X509 Digests.swift
[1554/1854] Compiling X509 DistinguishedName.swift
[1555/1854] Compiling X509 CommonName.swift
[1556/1854] Compiling X509 CountryName.swift
[1557/1854] Compiling X509 DNBuilder.swift
[1558/1867] Compiling X509 NameConstraints.swift
[1559/1867] Compiling X509 SubjectAlternativeName.swift
[1560/1867] Compiling X509 SubjectKeyIdentifier.swift
[1561/1867] Compiling X509 Extension.swift
[1562/1867] Compiling X509 Extensions.swift
[1563/1867] Compiling X509 ExtensionsBuilder.swift
[1564/1867] Compiling X509 GeneralName.swift
[1565/1867] Compiling X509 Lock.swift
[1566/1867] Compiling X509 LockedValueBox.swift
[1567/1867] Compiling X509 BasicOCSPResponse.swift
[1568/1867] Compiling X509 DirectoryString.swift
[1569/1867] Compiling X509 OCSPCertID.swift
[1570/1867] Compiling X509 OCSPCertStatus.swift
[1571/1867] Compiling X509 OneOfPolicies.swift
[1572/1867] Compiling X509 PolicyBuilder.swift
[1573/1867] Compiling X509 BasicConstraintsPolicy.swift
[1574/1867] Compiling X509 DNSNames.swift
[1575/1867] Compiling X509 ExpiryPolicy.swift
[1576/1867] Compiling X509 IPConstraints.swift
[1577/1867] Compiling X509 NameConstraintsPolicy.swift
[1578/1867] Compiling X509 RFC5280Policy.swift
[1579/1867] Compiling X509 URIConstraints.swift
[1580/1867] Compiling X509 VersionPolicy.swift
[1581/1867] Compiling X509 ServerIdentityPolicy.swift
[1582/1867] Compiling X509 TrustRootLoading.swift
[1583/1867] Compiling X509 UnverifiedChain.swift
[1584/1867] Compiling X509 PKCS8PrivateKey.swift
[1585/1867] Compiling X509 PromiseAndFuture.swift
[1586/1867] Compiling X509 RDNAttribute.swift
[1587/1867] Compiling X509 RandomNumberGenerator+bytes.swift
[1588/1867] Compiling X509 RelativeDistinguishedName.swift
[1589/1867] Compiling X509 SEC1PrivateKey.swift
[1590/1867] Compiling X509 SecKeyWrapper.swift
[1591/1867] Compiling X509 Signature.swift
[1592/1867] Compiling X509 SignatureAlgorithm.swift
[1593/1867] Compiling X509 AllOfPolicies.swift
[1594/1867] Compiling X509 AnyPolicy.swift
[1595/1867] Compiling X509 CertificateStore.swift
[1596/1867] Compiling X509 CustomCertificateStore.swift
[1597/1867] Compiling X509 CSRAttribute.swift
[1598/1867] Compiling X509 CSRAttributes.swift
[1599/1867] Compiling X509 CSRVersion.swift
[1600/1867] Compiling X509 CertificateSigningRequest.swift
[1601/1867] Compiling X509 CertificationRequestInfo.swift
[1602/1867] Compiling X509 ExtensionRequest.swift
[1603/1867] Compiling X509 Certificate.swift
[1604/1867] Compiling X509 CertificatePrivateKey.swift
[1605/1867] Compiling X509 CertificatePublicKey.swift
[1606/1867] Compiling X509 CertificateSerialNumber.swift
[1607/1867] Compiling X509 CertificateVersion.swift
[1608/1867] Compiling X509 CMSAttribute.swift
[1609/1867] Compiling X509 CMSContentInfo.swift
[1610/1867] Compiling X509 CMSEncapsulatedContentInfo.swift
[1611/1867] Emitting module NIOCore
[1612/1867] Compiling X509 OCSPExtensionID.swift
[1613/1867] Compiling X509 OCSPNonce.swift
[1614/1867] Compiling X509 OCSPPolicy.swift
[1615/1867] Compiling X509 OCSPRequest.swift
[1616/1867] Compiling X509 OCSPResponse.swift
[1617/1867] Compiling X509 OCSPResponseBytes.swift
[1618/1867] Compiling X509 OCSPResponseData.swift
[1619/1867] Compiling X509 OCSPResponseStatus.swift
[1620/1867] Compiling X509 OCSPSignature.swift
[1621/1867] Compiling X509 OCSPSingleRequest.swift
[1622/1867] Compiling X509 OCSPSingleResponse.swift
[1623/1867] Compiling X509 OCSPTBSRequest.swift
[1624/1867] Compiling X509 OCSPVersion.swift
[1625/1867] Compiling X509 DomainComponent.swift
[1626/1867] Compiling X509 EmailAddress.swift
[1627/1867] Compiling X509 LocalityName.swift
[1628/1867] Compiling X509 OrganizationName.swift
[1629/1867] Compiling X509 OrganizationalUnitName.swift
[1630/1867] Compiling X509 StateOrProvinceName.swift
[1631/1867] Compiling X509 StreetAddress.swift
[1632/1867] Compiling X509 Error.swift
[1633/1867] Compiling X509 AuthorityInformationAccess.swift
[1634/1867] Compiling X509 AuthorityKeyIdentifier.swift
[1635/1867] Compiling X509 BasicConstraints.swift
[1636/1867] Compiling X509 ExtendedKeyUsage.swift
[1637/1867] Compiling X509 ExtensionIdentifiers.swift
[1638/1867] Compiling X509 KeyUsage.swift
[1666/1868] Wrapping AST for NIOCore for debugging
[1668/1925] Compiling NIOFoundationEssentialsCompat Codable+ByteBuffer.swift
[1669/1925] Compiling NIOEmbedded Embedded.swift
[1670/1925] Emitting module X509
[1671/1925] Compiling NIOEmbedded AsyncTestingEventLoop.swift
[1672/1925] Emitting module NIOEmbedded
[1673/1925] Compiling NIOEmbedded AsyncTestingChannel.swift
[1675/1926] Compiling X509 ValidatedCertificateChain.swift
[1676/1926] Compiling X509 VerificationDiagnostic.swift
[1677/1926] Compiling X509 Verifier.swift
[1678/1926] Compiling X509 VerifierPolicy.swift
[1679/1926] Compiling X509 AlgorithmIdentifier.swift
[1680/1926] Compiling X509 ECDSASignature.swift
[1681/1926] Compiling X509 RSAPKCS1PublicKey.swift
[1682/1926] Compiling X509 SubjectPublicKeyInfo.swift
[1683/1926] Compiling X509 TBSCertificate.swift
[1684/1926] Compiling X509 Time.swift
[1685/1926] Compiling X509 TimeCalculations.swift
[1686/1926] Compiling X509 Validity.swift
[1687/1926] Compiling X509 X509SendableMetatype.swift
[1688/1927] Wrapping AST for NIOEmbedded for debugging
[1689/1927] Wrapping AST for X509 for debugging
[1691/1927] Compiling NIOFoundationEssentialsCompat ByteBuffer-foundation.swift
[1692/1933] Emitting module NIOFoundationEssentialsCompat
[1693/1995] Wrapping AST for NIOFoundationEssentialsCompat for debugging
[1695/1995] Compiling JWTKit JWTSerializer.swift
[1696/1995] Compiling JWTKit JWTSigner.swift
[1697/1995] Compiling JWTKit JWTKeyCollection+MLDSA.swift
[1698/1995] Compiling JWTKit MLDSA.swift
[1699/1995] Compiling JWTKit MLDSA65+MLDSAKey.swift
[1700/1995] Compiling JWTKit MLDSA87+MLDSAKey.swift
[1701/1995] Compiling JWTKit MLDSAError.swift
[1702/1995] Compiling JWTKit MLDSAKey.swift
[1703/1995] Compiling JWTKit MLDSASigner.swift
[1704/1995] Compiling JWTKit MLDSAType.swift
[1705/1995] Compiling JWTKit JWTKeyCollection+UnsecuredNone.swift
[1706/1995] Compiling JWTKit UnsecuredNoneSigner.swift
[1707/1995] Compiling JWTKit JWTKeyCollection+RSA.swift
[1708/1995] Compiling JWTKit RSA.swift
[1709/1995] Compiling JWTKit RSAError.swift
[1710/1995] Compiling JWTKit RSASigner.swift
[1711/1995] Compiling JWTKit Base64URL.swift
[1712/1995] Compiling JWTKit CryptoSigner.swift
[1713/2004] Compiling JWTKit HMAC.swift
[1714/2004] Compiling JWTKit HMACError.swift
[1715/2004] Compiling JWTKit HMACSigner.swift
[1716/2004] Compiling JWTKit JWTKeyCollection+HMAC.swift
[1717/2004] Compiling JWTKit Insecure.swift
[1718/2004] Compiling JWTKit JWK.swift
[1719/2004] Compiling JWTKit JWKIdentifier.swift
[1720/2004] Compiling JWTKit JWKS.swift
[1721/2004] Compiling JWTKit JWKSigner.swift
[1722/2004] Compiling JWTKit LocaleClaim.swift
[1723/2004] Compiling JWTKit NotBeforeClaim.swift
[1724/2004] Compiling JWTKit SubjectClaim.swift
[1725/2004] Compiling JWTKit TenantIDClaim.swift
[1726/2004] Compiling JWTKit ECDSA.swift
[1727/2004] Compiling JWTKit ECDSACurve.swift
[1728/2004] Compiling JWTKit ECDSACurveType.swift
[1729/2004] Compiling JWTKit ECDSAError.swift
[1730/2004] Compiling JWTKit ECDSAKeyTypes.swift
[1731/2004] Compiling JWTKit ECDSASigner.swift
[1732/2004] Compiling JWTKit CustomizedJSONCoders.swift
[1733/2004] Compiling JWTKit Utilities.swift
[1734/2004] Compiling JWTKit AppleIdentityToken.swift
[1735/2004] Compiling JWTKit FirebaseAuthIdentityToken.swift
[1736/2004] Compiling JWTKit GoogleIdentityToken.swift
[1737/2004] Compiling JWTKit MicrosoftIdentityToken.swift
[1738/2004] Compiling JWTKit EmptyPolicy.swift
[1739/2004] Compiling JWTKit ValidationTimePayload.swift
[1740/2004] Compiling JWTKit X5CVerifier.swift
[1741/2004] Compiling JWTKit JWTAlgorithm.swift
[1742/2004] Compiling JWTKit JWTError.swift
[1743/2004] Compiling JWTKit JWTHeader+CommonFields.swift
[1744/2004] Compiling JWTKit JWTHeader.swift
[1745/2004] Compiling JWTKit JWTHeaderField.swift
[1746/2004] Compiling JWTKit JWTKeyCollection.swift
[1747/2004] Compiling JWTKit JWTParser+MandatoryVerificationFields.swift
[1748/2004] Compiling JWTKit JWTParser.swift
[1749/2004] Compiling JWTKit JWTPayload.swift
[1750/2004] Emitting module JWTKit
[1751/2004] Compiling JWTKit ECDSASigningAlgorithm.swift
[1752/2004] Compiling JWTKit JWTKeyCollection+ECDSA.swift
[1753/2004] Compiling JWTKit P256+CurveType.swift
[1754/2004] Compiling JWTKit P384+CurveType.swift
[1755/2004] Compiling JWTKit P521+CurveType.swift
[1756/2004] Compiling JWTKit EdDSA.swift
[1757/2004] Compiling JWTKit EdDSACurve.swift
[1758/2004] Compiling JWTKit EdDSAError.swift
[1759/2004] Compiling JWTKit EdDSASigner.swift
[1760/2004] Compiling JWTKit JWTKeyCollection+EdDSA.swift
[1761/2004] Compiling JWTKit AudienceClaim.swift
[1762/2004] Compiling JWTKit BoolClaim.swift
[1763/2004] Compiling JWTKit ExpirationClaim.swift
[1764/2004] Compiling JWTKit GoogleHostedDomainClaim.swift
[1765/2004] Compiling JWTKit IDClaim.swift
[1766/2004] Compiling JWTKit IssuedAtClaim.swift
[1767/2004] Compiling JWTKit IssuerClaim.swift
[1768/2004] Compiling JWTKit JWTClaim.swift
[1769/2004] Compiling JWTKit JWTMultiValueClaim.swift
[1770/2004] Compiling JWTKit JWTUnixEpochClaim.swift
[1771/2005] Wrapping AST for JWTKit for debugging
[1794/2012] Emitting module NIOPosix
[1795/2012] Compiling NIOPosix Thread.swift
[1796/2012] Compiling NIOPosix ThreadPosix.swift
[1797/2012] Compiling NIOPosix ThreadWindows.swift
[1798/2012] Compiling NIOPosix Utilities.swift
[1799/2012] Compiling NIOPosix VsockAddress.swift
[1800/2012] Compiling NIOPosix VsockChannelEvents.swift
[1801/2012] Compiling NIOPosix Windows.swift
[1830/2015] Wrapping AST for NIOPosix for debugging
[1832/2015] Compiling NIO Exports.swift
[1833/2015] Emitting module NIO
[1834/2020] Wrapping AST for NIO for debugging
[1836/2055] Compiling NIOFoundationCompat WaitSpinningRunLoop.swift
[1837/2055] Compiling NIOFoundationCompat Exports.swift
[1838/2055] Compiling NIOHTTP1 HTTPHeaders+Validation.swift
[1839/2055] Compiling NIOHTTP1 HTTPPipelineSetup.swift
[1840/2056] Compiling NIOTLS TLSEvents.swift
[1841/2056] Compiling NIOFoundationCompat JSONSerialization+ByteBuffer.swift
[1842/2056] Emitting module NIOFoundationCompat
[1843/2057] Emitting module NIOTLS
[1845/2057] Emitting module NIOSOCKS
[1846/2057] Compiling NIOSOCKS ServerStateMachine.swift
[1847/2057] Compiling NIOTLS ApplicationProtocolNegotiationHandler.swift
[1847/2057] Wrapping AST for NIOFoundationCompat for debugging
[1849/2057] Compiling NIOSOCKS SOCKSResponse.swift
[1850/2057] Compiling NIOHTTP1 HTTPServerPipelineHandler.swift
[1851/2057] Compiling NIOHTTP1 HTTPServerProtocolErrorHandler.swift
[1852/2057] Compiling NIOHTTP1 HTTPEncoder.swift
[1853/2057] Compiling NIOHTTP1 HTTPHeaderValidator.swift
[1854/2057] Compiling NIOSOCKS SelectedAuthenticationMethod.swift
[1855/2057] Compiling NIOSOCKS ClientStateMachine.swift
[1856/2057] Compiling NIOHTTP1 ByteCollectionUtils.swift
[1857/2057] Compiling NIOHTTP1 HTTPDecoder.swift
[1858/2058] Wrapping AST for NIOSOCKS for debugging
[1860/2058] Compiling NIOTLS SNIHandler.swift
[1861/2058] Compiling NIOTLS ProtocolNegotiationHandlerStateMachine.swift
[1862/2058] Compiling NIOTLS NIOTypedApplicationProtocolNegotiationHandler.swift
[1864/2059] Compiling NIOHTTP1 NIOTypedHTTPClientUpgradeHandler.swift
[1865/2059] Compiling NIOHTTP1 NIOTypedHTTPClientUpgraderStateMachine.swift
[1865/2061] Wrapping AST for NIOTLS for debugging
[1867/2091] Emitting module NIOHTTP1
[1868/2091] Compiling NIOSSL NIOSSLHandler.swift
[1869/2091] Compiling NIOSSL AndroidCABundle.swift
[1870/2091] Compiling NIOSSL ByteBufferBIO.swift
[1871/2091] Compiling NIOSSL NIOSSLSecureBytes.swift
[1872/2091] Compiling NIOSSL RNG.swift
[1873/2091] Compiling NIOSSL SafeCompare.swift
[1874/2091] Compiling NIOSSL NIOSSLServerHandler.swift
[1875/2091] Compiling NIOSSL SSLCertificateExtensions.swift
[1876/2091] Compiling NIOSSL SSLCertificateName.swift
[1877/2091] Compiling NIOSSL IdentityVerification.swift
[1878/2091] Compiling NIOSSL SSLCertificate.swift
[1879/2091] Compiling NIOSSL CustomPrivateKey.swift
[1880/2091] Compiling NIOSSL FreeBSDCABundle.swift
[1881/2091] Compiling NIOSSL LinuxCABundle.swift
[1882/2091] Compiling NIOSSL NIOSSLClientHandler.swift
[1883/2091] Compiling NIOSSL NIOSSLHandler+Configuration.swift
[1884/2092] Wrapping AST for NIOHTTP1 for debugging
[1886/2109] Compiling NIOHPACK DynamicHeaderTable.swift
[1887/2109] Compiling NIOHPACK HPACKDecoder.swift
[1888/2109] Compiling NIOHPACK HPACKEncoder.swift
[1889/2109] Compiling NIOHPACK HPACKErrors.swift
[1890/2113] Compiling NIOSSL SSLPrivateKey.swift
[1891/2113] Compiling NIOSSL SSLPublicKey.swift
[1892/2113] Compiling NIOSSL SecurityFrameworkCertificateVerification.swift
[1893/2113] Compiling NIOSSL String+unsafeUninitializedCapacity.swift
[1894/2113] Compiling NIOSSL SubjectAlternativeName.swift
[1898/2113] Compiling NIOHPACK IndexedHeaderTable.swift
[1899/2113] Compiling NIOHPACK IntegerCoding.swift
[1900/2114] Emitting module NIOHTTPCompression
[1901/2114] Compiling NIOHTTPCompression HTTPCompression.swift
[1902/2114] Compiling NIOHTTPCompression HTTPResponseCompressor.swift
[1903/2114] Compiling NIOHTTPCompression HTTPRequestCompressor.swift
[1904/2114] Compiling NIOHTTPCompression HTTPDecompressor.swift
[1905/2114] Compiling NIOHPACK HuffmanTables.swift
[1906/2114] Compiling NIOHTTPCompression HTTPDecompression.swift
[1907/2115] Wrapping AST for NIOHTTPCompression for debugging
[1909/2115] Compiling NIOHPACK HuffmanCoding.swift
[1910/2115] Compiling NIOHPACK StaticHeaderTable.swift
[1914/2115] Compiling NIOSSL SSLConnection.swift
[1915/2115] Compiling NIOHPACK HPACKHeader.swift
[1916/2115] Compiling NIOHPACK HeaderTables.swift
[1920/2115] Emitting module NIOSSL
[1922/2115] Compiling NIOSSL ObjectIdentifier.swift
[1923/2115] Compiling NIOSSL PosixPort.swift
[1924/2115] Compiling NIOSSL SSLCallbacks.swift
[1925/2115] Compiling NIOSSL SSLContext.swift
[1926/2115] Compiling NIOSSL SSLErrors.swift
[1927/2115] Compiling NIOSSL SSLInit.swift
[1928/2115] Compiling NIOSSL SSLPKCS12Bundle.swift
[1931/2115] Emitting module NIOHPACK
[1936/2116] Wrapping AST for NIOHPACK for debugging
[1938/2178] Compiling NIOHTTP2 MayReceiveFrames.swift
[1939/2178] Compiling NIOHTTP2 ReceivingDataState.swift
[1940/2178] Compiling NIOHTTP2 ReceivingGoAwayState.swift
[1941/2178] Compiling NIOHTTP2 ReceivingHeadersState.swift
[1942/2180] Wrapping AST for NIOSSL for debugging
[1944/2180] Compiling NIOHTTP2 DOSHeuristics.swift
[1945/2180] Compiling NIOHTTP2 Error+Any.swift
[1946/2180] Compiling NIOHTTP2 ConcurrentStreamBuffer.swift
[1947/2180] Compiling NIOHTTP2 ControlFrameBuffer.swift
[1948/2180] Compiling NIOHTTP2 OutboundFlowControlBuffer.swift
[1949/2180] Compiling NIOHTTP2 OutboundFrameBuffer.swift
[1950/2180] Compiling NIOHTTP2 GlitchesMonitor.swift
[1951/2180] Compiling NIOHTTP2 HPACKHeaders+Validation.swift
[1952/2180] Compiling NIOHTTP2 HTTP2ChannelHandler+InboundStreamMultiplexer.swift
[1953/2188] Compiling NIOHTTP2 HTTP2StreamMultiplexer.swift
[1954/2188] Compiling NIOHTTP2 HTTP2ToHTTP1Codec.swift
[1955/2188] Compiling NIOHTTP2 HTTP2UserEvents.swift
[1956/2188] Compiling NIOHTTP2 InboundEventBuffer.swift
[1957/2188] Compiling NIOHTTP2 InboundWindowManager.swift
[1958/2188] Compiling NIOHTTP2 MultiplexerAbstractChannel.swift
[1959/2188] Compiling NIOHTTP2 NIOHTTP2FrameDelegate.swift
[1960/2188] Compiling NIOHTTP2 NIOHTTP2ServerConnectionManagementHandler+StateMachine.swift
[1961/2188] Compiling NIOHTTP2 ConnectionStateMachine.swift
[1962/2188] Compiling NIOHTTP2 ConnectionStreamsState.swift
[1967/2188] Compiling NIOHTTP2 ReceivingPushPromiseState.swift
[1968/2188] Compiling NIOHTTP2 ReceivingRstStreamState.swift
[1969/2188] Compiling NIOHTTP2 ReceivingWindowUpdateState.swift
[1970/2188] Compiling NIOHTTP2 NIOHTTP2ServerConnectionManagementHandler.swift
[1971/2188] Compiling NIOHTTP2 StreamChannelFlowController.swift
[1972/2188] Compiling NIOHTTP2 StreamChannelList.swift
[1973/2188] Compiling NIOHTTP2 StreamMap.swift
[1974/2188] Compiling NIOHTTP2 StreamStateMachine.swift
[1975/2188] Compiling NIOHTTP2 Timer.swift
[1976/2188] Compiling NIOHTTP2 UnsafeTransfer.swift
[1977/2188] Compiling NIOHTTP2 WatermarkedFlowController.swift
[1978/2188] Compiling NIOHTTP2 MaySendFrames.swift
[1979/2188] Compiling NIOHTTP2 SendingDataState.swift
[1980/2188] Compiling NIOHTTP2 SendingGoawayState.swift
[1981/2188] Compiling NIOHTTP2 SendingHeadersState.swift
[1982/2188] Compiling NIOHTTP2 SendingPushPromiseState.swift
[1983/2188] Compiling NIOHTTP2 SendingRstStreamState.swift
[1984/2188] Compiling NIOHTTP2 SendingWindowUpdateState.swift
[1985/2188] Compiling NIOHTTP2 HTTP2SettingsState.swift
[1986/2188] Compiling NIOHTTP2 HasExtendedConnectSettings.swift
[1987/2188] Compiling NIOHTTP2 HTTP2FrameParser.swift
[1988/2188] Compiling NIOHTTP2 HTTP2PingData.swift
[1989/2188] Compiling NIOHTTP2 HTTP2PipelineHelpers.swift
[1990/2188] Compiling NIOHTTP2 HTTP2Settings.swift
[1991/2188] Compiling NIOHTTP2 HTTP2Stream.swift
[1992/2188] Compiling NIOHTTP2 HTTP2StreamChannel+OutboundStreamMultiplexer.swift
[1993/2188] Compiling NIOHTTP2 HTTP2StreamChannel.swift
[1994/2188] Compiling NIOHTTP2 HTTP2StreamDelegate.swift
[1995/2188] Compiling NIOHTTP2 HTTP2StreamID.swift
[1996/2188] Compiling NIOHTTP2 HasFlowControlWindows.swift
[1997/2188] Compiling NIOHTTP2 HasLocalSettings.swift
[1998/2188] Compiling NIOHTTP2 HasRemoteSettings.swift
[1999/2188] Compiling NIOHTTP2 LocallyQuiescingState.swift
[2000/2188] Compiling NIOHTTP2 QuiescingState.swift
[2001/2188] Compiling NIOHTTP2 RemotelyQuiescingState.swift
[2002/2188] Compiling NIOHTTP2 SendAndReceiveGoawayState.swift
[2003/2188] Compiling NIOHTTP2 StateMachineResult.swift
[2004/2188] Compiling NIOHTTP2 ContentLengthVerifier.swift
[2005/2188] Emitting module NIOHTTP2
[2006/2188] Compiling NIOHTTP2 HTTP2ChannelHandler+InlineStreamMultiplexer.swift
[2007/2188] Compiling NIOHTTP2 HTTP2ChannelHandler.swift
[2008/2188] Compiling NIOHTTP2 HTTP2CommonInboundStreamMultiplexer.swift
[2009/2188] Compiling NIOHTTP2 HTTP2ConnectionStateChange.swift
[2010/2188] Compiling NIOHTTP2 HTTP2Error.swift
[2011/2188] Compiling NIOHTTP2 HTTP2ErrorCode.swift
[2012/2188] Compiling NIOHTTP2 HTTP2FlowControlWindow.swift
[2013/2188] Compiling NIOHTTP2 HTTP2Frame.swift
[2014/2188] Compiling NIOHTTP2 HTTP2FrameEncoder.swift
[2015/2189] Wrapping AST for NIOHTTP2 for debugging
[2017/2253] Compiling AsyncHTTPClient LRUCache.swift
[2018/2253] Compiling AsyncHTTPClient NIOLoopBound+Execute.swift
[2019/2253] Compiling AsyncHTTPClient NWErrorHandler.swift
[2020/2253] Compiling AsyncHTTPClient NWWaitingHandler.swift
[2021/2253] Compiling AsyncHTTPClient TLSConfiguration.swift
[2022/2253] Compiling AsyncHTTPClient RedirectState.swift
[2023/2253] Compiling AsyncHTTPClient RequestBag+StateMachine.swift
[2024/2253] Compiling AsyncHTTPClient RequestBag+Tracing.swift
[2025/2253] Compiling AsyncHTTPClient RequestBag.swift
[2026/2261] Compiling AsyncHTTPClient HTTP1ProxyConnectHandler.swift
[2027/2261] Compiling AsyncHTTPClient SOCKSEventsHandler.swift
[2028/2261] Compiling AsyncHTTPClient TLSEventsHandler.swift
[2029/2261] Compiling AsyncHTTPClient HTTP1ClientChannelHandler.swift
[2030/2261] Compiling AsyncHTTPClient HTTP1Connection.swift
[2031/2261] Compiling AsyncHTTPClient HTTP1ConnectionStateMachine.swift
[2032/2261] Compiling AsyncHTTPClient HTTP2ClientRequestHandler.swift
[2033/2261] Compiling AsyncHTTPClient HTTP2Connection.swift
[2034/2261] Compiling AsyncHTTPClient HTTP2IdleHandler.swift
[2035/2261] Compiling AsyncHTTPClient HTTPClientResponse.swift
[2036/2261] Compiling AsyncHTTPClient SingleIteratorPrecondition.swift
[2037/2261] Compiling AsyncHTTPClient Transaction+StateMachine.swift
[2038/2261] Compiling AsyncHTTPClient Transaction.swift
[2039/2261] Compiling AsyncHTTPClient Base64.swift
[2040/2261] Compiling AsyncHTTPClient BasicAuth.swift
[2041/2261] Compiling AsyncHTTPClient BestEffortHashableTLSConfiguration.swift
[2042/2261] Compiling AsyncHTTPClient Configuration+BrowserLike.swift
[2043/2261] Compiling AsyncHTTPClient ConnectionPool.swift
[2044/2261] Emitting module AsyncHTTPClient
[2045/2261] Compiling AsyncHTTPClient RequestValidation.swift
[2046/2261] Compiling AsyncHTTPClient SSLContextCache.swift
[2047/2261] Compiling AsyncHTTPClient Scheme.swift
[2048/2261] Compiling AsyncHTTPClient Singleton.swift
[2049/2261] Compiling AsyncHTTPClient StringConvertibleInstances.swift
[2050/2261] Compiling AsyncHTTPClient StructuredConcurrencyHelpers.swift
[2051/2261] Compiling AsyncHTTPClient TracingSupport.swift
[2052/2261] Compiling AsyncHTTPClient Utils.swift
[2053/2261] Compiling AsyncHTTPClient HTTPConnectionEvent.swift
[2054/2261] Compiling AsyncHTTPClient HTTPConnectionPool+Factory.swift
[2055/2261] Compiling AsyncHTTPClient HTTPConnectionPool+Manager.swift
[2056/2261] Compiling AsyncHTTPClient HTTPConnectionPool.swift
[2057/2261] Compiling AsyncHTTPClient HTTPExecutableRequest.swift
[2058/2261] Compiling AsyncHTTPClient HTTPRequestStateMachine+Demand.swift
[2059/2261] Compiling AsyncHTTPClient HTTPRequestStateMachine.swift
[2060/2261] Compiling AsyncHTTPClient RequestBodyLength.swift
[2061/2261] Compiling AsyncHTTPClient RequestFramingMetadata.swift
[2062/2261] Compiling AsyncHTTPClient AnyAsyncSequence.swift
[2063/2261] Compiling AsyncHTTPClient AnyAsyncSequenceProucerDelete.swift
[2064/2261] Compiling AsyncHTTPClient AsyncLazySequence.swift
[2065/2261] Compiling AsyncHTTPClient HTTPClient+execute.swift
[2066/2261] Compiling AsyncHTTPClient HTTPClient+shutdown.swift
[2067/2261] Compiling AsyncHTTPClient HTTPClient+tracing.swift
[2068/2261] Compiling AsyncHTTPClient HTTPClientRequest+Prepared.swift
[2069/2261] Compiling AsyncHTTPClient HTTPClientRequest+auth.swift
[2070/2261] Compiling AsyncHTTPClient HTTPClientRequest.swift
[2071/2261] Compiling AsyncHTTPClient RequestOptions.swift
[2072/2261] Compiling AsyncHTTPClient HTTPConnectionPool+Backoff.swift
[2073/2261] Compiling AsyncHTTPClient HTTPConnectionPool+HTTP1Connections.swift
[2074/2261] Compiling AsyncHTTPClient HTTPConnectionPool+HTTP1StateMachine.swift
[2075/2261] Compiling AsyncHTTPClient HTTPConnectionPool+HTTP2Connections.swift
[2076/2261] Compiling AsyncHTTPClient HTTPConnectionPool+HTTP2StateMachine.swift
[2077/2261] Compiling AsyncHTTPClient HTTPConnectionPool+RequestQueue.swift
[2078/2261] Compiling AsyncHTTPClient HTTPConnectionPool+StateMachine.swift
[2079/2261] Compiling AsyncHTTPClient ConnectionTarget.swift
[2080/2261] Compiling AsyncHTTPClient DeconstructedURL.swift
[2081/2261] Compiling AsyncHTTPClient FileDownloadDelegate.swift
[2082/2261] Compiling AsyncHTTPClient FoundationExtensions.swift
[2083/2261] Compiling AsyncHTTPClient HTTPClient+HTTPCookie.swift
[2084/2261] Compiling AsyncHTTPClient HTTPClient+Proxy.swift
[2085/2261] Compiling AsyncHTTPClient HTTPClient+StructuredConcurrency.swift
[2086/2261] Compiling AsyncHTTPClient HTTPClient.swift
[2087/2261] Compiling AsyncHTTPClient HTTPClientConfiguration+SwiftConfiguration.swift
[2088/2261] Compiling AsyncHTTPClient HTTPHandler.swift
[2089/2262] Wrapping AST for AsyncHTTPClient for debugging
[2091/2285] Compiling GoogleAuth AnonymousCredentials.swift
[2092/2285] Compiling GoogleAuth ApiKeyCredentials.swift
[2093/2285] Compiling GoogleAuth ExternalAccountCredentials.swift
[2094/2288] Compiling GoogleAuth UserAccountData.swift
[2095/2288] Compiling GoogleAuth UserAccountTokenProvider.swift
[2096/2288] Compiling GoogleAuth UserCredentials.swift
[2097/2288] Compiling GoogleAuth ServiceAccountCredentials.swift
[2098/2288] Compiling GoogleAuth ServiceAccountData.swift
[2099/2288] Compiling GoogleAuth ServiceAccountTokenProvider.swift
[2100/2288] Compiling GoogleAuth SubjectTokenProvider.swift
[2101/2288] Compiling GoogleAuth MDSAccessTokenProvider.swift
[2102/2288] Compiling GoogleAuth MDSCredentials.swift
[2103/2288] Emitting module GoogleAuth
[2104/2288] Compiling GoogleAuth ADC.swift
[2105/2288] Compiling GoogleAuth ADCPath.swift
[2106/2288] Compiling GoogleAuth ADCResolver.swift
[2107/2288] Compiling GoogleAuth AuthHeaders.swift
[2108/2288] Compiling GoogleAuth AuthHTTPClient.swift
[2109/2288] Compiling GoogleAuth AuthHTTPError.swift
[2110/2288] Compiling GoogleAuth RetryEngine.swift
[2111/2288] Compiling GoogleAuth CredentialParserRegistry.swift
[2112/2288] Compiling GoogleAuth Credentials.swift
[2113/2288] Compiling GoogleAuth CredentialsError.swift
[2114/2288] Compiling GoogleAuth STSHandler.swift
[2115/2288] Compiling GoogleAuth TokenCache.swift
[2116/2288] Compiling GoogleAuth PackageVersion.swift
[2117/2289] Wrapping AST for GoogleAuth for debugging
[2119/2347] Compiling GoogleGax AIP194+PollingErrorPolicy.swift
[2120/2347] Compiling GoogleGax AIP194+RetryPolicy.swift
[2121/2347] Compiling GoogleGax AIP194.swift
[2122/2347] Compiling GoogleGax AdaptiveThrottler.swift
[2123/2347] Compiling GoogleGax AlwaysPoll.swift
[2124/2347] Compiling GoogleGax AlwaysRetry.swift
[2125/2347] Compiling GoogleGax ApiClientHeader.swift
[2126/2347] Compiling GoogleGax BackoffPolicy.swift
[2127/2347] Compiling GoogleGax BasePollingErrorPolicy.swift
[2128/2355] Emitting module GoogleGax
[2129/2355] Compiling GoogleGax Pagination.swift
/host/spi-builder-workspace/.build/checkouts/swift-google-gax/Sources/GoogleGax/Pagination.swift:44:22: error: cannot convert '@Sendable (String) async throws -> (response: ResponseType, items: [Item], nextToken: String)' to 'nonisolated(nonsending) @Sendable (String) async throws -> (response: ResponseType, items: [Item], nextToken: String)' because crossing of an isolation boundary requires parameter and result types to conform to 'Sendable' protocol
42 | ) where ResponseType: _PaginatedResponse<Item> {
43 | self.initialPageToken = initialPageToken ?? ""
44 | self.fetchPage = { token in
| |- error: cannot convert '@Sendable (String) async throws -> (response: ResponseType, items: [Item], nextToken: String)' to 'nonisolated(nonsending) @Sendable (String) async throws -> (response: ResponseType, items: [Item], nextToken: String)' because crossing of an isolation boundary requires parameter and result types to conform to 'Sendable' protocol
| `- note: type 'Item' does not conform to 'Sendable' protocol
45 | let response = try await listRpc(token)
46 | return (response, response._getPaginatedItems(), response._nextPageToken())
[2130/2355] Compiling GoogleGax PollingBackoffPolicy.swift
/host/spi-builder-workspace/.build/checkouts/swift-google-gax/Sources/GoogleGax/Pagination.swift:44:22: error: cannot convert '@Sendable (String) async throws -> (response: ResponseType, items: [Item], nextToken: String)' to 'nonisolated(nonsending) @Sendable (String) async throws -> (response: ResponseType, items: [Item], nextToken: String)' because crossing of an isolation boundary requires parameter and result types to conform to 'Sendable' protocol
42 | ) where ResponseType: _PaginatedResponse<Item> {
43 | self.initialPageToken = initialPageToken ?? ""
44 | self.fetchPage = { token in
| |- error: cannot convert '@Sendable (String) async throws -> (response: ResponseType, items: [Item], nextToken: String)' to 'nonisolated(nonsending) @Sendable (String) async throws -> (response: ResponseType, items: [Item], nextToken: String)' because crossing of an isolation boundary requires parameter and result types to conform to 'Sendable' protocol
| `- note: type 'Item' does not conform to 'Sendable' protocol
45 | let response = try await listRpc(token)
46 | return (response, response._getPaginatedItems(), response._nextPageToken())
[2131/2355] Compiling GoogleGax PollingErrorPolicy.swift
/host/spi-builder-workspace/.build/checkouts/swift-google-gax/Sources/GoogleGax/Pagination.swift:44:22: error: cannot convert '@Sendable (String) async throws -> (response: ResponseType, items: [Item], nextToken: String)' to 'nonisolated(nonsending) @Sendable (String) async throws -> (response: ResponseType, items: [Item], nextToken: String)' because crossing of an isolation boundary requires parameter and result types to conform to 'Sendable' protocol
42 | ) where ResponseType: _PaginatedResponse<Item> {
43 | self.initialPageToken = initialPageToken ?? ""
44 | self.fetchPage = { token in
| |- error: cannot convert '@Sendable (String) async throws -> (response: ResponseType, items: [Item], nextToken: String)' to 'nonisolated(nonsending) @Sendable (String) async throws -> (response: ResponseType, items: [Item], nextToken: String)' because crossing of an isolation boundary requires parameter and result types to conform to 'Sendable' protocol
| `- note: type 'Item' does not conform to 'Sendable' protocol
45 | let response = try await listRpc(token)
46 | return (response, response._getPaginatedItems(), response._nextPageToken())
[2132/2355] Compiling GoogleGax PollingResult.swift
/host/spi-builder-workspace/.build/checkouts/swift-google-gax/Sources/GoogleGax/Pagination.swift:44:22: error: cannot convert '@Sendable (String) async throws -> (response: ResponseType, items: [Item], nextToken: String)' to 'nonisolated(nonsending) @Sendable (String) async throws -> (response: ResponseType, items: [Item], nextToken: String)' because crossing of an isolation boundary requires parameter and result types to conform to 'Sendable' protocol
42 | ) where ResponseType: _PaginatedResponse<Item> {
43 | self.initialPageToken = initialPageToken ?? ""
44 | self.fetchPage = { token in
| |- error: cannot convert '@Sendable (String) async throws -> (response: ResponseType, items: [Item], nextToken: String)' to 'nonisolated(nonsending) @Sendable (String) async throws -> (response: ResponseType, items: [Item], nextToken: String)' because crossing of an isolation boundary requires parameter and result types to conform to 'Sendable' protocol
| `- note: type 'Item' does not conform to 'Sendable' protocol
45 | let response = try await listRpc(token)
46 | return (response, response._getPaginatedItems(), response._nextPageToken())
[2133/2355] Compiling GoogleGax PollingState.swift
/host/spi-builder-workspace/.build/checkouts/swift-google-gax/Sources/GoogleGax/Pagination.swift:44:22: error: cannot convert '@Sendable (String) async throws -> (response: ResponseType, items: [Item], nextToken: String)' to 'nonisolated(nonsending) @Sendable (String) async throws -> (response: ResponseType, items: [Item], nextToken: String)' because crossing of an isolation boundary requires parameter and result types to conform to 'Sendable' protocol
42 | ) where ResponseType: _PaginatedResponse<Item> {
43 | self.initialPageToken = initialPageToken ?? ""
44 | self.fetchPage = { token in
| |- error: cannot convert '@Sendable (String) async throws -> (response: ResponseType, items: [Item], nextToken: String)' to 'nonisolated(nonsending) @Sendable (String) async throws -> (response: ResponseType, items: [Item], nextToken: String)' because crossing of an isolation boundary requires parameter and result types to conform to 'Sendable' protocol
| `- note: type 'Item' does not conform to 'Sendable' protocol
45 | let response = try await listRpc(token)
46 | return (response, response._getPaginatedItems(), response._nextPageToken())
[2134/2355] Compiling GoogleGax ProtobufConversionError.swift
/host/spi-builder-workspace/.build/checkouts/swift-google-gax/Sources/GoogleGax/Pagination.swift:44:22: error: cannot convert '@Sendable (String) async throws -> (response: ResponseType, items: [Item], nextToken: String)' to 'nonisolated(nonsending) @Sendable (String) async throws -> (response: ResponseType, items: [Item], nextToken: String)' because crossing of an isolation boundary requires parameter and result types to conform to 'Sendable' protocol
42 | ) where ResponseType: _PaginatedResponse<Item> {
43 | self.initialPageToken = initialPageToken ?? ""
44 | self.fetchPage = { token in
| |- error: cannot convert '@Sendable (String) async throws -> (response: ResponseType, items: [Item], nextToken: String)' to 'nonisolated(nonsending) @Sendable (String) async throws -> (response: ResponseType, items: [Item], nextToken: String)' because crossing of an isolation boundary requires parameter and result types to conform to 'Sendable' protocol
| `- note: type 'Item' does not conform to 'Sendable' protocol
45 | let response = try await listRpc(token)
46 | return (response, response._getPaginatedItems(), response._nextPageToken())
[2135/2355] Compiling GoogleGax QueryParameter.swift
/host/spi-builder-workspace/.build/checkouts/swift-google-gax/Sources/GoogleGax/Pagination.swift:44:22: error: cannot convert '@Sendable (String) async throws -> (response: ResponseType, items: [Item], nextToken: String)' to 'nonisolated(nonsending) @Sendable (String) async throws -> (response: ResponseType, items: [Item], nextToken: String)' because crossing of an isolation boundary requires parameter and result types to conform to 'Sendable' protocol
42 | ) where ResponseType: _PaginatedResponse<Item> {
43 | self.initialPageToken = initialPageToken ?? ""
44 | self.fetchPage = { token in
| |- error: cannot convert '@Sendable (String) async throws -> (response: ResponseType, items: [Item], nextToken: String)' to 'nonisolated(nonsending) @Sendable (String) async throws -> (response: ResponseType, items: [Item], nextToken: String)' because crossing of an isolation boundary requires parameter and result types to conform to 'Sendable' protocol
| `- note: type 'Item' does not conform to 'Sendable' protocol
45 | let response = try await listRpc(token)
46 | return (response, response._getPaginatedItems(), response._nextPageToken())
[2136/2355] Compiling GoogleGax RequestError.swift
/host/spi-builder-workspace/.build/checkouts/swift-google-gax/Sources/GoogleGax/Pagination.swift:44:22: error: cannot convert '@Sendable (String) async throws -> (response: ResponseType, items: [Item], nextToken: String)' to 'nonisolated(nonsending) @Sendable (String) async throws -> (response: ResponseType, items: [Item], nextToken: String)' because crossing of an isolation boundary requires parameter and result types to conform to 'Sendable' protocol
42 | ) where ResponseType: _PaginatedResponse<Item> {
43 | self.initialPageToken = initialPageToken ?? ""
44 | self.fetchPage = { token in
| |- error: cannot convert '@Sendable (String) async throws -> (response: ResponseType, items: [Item], nextToken: String)' to 'nonisolated(nonsending) @Sendable (String) async throws -> (response: ResponseType, items: [Item], nextToken: String)' because crossing of an isolation boundary requires parameter and result types to conform to 'Sendable' protocol
| `- note: type 'Item' does not conform to 'Sendable' protocol
45 | let response = try await listRpc(token)
46 | return (response, response._getPaginatedItems(), response._nextPageToken())
[2137/2355] Compiling GoogleGax RequestOptions.swift
[2138/2355] Compiling GoogleGax RetryLoop.swift
[2139/2355] Compiling GoogleGax RetryPolicy.swift
[2140/2355] Compiling GoogleGax RetryResult.swift
[2141/2355] Compiling GoogleGax RetryState.swift
[2142/2355] Compiling GoogleGax RetryThrottler.swift
[2143/2355] Compiling GoogleGax RetryThrottlerError.swift
[2144/2355] Compiling GoogleGax RoutingMatcher.swift
[2145/2355] Compiling GoogleGax LimitedAttemptCount+PollingErrorPolicy.swift
[2146/2355] Compiling GoogleGax LimitedAttemptCount+RetryPolicy.swift
[2147/2355] Compiling GoogleGax LimitedAttemptCount.swift
[2148/2355] Compiling GoogleGax LimitedElapsedTime+PollingErrorPolicy.swift
[2149/2355] Compiling GoogleGax LimitedElapsedTime+RetryPolicy.swift
[2150/2355] Compiling GoogleGax LimitedElapsedTime.swift
[2151/2355] Compiling GoogleGax LongRunningOperations.swift
[2152/2355] Compiling GoogleGax NeverRetry.swift
[2153/2355] Compiling GoogleGax HTTPClientProtocol.swift
[2154/2355] Compiling GoogleGax HTTPClientRequest.swift
[2155/2355] Compiling GoogleGax HTTPClientResponse.swift
[2156/2355] Compiling GoogleGax HTTPHeaders.swift
[2157/2355] Compiling GoogleGax HTTPResponseBody.swift
[2158/2355] Compiling GoogleGax HeaderNames.swift
[2159/2355] Compiling GoogleGax Host.swift
[2160/2355] Compiling GoogleGax InProgressResult.swift
[2161/2355] Compiling GoogleGax ContinueOnIO.swift
[2162/2355] Compiling GoogleGax CredentialsProtocol.swift
[2163/2355] Compiling GoogleGax ErrorWrapper.swift
[2164/2355] Compiling GoogleGax ExponentialBackoff+BackoffPolicy.swift
[2165/2355] Compiling GoogleGax ExponentialBackoff+PollingBackoffPolicy.swift
[2166/2355] Compiling GoogleGax ExponentialBackoff.swift
[2167/2355] Compiling GoogleGax HTTPClient.swift
[2168/2355] Compiling GoogleGax HTTPClientHolder.swift
[2169/2355] Compiling GoogleGax BaseRetryPolicy.swift
[2170/2355] Compiling GoogleGax BindingError.swift
[2171/2355] Compiling GoogleGax CRC32C.swift
[2172/2355] Compiling GoogleGax CircuitBreaker.swift
[2173/2355] Compiling GoogleGax ClientError.swift
[2174/2355] Compiling GoogleGax ClientOptions.swift
[2175/2355] Compiling GoogleGax ContinueOnIO+PollingErrorPolicy.swift
[2176/2355] Compiling GoogleGax ContinueOnIO+RetryPolicy.swift
[2177/2355] Compiling GoogleGax ServiceError.swift
[2178/2355] Compiling GoogleGax StatusDetail.swift
[2179/2355] Compiling GoogleGax StrictIdempotency.swift
[2180/2355] Compiling GoogleGax ThrottleResult.swift
[2181/2355] Compiling GoogleGax TooManyRequests+PollingErrorPolicy.swift
[2182/2355] Compiling GoogleGax TooManyRequests+RetryPolicy.swift
[2183/2355] Compiling GoogleGax TooManyRequests.swift
[2184/2355] Compiling GoogleGax PackageVersion.swift
BUILD FAILURE 6.2 android