The Swift Package Index logo.Swift Package Index

Build Information

Failed to build AUv3Controls, reference main (a96c90), with Swift 6.4 for visionOS using Xcode 27.0 on 24 Sep 2026 14:48:23 UTC.

Build Command

env DEVELOPER_DIR=/Applications/Xcode-27.0.0-Release.Candidate.app xcrun xcodebuild -IDEClonedSourcePackagesDirPathOverride=$PWD/.dependencies -skipMacroValidation -skipPackagePluginValidation -derivedDataPath $PWD/.derivedData build -scheme AUv3Controls -destination generic/platform=xrOS

Build Log

SwiftCompile normal x86_64 /Users/admin/builder/spi-builder-workspace/.dependencies/checkouts/swift-syntax/Sources/SwiftSyntax/Identifier.swift (in target 'SwiftSyntax' from project 'swift-syntax')
    cd /Users/admin/builder/spi-builder-workspace/.swiftpm/xcode
    builtin-SwiftPerFileCompile Identifier.swift
SwiftCompile normal x86_64 /Users/admin/builder/spi-builder-workspace/.dependencies/checkouts/swift-syntax/Sources/SwiftSyntax/Raw/RawSyntax.swift (in target 'SwiftSyntax' from project 'swift-syntax')
    cd /Users/admin/builder/spi-builder-workspace/.swiftpm/xcode
    builtin-SwiftPerFileCompile RawSyntax.swift
SwiftDriverJobDiscovery normal x86_64 Compiling SyntaxNodesGHI.swift (in target 'SwiftSyntax' from project 'swift-syntax')
SwiftCompile normal x86_64 Compiling\ Tokens.swift /Users/admin/builder/spi-builder-workspace/.dependencies/checkouts/swift-syntax/Sources/SwiftSyntax/generated/Tokens.swift (in target 'SwiftSyntax' from project 'swift-syntax')
SwiftCompile normal x86_64 /Users/admin/builder/spi-builder-workspace/.dependencies/checkouts/swift-syntax/Sources/SwiftSyntax/generated/Tokens.swift (in target 'SwiftSyntax' from project 'swift-syntax')
    cd /Users/admin/builder/spi-builder-workspace/.swiftpm/xcode
    builtin-SwiftPerFileCompile Tokens.swift
SwiftDriverJobDiscovery normal x86_64 Compiling SyntaxNodesJKLMN.swift (in target 'SwiftSyntax' from project 'swift-syntax')
SwiftCompile normal x86_64 Compiling\ MissingNodeInitializers.swift /Users/admin/builder/spi-builder-workspace/.dependencies/checkouts/swift-syntax/Sources/SwiftSyntax/MissingNodeInitializers.swift (in target 'SwiftSyntax' from project 'swift-syntax')
SwiftCompile normal x86_64 /Users/admin/builder/spi-builder-workspace/.dependencies/checkouts/swift-syntax/Sources/SwiftSyntax/MissingNodeInitializers.swift (in target 'SwiftSyntax' from project 'swift-syntax')
    cd /Users/admin/builder/spi-builder-workspace/.swiftpm/xcode
    builtin-SwiftPerFileCompile MissingNodeInitializers.swift
SwiftDriverJobDiscovery normal x86_64 Compiling Identifier.swift, RawSyntax.swift (in target 'SwiftSyntax' from project 'swift-syntax')
SwiftCompile normal x86_64 Compiling\ SyntaxVisitor.swift /Users/admin/builder/spi-builder-workspace/.dependencies/checkouts/swift-syntax/Sources/SwiftSyntax/generated/SyntaxVisitor.swift (in target 'SwiftSyntax' from project 'swift-syntax')
SwiftCompile normal x86_64 /Users/admin/builder/spi-builder-workspace/.dependencies/checkouts/swift-syntax/Sources/SwiftSyntax/generated/SyntaxVisitor.swift (in target 'SwiftSyntax' from project 'swift-syntax')
    cd /Users/admin/builder/spi-builder-workspace/.swiftpm/xcode
    builtin-SwiftPerFileCompile SyntaxVisitor.swift
SwiftDriverJobDiscovery normal arm64 Compiling RawSyntaxNodesJKLMN.swift (in target 'SwiftSyntax' from project 'swift-syntax')
SwiftCompile normal x86_64 Compiling\ TokenKind.swift /Users/admin/builder/spi-builder-workspace/.dependencies/checkouts/swift-syntax/Sources/SwiftSyntax/generated/TokenKind.swift (in target 'SwiftSyntax' from project 'swift-syntax')
SwiftCompile normal x86_64 /Users/admin/builder/spi-builder-workspace/.dependencies/checkouts/swift-syntax/Sources/SwiftSyntax/generated/TokenKind.swift (in target 'SwiftSyntax' from project 'swift-syntax')
    cd /Users/admin/builder/spi-builder-workspace/.swiftpm/xcode
    builtin-SwiftPerFileCompile TokenKind.swift
SwiftDriverJobDiscovery normal arm64 Compiling SyntaxNodesEF.swift, SyntaxNodesGHI.swift (in target 'SwiftSyntax' from project 'swift-syntax')
SwiftCompile normal arm64 Compiling\ SyntaxRewriter.swift /Users/admin/builder/spi-builder-workspace/.dependencies/checkouts/swift-syntax/Sources/SwiftSyntax/generated/SyntaxRewriter.swift (in target 'SwiftSyntax' from project 'swift-syntax')
SwiftCompile normal arm64 /Users/admin/builder/spi-builder-workspace/.dependencies/checkouts/swift-syntax/Sources/SwiftSyntax/generated/SyntaxRewriter.swift (in target 'SwiftSyntax' from project 'swift-syntax')
    cd /Users/admin/builder/spi-builder-workspace/.swiftpm/xcode
    builtin-SwiftPerFileCompile SyntaxRewriter.swift
SwiftDriverJobDiscovery normal x86_64 Compiling Tokens.swift (in target 'SwiftSyntax' from project 'swift-syntax')
SwiftCompile normal arm64 Compiling\ Convenience.swift,\ CustomTraits.swift /Users/admin/builder/spi-builder-workspace/.dependencies/checkouts/swift-syntax/Sources/SwiftSyntax/Convenience.swift /Users/admin/builder/spi-builder-workspace/.dependencies/checkouts/swift-syntax/Sources/SwiftSyntax/CustomTraits.swift (in target 'SwiftSyntax' from project 'swift-syntax')
SwiftCompile normal arm64 /Users/admin/builder/spi-builder-workspace/.dependencies/checkouts/swift-syntax/Sources/SwiftSyntax/Convenience.swift (in target 'SwiftSyntax' from project 'swift-syntax')
    cd /Users/admin/builder/spi-builder-workspace/.swiftpm/xcode
    builtin-SwiftPerFileCompile Convenience.swift
SwiftCompile normal arm64 /Users/admin/builder/spi-builder-workspace/.dependencies/checkouts/swift-syntax/Sources/SwiftSyntax/CustomTraits.swift (in target 'SwiftSyntax' from project 'swift-syntax')
    cd /Users/admin/builder/spi-builder-workspace/.swiftpm/xcode
    builtin-SwiftPerFileCompile CustomTraits.swift
SwiftDriverJobDiscovery normal x86_64 Compiling MissingNodeInitializers.swift (in target 'SwiftSyntax' from project 'swift-syntax')
SwiftCompile normal arm64 Compiling\ SyntaxTraits.swift /Users/admin/builder/spi-builder-workspace/.dependencies/checkouts/swift-syntax/Sources/SwiftSyntax/generated/SyntaxTraits.swift (in target 'SwiftSyntax' from project 'swift-syntax')
SwiftCompile normal arm64 /Users/admin/builder/spi-builder-workspace/.dependencies/checkouts/swift-syntax/Sources/SwiftSyntax/generated/SyntaxTraits.swift (in target 'SwiftSyntax' from project 'swift-syntax')
    cd /Users/admin/builder/spi-builder-workspace/.swiftpm/xcode
    builtin-SwiftPerFileCompile SyntaxTraits.swift
SwiftDriverJobDiscovery normal x86_64 Compiling TokenKind.swift (in target 'SwiftSyntax' from project 'swift-syntax')
SwiftCompile normal arm64 Compiling\ SyntaxKind.swift /Users/admin/builder/spi-builder-workspace/.dependencies/checkouts/swift-syntax/Sources/SwiftSyntax/generated/SyntaxKind.swift (in target 'SwiftSyntax' from project 'swift-syntax')
SwiftCompile normal arm64 /Users/admin/builder/spi-builder-workspace/.dependencies/checkouts/swift-syntax/Sources/SwiftSyntax/generated/SyntaxKind.swift (in target 'SwiftSyntax' from project 'swift-syntax')
    cd /Users/admin/builder/spi-builder-workspace/.swiftpm/xcode
    builtin-SwiftPerFileCompile SyntaxKind.swift
SwiftDriverJobDiscovery normal arm64 Compiling Convenience.swift, CustomTraits.swift (in target 'SwiftSyntax' from project 'swift-syntax')
SwiftCompile normal x86_64 Compiling\ SyntaxEnum.swift /Users/admin/builder/spi-builder-workspace/.dependencies/checkouts/swift-syntax/Sources/SwiftSyntax/generated/SyntaxEnum.swift (in target 'SwiftSyntax' from project 'swift-syntax')
SwiftCompile normal x86_64 /Users/admin/builder/spi-builder-workspace/.dependencies/checkouts/swift-syntax/Sources/SwiftSyntax/generated/SyntaxEnum.swift (in target 'SwiftSyntax' from project 'swift-syntax')
    cd /Users/admin/builder/spi-builder-workspace/.swiftpm/xcode
    builtin-SwiftPerFileCompile SyntaxEnum.swift
SwiftDriverJobDiscovery normal arm64 Compiling SyntaxNodesJKLMN.swift, SyntaxNodesOP.swift (in target 'SwiftSyntax' from project 'swift-syntax')
SwiftCompile normal arm64 Compiling\ SourceLocation.swift /Users/admin/builder/spi-builder-workspace/.dependencies/checkouts/swift-syntax/Sources/SwiftSyntax/SourceLocation.swift (in target 'SwiftSyntax' from project 'swift-syntax')
SwiftCompile normal arm64 /Users/admin/builder/spi-builder-workspace/.dependencies/checkouts/swift-syntax/Sources/SwiftSyntax/SourceLocation.swift (in target 'SwiftSyntax' from project 'swift-syntax')
    cd /Users/admin/builder/spi-builder-workspace/.swiftpm/xcode
    builtin-SwiftPerFileCompile SourceLocation.swift
SwiftDriverJobDiscovery normal x86_64 Compiling SyntaxBaseNodes.swift, SyntaxNodesD.swift (in target 'SwiftSyntax' from project 'swift-syntax')
SwiftCompile normal arm64 Compiling\ SyntaxNodesAB.swift /Users/admin/builder/spi-builder-workspace/.dependencies/checkouts/swift-syntax/Sources/SwiftSyntax/generated/syntaxNodes/SyntaxNodesAB.swift (in target 'SwiftSyntax' from project 'swift-syntax')
SwiftCompile normal arm64 /Users/admin/builder/spi-builder-workspace/.dependencies/checkouts/swift-syntax/Sources/SwiftSyntax/generated/syntaxNodes/SyntaxNodesAB.swift (in target 'SwiftSyntax' from project 'swift-syntax')
    cd /Users/admin/builder/spi-builder-workspace/.swiftpm/xcode
    builtin-SwiftPerFileCompile SyntaxNodesAB.swift
SwiftCompile normal x86_64 Compiling\ SyntaxNodesC.swift /Users/admin/builder/spi-builder-workspace/.dependencies/checkouts/swift-syntax/Sources/SwiftSyntax/generated/syntaxNodes/SyntaxNodesC.swift (in target 'SwiftSyntax' from project 'swift-syntax')
SwiftCompile normal x86_64 /Users/admin/builder/spi-builder-workspace/.dependencies/checkouts/swift-syntax/Sources/SwiftSyntax/generated/syntaxNodes/SyntaxNodesC.swift (in target 'SwiftSyntax' from project 'swift-syntax')
    cd /Users/admin/builder/spi-builder-workspace/.swiftpm/xcode
    builtin-SwiftPerFileCompile SyntaxNodesC.swift
SwiftDriverJobDiscovery normal x86_64 Compiling SyntaxNodesAB.swift (in target 'SwiftSyntax' from project 'swift-syntax')
SwiftDriverJobDiscovery normal arm64 Compiling SyntaxKind.swift (in target 'SwiftSyntax' from project 'swift-syntax')
SwiftCompile normal x86_64 Compiling\ RawSyntaxNodesOP.swift,\ RawSyntaxNodesQRS.swift,\ RawSyntaxNodesTUVWXYZ.swift /Users/admin/builder/spi-builder-workspace/.dependencies/checkouts/swift-syntax/Sources/SwiftSyntax/generated/raw/RawSyntaxNodesOP.swift /Users/admin/builder/spi-builder-workspace/.dependencies/checkouts/swift-syntax/Sources/SwiftSyntax/generated/raw/RawSyntaxNodesQRS.swift /Users/admin/builder/spi-builder-workspace/.dependencies/checkouts/swift-syntax/Sources/SwiftSyntax/generated/raw/RawSyntaxNodesTUVWXYZ.swift (in target 'SwiftSyntax' from project 'swift-syntax')
SwiftCompile normal x86_64 /Users/admin/builder/spi-builder-workspace/.dependencies/checkouts/swift-syntax/Sources/SwiftSyntax/generated/raw/RawSyntaxNodesOP.swift (in target 'SwiftSyntax' from project 'swift-syntax')
    cd /Users/admin/builder/spi-builder-workspace/.swiftpm/xcode
    builtin-SwiftPerFileCompile RawSyntaxNodesOP.swift
SwiftCompile normal x86_64 /Users/admin/builder/spi-builder-workspace/.dependencies/checkouts/swift-syntax/Sources/SwiftSyntax/generated/raw/RawSyntaxNodesQRS.swift (in target 'SwiftSyntax' from project 'swift-syntax')
    cd /Users/admin/builder/spi-builder-workspace/.swiftpm/xcode
    builtin-SwiftPerFileCompile RawSyntaxNodesQRS.swift
SwiftCompile normal x86_64 /Users/admin/builder/spi-builder-workspace/.dependencies/checkouts/swift-syntax/Sources/SwiftSyntax/generated/raw/RawSyntaxNodesTUVWXYZ.swift (in target 'SwiftSyntax' from project 'swift-syntax')
    cd /Users/admin/builder/spi-builder-workspace/.swiftpm/xcode
    builtin-SwiftPerFileCompile RawSyntaxNodesTUVWXYZ.swift
SwiftDriverJobDiscovery normal arm64 Compiling SyntaxTraits.swift (in target 'SwiftSyntax' from project 'swift-syntax')
SwiftCompile normal x86_64 Compiling\ RawSyntaxNodesAB.swift,\ RawSyntaxNodesC.swift,\ RawSyntaxNodesD.swift /Users/admin/builder/spi-builder-workspace/.dependencies/checkouts/swift-syntax/Sources/SwiftSyntax/generated/raw/RawSyntaxNodesAB.swift /Users/admin/builder/spi-builder-workspace/.dependencies/checkouts/swift-syntax/Sources/SwiftSyntax/generated/raw/RawSyntaxNodesC.swift /Users/admin/builder/spi-builder-workspace/.dependencies/checkouts/swift-syntax/Sources/SwiftSyntax/generated/raw/RawSyntaxNodesD.swift (in target 'SwiftSyntax' from project 'swift-syntax')
SwiftCompile normal x86_64 /Users/admin/builder/spi-builder-workspace/.dependencies/checkouts/swift-syntax/Sources/SwiftSyntax/generated/raw/RawSyntaxNodesAB.swift (in target 'SwiftSyntax' from project 'swift-syntax')
    cd /Users/admin/builder/spi-builder-workspace/.swiftpm/xcode
    builtin-SwiftPerFileCompile RawSyntaxNodesAB.swift
SwiftCompile normal x86_64 /Users/admin/builder/spi-builder-workspace/.dependencies/checkouts/swift-syntax/Sources/SwiftSyntax/generated/raw/RawSyntaxNodesC.swift (in target 'SwiftSyntax' from project 'swift-syntax')
    cd /Users/admin/builder/spi-builder-workspace/.swiftpm/xcode
    builtin-SwiftPerFileCompile RawSyntaxNodesC.swift
SwiftCompile normal x86_64 /Users/admin/builder/spi-builder-workspace/.dependencies/checkouts/swift-syntax/Sources/SwiftSyntax/generated/raw/RawSyntaxNodesD.swift (in target 'SwiftSyntax' from project 'swift-syntax')
    cd /Users/admin/builder/spi-builder-workspace/.swiftpm/xcode
    builtin-SwiftPerFileCompile RawSyntaxNodesD.swift
SwiftDriverJobDiscovery normal x86_64 Compiling SyntaxEnum.swift (in target 'SwiftSyntax' from project 'swift-syntax')
SwiftCompile normal x86_64 Compiling\ AbsolutePosition.swift,\ BumpPtrAllocator.swift,\ CommonAncestor.swift,\ EditorPlaceholder.swift /Users/admin/builder/spi-builder-workspace/.dependencies/checkouts/swift-syntax/Sources/SwiftSyntax/AbsolutePosition.swift /Users/admin/builder/spi-builder-workspace/.dependencies/checkouts/swift-syntax/Sources/SwiftSyntax/BumpPtrAllocator.swift /Users/admin/builder/spi-builder-workspace/.dependencies/checkouts/swift-syntax/Sources/SwiftSyntax/CommonAncestor.swift /Users/admin/builder/spi-builder-workspace/.dependencies/checkouts/swift-syntax/Sources/SwiftSyntax/EditorPlaceholder.swift (in target 'SwiftSyntax' from project 'swift-syntax')
SwiftCompile normal x86_64 /Users/admin/builder/spi-builder-workspace/.dependencies/checkouts/swift-syntax/Sources/SwiftSyntax/AbsolutePosition.swift (in target 'SwiftSyntax' from project 'swift-syntax')
    cd /Users/admin/builder/spi-builder-workspace/.swiftpm/xcode
    builtin-SwiftPerFileCompile AbsolutePosition.swift
SwiftCompile normal x86_64 /Users/admin/builder/spi-builder-workspace/.dependencies/checkouts/swift-syntax/Sources/SwiftSyntax/BumpPtrAllocator.swift (in target 'SwiftSyntax' from project 'swift-syntax')
    cd /Users/admin/builder/spi-builder-workspace/.swiftpm/xcode
    builtin-SwiftPerFileCompile BumpPtrAllocator.swift
SwiftCompile normal x86_64 /Users/admin/builder/spi-builder-workspace/.dependencies/checkouts/swift-syntax/Sources/SwiftSyntax/CommonAncestor.swift (in target 'SwiftSyntax' from project 'swift-syntax')
    cd /Users/admin/builder/spi-builder-workspace/.swiftpm/xcode
    builtin-SwiftPerFileCompile CommonAncestor.swift
SwiftCompile normal x86_64 /Users/admin/builder/spi-builder-workspace/.dependencies/checkouts/swift-syntax/Sources/SwiftSyntax/EditorPlaceholder.swift (in target 'SwiftSyntax' from project 'swift-syntax')
    cd /Users/admin/builder/spi-builder-workspace/.swiftpm/xcode
    builtin-SwiftPerFileCompile EditorPlaceholder.swift
SwiftDriverJobDiscovery normal arm64 Compiling SourceLocation.swift (in target 'SwiftSyntax' from project 'swift-syntax')
SwiftCompile normal x86_64 Compiling\ MemoryLayout.swift,\ RawSyntaxArena.swift,\ RawSyntaxLayoutView.swift /Users/admin/builder/spi-builder-workspace/.dependencies/checkouts/swift-syntax/Sources/SwiftSyntax/MemoryLayout.swift /Users/admin/builder/spi-builder-workspace/.dependencies/checkouts/swift-syntax/Sources/SwiftSyntax/Raw/RawSyntaxArena.swift /Users/admin/builder/spi-builder-workspace/.dependencies/checkouts/swift-syntax/Sources/SwiftSyntax/Raw/RawSyntaxLayoutView.swift (in target 'SwiftSyntax' from project 'swift-syntax')
SwiftCompile normal x86_64 /Users/admin/builder/spi-builder-workspace/.dependencies/checkouts/swift-syntax/Sources/SwiftSyntax/MemoryLayout.swift (in target 'SwiftSyntax' from project 'swift-syntax')
    cd /Users/admin/builder/spi-builder-workspace/.swiftpm/xcode
    builtin-SwiftPerFileCompile MemoryLayout.swift
SwiftCompile normal x86_64 /Users/admin/builder/spi-builder-workspace/.dependencies/checkouts/swift-syntax/Sources/SwiftSyntax/Raw/RawSyntaxArena.swift (in target 'SwiftSyntax' from project 'swift-syntax')
    cd /Users/admin/builder/spi-builder-workspace/.swiftpm/xcode
    builtin-SwiftPerFileCompile RawSyntaxArena.swift
SwiftCompile normal x86_64 /Users/admin/builder/spi-builder-workspace/.dependencies/checkouts/swift-syntax/Sources/SwiftSyntax/Raw/RawSyntaxLayoutView.swift (in target 'SwiftSyntax' from project 'swift-syntax')
    cd /Users/admin/builder/spi-builder-workspace/.swiftpm/xcode
    builtin-SwiftPerFileCompile RawSyntaxLayoutView.swift
SwiftDriverJobDiscovery normal x86_64 Compiling AbsolutePosition.swift, BumpPtrAllocator.swift, CommonAncestor.swift, EditorPlaceholder.swift (in target 'SwiftSyntax' from project 'swift-syntax')
SwiftCompile normal x86_64 Compiling\ SyntaxHashable.swift,\ SyntaxIdentifier.swift,\ SyntaxText.swift /Users/admin/builder/spi-builder-workspace/.dependencies/checkouts/swift-syntax/Sources/SwiftSyntax/SyntaxHashable.swift /Users/admin/builder/spi-builder-workspace/.dependencies/checkouts/swift-syntax/Sources/SwiftSyntax/SyntaxIdentifier.swift /Users/admin/builder/spi-builder-workspace/.dependencies/checkouts/swift-syntax/Sources/SwiftSyntax/SyntaxText.swift (in target 'SwiftSyntax' from project 'swift-syntax')
SwiftCompile normal x86_64 /Users/admin/builder/spi-builder-workspace/.dependencies/checkouts/swift-syntax/Sources/SwiftSyntax/SyntaxHashable.swift (in target 'SwiftSyntax' from project 'swift-syntax')
    cd /Users/admin/builder/spi-builder-workspace/.swiftpm/xcode
    builtin-SwiftPerFileCompile SyntaxHashable.swift
SwiftCompile normal x86_64 /Users/admin/builder/spi-builder-workspace/.dependencies/checkouts/swift-syntax/Sources/SwiftSyntax/SyntaxIdentifier.swift (in target 'SwiftSyntax' from project 'swift-syntax')
    cd /Users/admin/builder/spi-builder-workspace/.swiftpm/xcode
    builtin-SwiftPerFileCompile SyntaxIdentifier.swift
SwiftCompile normal x86_64 /Users/admin/builder/spi-builder-workspace/.dependencies/checkouts/swift-syntax/Sources/SwiftSyntax/SyntaxText.swift (in target 'SwiftSyntax' from project 'swift-syntax')
    cd /Users/admin/builder/spi-builder-workspace/.swiftpm/xcode
    builtin-SwiftPerFileCompile SyntaxText.swift
SwiftDriverJobDiscovery normal arm64 Compiling SyntaxRewriter.swift (in target 'SwiftSyntax' from project 'swift-syntax')
SwiftCompile normal x86_64 Compiling\ SyntaxTreeViewMode.swift,\ TokenDiagnostic.swift,\ TokenSequence.swift /Users/admin/builder/spi-builder-workspace/.dependencies/checkouts/swift-syntax/Sources/SwiftSyntax/SyntaxTreeViewMode.swift /Users/admin/builder/spi-builder-workspace/.dependencies/checkouts/swift-syntax/Sources/SwiftSyntax/TokenDiagnostic.swift /Users/admin/builder/spi-builder-workspace/.dependencies/checkouts/swift-syntax/Sources/SwiftSyntax/TokenSequence.swift (in target 'SwiftSyntax' from project 'swift-syntax')
SwiftCompile normal x86_64 /Users/admin/builder/spi-builder-workspace/.dependencies/checkouts/swift-syntax/Sources/SwiftSyntax/SyntaxTreeViewMode.swift (in target 'SwiftSyntax' from project 'swift-syntax')
    cd /Users/admin/builder/spi-builder-workspace/.swiftpm/xcode
    builtin-SwiftPerFileCompile SyntaxTreeViewMode.swift
SwiftCompile normal x86_64 /Users/admin/builder/spi-builder-workspace/.dependencies/checkouts/swift-syntax/Sources/SwiftSyntax/TokenDiagnostic.swift (in target 'SwiftSyntax' from project 'swift-syntax')
    cd /Users/admin/builder/spi-builder-workspace/.swiftpm/xcode
    builtin-SwiftPerFileCompile TokenDiagnostic.swift
SwiftCompile normal x86_64 /Users/admin/builder/spi-builder-workspace/.dependencies/checkouts/swift-syntax/Sources/SwiftSyntax/TokenSequence.swift (in target 'SwiftSyntax' from project 'swift-syntax')
    cd /Users/admin/builder/spi-builder-workspace/.swiftpm/xcode
    builtin-SwiftPerFileCompile TokenSequence.swift
SwiftCompile normal arm64 Compiling\ SyntaxCollections.swift /Users/admin/builder/spi-builder-workspace/.dependencies/checkouts/swift-syntax/Sources/SwiftSyntax/generated/SyntaxCollections.swift (in target 'SwiftSyntax' from project 'swift-syntax')
SwiftCompile normal arm64 /Users/admin/builder/spi-builder-workspace/.dependencies/checkouts/swift-syntax/Sources/SwiftSyntax/generated/SyntaxCollections.swift (in target 'SwiftSyntax' from project 'swift-syntax')
    cd /Users/admin/builder/spi-builder-workspace/.swiftpm/xcode
    builtin-SwiftPerFileCompile SyntaxCollections.swift
SwiftDriverJobDiscovery normal x86_64 Compiling MemoryLayout.swift, RawSyntaxArena.swift, RawSyntaxLayoutView.swift (in target 'SwiftSyntax' from project 'swift-syntax')
SwiftCompile normal x86_64 Compiling\ RawSyntaxTokenView.swift /Users/admin/builder/spi-builder-workspace/.dependencies/checkouts/swift-syntax/Sources/SwiftSyntax/Raw/RawSyntaxTokenView.swift (in target 'SwiftSyntax' from project 'swift-syntax')
SwiftCompile normal x86_64 /Users/admin/builder/spi-builder-workspace/.dependencies/checkouts/swift-syntax/Sources/SwiftSyntax/Raw/RawSyntaxTokenView.swift (in target 'SwiftSyntax' from project 'swift-syntax')
    cd /Users/admin/builder/spi-builder-workspace/.swiftpm/xcode
    builtin-SwiftPerFileCompile RawSyntaxTokenView.swift
SwiftDriverJobDiscovery normal x86_64 Compiling SyntaxNodesC.swift (in target 'SwiftSyntax' from project 'swift-syntax')
SwiftCompile normal x86_64 Compiling\ SyntaxRewriter.swift /Users/admin/builder/spi-builder-workspace/.dependencies/checkouts/swift-syntax/Sources/SwiftSyntax/generated/SyntaxRewriter.swift (in target 'SwiftSyntax' from project 'swift-syntax')
SwiftCompile normal x86_64 /Users/admin/builder/spi-builder-workspace/.dependencies/checkouts/swift-syntax/Sources/SwiftSyntax/generated/SyntaxRewriter.swift (in target 'SwiftSyntax' from project 'swift-syntax')
    cd /Users/admin/builder/spi-builder-workspace/.swiftpm/xcode
    builtin-SwiftPerFileCompile SyntaxRewriter.swift
SwiftCompile normal x86_64 Compiling\ SyntaxNodesOP.swift /Users/admin/builder/spi-builder-workspace/.dependencies/checkouts/swift-syntax/Sources/SwiftSyntax/generated/syntaxNodes/SyntaxNodesOP.swift (in target 'SwiftSyntax' from project 'swift-syntax')
SwiftCompile normal x86_64 /Users/admin/builder/spi-builder-workspace/.dependencies/checkouts/swift-syntax/Sources/SwiftSyntax/generated/syntaxNodes/SyntaxNodesOP.swift (in target 'SwiftSyntax' from project 'swift-syntax')
    cd /Users/admin/builder/spi-builder-workspace/.swiftpm/xcode
    builtin-SwiftPerFileCompile SyntaxNodesOP.swift
SwiftDriverJobDiscovery normal x86_64 Compiling SyntaxHashable.swift, SyntaxIdentifier.swift, SyntaxText.swift (in target 'SwiftSyntax' from project 'swift-syntax')
SwiftCompile normal arm64 Compiling\ Tokens.swift,\ TriviaPieces.swift /Users/admin/builder/spi-builder-workspace/.dependencies/checkouts/swift-syntax/Sources/SwiftSyntax/generated/Tokens.swift /Users/admin/builder/spi-builder-workspace/.dependencies/checkouts/swift-syntax/Sources/SwiftSyntax/generated/TriviaPieces.swift (in target 'SwiftSyntax' from project 'swift-syntax')
SwiftCompile normal arm64 /Users/admin/builder/spi-builder-workspace/.dependencies/checkouts/swift-syntax/Sources/SwiftSyntax/generated/Tokens.swift (in target 'SwiftSyntax' from project 'swift-syntax')
    cd /Users/admin/builder/spi-builder-workspace/.swiftpm/xcode
    builtin-SwiftPerFileCompile Tokens.swift
SwiftCompile normal arm64 /Users/admin/builder/spi-builder-workspace/.dependencies/checkouts/swift-syntax/Sources/SwiftSyntax/generated/TriviaPieces.swift (in target 'SwiftSyntax' from project 'swift-syntax')
    cd /Users/admin/builder/spi-builder-workspace/.swiftpm/xcode
    builtin-SwiftPerFileCompile TriviaPieces.swift
SwiftDriverJobDiscovery normal x86_64 Compiling SyntaxTreeViewMode.swift, TokenDiagnostic.swift, TokenSequence.swift (in target 'SwiftSyntax' from project 'swift-syntax')
SwiftCompile normal x86_64 Compiling\ SwiftSyntaxCompatibility.swift /Users/admin/builder/spi-builder-workspace/.dependencies/checkouts/swift-syntax/Sources/SwiftSyntax/SwiftSyntaxCompatibility.swift (in target 'SwiftSyntax' from project 'swift-syntax')
SwiftCompile normal x86_64 /Users/admin/builder/spi-builder-workspace/.dependencies/checkouts/swift-syntax/Sources/SwiftSyntax/SwiftSyntaxCompatibility.swift (in target 'SwiftSyntax' from project 'swift-syntax')
    cd /Users/admin/builder/spi-builder-workspace/.swiftpm/xcode
    builtin-SwiftPerFileCompile SwiftSyntaxCompatibility.swift
SwiftDriverJobDiscovery normal x86_64 Compiling SyntaxVisitor.swift (in target 'SwiftSyntax' from project 'swift-syntax')
SwiftCompile normal x86_64 Compiling\ SyntaxProtocol.swift /Users/admin/builder/spi-builder-workspace/.dependencies/checkouts/swift-syntax/Sources/SwiftSyntax/SyntaxProtocol.swift (in target 'SwiftSyntax' from project 'swift-syntax')
SwiftCompile normal x86_64 /Users/admin/builder/spi-builder-workspace/.dependencies/checkouts/swift-syntax/Sources/SwiftSyntax/SyntaxProtocol.swift (in target 'SwiftSyntax' from project 'swift-syntax')
    cd /Users/admin/builder/spi-builder-workspace/.swiftpm/xcode
    builtin-SwiftPerFileCompile SyntaxProtocol.swift
SwiftDriverJobDiscovery normal arm64 Compiling SyntaxNodesAB.swift (in target 'SwiftSyntax' from project 'swift-syntax')
SwiftCompile normal x86_64 Compiling\ Convenience.swift,\ CustomTraits.swift /Users/admin/builder/spi-builder-workspace/.dependencies/checkouts/swift-syntax/Sources/SwiftSyntax/Convenience.swift /Users/admin/builder/spi-builder-workspace/.dependencies/checkouts/swift-syntax/Sources/SwiftSyntax/CustomTraits.swift (in target 'SwiftSyntax' from project 'swift-syntax')
SwiftCompile normal x86_64 /Users/admin/builder/spi-builder-workspace/.dependencies/checkouts/swift-syntax/Sources/SwiftSyntax/Convenience.swift (in target 'SwiftSyntax' from project 'swift-syntax')
    cd /Users/admin/builder/spi-builder-workspace/.swiftpm/xcode
    builtin-SwiftPerFileCompile Convenience.swift
SwiftCompile normal x86_64 /Users/admin/builder/spi-builder-workspace/.dependencies/checkouts/swift-syntax/Sources/SwiftSyntax/CustomTraits.swift (in target 'SwiftSyntax' from project 'swift-syntax')
    cd /Users/admin/builder/spi-builder-workspace/.swiftpm/xcode
    builtin-SwiftPerFileCompile CustomTraits.swift
SwiftDriverJobDiscovery normal x86_64 Compiling RawSyntaxTokenView.swift (in target 'SwiftSyntax' from project 'swift-syntax')
SwiftCompile normal arm64 Compiling\ SyntaxNodesQRS.swift,\ SyntaxNodesTUVWXYZ.swift /Users/admin/builder/spi-builder-workspace/.dependencies/checkouts/swift-syntax/Sources/SwiftSyntax/generated/syntaxNodes/SyntaxNodesQRS.swift /Users/admin/builder/spi-builder-workspace/.dependencies/checkouts/swift-syntax/Sources/SwiftSyntax/generated/syntaxNodes/SyntaxNodesTUVWXYZ.swift (in target 'SwiftSyntax' from project 'swift-syntax')
SwiftCompile normal arm64 /Users/admin/builder/spi-builder-workspace/.dependencies/checkouts/swift-syntax/Sources/SwiftSyntax/generated/syntaxNodes/SyntaxNodesQRS.swift (in target 'SwiftSyntax' from project 'swift-syntax')
    cd /Users/admin/builder/spi-builder-workspace/.swiftpm/xcode
    builtin-SwiftPerFileCompile SyntaxNodesQRS.swift
SwiftCompile normal arm64 /Users/admin/builder/spi-builder-workspace/.dependencies/checkouts/swift-syntax/Sources/SwiftSyntax/generated/syntaxNodes/SyntaxNodesTUVWXYZ.swift (in target 'SwiftSyntax' from project 'swift-syntax')
    cd /Users/admin/builder/spi-builder-workspace/.swiftpm/xcode
    builtin-SwiftPerFileCompile SyntaxNodesTUVWXYZ.swift
SwiftDriverJobDiscovery normal arm64 Compiling Tokens.swift, TriviaPieces.swift (in target 'SwiftSyntax' from project 'swift-syntax')
SwiftCompile normal arm64 Compiling\ SourceLength.swift,\ Syntax.swift /Users/admin/builder/spi-builder-workspace/.dependencies/checkouts/swift-syntax/Sources/SwiftSyntax/SourceLength.swift /Users/admin/builder/spi-builder-workspace/.dependencies/checkouts/swift-syntax/Sources/SwiftSyntax/Syntax.swift (in target 'SwiftSyntax' from project 'swift-syntax')
SwiftCompile normal arm64 /Users/admin/builder/spi-builder-workspace/.dependencies/checkouts/swift-syntax/Sources/SwiftSyntax/SourceLength.swift (in target 'SwiftSyntax' from project 'swift-syntax')
    cd /Users/admin/builder/spi-builder-workspace/.swiftpm/xcode
    builtin-SwiftPerFileCompile SourceLength.swift
SwiftCompile normal arm64 /Users/admin/builder/spi-builder-workspace/.dependencies/checkouts/swift-syntax/Sources/SwiftSyntax/Syntax.swift (in target 'SwiftSyntax' from project 'swift-syntax')
    cd /Users/admin/builder/spi-builder-workspace/.swiftpm/xcode
    builtin-SwiftPerFileCompile Syntax.swift
SwiftDriverJobDiscovery normal x86_64 Compiling Convenience.swift, CustomTraits.swift (in target 'SwiftSyntax' from project 'swift-syntax')
SwiftCompile normal arm64 Compiling\ SyntaxChildren.swift,\ SyntaxCollection.swift /Users/admin/builder/spi-builder-workspace/.dependencies/checkouts/swift-syntax/Sources/SwiftSyntax/SyntaxChildren.swift /Users/admin/builder/spi-builder-workspace/.dependencies/checkouts/swift-syntax/Sources/SwiftSyntax/SyntaxCollection.swift (in target 'SwiftSyntax' from project 'swift-syntax')
SwiftCompile normal arm64 /Users/admin/builder/spi-builder-workspace/.dependencies/checkouts/swift-syntax/Sources/SwiftSyntax/SyntaxChildren.swift (in target 'SwiftSyntax' from project 'swift-syntax')
    cd /Users/admin/builder/spi-builder-workspace/.swiftpm/xcode
    builtin-SwiftPerFileCompile SyntaxChildren.swift
SwiftCompile normal arm64 /Users/admin/builder/spi-builder-workspace/.dependencies/checkouts/swift-syntax/Sources/SwiftSyntax/SyntaxCollection.swift (in target 'SwiftSyntax' from project 'swift-syntax')
    cd /Users/admin/builder/spi-builder-workspace/.swiftpm/xcode
    builtin-SwiftPerFileCompile SyntaxCollection.swift
SwiftDriverJobDiscovery normal x86_64 Compiling SwiftSyntaxCompatibility.swift (in target 'SwiftSyntax' from project 'swift-syntax')
SwiftCompile normal arm64 Compiling\ Trivia+commentValue.swift,\ Trivia.swift /Users/admin/builder/spi-builder-workspace/.dependencies/checkouts/swift-syntax/Sources/SwiftSyntax/Trivia+commentValue.swift /Users/admin/builder/spi-builder-workspace/.dependencies/checkouts/swift-syntax/Sources/SwiftSyntax/Trivia.swift (in target 'SwiftSyntax' from project 'swift-syntax')
SwiftCompile normal arm64 /Users/admin/builder/spi-builder-workspace/.dependencies/checkouts/swift-syntax/Sources/SwiftSyntax/Trivia+commentValue.swift (in target 'SwiftSyntax' from project 'swift-syntax')
    cd /Users/admin/builder/spi-builder-workspace/.swiftpm/xcode
    builtin-SwiftPerFileCompile Trivia+commentValue.swift
SwiftCompile normal arm64 /Users/admin/builder/spi-builder-workspace/.dependencies/checkouts/swift-syntax/Sources/SwiftSyntax/Trivia.swift (in target 'SwiftSyntax' from project 'swift-syntax')
    cd /Users/admin/builder/spi-builder-workspace/.swiftpm/xcode
    builtin-SwiftPerFileCompile Trivia.swift
SwiftDriverJobDiscovery normal x86_64 Compiling SyntaxProtocol.swift (in target 'SwiftSyntax' from project 'swift-syntax')
SwiftCompile normal arm64 Compiling\ RawSyntax.swift,\ RawSyntaxArena.swift /Users/admin/builder/spi-builder-workspace/.dependencies/checkouts/swift-syntax/Sources/SwiftSyntax/Raw/RawSyntax.swift /Users/admin/builder/spi-builder-workspace/.dependencies/checkouts/swift-syntax/Sources/SwiftSyntax/Raw/RawSyntaxArena.swift (in target 'SwiftSyntax' from project 'swift-syntax')
SwiftCompile normal arm64 /Users/admin/builder/spi-builder-workspace/.dependencies/checkouts/swift-syntax/Sources/SwiftSyntax/Raw/RawSyntax.swift (in target 'SwiftSyntax' from project 'swift-syntax')
    cd /Users/admin/builder/spi-builder-workspace/.swiftpm/xcode
    builtin-SwiftPerFileCompile RawSyntax.swift
SwiftCompile normal arm64 /Users/admin/builder/spi-builder-workspace/.dependencies/checkouts/swift-syntax/Sources/SwiftSyntax/Raw/RawSyntaxArena.swift (in target 'SwiftSyntax' from project 'swift-syntax')
    cd /Users/admin/builder/spi-builder-workspace/.swiftpm/xcode
    builtin-SwiftPerFileCompile RawSyntaxArena.swift
SwiftDriverJobDiscovery normal arm64 Compiling SourceLength.swift, Syntax.swift (in target 'SwiftSyntax' from project 'swift-syntax')
SwiftCompile normal arm64 Compiling\ EditorPlaceholder.swift,\ Identifier.swift /Users/admin/builder/spi-builder-workspace/.dependencies/checkouts/swift-syntax/Sources/SwiftSyntax/EditorPlaceholder.swift /Users/admin/builder/spi-builder-workspace/.dependencies/checkouts/swift-syntax/Sources/SwiftSyntax/Identifier.swift (in target 'SwiftSyntax' from project 'swift-syntax')
SwiftCompile normal arm64 /Users/admin/builder/spi-builder-workspace/.dependencies/checkouts/swift-syntax/Sources/SwiftSyntax/EditorPlaceholder.swift (in target 'SwiftSyntax' from project 'swift-syntax')
    cd /Users/admin/builder/spi-builder-workspace/.swiftpm/xcode
    builtin-SwiftPerFileCompile EditorPlaceholder.swift
SwiftCompile normal arm64 /Users/admin/builder/spi-builder-workspace/.dependencies/checkouts/swift-syntax/Sources/SwiftSyntax/Identifier.swift (in target 'SwiftSyntax' from project 'swift-syntax')
    cd /Users/admin/builder/spi-builder-workspace/.swiftpm/xcode
    builtin-SwiftPerFileCompile Identifier.swift
SwiftDriverJobDiscovery normal arm64 Compiling Trivia+commentValue.swift, Trivia.swift (in target 'SwiftSyntax' from project 'swift-syntax')
SwiftCompile normal arm64 Compiling\ AbsolutePosition.swift,\ BumpPtrAllocator.swift /Users/admin/builder/spi-builder-workspace/.dependencies/checkouts/swift-syntax/Sources/SwiftSyntax/AbsolutePosition.swift /Users/admin/builder/spi-builder-workspace/.dependencies/checkouts/swift-syntax/Sources/SwiftSyntax/BumpPtrAllocator.swift (in target 'SwiftSyntax' from project 'swift-syntax')
SwiftCompile normal arm64 /Users/admin/builder/spi-builder-workspace/.dependencies/checkouts/swift-syntax/Sources/SwiftSyntax/AbsolutePosition.swift (in target 'SwiftSyntax' from project 'swift-syntax')
    cd /Users/admin/builder/spi-builder-workspace/.swiftpm/xcode
    builtin-SwiftPerFileCompile AbsolutePosition.swift
SwiftCompile normal arm64 /Users/admin/builder/spi-builder-workspace/.dependencies/checkouts/swift-syntax/Sources/SwiftSyntax/BumpPtrAllocator.swift (in target 'SwiftSyntax' from project 'swift-syntax')
    cd /Users/admin/builder/spi-builder-workspace/.swiftpm/xcode
    builtin-SwiftPerFileCompile BumpPtrAllocator.swift
SwiftDriverJobDiscovery normal arm64 Compiling SyntaxChildren.swift, SyntaxCollection.swift (in target 'SwiftSyntax' from project 'swift-syntax')
SwiftCompile normal arm64 Compiling\ TokenSequence.swift,\ TokenSyntax.swift /Users/admin/builder/spi-builder-workspace/.dependencies/checkouts/swift-syntax/Sources/SwiftSyntax/TokenSequence.swift /Users/admin/builder/spi-builder-workspace/.dependencies/checkouts/swift-syntax/Sources/SwiftSyntax/TokenSyntax.swift (in target 'SwiftSyntax' from project 'swift-syntax')
SwiftCompile normal arm64 /Users/admin/builder/spi-builder-workspace/.dependencies/checkouts/swift-syntax/Sources/SwiftSyntax/TokenSequence.swift (in target 'SwiftSyntax' from project 'swift-syntax')
    cd /Users/admin/builder/spi-builder-workspace/.swiftpm/xcode
    builtin-SwiftPerFileCompile TokenSequence.swift
SwiftCompile normal arm64 /Users/admin/builder/spi-builder-workspace/.dependencies/checkouts/swift-syntax/Sources/SwiftSyntax/TokenSyntax.swift (in target 'SwiftSyntax' from project 'swift-syntax')
    cd /Users/admin/builder/spi-builder-workspace/.swiftpm/xcode
    builtin-SwiftPerFileCompile TokenSyntax.swift
SwiftDriverJobDiscovery normal x86_64 Compiling RawSyntaxNodesOP.swift, RawSyntaxNodesQRS.swift, RawSyntaxNodesTUVWXYZ.swift (in target 'SwiftSyntax' from project 'swift-syntax')
SwiftCompile normal x86_64 Compiling\ Trivia+commentValue.swift,\ Trivia.swift,\ TriviaPieces.swift /Users/admin/builder/spi-builder-workspace/.dependencies/checkouts/swift-syntax/Sources/SwiftSyntax/Trivia+commentValue.swift /Users/admin/builder/spi-builder-workspace/.dependencies/checkouts/swift-syntax/Sources/SwiftSyntax/Trivia.swift /Users/admin/builder/spi-builder-workspace/.dependencies/checkouts/swift-syntax/Sources/SwiftSyntax/generated/TriviaPieces.swift (in target 'SwiftSyntax' from project 'swift-syntax')
SwiftCompile normal x86_64 /Users/admin/builder/spi-builder-workspace/.dependencies/checkouts/swift-syntax/Sources/SwiftSyntax/Trivia+commentValue.swift (in target 'SwiftSyntax' from project 'swift-syntax')
    cd /Users/admin/builder/spi-builder-workspace/.swiftpm/xcode
    builtin-SwiftPerFileCompile Trivia+commentValue.swift
SwiftCompile normal x86_64 /Users/admin/builder/spi-builder-workspace/.dependencies/checkouts/swift-syntax/Sources/SwiftSyntax/Trivia.swift (in target 'SwiftSyntax' from project 'swift-syntax')
    cd /Users/admin/builder/spi-builder-workspace/.swiftpm/xcode
    builtin-SwiftPerFileCompile Trivia.swift
SwiftCompile normal x86_64 /Users/admin/builder/spi-builder-workspace/.dependencies/checkouts/swift-syntax/Sources/SwiftSyntax/generated/TriviaPieces.swift (in target 'SwiftSyntax' from project 'swift-syntax')
    cd /Users/admin/builder/spi-builder-workspace/.swiftpm/xcode
    builtin-SwiftPerFileCompile TriviaPieces.swift
SwiftDriverJobDiscovery normal arm64 Compiling SyntaxCollections.swift (in target 'SwiftSyntax' from project 'swift-syntax')
SwiftCompile normal x86_64 Compiling\ SyntaxTraits.swift /Users/admin/builder/spi-builder-workspace/.dependencies/checkouts/swift-syntax/Sources/SwiftSyntax/generated/SyntaxTraits.swift (in target 'SwiftSyntax' from project 'swift-syntax')
SwiftCompile normal x86_64 /Users/admin/builder/spi-builder-workspace/.dependencies/checkouts/swift-syntax/Sources/SwiftSyntax/generated/SyntaxTraits.swift (in target 'SwiftSyntax' from project 'swift-syntax')
    cd /Users/admin/builder/spi-builder-workspace/.swiftpm/xcode
    builtin-SwiftPerFileCompile SyntaxTraits.swift
SwiftDriverJobDiscovery normal arm64 Compiling EditorPlaceholder.swift, Identifier.swift (in target 'SwiftSyntax' from project 'swift-syntax')
SwiftCompile normal x86_64 Compiling\ SyntaxNodesEF.swift /Users/admin/builder/spi-builder-workspace/.dependencies/checkouts/swift-syntax/Sources/SwiftSyntax/generated/syntaxNodes/SyntaxNodesEF.swift (in target 'SwiftSyntax' from project 'swift-syntax')
SwiftCompile normal x86_64 /Users/admin/builder/spi-builder-workspace/.dependencies/checkouts/swift-syntax/Sources/SwiftSyntax/generated/syntaxNodes/SyntaxNodesEF.swift (in target 'SwiftSyntax' from project 'swift-syntax')
    cd /Users/admin/builder/spi-builder-workspace/.swiftpm/xcode
    builtin-SwiftPerFileCompile SyntaxNodesEF.swift
SwiftDriverJobDiscovery normal arm64 Compiling AbsolutePosition.swift, BumpPtrAllocator.swift (in target 'SwiftSyntax' from project 'swift-syntax')
SwiftCompile normal x86_64 Compiling\ SyntaxCollections.swift /Users/admin/builder/spi-builder-workspace/.dependencies/checkouts/swift-syntax/Sources/SwiftSyntax/generated/SyntaxCollections.swift (in target 'SwiftSyntax' from project 'swift-syntax')
SwiftCompile normal x86_64 /Users/admin/builder/spi-builder-workspace/.dependencies/checkouts/swift-syntax/Sources/SwiftSyntax/generated/SyntaxCollections.swift (in target 'SwiftSyntax' from project 'swift-syntax')
    cd /Users/admin/builder/spi-builder-workspace/.swiftpm/xcode
    builtin-SwiftPerFileCompile SyntaxCollections.swift
SwiftDriverJobDiscovery normal x86_64 Compiling RawSyntaxNodesAB.swift, RawSyntaxNodesC.swift, RawSyntaxNodesD.swift (in target 'SwiftSyntax' from project 'swift-syntax')
SwiftCompile normal arm64 Compiling\ RenamedChildrenCompatibility.swift,\ RenamedNodesCompatibility.swift /Users/admin/builder/spi-builder-workspace/.dependencies/checkouts/swift-syntax/Sources/SwiftSyntax/generated/RenamedChildrenCompatibility.swift /Users/admin/builder/spi-builder-workspace/.dependencies/checkouts/swift-syntax/Sources/SwiftSyntax/generated/RenamedNodesCompatibility.swift (in target 'SwiftSyntax' from project 'swift-syntax')
SwiftCompile normal arm64 /Users/admin/builder/spi-builder-workspace/.dependencies/checkouts/swift-syntax/Sources/SwiftSyntax/generated/RenamedChildrenCompatibility.swift (in target 'SwiftSyntax' from project 'swift-syntax')
    cd /Users/admin/builder/spi-builder-workspace/.swiftpm/xcode
    builtin-SwiftPerFileCompile RenamedChildrenCompatibility.swift
SwiftCompile normal arm64 /Users/admin/builder/spi-builder-workspace/.dependencies/checkouts/swift-syntax/Sources/SwiftSyntax/generated/RenamedNodesCompatibility.swift (in target 'SwiftSyntax' from project 'swift-syntax')
    cd /Users/admin/builder/spi-builder-workspace/.swiftpm/xcode
    builtin-SwiftPerFileCompile RenamedNodesCompatibility.swift
SwiftDriverJobDiscovery normal arm64 Compiling TokenSequence.swift, TokenSyntax.swift (in target 'SwiftSyntax' from project 'swift-syntax')
SwiftCompile normal arm64 Compiling\ MissingNodeInitializers.swift /Users/admin/builder/spi-builder-workspace/.dependencies/checkouts/swift-syntax/Sources/SwiftSyntax/MissingNodeInitializers.swift (in target 'SwiftSyntax' from project 'swift-syntax')
SwiftCompile normal arm64 /Users/admin/builder/spi-builder-workspace/.dependencies/checkouts/swift-syntax/Sources/SwiftSyntax/MissingNodeInitializers.swift (in target 'SwiftSyntax' from project 'swift-syntax')
    cd /Users/admin/builder/spi-builder-workspace/.swiftpm/xcode
    builtin-SwiftPerFileCompile MissingNodeInitializers.swift
SwiftDriverJobDiscovery normal arm64 Compiling RawSyntax.swift, RawSyntaxArena.swift (in target 'SwiftSyntax' from project 'swift-syntax')
SwiftCompile normal arm64 Compiling\ SyntaxEnum.swift /Users/admin/builder/spi-builder-workspace/.dependencies/checkouts/swift-syntax/Sources/SwiftSyntax/generated/SyntaxEnum.swift (in target 'SwiftSyntax' from project 'swift-syntax')
SwiftCompile normal arm64 /Users/admin/builder/spi-builder-workspace/.dependencies/checkouts/swift-syntax/Sources/SwiftSyntax/generated/SyntaxEnum.swift (in target 'SwiftSyntax' from project 'swift-syntax')
    cd /Users/admin/builder/spi-builder-workspace/.swiftpm/xcode
    builtin-SwiftPerFileCompile SyntaxEnum.swift
SwiftDriverJobDiscovery normal x86_64 Compiling SyntaxTraits.swift (in target 'SwiftSyntax' from project 'swift-syntax')
SwiftCompile normal arm64 Compiling\ Utils.swift,\ ChildNameForKeyPath.swift,\ Keyword.swift /Users/admin/builder/spi-builder-workspace/.dependencies/checkouts/swift-syntax/Sources/SwiftSyntax/Utils.swift /Users/admin/builder/spi-builder-workspace/.dependencies/checkouts/swift-syntax/Sources/SwiftSyntax/generated/ChildNameForKeyPath.swift /Users/admin/builder/spi-builder-workspace/.dependencies/checkouts/swift-syntax/Sources/SwiftSyntax/generated/Keyword.swift (in target 'SwiftSyntax' from project 'swift-syntax')
SwiftCompile normal arm64 /Users/admin/builder/spi-builder-workspace/.dependencies/checkouts/swift-syntax/Sources/SwiftSyntax/Utils.swift (in target 'SwiftSyntax' from project 'swift-syntax')
    cd /Users/admin/builder/spi-builder-workspace/.swiftpm/xcode
    builtin-SwiftPerFileCompile Utils.swift
SwiftCompile normal arm64 /Users/admin/builder/spi-builder-workspace/.dependencies/checkouts/swift-syntax/Sources/SwiftSyntax/generated/ChildNameForKeyPath.swift (in target 'SwiftSyntax' from project 'swift-syntax')
    cd /Users/admin/builder/spi-builder-workspace/.swiftpm/xcode
    builtin-SwiftPerFileCompile ChildNameForKeyPath.swift
SwiftCompile normal arm64 /Users/admin/builder/spi-builder-workspace/.dependencies/checkouts/swift-syntax/Sources/SwiftSyntax/generated/Keyword.swift (in target 'SwiftSyntax' from project 'swift-syntax')
    cd /Users/admin/builder/spi-builder-workspace/.swiftpm/xcode
    builtin-SwiftPerFileCompile Keyword.swift
SwiftDriverJobDiscovery normal x86_64 Compiling Trivia+commentValue.swift, Trivia.swift, TriviaPieces.swift (in target 'SwiftSyntax' from project 'swift-syntax')
SwiftCompile normal x86_64 Compiling\ SyntaxNodeStructure.swift /Users/admin/builder/spi-builder-workspace/.dependencies/checkouts/swift-syntax/Sources/SwiftSyntax/SyntaxNodeStructure.swift (in target 'SwiftSyntax' from project 'swift-syntax')
SwiftCompile normal x86_64 /Users/admin/builder/spi-builder-workspace/.dependencies/checkouts/swift-syntax/Sources/SwiftSyntax/SyntaxNodeStructure.swift (in target 'SwiftSyntax' from project 'swift-syntax')
    cd /Users/admin/builder/spi-builder-workspace/.swiftpm/xcode
    builtin-SwiftPerFileCompile SyntaxNodeStructure.swift
SwiftDriverJobDiscovery normal arm64 Compiling MissingNodeInitializers.swift (in target 'SwiftSyntax' from project 'swift-syntax')
SwiftCompile normal arm64 Compiling\ SwiftSyntaxCompatibility.swift /Users/admin/builder/spi-builder-workspace/.dependencies/checkouts/swift-syntax/Sources/SwiftSyntax/SwiftSyntaxCompatibility.swift (in target 'SwiftSyntax' from project 'swift-syntax')
SwiftCompile normal arm64 /Users/admin/builder/spi-builder-workspace/.dependencies/checkouts/swift-syntax/Sources/SwiftSyntax/SwiftSyntaxCompatibility.swift (in target 'SwiftSyntax' from project 'swift-syntax')
    cd /Users/admin/builder/spi-builder-workspace/.swiftpm/xcode
    builtin-SwiftPerFileCompile SwiftSyntaxCompatibility.swift
SwiftDriverJobDiscovery normal x86_64 Compiling SyntaxRewriter.swift (in target 'SwiftSyntax' from project 'swift-syntax')
SwiftCompile normal arm64 Compiling\ RawSyntaxNodesOP.swift /Users/admin/builder/spi-builder-workspace/.dependencies/checkouts/swift-syntax/Sources/SwiftSyntax/generated/raw/RawSyntaxNodesOP.swift (in target 'SwiftSyntax' from project 'swift-syntax')
SwiftCompile normal arm64 /Users/admin/builder/spi-builder-workspace/.dependencies/checkouts/swift-syntax/Sources/SwiftSyntax/generated/raw/RawSyntaxNodesOP.swift (in target 'SwiftSyntax' from project 'swift-syntax')
    cd /Users/admin/builder/spi-builder-workspace/.swiftpm/xcode
    builtin-SwiftPerFileCompile RawSyntaxNodesOP.swift
SwiftDriverJobDiscovery normal x86_64 Compiling SyntaxNodeStructure.swift (in target 'SwiftSyntax' from project 'swift-syntax')
SwiftCompile normal arm64 Compiling\ RawSyntaxLayoutView.swift,\ RawSyntaxNodeProtocol.swift /Users/admin/builder/spi-builder-workspace/.dependencies/checkouts/swift-syntax/Sources/SwiftSyntax/Raw/RawSyntaxLayoutView.swift /Users/admin/builder/spi-builder-workspace/.dependencies/checkouts/swift-syntax/Sources/SwiftSyntax/Raw/RawSyntaxNodeProtocol.swift (in target 'SwiftSyntax' from project 'swift-syntax')
SwiftCompile normal arm64 /Users/admin/builder/spi-builder-workspace/.dependencies/checkouts/swift-syntax/Sources/SwiftSyntax/Raw/RawSyntaxLayoutView.swift (in target 'SwiftSyntax' from project 'swift-syntax')
    cd /Users/admin/builder/spi-builder-workspace/.swiftpm/xcode
    builtin-SwiftPerFileCompile RawSyntaxLayoutView.swift
SwiftCompile normal arm64 /Users/admin/builder/spi-builder-workspace/.dependencies/checkouts/swift-syntax/Sources/SwiftSyntax/Raw/RawSyntaxNodeProtocol.swift (in target 'SwiftSyntax' from project 'swift-syntax')
    cd /Users/admin/builder/spi-builder-workspace/.swiftpm/xcode
    builtin-SwiftPerFileCompile RawSyntaxNodeProtocol.swift
SwiftDriverJobDiscovery normal arm64 Compiling SwiftSyntaxCompatibility.swift (in target 'SwiftSyntax' from project 'swift-syntax')
SwiftCompile normal arm64 Compiling\ SyntaxVisitor.swift /Users/admin/builder/spi-builder-workspace/.dependencies/checkouts/swift-syntax/Sources/SwiftSyntax/generated/SyntaxVisitor.swift (in target 'SwiftSyntax' from project 'swift-syntax')
SwiftCompile normal arm64 /Users/admin/builder/spi-builder-workspace/.dependencies/checkouts/swift-syntax/Sources/SwiftSyntax/generated/SyntaxVisitor.swift (in target 'SwiftSyntax' from project 'swift-syntax')
    cd /Users/admin/builder/spi-builder-workspace/.swiftpm/xcode
    builtin-SwiftPerFileCompile SyntaxVisitor.swift
SwiftDriverJobDiscovery normal x86_64 Compiling SyntaxNodesOP.swift (in target 'SwiftSyntax' from project 'swift-syntax')
SwiftCompile normal x86_64 Compiling\ RawSyntaxNodesEF.swift,\ RawSyntaxNodesGHI.swift,\ RawSyntaxNodesJKLMN.swift /Users/admin/builder/spi-builder-workspace/.dependencies/checkouts/swift-syntax/Sources/SwiftSyntax/generated/raw/RawSyntaxNodesEF.swift /Users/admin/builder/spi-builder-workspace/.dependencies/checkouts/swift-syntax/Sources/SwiftSyntax/generated/raw/RawSyntaxNodesGHI.swift /Users/admin/builder/spi-builder-workspace/.dependencies/checkouts/swift-syntax/Sources/SwiftSyntax/generated/raw/RawSyntaxNodesJKLMN.swift (in target 'SwiftSyntax' from project 'swift-syntax')
SwiftCompile normal x86_64 /Users/admin/builder/spi-builder-workspace/.dependencies/checkouts/swift-syntax/Sources/SwiftSyntax/generated/raw/RawSyntaxNodesEF.swift (in target 'SwiftSyntax' from project 'swift-syntax')
    cd /Users/admin/builder/spi-builder-workspace/.swiftpm/xcode
    builtin-SwiftPerFileCompile RawSyntaxNodesEF.swift
SwiftCompile normal x86_64 /Users/admin/builder/spi-builder-workspace/.dependencies/checkouts/swift-syntax/Sources/SwiftSyntax/generated/raw/RawSyntaxNodesGHI.swift (in target 'SwiftSyntax' from project 'swift-syntax')
    cd /Users/admin/builder/spi-builder-workspace/.swiftpm/xcode
    builtin-SwiftPerFileCompile RawSyntaxNodesGHI.swift
SwiftCompile normal x86_64 /Users/admin/builder/spi-builder-workspace/.dependencies/checkouts/swift-syntax/Sources/SwiftSyntax/generated/raw/RawSyntaxNodesJKLMN.swift (in target 'SwiftSyntax' from project 'swift-syntax')
    cd /Users/admin/builder/spi-builder-workspace/.swiftpm/xcode
    builtin-SwiftPerFileCompile RawSyntaxNodesJKLMN.swift
SwiftDriverJobDiscovery normal arm64 Compiling SyntaxEnum.swift (in target 'SwiftSyntax' from project 'swift-syntax')
SwiftCompile normal arm64 Compiling\ RawSyntaxNodesQRS.swift /Users/admin/builder/spi-builder-workspace/.dependencies/checkouts/swift-syntax/Sources/SwiftSyntax/generated/raw/RawSyntaxNodesQRS.swift (in target 'SwiftSyntax' from project 'swift-syntax')
SwiftCompile normal arm64 /Users/admin/builder/spi-builder-workspace/.dependencies/checkouts/swift-syntax/Sources/SwiftSyntax/generated/raw/RawSyntaxNodesQRS.swift (in target 'SwiftSyntax' from project 'swift-syntax')
    cd /Users/admin/builder/spi-builder-workspace/.swiftpm/xcode
    builtin-SwiftPerFileCompile RawSyntaxNodesQRS.swift
SwiftDriverJobDiscovery normal arm64 Compiling RawSyntaxLayoutView.swift, RawSyntaxNodeProtocol.swift (in target 'SwiftSyntax' from project 'swift-syntax')
SwiftCompile normal arm64 Compiling\ SyntaxAnyVisitor.swift,\ SyntaxBaseNodes.swift /Users/admin/builder/spi-builder-workspace/.dependencies/checkouts/swift-syntax/Sources/SwiftSyntax/generated/SyntaxAnyVisitor.swift /Users/admin/builder/spi-builder-workspace/.dependencies/checkouts/swift-syntax/Sources/SwiftSyntax/generated/SyntaxBaseNodes.swift (in target 'SwiftSyntax' from project 'swift-syntax')
SwiftCompile normal arm64 /Users/admin/builder/spi-builder-workspace/.dependencies/checkouts/swift-syntax/Sources/SwiftSyntax/generated/SyntaxAnyVisitor.swift (in target 'SwiftSyntax' from project 'swift-syntax')
    cd /Users/admin/builder/spi-builder-workspace/.swiftpm/xcode
    builtin-SwiftPerFileCompile SyntaxAnyVisitor.swift
SwiftCompile normal arm64 /Users/admin/builder/spi-builder-workspace/.dependencies/checkouts/swift-syntax/Sources/SwiftSyntax/generated/SyntaxBaseNodes.swift (in target 'SwiftSyntax' from project 'swift-syntax')
    cd /Users/admin/builder/spi-builder-workspace/.swiftpm/xcode
    builtin-SwiftPerFileCompile SyntaxBaseNodes.swift
SwiftDriverJobDiscovery normal x86_64 Compiling SyntaxCollections.swift (in target 'SwiftSyntax' from project 'swift-syntax')
SwiftCompile normal x86_64 Compiling\ SourcePresence.swift,\ SyntaxChildren.swift,\ SyntaxCollection.swift /Users/admin/builder/spi-builder-workspace/.dependencies/checkouts/swift-syntax/Sources/SwiftSyntax/SourcePresence.swift /Users/admin/builder/spi-builder-workspace/.dependencies/checkouts/swift-syntax/Sources/SwiftSyntax/SyntaxChildren.swift /Users/admin/builder/spi-builder-workspace/.dependencies/checkouts/swift-syntax/Sources/SwiftSyntax/SyntaxCollection.swift (in target 'SwiftSyntax' from project 'swift-syntax')
SwiftCompile normal x86_64 /Users/admin/builder/spi-builder-workspace/.dependencies/checkouts/swift-syntax/Sources/SwiftSyntax/SourcePresence.swift (in target 'SwiftSyntax' from project 'swift-syntax')
    cd /Users/admin/builder/spi-builder-workspace/.swiftpm/xcode
    builtin-SwiftPerFileCompile SourcePresence.swift
SwiftCompile normal x86_64 /Users/admin/builder/spi-builder-workspace/.dependencies/checkouts/swift-syntax/Sources/SwiftSyntax/SyntaxChildren.swift (in target 'SwiftSyntax' from project 'swift-syntax')
    cd /Users/admin/builder/spi-builder-workspace/.swiftpm/xcode
    builtin-SwiftPerFileCompile SyntaxChildren.swift
SwiftCompile normal x86_64 /Users/admin/builder/spi-builder-workspace/.dependencies/checkouts/swift-syntax/Sources/SwiftSyntax/SyntaxCollection.swift (in target 'SwiftSyntax' from project 'swift-syntax')
    cd /Users/admin/builder/spi-builder-workspace/.swiftpm/xcode
    builtin-SwiftPerFileCompile SyntaxCollection.swift
SwiftDriverJobDiscovery normal arm64 Compiling RawSyntaxNodesOP.swift (in target 'SwiftSyntax' from project 'swift-syntax')
SwiftCompile normal x86_64 Compiling\ Syntax.swift /Users/admin/builder/spi-builder-workspace/.dependencies/checkouts/swift-syntax/Sources/SwiftSyntax/Syntax.swift (in target 'SwiftSyntax' from project 'swift-syntax')
SwiftCompile normal x86_64 /Users/admin/builder/spi-builder-workspace/.dependencies/checkouts/swift-syntax/Sources/SwiftSyntax/Syntax.swift (in target 'SwiftSyntax' from project 'swift-syntax')
    cd /Users/admin/builder/spi-builder-workspace/.swiftpm/xcode
    builtin-SwiftPerFileCompile Syntax.swift
SwiftDriverJobDiscovery normal x86_64 Compiling SourcePresence.swift, SyntaxChildren.swift, SyntaxCollection.swift (in target 'SwiftSyntax' from project 'swift-syntax')
SwiftCompile normal x86_64 Compiling\ RawSyntaxNodeProtocol.swift,\ SourceEdit.swift,\ SourceLength.swift /Users/admin/builder/spi-builder-workspace/.dependencies/checkouts/swift-syntax/Sources/SwiftSyntax/Raw/RawSyntaxNodeProtocol.swift /Users/admin/builder/spi-builder-workspace/.dependencies/checkouts/swift-syntax/Sources/SwiftSyntax/SourceEdit.swift /Users/admin/builder/spi-builder-workspace/.dependencies/checkouts/swift-syntax/Sources/SwiftSyntax/SourceLength.swift (in target 'SwiftSyntax' from project 'swift-syntax')
SwiftCompile normal x86_64 /Users/admin/builder/spi-builder-workspace/.dependencies/checkouts/swift-syntax/Sources/SwiftSyntax/Raw/RawSyntaxNodeProtocol.swift (in target 'SwiftSyntax' from project 'swift-syntax')
    cd /Users/admin/builder/spi-builder-workspace/.swiftpm/xcode
    builtin-SwiftPerFileCompile RawSyntaxNodeProtocol.swift
SwiftCompile normal x86_64 /Users/admin/builder/spi-builder-workspace/.dependencies/checkouts/swift-syntax/Sources/SwiftSyntax/SourceEdit.swift (in target 'SwiftSyntax' from project 'swift-syntax')
    cd /Users/admin/builder/spi-builder-workspace/.swiftpm/xcode
    builtin-SwiftPerFileCompile SourceEdit.swift
SwiftCompile normal x86_64 /Users/admin/builder/spi-builder-workspace/.dependencies/checkouts/swift-syntax/Sources/SwiftSyntax/SourceLength.swift (in target 'SwiftSyntax' from project 'swift-syntax')
    cd /Users/admin/builder/spi-builder-workspace/.swiftpm/xcode
    builtin-SwiftPerFileCompile SourceLength.swift
SwiftDriverJobDiscovery normal arm64 Compiling RenamedChildrenCompatibility.swift, RenamedNodesCompatibility.swift (in target 'SwiftSyntax' from project 'swift-syntax')
SwiftCompile normal arm64 Compiling\ SyntaxTreeViewMode.swift /Users/admin/builder/spi-builder-workspace/.dependencies/checkouts/swift-syntax/Sources/SwiftSyntax/SyntaxTreeViewMode.swift (in target 'SwiftSyntax' from project 'swift-syntax')
SwiftCompile normal arm64 /Users/admin/builder/spi-builder-workspace/.dependencies/checkouts/swift-syntax/Sources/SwiftSyntax/SyntaxTreeViewMode.swift (in target 'SwiftSyntax' from project 'swift-syntax')
    cd /Users/admin/builder/spi-builder-workspace/.swiftpm/xcode
    builtin-SwiftPerFileCompile SyntaxTreeViewMode.swift
SwiftDriverJobDiscovery normal x86_64 Compiling SyntaxNodesEF.swift (in target 'SwiftSyntax' from project 'swift-syntax')
SwiftCompile normal arm64 Compiling\ RawSyntaxValidation.swift /Users/admin/builder/spi-builder-workspace/.dependencies/checkouts/swift-syntax/Sources/SwiftSyntax/generated/raw/RawSyntaxValidation.swift (in target 'SwiftSyntax' from project 'swift-syntax')
SwiftCompile normal arm64 /Users/admin/builder/spi-builder-workspace/.dependencies/checkouts/swift-syntax/Sources/SwiftSyntax/generated/raw/RawSyntaxValidation.swift (in target 'SwiftSyntax' from project 'swift-syntax')
    cd /Users/admin/builder/spi-builder-workspace/.swiftpm/xcode
    builtin-SwiftPerFileCompile RawSyntaxValidation.swift
SwiftDriverJobDiscovery normal arm64 Compiling RawSyntaxNodesQRS.swift (in target 'SwiftSyntax' from project 'swift-syntax')
SwiftCompile normal x86_64 Compiling\ TokenSyntax.swift /Users/admin/builder/spi-builder-workspace/.dependencies/checkouts/swift-syntax/Sources/SwiftSyntax/TokenSyntax.swift (in target 'SwiftSyntax' from project 'swift-syntax')
SwiftCompile normal x86_64 /Users/admin/builder/spi-builder-workspace/.dependencies/checkouts/swift-syntax/Sources/SwiftSyntax/TokenSyntax.swift (in target 'SwiftSyntax' from project 'swift-syntax')
    cd /Users/admin/builder/spi-builder-workspace/.swiftpm/xcode
    builtin-SwiftPerFileCompile TokenSyntax.swift
SwiftDriverJobDiscovery normal arm64 Compiling SyntaxTreeViewMode.swift (in target 'SwiftSyntax' from project 'swift-syntax')
SwiftCompile normal arm64 Compiling\ SyntaxProtocol.swift,\ SyntaxText.swift /Users/admin/builder/spi-builder-workspace/.dependencies/checkouts/swift-syntax/Sources/SwiftSyntax/SyntaxProtocol.swift /Users/admin/builder/spi-builder-workspace/.dependencies/checkouts/swift-syntax/Sources/SwiftSyntax/SyntaxText.swift (in target 'SwiftSyntax' from project 'swift-syntax')
SwiftCompile normal arm64 /Users/admin/builder/spi-builder-workspace/.dependencies/checkouts/swift-syntax/Sources/SwiftSyntax/SyntaxProtocol.swift (in target 'SwiftSyntax' from project 'swift-syntax')
    cd /Users/admin/builder/spi-builder-workspace/.swiftpm/xcode
    builtin-SwiftPerFileCompile SyntaxProtocol.swift
SwiftCompile normal arm64 /Users/admin/builder/spi-builder-workspace/.dependencies/checkouts/swift-syntax/Sources/SwiftSyntax/SyntaxText.swift (in target 'SwiftSyntax' from project 'swift-syntax')
    cd /Users/admin/builder/spi-builder-workspace/.swiftpm/xcode
    builtin-SwiftPerFileCompile SyntaxText.swift
SwiftDriverJobDiscovery normal arm64 Compiling RawSyntaxValidation.swift (in target 'SwiftSyntax' from project 'swift-syntax')
SwiftCompile normal arm64 Compiling\ RawSyntaxNodesGHI.swift,\ SyntaxNodesD.swift /Users/admin/builder/spi-builder-workspace/.dependencies/checkouts/swift-syntax/Sources/SwiftSyntax/generated/raw/RawSyntaxNodesGHI.swift /Users/admin/builder/spi-builder-workspace/.dependencies/checkouts/swift-syntax/Sources/SwiftSyntax/generated/syntaxNodes/SyntaxNodesD.swift (in target 'SwiftSyntax' from project 'swift-syntax')
SwiftCompile normal arm64 /Users/admin/builder/spi-builder-workspace/.dependencies/checkouts/swift-syntax/Sources/SwiftSyntax/generated/raw/RawSyntaxNodesGHI.swift (in target 'SwiftSyntax' from project 'swift-syntax')
    cd /Users/admin/builder/spi-builder-workspace/.swiftpm/xcode
    builtin-SwiftPerFileCompile RawSyntaxNodesGHI.swift
SwiftCompile normal arm64 /Users/admin/builder/spi-builder-workspace/.dependencies/checkouts/swift-syntax/Sources/SwiftSyntax/generated/syntaxNodes/SyntaxNodesD.swift (in target 'SwiftSyntax' from project 'swift-syntax')
    cd /Users/admin/builder/spi-builder-workspace/.swiftpm/xcode
    builtin-SwiftPerFileCompile SyntaxNodesD.swift
SwiftDriverJobDiscovery normal x86_64 Compiling Syntax.swift (in target 'SwiftSyntax' from project 'swift-syntax')
SwiftCompile normal x86_64 Compiling\ SyntaxKind.swift /Users/admin/builder/spi-builder-workspace/.dependencies/checkouts/swift-syntax/Sources/SwiftSyntax/generated/SyntaxKind.swift (in target 'SwiftSyntax' from project 'swift-syntax')
SwiftCompile normal x86_64 /Users/admin/builder/spi-builder-workspace/.dependencies/checkouts/swift-syntax/Sources/SwiftSyntax/generated/SyntaxKind.swift (in target 'SwiftSyntax' from project 'swift-syntax')
    cd /Users/admin/builder/spi-builder-workspace/.swiftpm/xcode
    builtin-SwiftPerFileCompile SyntaxKind.swift
SwiftDriverJobDiscovery normal x86_64 Compiling RawSyntaxNodeProtocol.swift, SourceEdit.swift, SourceLength.swift (in target 'SwiftSyntax' from project 'swift-syntax')
SwiftCompile normal arm64 Compiling\ RawSyntaxNodesD.swift,\ RawSyntaxNodesEF.swift /Users/admin/builder/spi-builder-workspace/.dependencies/checkouts/swift-syntax/Sources/SwiftSyntax/generated/raw/RawSyntaxNodesD.swift /Users/admin/builder/spi-builder-workspace/.dependencies/checkouts/swift-syntax/Sources/SwiftSyntax/generated/raw/RawSyntaxNodesEF.swift (in target 'SwiftSyntax' from project 'swift-syntax')
SwiftCompile normal arm64 /Users/admin/builder/spi-builder-workspace/.dependencies/checkouts/swift-syntax/Sources/SwiftSyntax/generated/raw/RawSyntaxNodesD.swift (in target 'SwiftSyntax' from project 'swift-syntax')
    cd /Users/admin/builder/spi-builder-workspace/.swiftpm/xcode
    builtin-SwiftPerFileCompile RawSyntaxNodesD.swift
SwiftCompile normal arm64 /Users/admin/builder/spi-builder-workspace/.dependencies/checkouts/swift-syntax/Sources/SwiftSyntax/generated/raw/RawSyntaxNodesEF.swift (in target 'SwiftSyntax' from project 'swift-syntax')
    cd /Users/admin/builder/spi-builder-workspace/.swiftpm/xcode
    builtin-SwiftPerFileCompile RawSyntaxNodesEF.swift
SwiftDriverJobDiscovery normal x86_64 Compiling TokenSyntax.swift (in target 'SwiftSyntax' from project 'swift-syntax')
SwiftCompile normal arm64 Compiling\ RawSyntaxTokenView.swift,\ SourceEdit.swift /Users/admin/builder/spi-builder-workspace/.dependencies/checkouts/swift-syntax/Sources/SwiftSyntax/Raw/RawSyntaxTokenView.swift /Users/admin/builder/spi-builder-workspace/.dependencies/checkouts/swift-syntax/Sources/SwiftSyntax/SourceEdit.swift (in target 'SwiftSyntax' from project 'swift-syntax')
SwiftCompile normal arm64 /Users/admin/builder/spi-builder-workspace/.dependencies/checkouts/swift-syntax/Sources/SwiftSyntax/Raw/RawSyntaxTokenView.swift (in target 'SwiftSyntax' from project 'swift-syntax')
    cd /Users/admin/builder/spi-builder-workspace/.swiftpm/xcode
    builtin-SwiftPerFileCompile RawSyntaxTokenView.swift
SwiftCompile normal arm64 /Users/admin/builder/spi-builder-workspace/.dependencies/checkouts/swift-syntax/Sources/SwiftSyntax/SourceEdit.swift (in target 'SwiftSyntax' from project 'swift-syntax')
    cd /Users/admin/builder/spi-builder-workspace/.swiftpm/xcode
    builtin-SwiftPerFileCompile SourceEdit.swift
SwiftDriverJobDiscovery normal x86_64 Compiling SyntaxKind.swift (in target 'SwiftSyntax' from project 'swift-syntax')
SwiftCompile normal arm64 Compiling\ SyntaxNodesC.swift /Users/admin/builder/spi-builder-workspace/.dependencies/checkouts/swift-syntax/Sources/SwiftSyntax/generated/syntaxNodes/SyntaxNodesC.swift (in target 'SwiftSyntax' from project 'swift-syntax')
SwiftCompile normal arm64 /Users/admin/builder/spi-builder-workspace/.dependencies/checkouts/swift-syntax/Sources/SwiftSyntax/generated/syntaxNodes/SyntaxNodesC.swift (in target 'SwiftSyntax' from project 'swift-syntax')
    cd /Users/admin/builder/spi-builder-workspace/.swiftpm/xcode
    builtin-SwiftPerFileCompile SyntaxNodesC.swift
SwiftDriverJobDiscovery normal arm64 Compiling SyntaxProtocol.swift, SyntaxText.swift (in target 'SwiftSyntax' from project 'swift-syntax')
SwiftCompile normal x86_64 Compiling\ SourceLocation.swift /Users/admin/builder/spi-builder-workspace/.dependencies/checkouts/swift-syntax/Sources/SwiftSyntax/SourceLocation.swift (in target 'SwiftSyntax' from project 'swift-syntax')
SwiftCompile normal x86_64 /Users/admin/builder/spi-builder-workspace/.dependencies/checkouts/swift-syntax/Sources/SwiftSyntax/SourceLocation.swift (in target 'SwiftSyntax' from project 'swift-syntax')
    cd /Users/admin/builder/spi-builder-workspace/.swiftpm/xcode
    builtin-SwiftPerFileCompile SourceLocation.swift
SwiftDriverJobDiscovery normal arm64 Compiling RawSyntaxTokenView.swift, SourceEdit.swift (in target 'SwiftSyntax' from project 'swift-syntax')
SwiftCompile normal x86_64 Compiling\ RenamedNodesCompatibility.swift,\ SyntaxAnyVisitor.swift /Users/admin/builder/spi-builder-workspace/.dependencies/checkouts/swift-syntax/Sources/SwiftSyntax/generated/RenamedNodesCompatibility.swift /Users/admin/builder/spi-builder-workspace/.dependencies/checkouts/swift-syntax/Sources/SwiftSyntax/generated/SyntaxAnyVisitor.swift (in target 'SwiftSyntax' from project 'swift-syntax')
SwiftCompile normal x86_64 /Users/admin/builder/spi-builder-workspace/.dependencies/checkouts/swift-syntax/Sources/SwiftSyntax/generated/RenamedNodesCompatibility.swift (in target 'SwiftSyntax' from project 'swift-syntax')
    cd /Users/admin/builder/spi-builder-workspace/.swiftpm/xcode
    builtin-SwiftPerFileCompile RenamedNodesCompatibility.swift
SwiftCompile normal x86_64 /Users/admin/builder/spi-builder-workspace/.dependencies/checkouts/swift-syntax/Sources/SwiftSyntax/generated/SyntaxAnyVisitor.swift (in target 'SwiftSyntax' from project 'swift-syntax')
    cd /Users/admin/builder/spi-builder-workspace/.swiftpm/xcode
    builtin-SwiftPerFileCompile SyntaxAnyVisitor.swift
SwiftDriverJobDiscovery normal arm64 Compiling SyntaxNodesQRS.swift, SyntaxNodesTUVWXYZ.swift (in target 'SwiftSyntax' from project 'swift-syntax')
SwiftCompile normal x86_64 Compiling\ SyntaxNodesQRS.swift /Users/admin/builder/spi-builder-workspace/.dependencies/checkouts/swift-syntax/Sources/SwiftSyntax/generated/syntaxNodes/SyntaxNodesQRS.swift (in target 'SwiftSyntax' from project 'swift-syntax')
SwiftCompile normal x86_64 /Users/admin/builder/spi-builder-workspace/.dependencies/checkouts/swift-syntax/Sources/SwiftSyntax/generated/syntaxNodes/SyntaxNodesQRS.swift (in target 'SwiftSyntax' from project 'swift-syntax')
    cd /Users/admin/builder/spi-builder-workspace/.swiftpm/xcode
    builtin-SwiftPerFileCompile SyntaxNodesQRS.swift
SwiftDriverJobDiscovery normal arm64 Compiling SyntaxAnyVisitor.swift, SyntaxBaseNodes.swift (in target 'SwiftSyntax' from project 'swift-syntax')
SwiftCompile normal arm64 Compiling\ TokenKind.swift /Users/admin/builder/spi-builder-workspace/.dependencies/checkouts/swift-syntax/Sources/SwiftSyntax/generated/TokenKind.swift (in target 'SwiftSyntax' from project 'swift-syntax')
SwiftCompile normal arm64 /Users/admin/builder/spi-builder-workspace/.dependencies/checkouts/swift-syntax/Sources/SwiftSyntax/generated/TokenKind.swift (in target 'SwiftSyntax' from project 'swift-syntax')
    cd /Users/admin/builder/spi-builder-workspace/.swiftpm/xcode
    builtin-SwiftPerFileCompile TokenKind.swift
SwiftDriverJobDiscovery normal arm64 Compiling SyntaxVisitor.swift (in target 'SwiftSyntax' from project 'swift-syntax')
SwiftCompile normal arm64 Compiling\ TokenDiagnostic.swift /Users/admin/builder/spi-builder-workspace/.dependencies/checkouts/swift-syntax/Sources/SwiftSyntax/TokenDiagnostic.swift (in target 'SwiftSyntax' from project 'swift-syntax')
SwiftCompile normal arm64 /Users/admin/builder/spi-builder-workspace/.dependencies/checkouts/swift-syntax/Sources/SwiftSyntax/TokenDiagnostic.swift (in target 'SwiftSyntax' from project 'swift-syntax')
    cd /Users/admin/builder/spi-builder-workspace/.swiftpm/xcode
    builtin-SwiftPerFileCompile TokenDiagnostic.swift
SwiftDriverJobDiscovery normal x86_64 Compiling SourceLocation.swift (in target 'SwiftSyntax' from project 'swift-syntax')
SwiftCompile normal arm64 Compiling\ CommonAncestor.swift /Users/admin/builder/spi-builder-workspace/.dependencies/checkouts/swift-syntax/Sources/SwiftSyntax/CommonAncestor.swift (in target 'SwiftSyntax' from project 'swift-syntax')
SwiftCompile normal arm64 /Users/admin/builder/spi-builder-workspace/.dependencies/checkouts/swift-syntax/Sources/SwiftSyntax/CommonAncestor.swift (in target 'SwiftSyntax' from project 'swift-syntax')
    cd /Users/admin/builder/spi-builder-workspace/.swiftpm/xcode
    builtin-SwiftPerFileCompile CommonAncestor.swift
SwiftDriverJobDiscovery normal x86_64 Compiling RawSyntaxNodesEF.swift, RawSyntaxNodesGHI.swift, RawSyntaxNodesJKLMN.swift (in target 'SwiftSyntax' from project 'swift-syntax')
SwiftCompile normal arm64 Compiling\ SyntaxIdentifier.swift /Users/admin/builder/spi-builder-workspace/.dependencies/checkouts/swift-syntax/Sources/SwiftSyntax/SyntaxIdentifier.swift (in target 'SwiftSyntax' from project 'swift-syntax')
SwiftCompile normal arm64 /Users/admin/builder/spi-builder-workspace/.dependencies/checkouts/swift-syntax/Sources/SwiftSyntax/SyntaxIdentifier.swift (in target 'SwiftSyntax' from project 'swift-syntax')
    cd /Users/admin/builder/spi-builder-workspace/.swiftpm/xcode
    builtin-SwiftPerFileCompile SyntaxIdentifier.swift
SwiftDriverJobDiscovery normal arm64 Compiling TokenKind.swift (in target 'SwiftSyntax' from project 'swift-syntax')
SwiftCompile normal arm64 Compiling\ SourcePresence.swift /Users/admin/builder/spi-builder-workspace/.dependencies/checkouts/swift-syntax/Sources/SwiftSyntax/SourcePresence.swift (in target 'SwiftSyntax' from project 'swift-syntax')
SwiftCompile normal arm64 /Users/admin/builder/spi-builder-workspace/.dependencies/checkouts/swift-syntax/Sources/SwiftSyntax/SourcePresence.swift (in target 'SwiftSyntax' from project 'swift-syntax')
    cd /Users/admin/builder/spi-builder-workspace/.swiftpm/xcode
    builtin-SwiftPerFileCompile SourcePresence.swift
SwiftDriverJobDiscovery normal arm64 Compiling TokenDiagnostic.swift (in target 'SwiftSyntax' from project 'swift-syntax')
SwiftCompile normal arm64 Compiling\ SyntaxHashable.swift /Users/admin/builder/spi-builder-workspace/.dependencies/checkouts/swift-syntax/Sources/SwiftSyntax/SyntaxHashable.swift (in target 'SwiftSyntax' from project 'swift-syntax')
SwiftCompile normal arm64 /Users/admin/builder/spi-builder-workspace/.dependencies/checkouts/swift-syntax/Sources/SwiftSyntax/SyntaxHashable.swift (in target 'SwiftSyntax' from project 'swift-syntax')
    cd /Users/admin/builder/spi-builder-workspace/.swiftpm/xcode
    builtin-SwiftPerFileCompile SyntaxHashable.swift
SwiftDriverJobDiscovery normal arm64 Compiling CommonAncestor.swift (in target 'SwiftSyntax' from project 'swift-syntax')
SwiftCompile normal arm64 Compiling\ MemoryLayout.swift /Users/admin/builder/spi-builder-workspace/.dependencies/checkouts/swift-syntax/Sources/SwiftSyntax/MemoryLayout.swift (in target 'SwiftSyntax' from project 'swift-syntax')
SwiftCompile normal arm64 /Users/admin/builder/spi-builder-workspace/.dependencies/checkouts/swift-syntax/Sources/SwiftSyntax/MemoryLayout.swift (in target 'SwiftSyntax' from project 'swift-syntax')
    cd /Users/admin/builder/spi-builder-workspace/.swiftpm/xcode
    builtin-SwiftPerFileCompile MemoryLayout.swift
SwiftDriverJobDiscovery normal arm64 Compiling SyntaxIdentifier.swift (in target 'SwiftSyntax' from project 'swift-syntax')
SwiftCompile normal arm64 Compiling\ RawSyntaxNodesTUVWXYZ.swift /Users/admin/builder/spi-builder-workspace/.dependencies/checkouts/swift-syntax/Sources/SwiftSyntax/generated/raw/RawSyntaxNodesTUVWXYZ.swift (in target 'SwiftSyntax' from project 'swift-syntax')
SwiftCompile normal arm64 /Users/admin/builder/spi-builder-workspace/.dependencies/checkouts/swift-syntax/Sources/SwiftSyntax/generated/raw/RawSyntaxNodesTUVWXYZ.swift (in target 'SwiftSyntax' from project 'swift-syntax')
    cd /Users/admin/builder/spi-builder-workspace/.swiftpm/xcode
    builtin-SwiftPerFileCompile RawSyntaxNodesTUVWXYZ.swift
SwiftDriverJobDiscovery normal arm64 Compiling SourcePresence.swift (in target 'SwiftSyntax' from project 'swift-syntax')
SwiftCompile normal x86_64 Compiling\ TopLevel.swift,\ TriviaParser.swift,\ Types.swift,\ ExperimentalFeatures.swift /Users/admin/builder/spi-builder-workspace/.dependencies/checkouts/swift-syntax/Sources/SwiftParser/TopLevel.swift /Users/admin/builder/spi-builder-workspace/.dependencies/checkouts/swift-syntax/Sources/SwiftParser/TriviaParser.swift /Users/admin/builder/spi-builder-workspace/.dependencies/checkouts/swift-syntax/Sources/SwiftParser/Types.swift /Users/admin/builder/spi-builder-workspace/.dependencies/checkouts/swift-syntax/Sources/SwiftParser/generated/ExperimentalFeatures.swift (in target 'SwiftParser' from project 'swift-syntax')
SwiftCompile normal x86_64 /Users/admin/builder/spi-builder-workspace/.dependencies/checkouts/swift-syntax/Sources/SwiftParser/TopLevel.swift (in target 'SwiftParser' from project 'swift-syntax')
    cd /Users/admin/builder/spi-builder-workspace/.swiftpm/xcode
    builtin-SwiftPerFileCompile TopLevel.swift
SwiftCompile normal x86_64 /Users/admin/builder/spi-builder-workspace/.dependencies/checkouts/swift-syntax/Sources/SwiftParser/TriviaParser.swift (in target 'SwiftParser' from project 'swift-syntax')
    cd /Users/admin/builder/spi-builder-workspace/.swiftpm/xcode
    builtin-SwiftPerFileCompile TriviaParser.swift
SwiftCompile normal x86_64 /Users/admin/builder/spi-builder-workspace/.dependencies/checkouts/swift-syntax/Sources/SwiftParser/Types.swift (in target 'SwiftParser' from project 'swift-syntax')
    cd /Users/admin/builder/spi-builder-workspace/.swiftpm/xcode
    builtin-SwiftPerFileCompile Types.swift
SwiftCompile normal x86_64 /Users/admin/builder/spi-builder-workspace/.dependencies/checkouts/swift-syntax/Sources/SwiftParser/generated/ExperimentalFeatures.swift (in target 'SwiftParser' from project 'swift-syntax')
    cd /Users/admin/builder/spi-builder-workspace/.swiftpm/xcode
    builtin-SwiftPerFileCompile ExperimentalFeatures.swift
SwiftDriverJobDiscovery normal arm64 Compiling SyntaxHashable.swift (in target 'SwiftSyntax' from project 'swift-syntax')
SwiftCompile normal arm64 Compiling\ Declarations.swift,\ Directives.swift,\ ExpressionInterpretedAsVersionTuple.swift,\ Expressions.swift,\ IncrementalParseTransition.swift /Users/admin/builder/spi-builder-workspace/.dependencies/checkouts/swift-syntax/Sources/SwiftParser/Declarations.swift /Users/admin/builder/spi-builder-workspace/.dependencies/checkouts/swift-syntax/Sources/SwiftParser/Directives.swift /Users/admin/builder/spi-builder-workspace/.dependencies/checkouts/swift-syntax/Sources/SwiftParser/ExpressionInterpretedAsVersionTuple.swift /Users/admin/builder/spi-builder-workspace/.dependencies/checkouts/swift-syntax/Sources/SwiftParser/Expressions.swift /Users/admin/builder/spi-builder-workspace/.dependencies/checkouts/swift-syntax/Sources/SwiftParser/IncrementalParseTransition.swift (in target 'SwiftParser' from project 'swift-syntax')
SwiftCompile normal arm64 /Users/admin/builder/spi-builder-workspace/.dependencies/checkouts/swift-syntax/Sources/SwiftParser/Declarations.swift (in target 'SwiftParser' from project 'swift-syntax')
    cd /Users/admin/builder/spi-builder-workspace/.swiftpm/xcode
    builtin-SwiftPerFileCompile Declarations.swift
SwiftCompile normal arm64 /Users/admin/builder/spi-builder-workspace/.dependencies/checkouts/swift-syntax/Sources/SwiftParser/Directives.swift (in target 'SwiftParser' from project 'swift-syntax')
    cd /Users/admin/builder/spi-builder-workspace/.swiftpm/xcode
    builtin-SwiftPerFileCompile Directives.swift
SwiftCompile normal arm64 /Users/admin/builder/spi-builder-workspace/.dependencies/checkouts/swift-syntax/Sources/SwiftParser/ExpressionInterpretedAsVersionTuple.swift (in target 'SwiftParser' from project 'swift-syntax')
    cd /Users/admin/builder/spi-builder-workspace/.swiftpm/xcode
    builtin-SwiftPerFileCompile ExpressionInterpretedAsVersionTuple.swift
SwiftCompile normal arm64 /Users/admin/builder/spi-builder-workspace/.dependencies/checkouts/swift-syntax/Sources/SwiftParser/Expressions.swift (in target 'SwiftParser' from project 'swift-syntax')
    cd /Users/admin/builder/spi-builder-workspace/.swiftpm/xcode
    builtin-SwiftPerFileCompile Expressions.swift
SwiftCompile normal arm64 /Users/admin/builder/spi-builder-workspace/.dependencies/checkouts/swift-syntax/Sources/SwiftParser/IncrementalParseTransition.swift (in target 'SwiftParser' from project 'swift-syntax')
    cd /Users/admin/builder/spi-builder-workspace/.swiftpm/xcode
    builtin-SwiftPerFileCompile IncrementalParseTransition.swift
SwiftDriverJobDiscovery normal arm64 Compiling MemoryLayout.swift (in target 'SwiftSyntax' from project 'swift-syntax')
SwiftCompile normal arm64 Compiling\ RegexLiteralLexer.swift,\ UnicodeScalarExtensions.swift,\ Lookahead.swift,\ LoopProgressCondition.swift,\ Modifiers.swift /Users/admin/builder/spi-builder-workspace/.dependencies/checkouts/swift-syntax/Sources/SwiftParser/Lexer/RegexLiteralLexer.swift /Users/admin/builder/spi-builder-workspace/.dependencies/checkouts/swift-syntax/Sources/SwiftParser/Lexer/UnicodeScalarExtensions.swift /Users/admin/builder/spi-builder-workspace/.dependencies/checkouts/swift-syntax/Sources/SwiftParser/Lookahead.swift /Users/admin/builder/spi-builder-workspace/.dependencies/checkouts/swift-syntax/Sources/SwiftParser/LoopProgressCondition.swift /Users/admin/builder/spi-builder-workspace/.dependencies/checkouts/swift-syntax/Sources/SwiftParser/Modifiers.swift (in target 'SwiftParser' from project 'swift-syntax')
SwiftCompile normal arm64 /Users/admin/builder/spi-builder-workspace/.dependencies/checkouts/swift-syntax/Sources/SwiftParser/Lexer/RegexLiteralLexer.swift (in target 'SwiftParser' from project 'swift-syntax')
    cd /Users/admin/builder/spi-builder-workspace/.swiftpm/xcode
    builtin-SwiftPerFileCompile RegexLiteralLexer.swift
SwiftCompile normal arm64 /Users/admin/builder/spi-builder-workspace/.dependencies/checkouts/swift-syntax/Sources/SwiftParser/Lexer/UnicodeScalarExtensions.swift (in target 'SwiftParser' from project 'swift-syntax')
    cd /Users/admin/builder/spi-builder-workspace/.swiftpm/xcode
    builtin-SwiftPerFileCompile UnicodeScalarExtensions.swift
SwiftCompile normal arm64 /Users/admin/builder/spi-builder-workspace/.dependencies/checkouts/swift-syntax/Sources/SwiftParser/Lookahead.swift (in target 'SwiftParser' from project 'swift-syntax')
    cd /Users/admin/builder/spi-builder-workspace/.swiftpm/xcode
    builtin-SwiftPerFileCompile Lookahead.swift
SwiftCompile normal arm64 /Users/admin/builder/spi-builder-workspace/.dependencies/checkouts/swift-syntax/Sources/SwiftParser/LoopProgressCondition.swift (in target 'SwiftParser' from project 'swift-syntax')
    cd /Users/admin/builder/spi-builder-workspace/.swiftpm/xcode
    builtin-SwiftPerFileCompile LoopProgressCondition.swift
SwiftCompile normal arm64 /Users/admin/builder/spi-builder-workspace/.dependencies/checkouts/swift-syntax/Sources/SwiftParser/Modifiers.swift (in target 'SwiftParser' from project 'swift-syntax')
    cd /Users/admin/builder/spi-builder-workspace/.swiftpm/xcode
    builtin-SwiftPerFileCompile Modifiers.swift
SwiftDriverJobDiscovery normal arm64 Compiling SyntaxNodesC.swift (in target 'SwiftSyntax' from project 'swift-syntax')
SwiftDriverJobDiscovery normal arm64 Compiling RawSyntaxNodesD.swift, RawSyntaxNodesEF.swift (in target 'SwiftSyntax' from project 'swift-syntax')
SwiftCompile normal arm64 Compiling\ Names.swift,\ Nominals.swift,\ Parameters.swift,\ ParseSourceFile.swift,\ Parser.swift /Users/admin/builder/spi-builder-workspace/.dependencies/checkouts/swift-syntax/Sources/SwiftParser/Names.swift /Users/admin/builder/spi-builder-workspace/.dependencies/checkouts/swift-syntax/Sources/SwiftParser/Nominals.swift /Users/admin/builder/spi-builder-workspace/.dependencies/checkouts/swift-syntax/Sources/SwiftParser/Parameters.swift /Users/admin/builder/spi-builder-workspace/.dependencies/checkouts/swift-syntax/Sources/SwiftParser/ParseSourceFile.swift /Users/admin/builder/spi-builder-workspace/.dependencies/checkouts/swift-syntax/Sources/SwiftParser/Parser.swift (in target 'SwiftParser' from project 'swift-syntax')
SwiftCompile normal arm64 /Users/admin/builder/spi-builder-workspace/.dependencies/checkouts/swift-syntax/Sources/SwiftParser/Names.swift (in target 'SwiftParser' from project 'swift-syntax')
    cd /Users/admin/builder/spi-builder-workspace/.swiftpm/xcode
    builtin-SwiftPerFileCompile Names.swift
SwiftCompile normal arm64 /Users/admin/builder/spi-builder-workspace/.dependencies/checkouts/swift-syntax/Sources/SwiftParser/Nominals.swift (in target 'SwiftParser' from project 'swift-syntax')
    cd /Users/admin/builder/spi-builder-workspace/.swiftpm/xcode
    builtin-SwiftPerFileCompile Nominals.swift
SwiftCompile normal arm64 /Users/admin/builder/spi-builder-workspace/.dependencies/checkouts/swift-syntax/Sources/SwiftParser/Parameters.swift (in target 'SwiftParser' from project 'swift-syntax')
    cd /Users/admin/builder/spi-builder-workspace/.swiftpm/xcode
    builtin-SwiftPerFileCompile Parameters.swift
SwiftCompile normal arm64 /Users/admin/builder/spi-builder-workspace/.dependencies/checkouts/swift-syntax/Sources/SwiftParser/ParseSourceFile.swift (in target 'SwiftParser' from project 'swift-syntax')
    cd /Users/admin/builder/spi-builder-workspace/.swiftpm/xcode
    builtin-SwiftPerFileCompile ParseSourceFile.swift
SwiftCompile normal arm64 /Users/admin/builder/spi-builder-workspace/.dependencies/checkouts/swift-syntax/Sources/SwiftParser/Parser.swift (in target 'SwiftParser' from project 'swift-syntax')
    cd /Users/admin/builder/spi-builder-workspace/.swiftpm/xcode
    builtin-SwiftPerFileCompile Parser.swift
SwiftCompile normal arm64 Compiling\ Attributes.swift,\ Availability.swift,\ CharacterInfo.swift,\ CollectionNodes+Parsable.swift,\ CompilerFiles.swift /Users/admin/builder/spi-builder-workspace/.dependencies/checkouts/swift-syntax/Sources/SwiftParser/Attributes.swift /Users/admin/builder/spi-builder-workspace/.dependencies/checkouts/swift-syntax/Sources/SwiftParser/Availability.swift /Users/admin/builder/spi-builder-workspace/.dependencies/checkouts/swift-syntax/Sources/SwiftParser/CharacterInfo.swift /Users/admin/builder/spi-builder-workspace/.dependencies/checkouts/swift-syntax/Sources/SwiftParser/CollectionNodes+Parsable.swift /Users/admin/builder/spi-builder-workspace/.dependencies/checkouts/swift-syntax/Sources/SwiftParser/CompilerFiles.swift (in target 'SwiftParser' from project 'swift-syntax')
SwiftCompile normal arm64 /Users/admin/builder/spi-builder-workspace/.dependencies/checkouts/swift-syntax/Sources/SwiftParser/Attributes.swift (in target 'SwiftParser' from project 'swift-syntax')
    cd /Users/admin/builder/spi-builder-workspace/.swiftpm/xcode
    builtin-SwiftPerFileCompile Attributes.swift
SwiftCompile normal arm64 /Users/admin/builder/spi-builder-workspace/.dependencies/checkouts/swift-syntax/Sources/SwiftParser/Availability.swift (in target 'SwiftParser' from project 'swift-syntax')
    cd /Users/admin/builder/spi-builder-workspace/.swiftpm/xcode
    builtin-SwiftPerFileCompile Availability.swift
SwiftCompile normal arm64 /Users/admin/builder/spi-builder-workspace/.dependencies/checkouts/swift-syntax/Sources/SwiftParser/CharacterInfo.swift (in target 'SwiftParser' from project 'swift-syntax')
    cd /Users/admin/builder/spi-builder-workspace/.swiftpm/xcode
    builtin-SwiftPerFileCompile CharacterInfo.swift
SwiftCompile normal arm64 /Users/admin/builder/spi-builder-workspace/.dependencies/checkouts/swift-syntax/Sources/SwiftParser/CollectionNodes+Parsable.swift (in target 'SwiftParser' from project 'swift-syntax')
    cd /Users/admin/builder/spi-builder-workspace/.swiftpm/xcode
    builtin-SwiftPerFileCompile CollectionNodes+Parsable.swift
SwiftCompile normal arm64 /Users/admin/builder/spi-builder-workspace/.dependencies/checkouts/swift-syntax/Sources/SwiftParser/CompilerFiles.swift (in target 'SwiftParser' from project 'swift-syntax')
    cd /Users/admin/builder/spi-builder-workspace/.swiftpm/xcode
    builtin-SwiftPerFileCompile CompilerFiles.swift
SwiftDriverJobDiscovery normal arm64 Compiling RawSyntaxNodesGHI.swift, SyntaxNodesD.swift (in target 'SwiftSyntax' from project 'swift-syntax')
SwiftCompile normal arm64 Compiling\ Patterns.swift,\ Recovery.swift,\ Specifiers.swift,\ Statements.swift,\ StringLiteralRepresentedLiteralValue.swift /Users/admin/builder/spi-builder-workspace/.dependencies/checkouts/swift-syntax/Sources/SwiftParser/Patterns.swift /Users/admin/builder/spi-builder-workspace/.dependencies/checkouts/swift-syntax/Sources/SwiftParser/Recovery.swift /Users/admin/builder/spi-builder-workspace/.dependencies/checkouts/swift-syntax/Sources/SwiftParser/Specifiers.swift /Users/admin/builder/spi-builder-workspace/.dependencies/checkouts/swift-syntax/Sources/SwiftParser/Statements.swift /Users/admin/builder/spi-builder-workspace/.dependencies/checkouts/swift-syntax/Sources/SwiftParser/StringLiteralRepresentedLiteralValue.swift (in target 'SwiftParser' from project 'swift-syntax')
SwiftCompile normal arm64 /Users/admin/builder/spi-builder-workspace/.dependencies/checkouts/swift-syntax/Sources/SwiftParser/Patterns.swift (in target 'SwiftParser' from project 'swift-syntax')
    cd /Users/admin/builder/spi-builder-workspace/.swiftpm/xcode
    builtin-SwiftPerFileCompile Patterns.swift
SwiftCompile normal arm64 /Users/admin/builder/spi-builder-workspace/.dependencies/checkouts/swift-syntax/Sources/SwiftParser/Recovery.swift (in target 'SwiftParser' from project 'swift-syntax')
    cd /Users/admin/builder/spi-builder-workspace/.swiftpm/xcode
    builtin-SwiftPerFileCompile Recovery.swift
SwiftCompile normal arm64 /Users/admin/builder/spi-builder-workspace/.dependencies/checkouts/swift-syntax/Sources/SwiftParser/Specifiers.swift (in target 'SwiftParser' from project 'swift-syntax')
    cd /Users/admin/builder/spi-builder-workspace/.swiftpm/xcode
    builtin-SwiftPerFileCompile Specifiers.swift
SwiftCompile normal arm64 /Users/admin/builder/spi-builder-workspace/.dependencies/checkouts/swift-syntax/Sources/SwiftParser/Statements.swift (in target 'SwiftParser' from project 'swift-syntax')
    cd /Users/admin/builder/spi-builder-workspace/.swiftpm/xcode
    builtin-SwiftPerFileCompile Statements.swift
SwiftCompile normal arm64 /Users/admin/builder/spi-builder-workspace/.dependencies/checkouts/swift-syntax/Sources/SwiftParser/StringLiteralRepresentedLiteralValue.swift (in target 'SwiftParser' from project 'swift-syntax')
    cd /Users/admin/builder/spi-builder-workspace/.swiftpm/xcode
    builtin-SwiftPerFileCompile StringLiteralRepresentedLiteralValue.swift
SwiftDriverJobDiscovery normal x86_64 Compiling RenamedNodesCompatibility.swift, SyntaxAnyVisitor.swift (in target 'SwiftSyntax' from project 'swift-syntax')
SwiftCompile normal x86_64 Compiling\ RawSyntaxValidation.swift /Users/admin/builder/spi-builder-workspace/.dependencies/checkouts/swift-syntax/Sources/SwiftSyntax/generated/raw/RawSyntaxValidation.swift (in target 'SwiftSyntax' from project 'swift-syntax')
SwiftCompile normal x86_64 /Users/admin/builder/spi-builder-workspace/.dependencies/checkouts/swift-syntax/Sources/SwiftSyntax/generated/raw/RawSyntaxValidation.swift (in target 'SwiftSyntax' from project 'swift-syntax')
    cd /Users/admin/builder/spi-builder-workspace/.swiftpm/xcode
    builtin-SwiftPerFileCompile RawSyntaxValidation.swift
SwiftDriverJobDiscovery normal x86_64 Compiling TopLevel.swift, TriviaParser.swift, Types.swift, ExperimentalFeatures.swift (in target 'SwiftParser' from project 'swift-syntax')
SwiftCompile normal arm64 Compiling\ TokenConsumer.swift,\ TokenPrecedence.swift,\ TokenSpec.swift,\ TokenSpecSet.swift /Users/admin/builder/spi-builder-workspace/.dependencies/checkouts/swift-syntax/Sources/SwiftParser/TokenConsumer.swift /Users/admin/builder/spi-builder-workspace/.dependencies/checkouts/swift-syntax/Sources/SwiftParser/TokenPrecedence.swift /Users/admin/builder/spi-builder-workspace/.dependencies/checkouts/swift-syntax/Sources/SwiftParser/TokenSpec.swift /Users/admin/builder/spi-builder-workspace/.dependencies/checkouts/swift-syntax/Sources/SwiftParser/TokenSpecSet.swift (in target 'SwiftParser' from project 'swift-syntax')
SwiftCompile normal arm64 /Users/admin/builder/spi-builder-workspace/.dependencies/checkouts/swift-syntax/Sources/SwiftParser/TokenConsumer.swift (in target 'SwiftParser' from project 'swift-syntax')
    cd /Users/admin/builder/spi-builder-workspace/.swiftpm/xcode
    builtin-SwiftPerFileCompile TokenConsumer.swift
SwiftCompile normal arm64 /Users/admin/builder/spi-builder-workspace/.dependencies/checkouts/swift-syntax/Sources/SwiftParser/TokenPrecedence.swift (in target 'SwiftParser' from project 'swift-syntax')
    cd /Users/admin/builder/spi-builder-workspace/.swiftpm/xcode
    builtin-SwiftPerFileCompile TokenPrecedence.swift
SwiftCompile normal arm64 /Users/admin/builder/spi-builder-workspace/.dependencies/checkouts/swift-syntax/Sources/SwiftParser/TokenSpec.swift (in target 'SwiftParser' from project 'swift-syntax')
    cd /Users/admin/builder/spi-builder-workspace/.swiftpm/xcode
    builtin-SwiftPerFileCompile TokenSpec.swift
SwiftCompile normal arm64 /Users/admin/builder/spi-builder-workspace/.dependencies/checkouts/swift-syntax/Sources/SwiftParser/TokenSpecSet.swift (in target 'SwiftParser' from project 'swift-syntax')
    cd /Users/admin/builder/spi-builder-workspace/.swiftpm/xcode
    builtin-SwiftPerFileCompile TokenSpecSet.swift
SwiftDriverJobDiscovery normal arm64 Compiling RawSyntaxNodesTUVWXYZ.swift (in target 'SwiftSyntax' from project 'swift-syntax')
SwiftCompile normal x86_64 Compiling\ Attributes.swift,\ Availability.swift,\ CharacterInfo.swift,\ CollectionNodes+Parsable.swift,\ CompilerFiles.swift /Users/admin/builder/spi-builder-workspace/.dependencies/checkouts/swift-syntax/Sources/SwiftParser/Attributes.swift /Users/admin/builder/spi-builder-workspace/.dependencies/checkouts/swift-syntax/Sources/SwiftParser/Availability.swift /Users/admin/builder/spi-builder-workspace/.dependencies/checkouts/swift-syntax/Sources/SwiftParser/CharacterInfo.swift /Users/admin/builder/spi-builder-workspace/.dependencies/checkouts/swift-syntax/Sources/SwiftParser/CollectionNodes+Parsable.swift /Users/admin/builder/spi-builder-workspace/.dependencies/checkouts/swift-syntax/Sources/SwiftParser/CompilerFiles.swift (in target 'SwiftParser' from project 'swift-syntax')
SwiftCompile normal x86_64 /Users/admin/builder/spi-builder-workspace/.dependencies/checkouts/swift-syntax/Sources/SwiftParser/Attributes.swift (in target 'SwiftParser' from project 'swift-syntax')
    cd /Users/admin/builder/spi-builder-workspace/.swiftpm/xcode
    builtin-SwiftPerFileCompile Attributes.swift
SwiftCompile normal x86_64 /Users/admin/builder/spi-builder-workspace/.dependencies/checkouts/swift-syntax/Sources/SwiftParser/Availability.swift (in target 'SwiftParser' from project 'swift-syntax')
    cd /Users/admin/builder/spi-builder-workspace/.swiftpm/xcode
    builtin-SwiftPerFileCompile Availability.swift
SwiftCompile normal x86_64 /Users/admin/builder/spi-builder-workspace/.dependencies/checkouts/swift-syntax/Sources/SwiftParser/CharacterInfo.swift (in target 'SwiftParser' from project 'swift-syntax')
    cd /Users/admin/builder/spi-builder-workspace/.swiftpm/xcode
    builtin-SwiftPerFileCompile CharacterInfo.swift
SwiftCompile normal x86_64 /Users/admin/builder/spi-builder-workspace/.dependencies/checkouts/swift-syntax/Sources/SwiftParser/CollectionNodes+Parsable.swift (in target 'SwiftParser' from project 'swift-syntax')
    cd /Users/admin/builder/spi-builder-workspace/.swiftpm/xcode
    builtin-SwiftPerFileCompile CollectionNodes+Parsable.swift
SwiftCompile normal x86_64 /Users/admin/builder/spi-builder-workspace/.dependencies/checkouts/swift-syntax/Sources/SwiftParser/CompilerFiles.swift (in target 'SwiftParser' from project 'swift-syntax')
    cd /Users/admin/builder/spi-builder-workspace/.swiftpm/xcode
    builtin-SwiftPerFileCompile CompilerFiles.swift
SwiftDriverJobDiscovery normal x86_64 Compiling RawSyntaxValidation.swift (in target 'SwiftSyntax' from project 'swift-syntax')
SwiftCompile normal x86_64 Compiling\ StringLiterals.swift,\ SwiftParserCompatibility.swift,\ SwiftVersion.swift,\ SyntaxUtils.swift /Users/admin/builder/spi-builder-workspace/.dependencies/checkouts/swift-syntax/Sources/SwiftParser/StringLiterals.swift /Users/admin/builder/spi-builder-workspace/.dependencies/checkouts/swift-syntax/Sources/SwiftParser/SwiftParserCompatibility.swift /Users/admin/builder/spi-builder-workspace/.dependencies/checkouts/swift-syntax/Sources/SwiftParser/SwiftVersion.swift /Users/admin/builder/spi-builder-workspace/.dependencies/checkouts/swift-syntax/Sources/SwiftParser/SyntaxUtils.swift (in target 'SwiftParser' from project 'swift-syntax')
SwiftCompile normal x86_64 /Users/admin/builder/spi-builder-workspace/.dependencies/checkouts/swift-syntax/Sources/SwiftParser/StringLiterals.swift (in target 'SwiftParser' from project 'swift-syntax')
    cd /Users/admin/builder/spi-builder-workspace/.swiftpm/xcode
    builtin-SwiftPerFileCompile StringLiterals.swift
SwiftCompile normal x86_64 /Users/admin/builder/spi-builder-workspace/.dependencies/checkouts/swift-syntax/Sources/SwiftParser/SwiftParserCompatibility.swift (in target 'SwiftParser' from project 'swift-syntax')
    cd /Users/admin/builder/spi-builder-workspace/.swiftpm/xcode
    builtin-SwiftPerFileCompile SwiftParserCompatibility.swift
SwiftCompile normal x86_64 /Users/admin/builder/spi-builder-workspace/.dependencies/checkouts/swift-syntax/Sources/SwiftParser/SwiftVersion.swift (in target 'SwiftParser' from project 'swift-syntax')
    cd /Users/admin/builder/spi-builder-workspace/.swiftpm/xcode
    builtin-SwiftPerFileCompile SwiftVersion.swift
SwiftCompile normal x86_64 /Users/admin/builder/spi-builder-workspace/.dependencies/checkouts/swift-syntax/Sources/SwiftParser/SyntaxUtils.swift (in target 'SwiftParser' from project 'swift-syntax')
    cd /Users/admin/builder/spi-builder-workspace/.swiftpm/xcode
    builtin-SwiftPerFileCompile SyntaxUtils.swift
SwiftDriverJobDiscovery normal arm64 Compiling RegexLiteralLexer.swift, UnicodeScalarExtensions.swift, Lookahead.swift, LoopProgressCondition.swift, Modifiers.swift (in target 'SwiftParser' from project 'swift-syntax')
SwiftCompile normal arm64 Compiling\ TopLevel.swift,\ TriviaParser.swift,\ Types.swift,\ ExperimentalFeatures.swift /Users/admin/builder/spi-builder-workspace/.dependencies/checkouts/swift-syntax/Sources/SwiftParser/TopLevel.swift /Users/admin/builder/spi-builder-workspace/.dependencies/checkouts/swift-syntax/Sources/SwiftParser/TriviaParser.swift /Users/admin/builder/spi-builder-workspace/.dependencies/checkouts/swift-syntax/Sources/SwiftParser/Types.swift /Users/admin/builder/spi-builder-workspace/.dependencies/checkouts/swift-syntax/Sources/SwiftParser/generated/ExperimentalFeatures.swift (in target 'SwiftParser' from project 'swift-syntax')
SwiftCompile normal arm64 /Users/admin/builder/spi-builder-workspace/.dependencies/checkouts/swift-syntax/Sources/SwiftParser/TopLevel.swift (in target 'SwiftParser' from project 'swift-syntax')
    cd /Users/admin/builder/spi-builder-workspace/.swiftpm/xcode
    builtin-SwiftPerFileCompile TopLevel.swift
SwiftCompile normal arm64 /Users/admin/builder/spi-builder-workspace/.dependencies/checkouts/swift-syntax/Sources/SwiftParser/TriviaParser.swift (in target 'SwiftParser' from project 'swift-syntax')
    cd /Users/admin/builder/spi-builder-workspace/.swiftpm/xcode
    builtin-SwiftPerFileCompile TriviaParser.swift
SwiftCompile normal arm64 /Users/admin/builder/spi-builder-workspace/.dependencies/checkouts/swift-syntax/Sources/SwiftParser/Types.swift (in target 'SwiftParser' from project 'swift-syntax')
    cd /Users/admin/builder/spi-builder-workspace/.swiftpm/xcode
    builtin-SwiftPerFileCompile Types.swift
SwiftCompile normal arm64 /Users/admin/builder/spi-builder-workspace/.dependencies/checkouts/swift-syntax/Sources/SwiftParser/generated/ExperimentalFeatures.swift (in target 'SwiftParser' from project 'swift-syntax')
    cd /Users/admin/builder/spi-builder-workspace/.swiftpm/xcode
    builtin-SwiftPerFileCompile ExperimentalFeatures.swift
SwiftDriverJobDiscovery normal x86_64 Compiling SyntaxNodesQRS.swift (in target 'SwiftSyntax' from project 'swift-syntax')
SwiftCompile normal x86_64 Compiling\ RegexLiteralLexer.swift,\ UnicodeScalarExtensions.swift,\ Lookahead.swift,\ LoopProgressCondition.swift,\ Modifiers.swift /Users/admin/builder/spi-builder-workspace/.dependencies/checkouts/swift-syntax/Sources/SwiftParser/Lexer/RegexLiteralLexer.swift /Users/admin/builder/spi-builder-workspace/.dependencies/checkouts/swift-syntax/Sources/SwiftParser/Lexer/UnicodeScalarExtensions.swift /Users/admin/builder/spi-builder-workspace/.dependencies/checkouts/swift-syntax/Sources/SwiftParser/Lookahead.swift /Users/admin/builder/spi-builder-workspace/.dependencies/checkouts/swift-syntax/Sources/SwiftParser/LoopProgressCondition.swift /Users/admin/builder/spi-builder-workspace/.dependencies/checkouts/swift-syntax/Sources/SwiftParser/Modifiers.swift (in target 'SwiftParser' from project 'swift-syntax')
SwiftCompile normal x86_64 /Users/admin/builder/spi-builder-workspace/.dependencies/checkouts/swift-syntax/Sources/SwiftParser/Lexer/RegexLiteralLexer.swift (in target 'SwiftParser' from project 'swift-syntax')
    cd /Users/admin/builder/spi-builder-workspace/.swiftpm/xcode
    builtin-SwiftPerFileCompile RegexLiteralLexer.swift
SwiftCompile normal x86_64 /Users/admin/builder/spi-builder-workspace/.dependencies/checkouts/swift-syntax/Sources/SwiftParser/Lexer/UnicodeScalarExtensions.swift (in target 'SwiftParser' from project 'swift-syntax')
    cd /Users/admin/builder/spi-builder-workspace/.swiftpm/xcode
    builtin-SwiftPerFileCompile UnicodeScalarExtensions.swift
SwiftCompile normal x86_64 /Users/admin/builder/spi-builder-workspace/.dependencies/checkouts/swift-syntax/Sources/SwiftParser/Lookahead.swift (in target 'SwiftParser' from project 'swift-syntax')
    cd /Users/admin/builder/spi-builder-workspace/.swiftpm/xcode
    builtin-SwiftPerFileCompile Lookahead.swift
SwiftCompile normal x86_64 /Users/admin/builder/spi-builder-workspace/.dependencies/checkouts/swift-syntax/Sources/SwiftParser/LoopProgressCondition.swift (in target 'SwiftParser' from project 'swift-syntax')
    cd /Users/admin/builder/spi-builder-workspace/.swiftpm/xcode
    builtin-SwiftPerFileCompile LoopProgressCondition.swift
SwiftCompile normal x86_64 /Users/admin/builder/spi-builder-workspace/.dependencies/checkouts/swift-syntax/Sources/SwiftParser/Modifiers.swift (in target 'SwiftParser' from project 'swift-syntax')
    cd /Users/admin/builder/spi-builder-workspace/.swiftpm/xcode
    builtin-SwiftPerFileCompile Modifiers.swift
SwiftDriverJobDiscovery normal arm64 Compiling Attributes.swift, Availability.swift, CharacterInfo.swift, CollectionNodes+Parsable.swift, CompilerFiles.swift (in target 'SwiftParser' from project 'swift-syntax')
SwiftCompile normal x86_64 Compiling\ IsValidIdentifier.swift,\ Cursor.swift,\ Lexeme.swift,\ LexemeSequence.swift,\ Lexer.swift /Users/admin/builder/spi-builder-workspace/.dependencies/checkouts/swift-syntax/Sources/SwiftParser/IsValidIdentifier.swift /Users/admin/builder/spi-builder-workspace/.dependencies/checkouts/swift-syntax/Sources/SwiftParser/Lexer/Cursor.swift /Users/admin/builder/spi-builder-workspace/.dependencies/checkouts/swift-syntax/Sources/SwiftParser/Lexer/Lexeme.swift /Users/admin/builder/spi-builder-workspace/.dependencies/checkouts/swift-syntax/Sources/SwiftParser/Lexer/LexemeSequence.swift /Users/admin/builder/spi-builder-workspace/.dependencies/checkouts/swift-syntax/Sources/SwiftParser/Lexer/Lexer.swift (in target 'SwiftParser' from project 'swift-syntax')
SwiftCompile normal x86_64 /Users/admin/builder/spi-builder-workspace/.dependencies/checkouts/swift-syntax/Sources/SwiftParser/IsValidIdentifier.swift (in target 'SwiftParser' from project 'swift-syntax')
    cd /Users/admin/builder/spi-builder-workspace/.swiftpm/xcode
    builtin-SwiftPerFileCompile IsValidIdentifier.swift
SwiftCompile normal x86_64 /Users/admin/builder/spi-builder-workspace/.dependencies/checkouts/swift-syntax/Sources/SwiftParser/Lexer/Cursor.swift (in target 'SwiftParser' from project 'swift-syntax')
    cd /Users/admin/builder/spi-builder-workspace/.swiftpm/xcode
    builtin-SwiftPerFileCompile Cursor.swift
SwiftCompile normal x86_64 /Users/admin/builder/spi-builder-workspace/.dependencies/checkouts/swift-syntax/Sources/SwiftParser/Lexer/Lexeme.swift (in target 'SwiftParser' from project 'swift-syntax')
    cd /Users/admin/builder/spi-builder-workspace/.swiftpm/xcode
    builtin-SwiftPerFileCompile Lexeme.swift
SwiftCompile normal x86_64 /Users/admin/builder/spi-builder-workspace/.dependencies/checkouts/swift-syntax/Sources/SwiftParser/Lexer/LexemeSequence.swift (in target 'SwiftParser' from project 'swift-syntax')
    cd /Users/admin/builder/spi-builder-workspace/.swiftpm/xcode
    builtin-SwiftPerFileCompile LexemeSequence.swift
SwiftCompile normal x86_64 /Users/admin/builder/spi-builder-workspace/.dependencies/checkouts/swift-syntax/Sources/SwiftParser/Lexer/Lexer.swift (in target 'SwiftParser' from project 'swift-syntax')
    cd /Users/admin/builder/spi-builder-workspace/.swiftpm/xcode
    builtin-SwiftPerFileCompile Lexer.swift
SwiftDriverJobDiscovery normal x86_64 Compiling StringLiterals.swift, SwiftParserCompatibility.swift, SwiftVersion.swift, SyntaxUtils.swift (in target 'SwiftParser' from project 'swift-syntax')
SwiftCompile normal x86_64 Compiling\ Declarations.swift,\ Directives.swift,\ ExpressionInterpretedAsVersionTuple.swift,\ Expressions.swift,\ IncrementalParseTransition.swift /Users/admin/builder/spi-builder-workspace/.dependencies/checkouts/swift-syntax/Sources/SwiftParser/Declarations.swift /Users/admin/builder/spi-builder-workspace/.dependencies/checkouts/swift-syntax/Sources/SwiftParser/Directives.swift /Users/admin/builder/spi-builder-workspace/.dependencies/checkouts/swift-syntax/Sources/SwiftParser/ExpressionInterpretedAsVersionTuple.swift /Users/admin/builder/spi-builder-workspace/.dependencies/checkouts/swift-syntax/Sources/SwiftParser/Expressions.swift /Users/admin/builder/spi-builder-workspace/.dependencies/checkouts/swift-syntax/Sources/SwiftParser/IncrementalParseTransition.swift (in target 'SwiftParser' from project 'swift-syntax')
SwiftCompile normal x86_64 /Users/admin/builder/spi-builder-workspace/.dependencies/checkouts/swift-syntax/Sources/SwiftParser/Declarations.swift (in target 'SwiftParser' from project 'swift-syntax')
    cd /Users/admin/builder/spi-builder-workspace/.swiftpm/xcode
    builtin-SwiftPerFileCompile Declarations.swift
SwiftCompile normal x86_64 /Users/admin/builder/spi-builder-workspace/.dependencies/checkouts/swift-syntax/Sources/SwiftParser/Directives.swift (in target 'SwiftParser' from project 'swift-syntax')
    cd /Users/admin/builder/spi-builder-workspace/.swiftpm/xcode
    builtin-SwiftPerFileCompile Directives.swift
SwiftCompile normal x86_64 /Users/admin/builder/spi-builder-workspace/.dependencies/checkouts/swift-syntax/Sources/SwiftParser/ExpressionInterpretedAsVersionTuple.swift (in target 'SwiftParser' from project 'swift-syntax')
    cd /Users/admin/builder/spi-builder-workspace/.swiftpm/xcode
    builtin-SwiftPerFileCompile ExpressionInterpretedAsVersionTuple.swift
SwiftCompile normal x86_64 /Users/admin/builder/spi-builder-workspace/.dependencies/checkouts/swift-syntax/Sources/SwiftParser/Expressions.swift (in target 'SwiftParser' from project 'swift-syntax')
    cd /Users/admin/builder/spi-builder-workspace/.swiftpm/xcode
    builtin-SwiftPerFileCompile Expressions.swift
SwiftCompile normal x86_64 /Users/admin/builder/spi-builder-workspace/.dependencies/checkouts/swift-syntax/Sources/SwiftParser/IncrementalParseTransition.swift (in target 'SwiftParser' from project 'swift-syntax')
    cd /Users/admin/builder/spi-builder-workspace/.swiftpm/xcode
    builtin-SwiftPerFileCompile IncrementalParseTransition.swift
SwiftDriverJobDiscovery normal arm64 Compiling Names.swift, Nominals.swift, Parameters.swift, ParseSourceFile.swift, Parser.swift (in target 'SwiftParser' from project 'swift-syntax')
SwiftCompile normal x86_64 Compiling\ TokenConsumer.swift,\ TokenPrecedence.swift,\ TokenSpec.swift,\ TokenSpecSet.swift /Users/admin/builder/spi-builder-workspace/.dependencies/checkouts/swift-syntax/Sources/SwiftParser/TokenConsumer.swift /Users/admin/builder/spi-builder-workspace/.dependencies/checkouts/swift-syntax/Sources/SwiftParser/TokenPrecedence.swift /Users/admin/builder/spi-builder-workspace/.dependencies/checkouts/swift-syntax/Sources/SwiftParser/TokenSpec.swift /Users/admin/builder/spi-builder-workspace/.dependencies/checkouts/swift-syntax/Sources/SwiftParser/TokenSpecSet.swift (in target 'SwiftParser' from project 'swift-syntax')
SwiftCompile normal x86_64 /Users/admin/builder/spi-builder-workspace/.dependencies/checkouts/swift-syntax/Sources/SwiftParser/TokenConsumer.swift (in target 'SwiftParser' from project 'swift-syntax')
    cd /Users/admin/builder/spi-builder-workspace/.swiftpm/xcode
    builtin-SwiftPerFileCompile TokenConsumer.swift
SwiftCompile normal x86_64 /Users/admin/builder/spi-builder-workspace/.dependencies/checkouts/swift-syntax/Sources/SwiftParser/TokenPrecedence.swift (in target 'SwiftParser' from project 'swift-syntax')
    cd /Users/admin/builder/spi-builder-workspace/.swiftpm/xcode
    builtin-SwiftPerFileCompile TokenPrecedence.swift
SwiftCompile normal x86_64 /Users/admin/builder/spi-builder-workspace/.dependencies/checkouts/swift-syntax/Sources/SwiftParser/TokenSpec.swift (in target 'SwiftParser' from project 'swift-syntax')
    cd /Users/admin/builder/spi-builder-workspace/.swiftpm/xcode
    builtin-SwiftPerFileCompile TokenSpec.swift
SwiftCompile normal x86_64 /Users/admin/builder/spi-builder-workspace/.dependencies/checkouts/swift-syntax/Sources/SwiftParser/TokenSpecSet.swift (in target 'SwiftParser' from project 'swift-syntax')
    cd /Users/admin/builder/spi-builder-workspace/.swiftpm/xcode
    builtin-SwiftPerFileCompile TokenSpecSet.swift
SwiftDriverJobDiscovery normal arm64 Compiling TokenConsumer.swift, TokenPrecedence.swift, TokenSpec.swift, TokenSpecSet.swift (in target 'SwiftParser' from project 'swift-syntax')
SwiftCompile normal arm64 Compiling\ StringLiterals.swift,\ SwiftParserCompatibility.swift,\ SwiftVersion.swift,\ SyntaxUtils.swift /Users/admin/builder/spi-builder-workspace/.dependencies/checkouts/swift-syntax/Sources/SwiftParser/StringLiterals.swift /Users/admin/builder/spi-builder-workspace/.dependencies/checkouts/swift-syntax/Sources/SwiftParser/SwiftParserCompatibility.swift /Users/admin/builder/spi-builder-workspace/.dependencies/checkouts/swift-syntax/Sources/SwiftParser/SwiftVersion.swift /Users/admin/builder/spi-builder-workspace/.dependencies/checkouts/swift-syntax/Sources/SwiftParser/SyntaxUtils.swift (in target 'SwiftParser' from project 'swift-syntax')
SwiftCompile normal arm64 /Users/admin/builder/spi-builder-workspace/.dependencies/checkouts/swift-syntax/Sources/SwiftParser/StringLiterals.swift (in target 'SwiftParser' from project 'swift-syntax')
    cd /Users/admin/builder/spi-builder-workspace/.swiftpm/xcode
    builtin-SwiftPerFileCompile StringLiterals.swift
SwiftCompile normal arm64 /Users/admin/builder/spi-builder-workspace/.dependencies/checkouts/swift-syntax/Sources/SwiftParser/SwiftParserCompatibility.swift (in target 'SwiftParser' from project 'swift-syntax')
    cd /Users/admin/builder/spi-builder-workspace/.swiftpm/xcode
    builtin-SwiftPerFileCompile SwiftParserCompatibility.swift
SwiftCompile normal arm64 /Users/admin/builder/spi-builder-workspace/.dependencies/checkouts/swift-syntax/Sources/SwiftParser/SwiftVersion.swift (in target 'SwiftParser' from project 'swift-syntax')
    cd /Users/admin/builder/spi-builder-workspace/.swiftpm/xcode
    builtin-SwiftPerFileCompile SwiftVersion.swift
SwiftCompile normal arm64 /Users/admin/builder/spi-builder-workspace/.dependencies/checkouts/swift-syntax/Sources/SwiftParser/SyntaxUtils.swift (in target 'SwiftParser' from project 'swift-syntax')
    cd /Users/admin/builder/spi-builder-workspace/.swiftpm/xcode
    builtin-SwiftPerFileCompile SyntaxUtils.swift
SwiftCompile normal arm64 Compiling\ Note.swift /Users/admin/builder/spi-builder-workspace/.dependencies/checkouts/swift-syntax/Sources/SwiftDiagnostics/Note.swift (in target 'SwiftDiagnostics' from project 'swift-syntax')
SwiftCompile normal arm64 /Users/admin/builder/spi-builder-workspace/.dependencies/checkouts/swift-syntax/Sources/SwiftDiagnostics/Note.swift (in target 'SwiftDiagnostics' from project 'swift-syntax')
    cd /Users/admin/builder/spi-builder-workspace/.swiftpm/xcode
    builtin-SwiftPerFileCompile Note.swift
SwiftDriverJobDiscovery normal x86_64 Compiling Attributes.swift, Availability.swift, CharacterInfo.swift, CollectionNodes+Parsable.swift, CompilerFiles.swift (in target 'SwiftParser' from project 'swift-syntax')
SwiftDriverJobDiscovery normal arm64 Compiling Declarations.swift, Directives.swift, ExpressionInterpretedAsVersionTuple.swift, Expressions.swift, IncrementalParseTransition.swift (in target 'SwiftParser' from project 'swift-syntax')
SwiftDriverJobDiscovery normal arm64 Compiling Patterns.swift, Recovery.swift, Specifiers.swift, Statements.swift, StringLiteralRepresentedLiteralValue.swift (in target 'SwiftParser' from project 'swift-syntax')
SwiftCompile normal x86_64 Compiling\ DiagnosticsFormatter.swift /Users/admin/builder/spi-builder-workspace/.dependencies/checkouts/swift-syntax/Sources/SwiftDiagnostics/DiagnosticsFormatter.swift (in target 'SwiftDiagnostics' from project 'swift-syntax')
SwiftCompile normal x86_64 /Users/admin/builder/spi-builder-workspace/.dependencies/checkouts/swift-syntax/Sources/SwiftDiagnostics/DiagnosticsFormatter.swift (in target 'SwiftDiagnostics' from project 'swift-syntax')
    cd /Users/admin/builder/spi-builder-workspace/.swiftpm/xcode
    builtin-SwiftPerFileCompile DiagnosticsFormatter.swift
SwiftDriverJobDiscovery normal arm64 Compiling Note.swift (in target 'SwiftDiagnostics' from project 'swift-syntax')
SwiftCompile normal arm64 Compiling\ DiagnosticsFormatter.swift /Users/admin/builder/spi-builder-workspace/.dependencies/checkouts/swift-syntax/Sources/SwiftDiagnostics/DiagnosticsFormatter.swift (in target 'SwiftDiagnostics' from project 'swift-syntax')
SwiftCompile normal arm64 /Users/admin/builder/spi-builder-workspace/.dependencies/checkouts/swift-syntax/Sources/SwiftDiagnostics/DiagnosticsFormatter.swift (in target 'SwiftDiagnostics' from project 'swift-syntax')
    cd /Users/admin/builder/spi-builder-workspace/.swiftpm/xcode
    builtin-SwiftPerFileCompile DiagnosticsFormatter.swift
SwiftDriverJobDiscovery normal x86_64 Compiling DiagnosticsFormatter.swift (in target 'SwiftDiagnostics' from project 'swift-syntax')
SwiftCompile normal x86_64 Compiling\ GroupedDiagnostics.swift /Users/admin/builder/spi-builder-workspace/.dependencies/checkouts/swift-syntax/Sources/SwiftDiagnostics/GroupedDiagnostics.swift (in target 'SwiftDiagnostics' from project 'swift-syntax')
SwiftCompile normal x86_64 /Users/admin/builder/spi-builder-workspace/.dependencies/checkouts/swift-syntax/Sources/SwiftDiagnostics/GroupedDiagnostics.swift (in target 'SwiftDiagnostics' from project 'swift-syntax')
    cd /Users/admin/builder/spi-builder-workspace/.swiftpm/xcode
    builtin-SwiftPerFileCompile GroupedDiagnostics.swift
SwiftCompile normal arm64 Compiling\ Convenience.swift /Users/admin/builder/spi-builder-workspace/.dependencies/checkouts/swift-syntax/Sources/SwiftDiagnostics/Convenience.swift (in target 'SwiftDiagnostics' from project 'swift-syntax')
SwiftCompile normal arm64 /Users/admin/builder/spi-builder-workspace/.dependencies/checkouts/swift-syntax/Sources/SwiftDiagnostics/Convenience.swift (in target 'SwiftDiagnostics' from project 'swift-syntax')
    cd /Users/admin/builder/spi-builder-workspace/.swiftpm/xcode
    builtin-SwiftPerFileCompile Convenience.swift
SwiftDriverJobDiscovery normal arm64 Compiling TopLevel.swift, TriviaParser.swift, Types.swift, ExperimentalFeatures.swift (in target 'SwiftParser' from project 'swift-syntax')
SwiftCompile normal x86_64 Compiling\ Message.swift /Users/admin/builder/spi-builder-workspace/.dependencies/checkouts/swift-syntax/Sources/SwiftDiagnostics/Message.swift (in target 'SwiftDiagnostics' from project 'swift-syntax')
SwiftCompile normal x86_64 /Users/admin/builder/spi-builder-workspace/.dependencies/checkouts/swift-syntax/Sources/SwiftDiagnostics/Message.swift (in target 'SwiftDiagnostics' from project 'swift-syntax')
    cd /Users/admin/builder/spi-builder-workspace/.swiftpm/xcode
    builtin-SwiftPerFileCompile Message.swift
SwiftDriverJobDiscovery normal arm64 Compiling DiagnosticsFormatter.swift (in target 'SwiftDiagnostics' from project 'swift-syntax')
SwiftCompile normal x86_64 Compiling\ Diagnostic.swift /Users/admin/builder/spi-builder-workspace/.dependencies/checkouts/swift-syntax/Sources/SwiftDiagnostics/Diagnostic.swift (in target 'SwiftDiagnostics' from project 'swift-syntax')
SwiftCompile normal x86_64 /Users/admin/builder/spi-builder-workspace/.dependencies/checkouts/swift-syntax/Sources/SwiftDiagnostics/Diagnostic.swift (in target 'SwiftDiagnostics' from project 'swift-syntax')
    cd /Users/admin/builder/spi-builder-workspace/.swiftpm/xcode
    builtin-SwiftPerFileCompile Diagnostic.swift
SwiftDriverJobDiscovery normal arm64 Compiling StringLiterals.swift, SwiftParserCompatibility.swift, SwiftVersion.swift, SyntaxUtils.swift (in target 'SwiftParser' from project 'swift-syntax')
SwiftDriver\ Compilation SwiftParser normal arm64 com.apple.xcode.tools.swift.compiler (in target 'SwiftParser' from project 'swift-syntax')
    cd /Users/admin/builder/spi-builder-workspace/.swiftpm/xcode
    builtin-Swift-Compilation -- /Applications/Xcode-27.0.0-Release.Candidate.app/Contents/Developer/Toolchains/XcodeDefault.xctoolchain/usr/bin/swiftc -parse-as-library -module-name SwiftParser -Onone @/Users/admin/builder/spi-builder-workspace/.derivedData/Build/Intermediates.noindex/swift-syntax.build/Debug/SwiftParser-t.build/Objects-normal/arm64/SwiftParser.SwiftFileList -DSWIFT_PACKAGE -DDEBUG -DSWIFT_MODULE_RESOURCE_BUNDLE_UNAVAILABLE -Xcc -fmodule-map-file\=/Users/admin/builder/spi-builder-workspace/.dependencies/checkouts/swift-syntax/Sources/_SwiftSyntaxCShims/include/module.modulemap -DXcode -plugin-path /Applications/Xcode-27.0.0-Release.Candidate.app/Contents/Developer/Toolchains/XcodeDefault.xctoolchain/usr/lib/swift/host/plugins/testing -enable-experimental-feature DebugDescriptionMacro -sdk /Applications/Xcode-27.0.0-Release.Candidate.app/Contents/Developer/Platforms/MacOSX.platform/Developer/SDKs/MacOSX27.0.sdk -target arm64-apple-macos12.0 -g -module-cache-path /Users/admin/builder/spi-builder-workspace/.derivedData/ModuleCache.noindex -Xfrontend -serialize-debugging-options -profile-coverage-mapping -profile-generate -enable-testing -suppress-warnings -index-store-path /Users/admin/builder/spi-builder-workspace/.derivedData/Index.noindex/DataStore -Xcc -D_LIBCPP_HARDENING_MODE\=_LIBCPP_HARDENING_MODE_DEBUG -swift-version 6 -I /Users/admin/builder/spi-builder-workspace/.derivedData/Build/Products/Debug -Isystem /Applications/Xcode-27.0.0-Release.Candidate.app/Contents/Developer/Platforms/MacOSX.platform/Developer/usr/lib -F /Users/admin/builder/spi-builder-workspace/.derivedData/Build/Products/Debug/PackageFrameworks -F /Users/admin/builder/spi-builder-workspace/.derivedData/Build/Products/Debug -F /Applications/Xcode-27.0.0-Release.Candidate.app/Contents/Developer/Platforms/MacOSX.platform/Developer/Library/Frameworks -c -j10 -enable-batch-mode -incremental -Xcc -ivfsstatcache -Xcc /Users/admin/builder/spi-builder-workspace/.derivedData/SDKStatCaches.noindex/macosx27.0-26A425-e829b21a6f8c9b70876ba0858053c0446a22442a12e9d48fe1a705f55a1adfc4.sdkstatcache -output-file-map /Users/admin/builder/spi-builder-workspace/.derivedData/Build/Intermediates.noindex/swift-syntax.build/Debug/SwiftParser-t.build/Objects-normal/arm64/SwiftParser-OutputFileMap.json -save-temps -no-color-diagnostics -explicit-module-build -module-cache-path /Users/admin/builder/spi-builder-workspace/.derivedData/Build/Intermediates.noindex/SwiftExplicitPrecompiledModules -clang-scanner-module-cache-path /Users/admin/builder/spi-builder-workspace/.derivedData/ModuleCache.noindex -sdk-module-cache-path /Users/admin/builder/spi-builder-workspace/.derivedData/SDKExplicitPrecompiledModules -emit-dependencies -emit-module -emit-module-path /Users/admin/builder/spi-builder-workspace/.derivedData/Build/Intermediates.noindex/swift-syntax.build/Debug/SwiftParser-t.build/Objects-normal/arm64/SwiftParser.swiftmodule -serialize-diagnostics -dependency-scan-serialize-diagnostics-path /Users/admin/builder/spi-builder-workspace/.derivedData/Build/Intermediates.noindex/swift-syntax.build/Debug/SwiftParser-t.build/Objects-normal/arm64/SwiftParser-dependency-scan.dia -validate-clang-modules-once -clang-build-session-file /Users/admin/builder/spi-builder-workspace/.derivedData/ModuleCache.noindex/Session.modulevalidation -Xcc -fmodules-prune-interval\=86400 -Xcc -fmodules-prune-after\=345600 -package-name swift_syntax -emit-const-values -const-gather-protocols-list /Users/admin/builder/spi-builder-workspace/.derivedData/Build/Intermediates.noindex/swift-syntax.build/Debug/SwiftParser-t.build/Objects-normal/arm64/SwiftParser_const_extract_protocols.json -Xcc -I/Users/admin/builder/spi-builder-workspace/.dependencies/checkouts/swift-syntax/Sources/_SwiftSyntaxCShims/include -Xcc -I/Users/admin/builder/spi-builder-workspace/.derivedData/Build/Products/Debug/include -Xcc -I/Users/admin/builder/spi-builder-workspace/.derivedData/Build/Intermediates.noindex/swift-syntax.build/Debug/SwiftParser-t.build/DerivedSources-normal/arm64 -Xcc -I/Users/admin/builder/spi-builder-workspace/.derivedData/Build/Intermediates.noindex/swift-syntax.build/Debug/SwiftParser-t.build/DerivedSources/arm64 -Xcc -I/Users/admin/builder/spi-builder-workspace/.derivedData/Build/Intermediates.noindex/swift-syntax.build/Debug/SwiftParser-t.build/DerivedSources -Xcc -DSWIFT_PACKAGE -Xcc -DDEBUG\=1 -emit-objc-header -emit-objc-header-path /Users/admin/builder/spi-builder-workspace/.derivedData/Build/Intermediates.noindex/swift-syntax.build/Debug/SwiftParser-t.build/Objects-normal/arm64/SwiftParser-Swift.h -working-directory /Users/admin/builder/spi-builder-workspace/.swiftpm/xcode -experimental-emit-module-separately -disable-cmo
SwiftDriverJobDiscovery normal x86_64 Compiling RegexLiteralLexer.swift, UnicodeScalarExtensions.swift, Lookahead.swift, LoopProgressCondition.swift, Modifiers.swift (in target 'SwiftParser' from project 'swift-syntax')
SwiftCompile normal arm64 Compiling\ FixIt.swift /Users/admin/builder/spi-builder-workspace/.dependencies/checkouts/swift-syntax/Sources/SwiftDiagnostics/FixIt.swift (in target 'SwiftDiagnostics' from project 'swift-syntax')
SwiftCompile normal arm64 /Users/admin/builder/spi-builder-workspace/.dependencies/checkouts/swift-syntax/Sources/SwiftDiagnostics/FixIt.swift (in target 'SwiftDiagnostics' from project 'swift-syntax')
    cd /Users/admin/builder/spi-builder-workspace/.swiftpm/xcode
    builtin-SwiftPerFileCompile FixIt.swift
SwiftCompile normal x86_64 Compiling\ BasicDiagnosticDecorator.swift /Users/admin/builder/spi-builder-workspace/.dependencies/checkouts/swift-syntax/Sources/SwiftDiagnostics/DiagnosticDecorators/BasicDiagnosticDecorator.swift (in target 'SwiftDiagnostics' from project 'swift-syntax')
SwiftCompile normal x86_64 /Users/admin/builder/spi-builder-workspace/.dependencies/checkouts/swift-syntax/Sources/SwiftDiagnostics/DiagnosticDecorators/BasicDiagnosticDecorator.swift (in target 'SwiftDiagnostics' from project 'swift-syntax')
    cd /Users/admin/builder/spi-builder-workspace/.swiftpm/xcode
    builtin-SwiftPerFileCompile BasicDiagnosticDecorator.swift
SwiftDriverJobDiscovery normal arm64 Compiling Convenience.swift (in target 'SwiftDiagnostics' from project 'swift-syntax')
SwiftCompile normal x86_64 Compiling\ DiagnosticDecorator.swift /Users/admin/builder/spi-builder-workspace/.dependencies/checkouts/swift-syntax/Sources/SwiftDiagnostics/DiagnosticDecorators/DiagnosticDecorator.swift (in target 'SwiftDiagnostics' from project 'swift-syntax')
SwiftCompile normal x86_64 /Users/admin/builder/spi-builder-workspace/.dependencies/checkouts/swift-syntax/Sources/SwiftDiagnostics/DiagnosticDecorators/DiagnosticDecorator.swift (in target 'SwiftDiagnostics' from project 'swift-syntax')
    cd /Users/admin/builder/spi-builder-workspace/.swiftpm/xcode
    builtin-SwiftPerFileCompile DiagnosticDecorator.swift
SwiftDriverJobDiscovery normal x86_64 Compiling Message.swift (in target 'SwiftDiagnostics' from project 'swift-syntax')
SwiftCompile normal arm64 Compiling\ Message.swift /Users/admin/builder/spi-builder-workspace/.dependencies/checkouts/swift-syntax/Sources/SwiftDiagnostics/Message.swift (in target 'SwiftDiagnostics' from project 'swift-syntax')
SwiftCompile normal arm64 /Users/admin/builder/spi-builder-workspace/.dependencies/checkouts/swift-syntax/Sources/SwiftDiagnostics/Message.swift (in target 'SwiftDiagnostics' from project 'swift-syntax')
    cd /Users/admin/builder/spi-builder-workspace/.swiftpm/xcode
    builtin-SwiftPerFileCompile Message.swift
SwiftDriverJobDiscovery normal x86_64 Compiling DiagnosticDecorator.swift (in target 'SwiftDiagnostics' from project 'swift-syntax')
SwiftCompile normal x86_64 Compiling\ Convenience.swift /Users/admin/builder/spi-builder-workspace/.dependencies/checkouts/swift-syntax/Sources/SwiftDiagnostics/Convenience.swift (in target 'SwiftDiagnostics' from project 'swift-syntax')
SwiftCompile normal x86_64 /Users/admin/builder/spi-builder-workspace/.dependencies/checkouts/swift-syntax/Sources/SwiftDiagnostics/Convenience.swift (in target 'SwiftDiagnostics' from project 'swift-syntax')
    cd /Users/admin/builder/spi-builder-workspace/.swiftpm/xcode
    builtin-SwiftPerFileCompile Convenience.swift
SwiftDriverJobDiscovery normal x86_64 Compiling BasicDiagnosticDecorator.swift (in target 'SwiftDiagnostics' from project 'swift-syntax')
SwiftCompile normal arm64 Compiling\ ANSIDiagnosticDecorator.swift /Users/admin/builder/spi-builder-workspace/.dependencies/checkouts/swift-syntax/Sources/SwiftDiagnostics/DiagnosticDecorators/ANSIDiagnosticDecorator.swift (in target 'SwiftDiagnostics' from project 'swift-syntax')
SwiftCompile normal arm64 /Users/admin/builder/spi-builder-workspace/.dependencies/checkouts/swift-syntax/Sources/SwiftDiagnostics/DiagnosticDecorators/ANSIDiagnosticDecorator.swift (in target 'SwiftDiagnostics' from project 'swift-syntax')
    cd /Users/admin/builder/spi-builder-workspace/.swiftpm/xcode
    builtin-SwiftPerFileCompile ANSIDiagnosticDecorator.swift
SwiftDriverJobDiscovery normal x86_64 Compiling GroupedDiagnostics.swift (in target 'SwiftDiagnostics' from project 'swift-syntax')
SwiftCompile normal arm64 Compiling\ BasicDiagnosticDecorator.swift /Users/admin/builder/spi-builder-workspace/.dependencies/checkouts/swift-syntax/Sources/SwiftDiagnostics/DiagnosticDecorators/BasicDiagnosticDecorator.swift (in target 'SwiftDiagnostics' from project 'swift-syntax')
SwiftCompile normal arm64 /Users/admin/builder/spi-builder-workspace/.dependencies/checkouts/swift-syntax/Sources/SwiftDiagnostics/DiagnosticDecorators/BasicDiagnosticDecorator.swift (in target 'SwiftDiagnostics' from project 'swift-syntax')
    cd /Users/admin/builder/spi-builder-workspace/.swiftpm/xcode
    builtin-SwiftPerFileCompile BasicDiagnosticDecorator.swift
SwiftDriverJobDiscovery normal x86_64 Compiling Diagnostic.swift (in target 'SwiftDiagnostics' from project 'swift-syntax')
SwiftCompile normal x86_64 Compiling\ InferIndentation.swift /Users/admin/builder/spi-builder-workspace/.dependencies/checkouts/swift-syntax/Sources/SwiftBasicFormat/InferIndentation.swift (in target 'SwiftBasicFormat' from project 'swift-syntax')
SwiftCompile normal x86_64 /Users/admin/builder/spi-builder-workspace/.dependencies/checkouts/swift-syntax/Sources/SwiftBasicFormat/InferIndentation.swift (in target 'SwiftBasicFormat' from project 'swift-syntax')
    cd /Users/admin/builder/spi-builder-workspace/.swiftpm/xcode
    builtin-SwiftPerFileCompile InferIndentation.swift
SwiftDriverJobDiscovery normal arm64 Compiling FixIt.swift (in target 'SwiftDiagnostics' from project 'swift-syntax')
SwiftCompile normal x86_64 Compiling\ Trivia+FormatExtensions.swift /Users/admin/builder/spi-builder-workspace/.dependencies/checkouts/swift-syntax/Sources/SwiftBasicFormat/Trivia+FormatExtensions.swift (in target 'SwiftBasicFormat' from project 'swift-syntax')
SwiftCompile normal x86_64 /Users/admin/builder/spi-builder-workspace/.dependencies/checkouts/swift-syntax/Sources/SwiftBasicFormat/Trivia+FormatExtensions.swift (in target 'SwiftBasicFormat' from project 'swift-syntax')
    cd /Users/admin/builder/spi-builder-workspace/.swiftpm/xcode
    builtin-SwiftPerFileCompile Trivia+FormatExtensions.swift
SwiftDriverJobDiscovery normal x86_64 Compiling TokenConsumer.swift, TokenPrecedence.swift, TokenSpec.swift, TokenSpecSet.swift (in target 'SwiftParser' from project 'swift-syntax')
SwiftCompile normal arm64 Compiling\ Indenter.swift /Users/admin/builder/spi-builder-workspace/.dependencies/checkouts/swift-syntax/Sources/SwiftBasicFormat/Indenter.swift (in target 'SwiftBasicFormat' from project 'swift-syntax')
SwiftCompile normal arm64 /Users/admin/builder/spi-builder-workspace/.dependencies/checkouts/swift-syntax/Sources/SwiftBasicFormat/Indenter.swift (in target 'SwiftBasicFormat' from project 'swift-syntax')
    cd /Users/admin/builder/spi-builder-workspace/.swiftpm/xcode
    builtin-SwiftPerFileCompile Indenter.swift
SwiftDriverJobDiscovery normal x86_64 Compiling Convenience.swift (in target 'SwiftDiagnostics' from project 'swift-syntax')
SwiftDriver\ Compilation SwiftDiagnostics normal x86_64 com.apple.xcode.tools.swift.compiler (in target 'SwiftDiagnostics' from project 'swift-syntax')
    cd /Users/admin/builder/spi-builder-workspace/.swiftpm/xcode
    builtin-Swift-Compilation -- /Applications/Xcode-27.0.0-Release.Candidate.app/Contents/Developer/Toolchains/XcodeDefault.xctoolchain/usr/bin/swiftc -parse-as-library -module-name SwiftDiagnostics -Onone @/Users/admin/builder/spi-builder-workspace/.derivedData/Build/Intermediates.noindex/swift-syntax.build/Debug/SwiftDiagnostics-t.build/Objects-normal/x86_64/SwiftDiagnostics.SwiftFileList -DSWIFT_PACKAGE -DDEBUG -DSWIFT_MODULE_RESOURCE_BUNDLE_UNAVAILABLE -Xcc -fmodule-map-file\=/Users/admin/builder/spi-builder-workspace/.dependencies/checkouts/swift-syntax/Sources/_SwiftSyntaxCShims/include/module.modulemap -DXcode -plugin-path /Applications/Xcode-27.0.0-Release.Candidate.app/Contents/Developer/Toolchains/XcodeDefault.xctoolchain/usr/lib/swift/host/plugins/testing -enable-experimental-feature DebugDescriptionMacro -sdk /Applications/Xcode-27.0.0-Release.Candidate.app/Contents/Developer/Platforms/MacOSX.platform/Developer/SDKs/MacOSX27.0.sdk -target x86_64-apple-macos12.0 -g -module-cache-path /Users/admin/builder/spi-builder-workspace/.derivedData/ModuleCache.noindex -Xfrontend -serialize-debugging-options -profile-coverage-mapping -profile-generate -enable-testing -suppress-warnings -index-store-path /Users/admin/builder/spi-builder-workspace/.derivedData/Index.noindex/DataStore -Xcc -D_LIBCPP_HARDENING_MODE\=_LIBCPP_HARDENING_MODE_DEBUG -swift-version 6 -I /Users/admin/builder/spi-builder-workspace/.derivedData/Build/Products/Debug -Isystem /Applications/Xcode-27.0.0-Release.Candidate.app/Contents/Developer/Platforms/MacOSX.platform/Developer/usr/lib -F /Users/admin/builder/spi-builder-workspace/.derivedData/Build/Products/Debug/PackageFrameworks -F /Users/admin/builder/spi-builder-workspace/.derivedData/Build/Products/Debug -F /Applications/Xcode-27.0.0-Release.Candidate.app/Contents/Developer/Platforms/MacOSX.platform/Developer/Library/Frameworks -c -j10 -enable-batch-mode -incremental -Xcc -ivfsstatcache -Xcc /Users/admin/builder/spi-builder-workspace/.derivedData/SDKStatCaches.noindex/macosx27.0-26A425-e829b21a6f8c9b70876ba0858053c0446a22442a12e9d48fe1a705f55a1adfc4.sdkstatcache -output-file-map /Users/admin/builder/spi-builder-workspace/.derivedData/Build/Intermediates.noindex/swift-syntax.build/Debug/SwiftDiagnostics-t.build/Objects-normal/x86_64/SwiftDiagnostics-OutputFileMap.json -save-temps -no-color-diagnostics -explicit-module-build -module-cache-path /Users/admin/builder/spi-builder-workspace/.derivedData/Build/Intermediates.noindex/SwiftExplicitPrecompiledModules -clang-scanner-module-cache-path /Users/admin/builder/spi-builder-workspace/.derivedData/ModuleCache.noindex -sdk-module-cache-path /Users/admin/builder/spi-builder-workspace/.derivedData/SDKExplicitPrecompiledModules -emit-dependencies -emit-module -emit-module-path /Users/admin/builder/spi-builder-workspace/.derivedData/Build/Intermediates.noindex/swift-syntax.build/Debug/SwiftDiagnostics-t.build/Objects-normal/x86_64/SwiftDiagnostics.swiftmodule -serialize-diagnostics -dependency-scan-serialize-diagnostics-path /Users/admin/builder/spi-builder-workspace/.derivedData/Build/Intermediates.noindex/swift-syntax.build/Debug/SwiftDiagnostics-t.build/Objects-normal/x86_64/SwiftDiagnostics-dependency-scan.dia -validate-clang-modules-once -clang-build-session-file /Users/admin/builder/spi-builder-workspace/.derivedData/ModuleCache.noindex/Session.modulevalidation -Xcc -fmodules-prune-interval\=86400 -Xcc -fmodules-prune-after\=345600 -package-name swift_syntax -emit-const-values -const-gather-protocols-list /Users/admin/builder/spi-builder-workspace/.derivedData/Build/Intermediates.noindex/swift-syntax.build/Debug/SwiftDiagnostics-t.build/Objects-normal/x86_64/SwiftDiagnostics_const_extract_protocols.json -Xcc -I/Users/admin/builder/spi-builder-workspace/.dependencies/checkouts/swift-syntax/Sources/_SwiftSyntaxCShims/include -Xcc -I/Users/admin/builder/spi-builder-workspace/.derivedData/Build/Products/Debug/include -Xcc -I/Users/admin/builder/spi-builder-workspace/.derivedData/Build/Intermediates.noindex/swift-syntax.build/Debug/SwiftDiagnostics-t.build/DerivedSources-normal/x86_64 -Xcc -I/Users/admin/builder/spi-builder-workspace/.derivedData/Build/Intermediates.noindex/swift-syntax.build/Debug/SwiftDiagnostics-t.build/DerivedSources/x86_64 -Xcc -I/Users/admin/builder/spi-builder-workspace/.derivedData/Build/Intermediates.noindex/swift-syntax.build/Debug/SwiftDiagnostics-t.build/DerivedSources -Xcc -DSWIFT_PACKAGE -Xcc -DDEBUG\=1 -emit-objc-header -emit-objc-header-path /Users/admin/builder/spi-builder-workspace/.derivedData/Build/Intermediates.noindex/swift-syntax.build/Debug/SwiftDiagnostics-t.build/Objects-normal/x86_64/SwiftDiagnostics-Swift.h -working-directory /Users/admin/builder/spi-builder-workspace/.swiftpm/xcode -experimental-emit-module-separately -disable-cmo
SwiftDriverJobDiscovery normal arm64 Compiling BasicDiagnosticDecorator.swift (in target 'SwiftDiagnostics' from project 'swift-syntax')
SwiftCompile normal arm64 Compiling\ Trivia+FormatExtensions.swift /Users/admin/builder/spi-builder-workspace/.dependencies/checkouts/swift-syntax/Sources/SwiftBasicFormat/Trivia+FormatExtensions.swift (in target 'SwiftBasicFormat' from project 'swift-syntax')
SwiftCompile normal arm64 /Users/admin/builder/spi-builder-workspace/.dependencies/checkouts/swift-syntax/Sources/SwiftBasicFormat/Trivia+FormatExtensions.swift (in target 'SwiftBasicFormat' from project 'swift-syntax')
    cd /Users/admin/builder/spi-builder-workspace/.swiftpm/xcode
    builtin-SwiftPerFileCompile Trivia+FormatExtensions.swift
SwiftCompile normal arm64 Compiling\ BasicFormat.swift /Users/admin/builder/spi-builder-workspace/.dependencies/checkouts/swift-syntax/Sources/SwiftBasicFormat/BasicFormat.swift (in target 'SwiftBasicFormat' from project 'swift-syntax')
SwiftCompile normal arm64 /Users/admin/builder/spi-builder-workspace/.dependencies/checkouts/swift-syntax/Sources/SwiftBasicFormat/BasicFormat.swift (in target 'SwiftBasicFormat' from project 'swift-syntax')
    cd /Users/admin/builder/spi-builder-workspace/.swiftpm/xcode
    builtin-SwiftPerFileCompile BasicFormat.swift
SwiftDriverJobDiscovery normal arm64 Compiling Message.swift (in target 'SwiftDiagnostics' from project 'swift-syntax')
SwiftDriverJobDiscovery normal arm64 Compiling ANSIDiagnosticDecorator.swift (in target 'SwiftDiagnostics' from project 'swift-syntax')
SwiftCompile normal x86_64 Compiling\ BasicFormat.swift /Users/admin/builder/spi-builder-workspace/.dependencies/checkouts/swift-syntax/Sources/SwiftBasicFormat/BasicFormat.swift (in target 'SwiftBasicFormat' from project 'swift-syntax')
SwiftCompile normal x86_64 /Users/admin/builder/spi-builder-workspace/.dependencies/checkouts/swift-syntax/Sources/SwiftBasicFormat/BasicFormat.swift (in target 'SwiftBasicFormat' from project 'swift-syntax')
    cd /Users/admin/builder/spi-builder-workspace/.swiftpm/xcode
    builtin-SwiftPerFileCompile BasicFormat.swift
SwiftDriverJobDiscovery normal x86_64 Compiling Trivia+FormatExtensions.swift (in target 'SwiftBasicFormat' from project 'swift-syntax')
SwiftDriver\ Compilation SwiftDiagnostics normal arm64 com.apple.xcode.tools.swift.compiler (in target 'SwiftDiagnostics' from project 'swift-syntax')
    cd /Users/admin/builder/spi-builder-workspace/.swiftpm/xcode
    builtin-Swift-Compilation -- /Applications/Xcode-27.0.0-Release.Candidate.app/Contents/Developer/Toolchains/XcodeDefault.xctoolchain/usr/bin/swiftc -parse-as-library -module-name SwiftDiagnostics -Onone @/Users/admin/builder/spi-builder-workspace/.derivedData/Build/Intermediates.noindex/swift-syntax.build/Debug/SwiftDiagnostics-t.build/Objects-normal/arm64/SwiftDiagnostics.SwiftFileList -DSWIFT_PACKAGE -DDEBUG -DSWIFT_MODULE_RESOURCE_BUNDLE_UNAVAILABLE -Xcc -fmodule-map-file\=/Users/admin/builder/spi-builder-workspace/.dependencies/checkouts/swift-syntax/Sources/_SwiftSyntaxCShims/include/module.modulemap -DXcode -plugin-path /Applications/Xcode-27.0.0-Release.Candidate.app/Contents/Developer/Toolchains/XcodeDefault.xctoolchain/usr/lib/swift/host/plugins/testing -enable-experimental-feature DebugDescriptionMacro -sdk /Applications/Xcode-27.0.0-Release.Candidate.app/Contents/Developer/Platforms/MacOSX.platform/Developer/SDKs/MacOSX27.0.sdk -target arm64-apple-macos12.0 -g -module-cache-path /Users/admin/builder/spi-builder-workspace/.derivedData/ModuleCache.noindex -Xfrontend -serialize-debugging-options -profile-coverage-mapping -profile-generate -enable-testing -suppress-warnings -index-store-path /Users/admin/builder/spi-builder-workspace/.derivedData/Index.noindex/DataStore -Xcc -D_LIBCPP_HARDENING_MODE\=_LIBCPP_HARDENING_MODE_DEBUG -swift-version 6 -I /Users/admin/builder/spi-builder-workspace/.derivedData/Build/Products/Debug -Isystem /Applications/Xcode-27.0.0-Release.Candidate.app/Contents/Developer/Platforms/MacOSX.platform/Developer/usr/lib -F /Users/admin/builder/spi-builder-workspace/.derivedData/Build/Products/Debug/PackageFrameworks -F /Users/admin/builder/spi-builder-workspace/.derivedData/Build/Products/Debug -F /Applications/Xcode-27.0.0-Release.Candidate.app/Contents/Developer/Platforms/MacOSX.platform/Developer/Library/Frameworks -c -j10 -enable-batch-mode -incremental -Xcc -ivfsstatcache -Xcc /Users/admin/builder/spi-builder-workspace/.derivedData/SDKStatCaches.noindex/macosx27.0-26A425-e829b21a6f8c9b70876ba0858053c0446a22442a12e9d48fe1a705f55a1adfc4.sdkstatcache -output-file-map /Users/admin/builder/spi-builder-workspace/.derivedData/Build/Intermediates.noindex/swift-syntax.build/Debug/SwiftDiagnostics-t.build/Objects-normal/arm64/SwiftDiagnostics-OutputFileMap.json -save-temps -no-color-diagnostics -explicit-module-build -module-cache-path /Users/admin/builder/spi-builder-workspace/.derivedData/Build/Intermediates.noindex/SwiftExplicitPrecompiledModules -clang-scanner-module-cache-path /Users/admin/builder/spi-builder-workspace/.derivedData/ModuleCache.noindex -sdk-module-cache-path /Users/admin/builder/spi-builder-workspace/.derivedData/SDKExplicitPrecompiledModules -emit-dependencies -emit-module -emit-module-path /Users/admin/builder/spi-builder-workspace/.derivedData/Build/Intermediates.noindex/swift-syntax.build/Debug/SwiftDiagnostics-t.build/Objects-normal/arm64/SwiftDiagnostics.swiftmodule -serialize-diagnostics -dependency-scan-serialize-diagnostics-path /Users/admin/builder/spi-builder-workspace/.derivedData/Build/Intermediates.noindex/swift-syntax.build/Debug/SwiftDiagnostics-t.build/Objects-normal/arm64/SwiftDiagnostics-dependency-scan.dia -validate-clang-modules-once -clang-build-session-file /Users/admin/builder/spi-builder-workspace/.derivedData/ModuleCache.noindex/Session.modulevalidation -Xcc -fmodules-prune-interval\=86400 -Xcc -fmodules-prune-after\=345600 -package-name swift_syntax -emit-const-values -const-gather-protocols-list /Users/admin/builder/spi-builder-workspace/.derivedData/Build/Intermediates.noindex/swift-syntax.build/Debug/SwiftDiagnostics-t.build/Objects-normal/arm64/SwiftDiagnostics_const_extract_protocols.json -Xcc -I/Users/admin/builder/spi-builder-workspace/.dependencies/checkouts/swift-syntax/Sources/_SwiftSyntaxCShims/include -Xcc -I/Users/admin/builder/spi-builder-workspace/.derivedData/Build/Products/Debug/include -Xcc -I/Users/admin/builder/spi-builder-workspace/.derivedData/Build/Intermediates.noindex/swift-syntax.build/Debug/SwiftDiagnostics-t.build/DerivedSources-normal/arm64 -Xcc -I/Users/admin/builder/spi-builder-workspace/.derivedData/Build/Intermediates.noindex/swift-syntax.build/Debug/SwiftDiagnostics-t.build/DerivedSources/arm64 -Xcc -I/Users/admin/builder/spi-builder-workspace/.derivedData/Build/Intermediates.noindex/swift-syntax.build/Debug/SwiftDiagnostics-t.build/DerivedSources -Xcc -DSWIFT_PACKAGE -Xcc -DDEBUG\=1 -emit-objc-header -emit-objc-header-path /Users/admin/builder/spi-builder-workspace/.derivedData/Build/Intermediates.noindex/swift-syntax.build/Debug/SwiftDiagnostics-t.build/Objects-normal/arm64/SwiftDiagnostics-Swift.h -working-directory /Users/admin/builder/spi-builder-workspace/.swiftpm/xcode -experimental-emit-module-separately -disable-cmo
SwiftCompile normal x86_64 Compiling\ SyntaxProtocol+Formatted.swift /Users/admin/builder/spi-builder-workspace/.dependencies/checkouts/swift-syntax/Sources/SwiftBasicFormat/SyntaxProtocol+Formatted.swift (in target 'SwiftBasicFormat' from project 'swift-syntax')
SwiftCompile normal x86_64 /Users/admin/builder/spi-builder-workspace/.dependencies/checkouts/swift-syntax/Sources/SwiftBasicFormat/SyntaxProtocol+Formatted.swift (in target 'SwiftBasicFormat' from project 'swift-syntax')
    cd /Users/admin/builder/spi-builder-workspace/.swiftpm/xcode
    builtin-SwiftPerFileCompile SyntaxProtocol+Formatted.swift
SwiftCompile normal arm64 Compiling\ Syntax+Extensions.swift /Users/admin/builder/spi-builder-workspace/.dependencies/checkouts/swift-syntax/Sources/SwiftBasicFormat/Syntax+Extensions.swift (in target 'SwiftBasicFormat' from project 'swift-syntax')
SwiftCompile normal arm64 /Users/admin/builder/spi-builder-workspace/.dependencies/checkouts/swift-syntax/Sources/SwiftBasicFormat/Syntax+Extensions.swift (in target 'SwiftBasicFormat' from project 'swift-syntax')
    cd /Users/admin/builder/spi-builder-workspace/.swiftpm/xcode
    builtin-SwiftPerFileCompile Syntax+Extensions.swift
SwiftDriverJobDiscovery normal x86_64 Compiling IsValidIdentifier.swift, Cursor.swift, Lexeme.swift, LexemeSequence.swift, Lexer.swift (in target 'SwiftParser' from project 'swift-syntax')
SwiftDriverJobDiscovery normal arm64 Compiling Trivia+FormatExtensions.swift (in target 'SwiftBasicFormat' from project 'swift-syntax')
SwiftCompile normal x86_64 Compiling\ Syntax+Extensions.swift /Users/admin/builder/spi-builder-workspace/.dependencies/checkouts/swift-syntax/Sources/SwiftBasicFormat/Syntax+Extensions.swift (in target 'SwiftBasicFormat' from project 'swift-syntax')
SwiftCompile normal x86_64 /Users/admin/builder/spi-builder-workspace/.dependencies/checkouts/swift-syntax/Sources/SwiftBasicFormat/Syntax+Extensions.swift (in target 'SwiftBasicFormat' from project 'swift-syntax')
    cd /Users/admin/builder/spi-builder-workspace/.swiftpm/xcode
    builtin-SwiftPerFileCompile Syntax+Extensions.swift
SwiftCompile normal arm64 Compiling\ InferIndentation.swift /Users/admin/builder/spi-builder-workspace/.dependencies/checkouts/swift-syntax/Sources/SwiftBasicFormat/InferIndentation.swift (in target 'SwiftBasicFormat' from project 'swift-syntax')
SwiftCompile normal arm64 /Users/admin/builder/spi-builder-workspace/.dependencies/checkouts/swift-syntax/Sources/SwiftBasicFormat/InferIndentation.swift (in target 'SwiftBasicFormat' from project 'swift-syntax')
    cd /Users/admin/builder/spi-builder-workspace/.swiftpm/xcode
    builtin-SwiftPerFileCompile InferIndentation.swift
SwiftDriverJobDiscovery normal x86_64 Compiling InferIndentation.swift (in target 'SwiftBasicFormat' from project 'swift-syntax')
SwiftCompile normal x86_64 Compiling\ Indenter.swift /Users/admin/builder/spi-builder-workspace/.dependencies/checkouts/swift-syntax/Sources/SwiftBasicFormat/Indenter.swift (in target 'SwiftBasicFormat' from project 'swift-syntax')
SwiftCompile normal x86_64 /Users/admin/builder/spi-builder-workspace/.dependencies/checkouts/swift-syntax/Sources/SwiftBasicFormat/Indenter.swift (in target 'SwiftBasicFormat' from project 'swift-syntax')
    cd /Users/admin/builder/spi-builder-workspace/.swiftpm/xcode
    builtin-SwiftPerFileCompile Indenter.swift
SwiftDriverJobDiscovery normal x86_64 Compiling SyntaxProtocol+Formatted.swift (in target 'SwiftBasicFormat' from project 'swift-syntax')
SwiftCompile normal arm64 Compiling\ SyntaxProtocol+Formatted.swift /Users/admin/builder/spi-builder-workspace/.dependencies/checkouts/swift-syntax/Sources/SwiftBasicFormat/SyntaxProtocol+Formatted.swift (in target 'SwiftBasicFormat' from project 'swift-syntax')
SwiftCompile normal arm64 /Users/admin/builder/spi-builder-workspace/.dependencies/checkouts/swift-syntax/Sources/SwiftBasicFormat/SyntaxProtocol+Formatted.swift (in target 'SwiftBasicFormat' from project 'swift-syntax')
    cd /Users/admin/builder/spi-builder-workspace/.swiftpm/xcode
    builtin-SwiftPerFileCompile SyntaxProtocol+Formatted.swift
SwiftDriverJobDiscovery normal arm64 Compiling Indenter.swift (in target 'SwiftBasicFormat' from project 'swift-syntax')
SwiftCompile normal arm64 Compiling\ XCTAttachment.swift,\ Diff.swift /Users/admin/builder/spi-builder-workspace/.dependencies/checkouts/swift-snapshot-testing/Sources/SnapshotTesting/Common/XCTAttachment.swift /Users/admin/builder/spi-builder-workspace/.dependencies/checkouts/swift-snapshot-testing/Sources/SnapshotTesting/Diff.swift (in target 'SnapshotTesting' from project 'swift-snapshot-testing')
SwiftCompile normal arm64 /Users/admin/builder/spi-builder-workspace/.dependencies/checkouts/swift-snapshot-testing/Sources/SnapshotTesting/Common/XCTAttachment.swift (in target 'SnapshotTesting' from project 'swift-snapshot-testing')
    cd /Users/admin/builder/spi-builder-workspace/.swiftpm/xcode
    builtin-SwiftPerFileCompile XCTAttachment.swift
SwiftCompile normal arm64 /Users/admin/builder/spi-builder-workspace/.dependencies/checkouts/swift-snapshot-testing/Sources/SnapshotTesting/Diff.swift (in target 'SnapshotTesting' from project 'swift-snapshot-testing')
    cd /Users/admin/builder/spi-builder-workspace/.swiftpm/xcode
    builtin-SwiftPerFileCompile Diff.swift
SwiftDriverJobDiscovery normal x86_64 Compiling Utils.swift, ChildNameForKeyPath.swift (in target 'SwiftSyntax' from project 'swift-syntax')
SwiftCompile normal arm64 Compiling\ String+SpecialCharacters.swift,\ View.swift /Users/admin/builder/spi-builder-workspace/.dependencies/checkouts/swift-snapshot-testing/Sources/SnapshotTesting/Common/String+SpecialCharacters.swift /Users/admin/builder/spi-builder-workspace/.dependencies/checkouts/swift-snapshot-testing/Sources/SnapshotTesting/Common/View.swift (in target 'SnapshotTesting' from project 'swift-snapshot-testing')
SwiftCompile normal arm64 /Users/admin/builder/spi-builder-workspace/.dependencies/checkouts/swift-snapshot-testing/Sources/SnapshotTesting/Common/String+SpecialCharacters.swift (in target 'SnapshotTesting' from project 'swift-snapshot-testing')
    cd /Users/admin/builder/spi-builder-workspace/.swiftpm/xcode
    builtin-SwiftPerFileCompile String+SpecialCharacters.swift
SwiftCompile normal arm64 /Users/admin/builder/spi-builder-workspace/.dependencies/checkouts/swift-snapshot-testing/Sources/SnapshotTesting/Common/View.swift (in target 'SnapshotTesting' from project 'swift-snapshot-testing')
    cd /Users/admin/builder/spi-builder-workspace/.swiftpm/xcode
    builtin-SwiftPerFileCompile View.swift
SwiftDriverJobDiscovery normal arm64 Compiling Syntax+Extensions.swift (in target 'SwiftBasicFormat' from project 'swift-syntax')
SwiftCompile normal x86_64 Compiling\ ArenaAllocatedBuffer.swift /Users/admin/builder/spi-builder-workspace/.dependencies/checkouts/swift-syntax/Sources/SwiftSyntax/ArenaAllocatedBuffer.swift (in target 'SwiftSyntax' from project 'swift-syntax')
SwiftCompile normal x86_64 /Users/admin/builder/spi-builder-workspace/.dependencies/checkouts/swift-syntax/Sources/SwiftSyntax/ArenaAllocatedBuffer.swift (in target 'SwiftSyntax' from project 'swift-syntax')
    cd /Users/admin/builder/spi-builder-workspace/.swiftpm/xcode
    builtin-SwiftPerFileCompile ArenaAllocatedBuffer.swift
SwiftDriverJobDiscovery normal x86_64 Compiling Syntax+Extensions.swift (in target 'SwiftBasicFormat' from project 'swift-syntax')
SwiftCompile normal arm64 Compiling\ UIBezierPath.swift /Users/admin/builder/spi-builder-workspace/.dependencies/checkouts/swift-snapshot-testing/Sources/SnapshotTesting/Snapshotting/UIBezierPath.swift (in target 'SnapshotTesting' from project 'swift-snapshot-testing')
SwiftCompile normal arm64 /Users/admin/builder/spi-builder-workspace/.dependencies/checkouts/swift-snapshot-testing/Sources/SnapshotTesting/Snapshotting/UIBezierPath.swift (in target 'SnapshotTesting' from project 'swift-snapshot-testing')
    cd /Users/admin/builder/spi-builder-workspace/.swiftpm/xcode
    builtin-SwiftPerFileCompile UIBezierPath.swift
SwiftDriverJobDiscovery normal arm64 Compiling SyntaxProtocol+Formatted.swift (in target 'SwiftBasicFormat' from project 'swift-syntax')
SwiftCompile normal arm64 Compiling\ NSViewController.swift,\ SceneKit.swift /Users/admin/builder/spi-builder-workspace/.dependencies/checkouts/swift-snapshot-testing/Sources/SnapshotTesting/Snapshotting/NSViewController.swift /Users/admin/builder/spi-builder-workspace/.dependencies/checkouts/swift-snapshot-testing/Sources/SnapshotTesting/Snapshotting/SceneKit.swift (in target 'SnapshotTesting' from project 'swift-snapshot-testing')
SwiftCompile normal arm64 /Users/admin/builder/spi-builder-workspace/.dependencies/checkouts/swift-snapshot-testing/Sources/SnapshotTesting/Snapshotting/NSViewController.swift (in target 'SnapshotTesting' from project 'swift-snapshot-testing')
    cd /Users/admin/builder/spi-builder-workspace/.swiftpm/xcode
    builtin-SwiftPerFileCompile NSViewController.swift
SwiftCompile normal arm64 /Users/admin/builder/spi-builder-workspace/.dependencies/checkouts/swift-snapshot-testing/Sources/SnapshotTesting/Snapshotting/SceneKit.swift (in target 'SnapshotTesting' from project 'swift-snapshot-testing')
    cd /Users/admin/builder/spi-builder-workspace/.swiftpm/xcode
    builtin-SwiftPerFileCompile SceneKit.swift
SwiftDriverJobDiscovery normal x86_64 Compiling Indenter.swift (in target 'SwiftBasicFormat' from project 'swift-syntax')
SwiftCompile normal arm64 Compiling\ Internal.swift,\ PlistEncoder.swift /Users/admin/builder/spi-builder-workspace/.dependencies/checkouts/swift-snapshot-testing/Sources/SnapshotTesting/Common/Internal.swift /Users/admin/builder/spi-builder-workspace/.dependencies/checkouts/swift-snapshot-testing/Sources/SnapshotTesting/Common/PlistEncoder.swift (in target 'SnapshotTesting' from project 'swift-snapshot-testing')
SwiftCompile normal arm64 /Users/admin/builder/spi-builder-workspace/.dependencies/checkouts/swift-snapshot-testing/Sources/SnapshotTesting/Common/Internal.swift (in target 'SnapshotTesting' from project 'swift-snapshot-testing')
    cd /Users/admin/builder/spi-builder-workspace/.swiftpm/xcode
    builtin-SwiftPerFileCompile Internal.swift
SwiftCompile normal arm64 /Users/admin/builder/spi-builder-workspace/.dependencies/checkouts/swift-snapshot-testing/Sources/SnapshotTesting/Common/PlistEncoder.swift (in target 'SnapshotTesting' from project 'swift-snapshot-testing')
    cd /Users/admin/builder/spi-builder-workspace/.swiftpm/xcode
    builtin-SwiftPerFileCompile PlistEncoder.swift
SwiftDriverJobDiscovery normal arm64 Compiling UIBezierPath.swift (in target 'SnapshotTesting' from project 'swift-snapshot-testing')
SwiftCompile normal arm64 Compiling\ SpriteKit.swift,\ String.swift /Users/admin/builder/spi-builder-workspace/.dependencies/checkouts/swift-snapshot-testing/Sources/SnapshotTesting/Snapshotting/SpriteKit.swift /Users/admin/builder/spi-builder-workspace/.dependencies/checkouts/swift-snapshot-testing/Sources/SnapshotTesting/Snapshotting/String.swift (in target 'SnapshotTesting' from project 'swift-snapshot-testing')
SwiftCompile normal arm64 /Users/admin/builder/spi-builder-workspace/.dependencies/checkouts/swift-snapshot-testing/Sources/SnapshotTesting/Snapshotting/SpriteKit.swift (in target 'SnapshotTesting' from project 'swift-snapshot-testing')
    cd /Users/admin/builder/spi-builder-workspace/.swiftpm/xcode
    builtin-SwiftPerFileCompile SpriteKit.swift
SwiftCompile normal arm64 /Users/admin/builder/spi-builder-workspace/.dependencies/checkouts/swift-snapshot-testing/Sources/SnapshotTesting/Snapshotting/String.swift (in target 'SnapshotTesting' from project 'swift-snapshot-testing')
    cd /Users/admin/builder/spi-builder-workspace/.swiftpm/xcode
    builtin-SwiftPerFileCompile String.swift
SwiftDriverJobDiscovery normal arm64 Compiling InferIndentation.swift (in target 'SwiftBasicFormat' from project 'swift-syntax')
SwiftCompile normal arm64 Compiling\ UIImage.swift /Users/admin/builder/spi-builder-workspace/.dependencies/checkouts/swift-snapshot-testing/Sources/SnapshotTesting/Snapshotting/UIImage.swift (in target 'SnapshotTesting' from project 'swift-snapshot-testing')
SwiftCompile normal arm64 /Users/admin/builder/spi-builder-workspace/.dependencies/checkouts/swift-snapshot-testing/Sources/SnapshotTesting/Snapshotting/UIImage.swift (in target 'SnapshotTesting' from project 'swift-snapshot-testing')
    cd /Users/admin/builder/spi-builder-workspace/.swiftpm/xcode
    builtin-SwiftPerFileCompile UIImage.swift
SwiftDriverJobDiscovery normal arm64 Compiling BasicFormat.swift (in target 'SwiftBasicFormat' from project 'swift-syntax')
SwiftDriver\ Compilation SwiftBasicFormat normal arm64 com.apple.xcode.tools.swift.compiler (in target 'SwiftBasicFormat' from project 'swift-syntax')
    cd /Users/admin/builder/spi-builder-workspace/.swiftpm/xcode
    builtin-Swift-Compilation -- /Applications/Xcode-27.0.0-Release.Candidate.app/Contents/Developer/Toolchains/XcodeDefault.xctoolchain/usr/bin/swiftc -parse-as-library -module-name SwiftBasicFormat -Onone @/Users/admin/builder/spi-builder-workspace/.derivedData/Build/Intermediates.noindex/swift-syntax.build/Debug/SwiftBasicFormat-t.build/Objects-normal/arm64/SwiftBasicFormat.SwiftFileList -DSWIFT_PACKAGE -DDEBUG -DSWIFT_MODULE_RESOURCE_BUNDLE_UNAVAILABLE -Xcc -fmodule-map-file\=/Users/admin/builder/spi-builder-workspace/.dependencies/checkouts/swift-syntax/Sources/_SwiftSyntaxCShims/include/module.modulemap -DXcode -plugin-path /Applications/Xcode-27.0.0-Release.Candidate.app/Contents/Developer/Toolchains/XcodeDefault.xctoolchain/usr/lib/swift/host/plugins/testing -enable-experimental-feature DebugDescriptionMacro -sdk /Applications/Xcode-27.0.0-Release.Candidate.app/Contents/Developer/Platforms/MacOSX.platform/Developer/SDKs/MacOSX27.0.sdk -target arm64-apple-macos12.0 -g -module-cache-path /Users/admin/builder/spi-builder-workspace/.derivedData/ModuleCache.noindex -Xfrontend -serialize-debugging-options -profile-coverage-mapping -profile-generate -enable-testing -suppress-warnings -index-store-path /Users/admin/builder/spi-builder-workspace/.derivedData/Index.noindex/DataStore -Xcc -D_LIBCPP_HARDENING_MODE\=_LIBCPP_HARDENING_MODE_DEBUG -swift-version 6 -I /Users/admin/builder/spi-builder-workspace/.derivedData/Build/Products/Debug -Isystem /Applications/Xcode-27.0.0-Release.Candidate.app/Contents/Developer/Platforms/MacOSX.platform/Developer/usr/lib -F /Users/admin/builder/spi-builder-workspace/.derivedData/Build/Products/Debug/PackageFrameworks -F /Users/admin/builder/spi-builder-workspace/.derivedData/Build/Products/Debug -F /Applications/Xcode-27.0.0-Release.Candidate.app/Contents/Developer/Platforms/MacOSX.platform/Developer/Library/Frameworks -c -j10 -enable-batch-mode -incremental -Xcc -ivfsstatcache -Xcc /Users/admin/builder/spi-builder-workspace/.derivedData/SDKStatCaches.noindex/macosx27.0-26A425-e829b21a6f8c9b70876ba0858053c0446a22442a12e9d48fe1a705f55a1adfc4.sdkstatcache -output-file-map /Users/admin/builder/spi-builder-workspace/.derivedData/Build/Intermediates.noindex/swift-syntax.build/Debug/SwiftBasicFormat-t.build/Objects-normal/arm64/SwiftBasicFormat-OutputFileMap.json -save-temps -no-color-diagnostics -explicit-module-build -module-cache-path /Users/admin/builder/spi-builder-workspace/.derivedData/Build/Intermediates.noindex/SwiftExplicitPrecompiledModules -clang-scanner-module-cache-path /Users/admin/builder/spi-builder-workspace/.derivedData/ModuleCache.noindex -sdk-module-cache-path /Users/admin/builder/spi-builder-workspace/.derivedData/SDKExplicitPrecompiledModules -emit-dependencies -emit-module -emit-module-path /Users/admin/builder/spi-builder-workspace/.derivedData/Build/Intermediates.noindex/swift-syntax.build/Debug/SwiftBasicFormat-t.build/Objects-normal/arm64/SwiftBasicFormat.swiftmodule -serialize-diagnostics -dependency-scan-serialize-diagnostics-path /Users/admin/builder/spi-builder-workspace/.derivedData/Build/Intermediates.noindex/swift-syntax.build/Debug/SwiftBasicFormat-t.build/Objects-normal/arm64/SwiftBasicFormat-dependency-scan.dia -validate-clang-modules-once -clang-build-session-file /Users/admin/builder/spi-builder-workspace/.derivedData/ModuleCache.noindex/Session.modulevalidation -Xcc -fmodules-prune-interval\=86400 -Xcc -fmodules-prune-after\=345600 -package-name swift_syntax -emit-const-values -const-gather-protocols-list /Users/admin/builder/spi-builder-workspace/.derivedData/Build/Intermediates.noindex/swift-syntax.build/Debug/SwiftBasicFormat-t.build/Objects-normal/arm64/SwiftBasicFormat_const_extract_protocols.json -Xcc -I/Users/admin/builder/spi-builder-workspace/.dependencies/checkouts/swift-syntax/Sources/_SwiftSyntaxCShims/include -Xcc -I/Users/admin/builder/spi-builder-workspace/.derivedData/Build/Products/Debug/include -Xcc -I/Users/admin/builder/spi-builder-workspace/.derivedData/Build/Intermediates.noindex/swift-syntax.build/Debug/SwiftBasicFormat-t.build/DerivedSources-normal/arm64 -Xcc -I/Users/admin/builder/spi-builder-workspace/.derivedData/Build/Intermediates.noindex/swift-syntax.build/Debug/SwiftBasicFormat-t.build/DerivedSources/arm64 -Xcc -I/Users/admin/builder/spi-builder-workspace/.derivedData/Build/Intermediates.noindex/swift-syntax.build/Debug/SwiftBasicFormat-t.build/DerivedSources -Xcc -DSWIFT_PACKAGE -Xcc -DDEBUG\=1 -emit-objc-header -emit-objc-header-path /Users/admin/builder/spi-builder-workspace/.derivedData/Build/Intermediates.noindex/swift-syntax.build/Debug/SwiftBasicFormat-t.build/Objects-normal/arm64/SwiftBasicFormat-Swift.h -working-directory /Users/admin/builder/spi-builder-workspace/.swiftpm/xcode -experimental-emit-module-separately -disable-cmo
SwiftDriverJobDiscovery normal x86_64 Compiling ArenaAllocatedBuffer.swift (in target 'SwiftSyntax' from project 'swift-syntax')
SwiftCompile normal arm64 Compiling\ SwiftUIView.swift /Users/admin/builder/spi-builder-workspace/.dependencies/checkouts/swift-snapshot-testing/Sources/SnapshotTesting/Snapshotting/SwiftUIView.swift (in target 'SnapshotTesting' from project 'swift-snapshot-testing')
SwiftCompile normal arm64 /Users/admin/builder/spi-builder-workspace/.dependencies/checkouts/swift-snapshot-testing/Sources/SnapshotTesting/Snapshotting/SwiftUIView.swift (in target 'SnapshotTesting' from project 'swift-snapshot-testing')
    cd /Users/admin/builder/spi-builder-workspace/.swiftpm/xcode
    builtin-SwiftPerFileCompile SwiftUIView.swift
SwiftDriver\ Compilation SwiftSyntax normal x86_64 com.apple.xcode.tools.swift.compiler (in target 'SwiftSyntax' from project 'swift-syntax')
    cd /Users/admin/builder/spi-builder-workspace/.swiftpm/xcode
    builtin-Swift-Compilation -- /Applications/Xcode-27.0.0-Release.Candidate.app/Contents/Developer/Toolchains/XcodeDefault.xctoolchain/usr/bin/swiftc -parse-as-library -module-name SwiftSyntax -Onone @/Users/admin/builder/spi-builder-workspace/.derivedData/Build/Intermediates.noindex/swift-syntax.build/Debug/SwiftSyntax-t.build/Objects-normal/x86_64/SwiftSyntax.SwiftFileList -DSWIFT_PACKAGE -DDEBUG -DSWIFT_MODULE_RESOURCE_BUNDLE_UNAVAILABLE -Xcc -fmodule-map-file\=/Users/admin/builder/spi-builder-workspace/.dependencies/checkouts/swift-syntax/Sources/_SwiftSyntaxCShims/include/module.modulemap -DXcode -plugin-path /Applications/Xcode-27.0.0-Release.Candidate.app/Contents/Developer/Toolchains/XcodeDefault.xctoolchain/usr/lib/swift/host/plugins/testing -enable-experimental-feature DebugDescriptionMacro -sdk /Applications/Xcode-27.0.0-Release.Candidate.app/Contents/Developer/Platforms/MacOSX.platform/Developer/SDKs/MacOSX27.0.sdk -target x86_64-apple-macos12.0 -g -module-cache-path /Users/admin/builder/spi-builder-workspace/.derivedData/ModuleCache.noindex -Xfrontend -serialize-debugging-options -profile-coverage-mapping -profile-generate -enable-testing -suppress-warnings -index-store-path /Users/admin/builder/spi-builder-workspace/.derivedData/Index.noindex/DataStore -Xcc -D_LIBCPP_HARDENING_MODE\=_LIBCPP_HARDENING_MODE_DEBUG -swift-version 6 -I /Users/admin/builder/spi-builder-workspace/.derivedData/Build/Products/Debug -Isystem /Applications/Xcode-27.0.0-Release.Candidate.app/Contents/Developer/Platforms/MacOSX.platform/Developer/usr/lib -F /Users/admin/builder/spi-builder-workspace/.derivedData/Build/Products/Debug/PackageFrameworks -F /Users/admin/builder/spi-builder-workspace/.derivedData/Build/Products/Debug -F /Applications/Xcode-27.0.0-Release.Candidate.app/Contents/Developer/Platforms/MacOSX.platform/Developer/Library/Frameworks -c -j10 -enable-batch-mode -incremental -Xcc -ivfsstatcache -Xcc /Users/admin/builder/spi-builder-workspace/.derivedData/SDKStatCaches.noindex/macosx27.0-26A425-e829b21a6f8c9b70876ba0858053c0446a22442a12e9d48fe1a705f55a1adfc4.sdkstatcache -output-file-map /Users/admin/builder/spi-builder-workspace/.derivedData/Build/Intermediates.noindex/swift-syntax.build/Debug/SwiftSyntax-t.build/Objects-normal/x86_64/SwiftSyntax-OutputFileMap.json -save-temps -no-color-diagnostics -explicit-module-build -module-cache-path /Users/admin/builder/spi-builder-workspace/.derivedData/Build/Intermediates.noindex/SwiftExplicitPrecompiledModules -clang-scanner-module-cache-path /Users/admin/builder/spi-builder-workspace/.derivedData/ModuleCache.noindex -sdk-module-cache-path /Users/admin/builder/spi-builder-workspace/.derivedData/SDKExplicitPrecompiledModules -emit-dependencies -emit-module -emit-module-path /Users/admin/builder/spi-builder-workspace/.derivedData/Build/Intermediates.noindex/swift-syntax.build/Debug/SwiftSyntax-t.build/Objects-normal/x86_64/SwiftSyntax.swiftmodule -serialize-diagnostics -dependency-scan-serialize-diagnostics-path /Users/admin/builder/spi-builder-workspace/.derivedData/Build/Intermediates.noindex/swift-syntax.build/Debug/SwiftSyntax-t.build/Objects-normal/x86_64/SwiftSyntax-dependency-scan.dia -validate-clang-modules-once -clang-build-session-file /Users/admin/builder/spi-builder-workspace/.derivedData/ModuleCache.noindex/Session.modulevalidation -Xcc -fmodules-prune-interval\=86400 -Xcc -fmodules-prune-after\=345600 -package-name swift_syntax -emit-const-values -const-gather-protocols-list /Users/admin/builder/spi-builder-workspace/.derivedData/Build/Intermediates.noindex/swift-syntax.build/Debug/SwiftSyntax-t.build/Objects-normal/x86_64/SwiftSyntax_const_extract_protocols.json -Xcc -I/Users/admin/builder/spi-builder-workspace/.dependencies/checkouts/swift-syntax/Sources/_SwiftSyntaxCShims/include -Xcc -I/Users/admin/builder/spi-builder-workspace/.derivedData/Build/Products/Debug/include -Xcc -I/Users/admin/builder/spi-builder-workspace/.derivedData/Build/Intermediates.noindex/swift-syntax.build/Debug/SwiftSyntax-t.build/DerivedSources-normal/x86_64 -Xcc -I/Users/admin/builder/spi-builder-workspace/.derivedData/Build/Intermediates.noindex/swift-syntax.build/Debug/SwiftSyntax-t.build/DerivedSources/x86_64 -Xcc -I/Users/admin/builder/spi-builder-workspace/.derivedData/Build/Intermediates.noindex/swift-syntax.build/Debug/SwiftSyntax-t.build/DerivedSources -Xcc -DSWIFT_PACKAGE -Xcc -DDEBUG\=1 -emit-objc-header -emit-objc-header-path /Users/admin/builder/spi-builder-workspace/.derivedData/Build/Intermediates.noindex/swift-syntax.build/Debug/SwiftSyntax-t.build/Objects-normal/x86_64/SwiftSyntax-Swift.h -working-directory /Users/admin/builder/spi-builder-workspace/.swiftpm/xcode -experimental-emit-module-separately -disable-cmo
SwiftDriverJobDiscovery normal x86_64 Compiling BasicFormat.swift (in target 'SwiftBasicFormat' from project 'swift-syntax')
SwiftDriver\ Compilation SwiftBasicFormat normal x86_64 com.apple.xcode.tools.swift.compiler (in target 'SwiftBasicFormat' from project 'swift-syntax')
    cd /Users/admin/builder/spi-builder-workspace/.swiftpm/xcode
    builtin-Swift-Compilation -- /Applications/Xcode-27.0.0-Release.Candidate.app/Contents/Developer/Toolchains/XcodeDefault.xctoolchain/usr/bin/swiftc -parse-as-library -module-name SwiftBasicFormat -Onone @/Users/admin/builder/spi-builder-workspace/.derivedData/Build/Intermediates.noindex/swift-syntax.build/Debug/SwiftBasicFormat-t.build/Objects-normal/x86_64/SwiftBasicFormat.SwiftFileList -DSWIFT_PACKAGE -DDEBUG -DSWIFT_MODULE_RESOURCE_BUNDLE_UNAVAILABLE -Xcc -fmodule-map-file\=/Users/admin/builder/spi-builder-workspace/.dependencies/checkouts/swift-syntax/Sources/_SwiftSyntaxCShims/include/module.modulemap -DXcode -plugin-path /Applications/Xcode-27.0.0-Release.Candidate.app/Contents/Developer/Toolchains/XcodeDefault.xctoolchain/usr/lib/swift/host/plugins/testing -enable-experimental-feature DebugDescriptionMacro -sdk /Applications/Xcode-27.0.0-Release.Candidate.app/Contents/Developer/Platforms/MacOSX.platform/Developer/SDKs/MacOSX27.0.sdk -target x86_64-apple-macos12.0 -g -module-cache-path /Users/admin/builder/spi-builder-workspace/.derivedData/ModuleCache.noindex -Xfrontend -serialize-debugging-options -profile-coverage-mapping -profile-generate -enable-testing -suppress-warnings -index-store-path /Users/admin/builder/spi-builder-workspace/.derivedData/Index.noindex/DataStore -Xcc -D_LIBCPP_HARDENING_MODE\=_LIBCPP_HARDENING_MODE_DEBUG -swift-version 6 -I /Users/admin/builder/spi-builder-workspace/.derivedData/Build/Products/Debug -Isystem /Applications/Xcode-27.0.0-Release.Candidate.app/Contents/Developer/Platforms/MacOSX.platform/Developer/usr/lib -F /Users/admin/builder/spi-builder-workspace/.derivedData/Build/Products/Debug/PackageFrameworks -F /Users/admin/builder/spi-builder-workspace/.derivedData/Build/Products/Debug -F /Applications/Xcode-27.0.0-Release.Candidate.app/Contents/Developer/Platforms/MacOSX.platform/Developer/Library/Frameworks -c -j10 -enable-batch-mode -incremental -Xcc -ivfsstatcache -Xcc /Users/admin/builder/spi-builder-workspace/.derivedData/SDKStatCaches.noindex/macosx27.0-26A425-e829b21a6f8c9b70876ba0858053c0446a22442a12e9d48fe1a705f55a1adfc4.sdkstatcache -output-file-map /Users/admin/builder/spi-builder-workspace/.derivedData/Build/Intermediates.noindex/swift-syntax.build/Debug/SwiftBasicFormat-t.build/Objects-normal/x86_64/SwiftBasicFormat-OutputFileMap.json -save-temps -no-color-diagnostics -explicit-module-build -module-cache-path /Users/admin/builder/spi-builder-workspace/.derivedData/Build/Intermediates.noindex/SwiftExplicitPrecompiledModules -clang-scanner-module-cache-path /Users/admin/builder/spi-builder-workspace/.derivedData/ModuleCache.noindex -sdk-module-cache-path /Users/admin/builder/spi-builder-workspace/.derivedData/SDKExplicitPrecompiledModules -emit-dependencies -emit-module -emit-module-path /Users/admin/builder/spi-builder-workspace/.derivedData/Build/Intermediates.noindex/swift-syntax.build/Debug/SwiftBasicFormat-t.build/Objects-normal/x86_64/SwiftBasicFormat.swiftmodule -serialize-diagnostics -dependency-scan-serialize-diagnostics-path /Users/admin/builder/spi-builder-workspace/.derivedData/Build/Intermediates.noindex/swift-syntax.build/Debug/SwiftBasicFormat-t.build/Objects-normal/x86_64/SwiftBasicFormat-dependency-scan.dia -validate-clang-modules-once -clang-build-session-file /Users/admin/builder/spi-builder-workspace/.derivedData/ModuleCache.noindex/Session.modulevalidation -Xcc -fmodules-prune-interval\=86400 -Xcc -fmodules-prune-after\=345600 -package-name swift_syntax -emit-const-values -const-gather-protocols-list /Users/admin/builder/spi-builder-workspace/.derivedData/Build/Intermediates.noindex/swift-syntax.build/Debug/SwiftBasicFormat-t.build/Objects-normal/x86_64/SwiftBasicFormat_const_extract_protocols.json -Xcc -I/Users/admin/builder/spi-builder-workspace/.dependencies/checkouts/swift-syntax/Sources/_SwiftSyntaxCShims/include -Xcc -I/Users/admin/builder/spi-builder-workspace/.derivedData/Build/Products/Debug/include -Xcc -I/Users/admin/builder/spi-builder-workspace/.derivedData/Build/Intermediates.noindex/swift-syntax.build/Debug/SwiftBasicFormat-t.build/DerivedSources-normal/x86_64 -Xcc -I/Users/admin/builder/spi-builder-workspace/.derivedData/Build/Intermediates.noindex/swift-syntax.build/Debug/SwiftBasicFormat-t.build/DerivedSources/x86_64 -Xcc -I/Users/admin/builder/spi-builder-workspace/.derivedData/Build/Intermediates.noindex/swift-syntax.build/Debug/SwiftBasicFormat-t.build/DerivedSources -Xcc -DSWIFT_PACKAGE -Xcc -DDEBUG\=1 -emit-objc-header -emit-objc-header-path /Users/admin/builder/spi-builder-workspace/.derivedData/Build/Intermediates.noindex/swift-syntax.build/Debug/SwiftBasicFormat-t.build/Objects-normal/x86_64/SwiftBasicFormat-Swift.h -working-directory /Users/admin/builder/spi-builder-workspace/.swiftpm/xcode -experimental-emit-module-separately -disable-cmo
SwiftCompile normal arm64 Compiling\ NSImage.swift,\ NSView.swift /Users/admin/builder/spi-builder-workspace/.dependencies/checkouts/swift-snapshot-testing/Sources/SnapshotTesting/Snapshotting/NSImage.swift /Users/admin/builder/spi-builder-workspace/.dependencies/checkouts/swift-snapshot-testing/Sources/SnapshotTesting/Snapshotting/NSView.swift (in target 'SnapshotTesting' from project 'swift-snapshot-testing')
SwiftCompile normal arm64 /Users/admin/builder/spi-builder-workspace/.dependencies/checkouts/swift-snapshot-testing/Sources/SnapshotTesting/Snapshotting/NSImage.swift (in target 'SnapshotTesting' from project 'swift-snapshot-testing')
    cd /Users/admin/builder/spi-builder-workspace/.swiftpm/xcode
    builtin-SwiftPerFileCompile NSImage.swift
SwiftCompile normal arm64 /Users/admin/builder/spi-builder-workspace/.dependencies/checkouts/swift-snapshot-testing/Sources/SnapshotTesting/Snapshotting/NSView.swift (in target 'SnapshotTesting' from project 'swift-snapshot-testing')
    cd /Users/admin/builder/spi-builder-workspace/.swiftpm/xcode
    builtin-SwiftPerFileCompile NSView.swift
SwiftCompile normal arm64 Compiling\ AssertSnapshot.swift,\ Async.swift /Users/admin/builder/spi-builder-workspace/.dependencies/checkouts/swift-snapshot-testing/Sources/SnapshotTesting/AssertSnapshot.swift /Users/admin/builder/spi-builder-workspace/.dependencies/checkouts/swift-snapshot-testing/Sources/SnapshotTesting/Async.swift (in target 'SnapshotTesting' from project 'swift-snapshot-testing')
/Users/admin/builder/spi-builder-workspace/.dependencies/checkouts/swift-snapshot-testing/Sources/SnapshotTesting/AssertSnapshot.swift:646:23: error: cannot find 'Image' in scope
644 |         if #available(iOS 14.0, tvOS 14.0, macOS 11.0, watchOS 7.0, *),
645 |           name.hasSuffix(".png"),
646 |           let image = Image(data: data)
    |                       `- error: cannot find 'Image' in scope
647 |         {
648 |           Attachment.record(image, named: name, as: .png, sourceLocation: sourceLocation)
Failed frontend command:
/Applications/Xcode-27.0.0-Release.Candidate.app/Contents/Developer/Toolchains/XcodeDefault.xctoolchain/usr/bin/swift-frontend -frontend -c -primary-file /Users/admin/builder/spi-builder-workspace/.dependencies/checkouts/swift-snapshot-testing/Sources/SnapshotTesting/AssertSnapshot.swift -primary-file /Users/admin/builder/spi-builder-workspace/.dependencies/checkouts/swift-snapshot-testing/Sources/SnapshotTesting/Async.swift /Users/admin/builder/spi-builder-workspace/.dependencies/checkouts/swift-snapshot-testing/Sources/SnapshotTesting/Common/Internal.swift /Users/admin/builder/spi-builder-workspace/.dependencies/checkouts/swift-snapshot-testing/Sources/SnapshotTesting/Common/PlistEncoder.swift /Users/admin/builder/spi-builder-workspace/.dependencies/checkouts/swift-snapshot-testing/Sources/SnapshotTesting/Common/String+SpecialCharacters.swift /Users/admin/builder/spi-builder-workspace/.dependencies/checkouts/swift-snapshot-testing/Sources/SnapshotTesting/Common/View.swift /Users/admin/builder/spi-builder-workspace/.dependencies/checkouts/swift-snapshot-testing/Sources/SnapshotTesting/Common/XCTAttachment.swift /Users/admin/builder/spi-builder-workspace/.dependencies/checkouts/swift-snapshot-testing/Sources/SnapshotTesting/Diff.swift /Users/admin/builder/spi-builder-workspace/.dependencies/checkouts/swift-snapshot-testing/Sources/SnapshotTesting/Diffing.swift /Users/admin/builder/spi-builder-workspace/.dependencies/checkouts/swift-snapshot-testing/Sources/SnapshotTesting/Extensions/Wait.swift /Users/admin/builder/spi-builder-workspace/.dependencies/checkouts/swift-snapshot-testing/Sources/SnapshotTesting/Internal/Deprecations.swift /Users/admin/builder/spi-builder-workspace/.dependencies/checkouts/swift-snapshot-testing/Sources/SnapshotTesting/Internal/RecordIssue.swift /Users/admin/builder/spi-builder-workspace/.dependencies/checkouts/swift-snapshot-testing/Sources/SnapshotTesting/SnapshotTestingConfiguration.swift /Users/admin/builder/spi-builder-workspace/.dependencies/checkouts/swift-snapshot-testing/Sources/SnapshotTesting/SnapshotsTestTrait.swift /Users/admin/builder/spi-builder-workspace/.dependencies/checkouts/swift-snapshot-testing/Sources/SnapshotTesting/Snapshotting.swift /Users/admin/builder/spi-builder-workspace/.dependencies/checkouts/swift-snapshot-testing/Sources/SnapshotTesting/Snapshotting/Any.swift /Users/admin/builder/spi-builder-workspace/.dependencies/checkouts/swift-snapshot-testing/Sources/SnapshotTesting/Snapshotting/CALayer.swift /Users/admin/builder/spi-builder-workspace/.dependencies/checkouts/swift-snapshot-testing/Sources/SnapshotTesting/Snapshotting/CGPath.swift /Users/admin/builder/spi-builder-workspace/.dependencies/checkouts/swift-snapshot-testing/Sources/SnapshotTesting/Snapshotting/CaseIterable.swift /Users/admin/builder/spi-builder-workspace/.dependencies/checkouts/swift-snapshot-testing/Sources/SnapshotTesting/Snapshotting/Data.swift /Users/admin/builder/spi-builder-workspace/.dependencies/checkouts/swift-snapshot-testing/Sources/SnapshotTesting/Snapshotting/Encodable.swift /Users/admin/builder/spi-builder-workspace/.dependencies/checkouts/swift-snapshot-testing/Sources/SnapshotTesting/Snapshotting/NSBezierPath.swift /Users/admin/builder/spi-builder-workspace/.dependencies/checkouts/swift-snapshot-testing/Sources/SnapshotTesting/Snapshotting/NSImage.swift /Users/admin/builder/spi-builder-workspace/.dependencies/checkouts/swift-snapshot-testing/Sources/SnapshotTesting/Snapshotting/NSView.swift /Users/admin/builder/spi-builder-workspace/.dependencies/checkouts/swift-snapshot-testing/Sources/SnapshotTesting/Snapshotting/NSViewController.swift /Users/admin/builder/spi-builder-workspace/.dependencies/checkouts/swift-snapshot-testing/Sources/SnapshotTesting/Snapshotting/SceneKit.swift /Users/admin/builder/spi-builder-workspace/.dependencies/checkouts/swift-snapshot-testing/Sources/SnapshotTesting/Snapshotting/SpriteKit.swift /Users/admin/builder/spi-builder-workspace/.dependencies/checkouts/swift-snapshot-testing/Sources/SnapshotTesting/Snapshotting/String.swift /Users/admin/builder/spi-builder-workspace/.dependencies/checkouts/swift-snapshot-testing/Sources/SnapshotTesting/Snapshotting/SwiftUIView.swift /Users/admin/builder/spi-builder-workspace/.dependencies/checkouts/swift-snapshot-testing/Sources/SnapshotTesting/Snapshotting/UIBezierPath.swift /Users/admin/builder/spi-builder-workspace/.dependencies/checkouts/swift-snapshot-testing/Sources/SnapshotTesting/Snapshotting/UIImage.swift /Users/admin/builder/spi-builder-workspace/.dependencies/checkouts/swift-snapshot-testing/Sources/SnapshotTesting/Snapshotting/UIView.swift /Users/admin/builder/spi-builder-workspace/.dependencies/checkouts/swift-snapshot-testing/Sources/SnapshotTesting/Snapshotting/UIViewController.swift /Users/admin/builder/spi-builder-workspace/.dependencies/checkouts/swift-snapshot-testing/Sources/SnapshotTesting/Snapshotting/URLRequest.swift -emit-dependencies-path /Users/admin/builder/spi-builder-workspace/.derivedData/Build/Intermediates.noindex/swift-snapshot-testing.build/Debug-xros/SnapshotTesting-t.build/Objects-normal/arm64/AssertSnapshot.d -emit-const-values-path /Users/admin/builder/spi-builder-workspace/.derivedData/Build/Intermediates.noindex/swift-snapshot-testing.build/Debug-xros/SnapshotTesting-t.build/Objects-normal/arm64/AssertSnapshot.swiftconstvalues -emit-reference-dependencies-path /Users/admin/builder/spi-builder-workspace/.derivedData/Build/Intermediates.noindex/swift-snapshot-testing.build/Debug-xros/SnapshotTesting-t.build/Objects-normal/arm64/AssertSnapshot.swiftdeps -serialize-diagnostics-path /Users/admin/builder/spi-builder-workspace/.derivedData/Build/Intermediates.noindex/swift-snapshot-testing.build/Debug-xros/SnapshotTesting-t.build/Objects-normal/arm64/AssertSnapshot.dia -emit-dependencies-path /Users/admin/builder/spi-builder-workspace/.derivedData/Build/Intermediates.noindex/swift-snapshot-testing.build/Debug-xros/SnapshotTesting-t.build/Objects-normal/arm64/Async.d -emit-const-values-path /Users/admin/builder/spi-builder-workspace/.derivedData/Build/Intermediates.noindex/swift-snapshot-testing.build/Debug-xros/SnapshotTesting-t.build/Objects-normal/arm64/Async.swiftconstvalues -emit-reference-dependencies-path /Users/admin/builder/spi-builder-workspace/.derivedData/Build/Intermediates.noindex/swift-snapshot-testing.build/Debug-xros/SnapshotTesting-t.build/Objects-normal/arm64/Async.swiftdeps -serialize-diagnostics-path /Users/admin/builder/spi-builder-workspace/.derivedData/Build/Intermediates.noindex/swift-snapshot-testing.build/Debug-xros/SnapshotTesting-t.build/Objects-normal/arm64/Async.dia -target arm64-apple-xros1.0 -module-can-import-version ObjectiveC 973.1 0 -module-can-import-version SwiftUI 8.0.84.1 8.0.84 -module-can-import-version Testing 2084 0 -module-can-import-version UIKit 9127.0.84.1 9127.0.84 -disable-cross-import-overlay-search -swift-module-cross-import Testing /Applications/Xcode-27.0.0-Release.Candidate.app/Contents/Developer/Platforms/XROS.platform/Developer/Library/Frameworks/Testing.framework/Modules/Testing.swiftcrossimport/CoreGraphics.swiftoverlay -swift-module-cross-import Testing /Applications/Xcode-27.0.0-Release.Candidate.app/Contents/Developer/Platforms/XROS.platform/Developer/Library/Frameworks/Testing.framework/Modules/Testing.swiftcrossimport/CoreImage.swiftoverlay -swift-module-cross-import Testing /Applications/Xcode-27.0.0-Release.Candidate.app/Contents/Developer/Platforms/XROS.platform/Developer/Library/Frameworks/Testing.framework/Modules/Testing.swiftcrossimport/CoreTransferable.swiftoverlay -swift-module-cross-import Testing /Applications/Xcode-27.0.0-Release.Candidate.app/Contents/Developer/Platforms/XROS.platform/Developer/Library/Frameworks/Testing.framework/Modules/Testing.swiftcrossimport/Foundation.swiftoverlay -swift-module-cross-import Testing /Applications/Xcode-27.0.0-Release.Candidate.app/Contents/Developer/Platforms/XROS.platform/Developer/Library/Frameworks/Testing.framework/Modules/Testing.swiftcrossimport/UIKit.swiftoverlay -load-resolved-plugin /Applications/Xcode-27.0.0-Release.Candidate.app/Contents/Developer/Platforms/XROS.platform/Developer/usr/lib/swift/host/plugins/libFoundationMacros.dylib\#/Applications/Xcode-27.0.0-Release.Candidate.app/Contents/Developer/Platforms/XROS.platform/Developer/usr/bin/swift-plugin-server\#FoundationMacros -load-resolved-plugin /Applications/Xcode-27.0.0-Release.Candidate.app/Contents/Developer/Platforms/XROS.platform/Developer/usr/lib/swift/host/plugins/libObservationMacros.dylib\#/Applications/Xcode-27.0.0-Release.Candidate.app/Contents/Developer/Platforms/XROS.platform/Developer/usr/bin/swift-plugin-server\#ObservationMacros -load-resolved-plugin /Applications/Xcode-27.0.0-Release.Candidate.app/Contents/Developer/Platforms/XROS.platform/Developer/usr/lib/swift/host/plugins/libPreviewsMacros.dylib\#/Applications/Xcode-27.0.0-Release.Candidate.app/Contents/Developer/Platforms/XROS.platform/Developer/usr/bin/swift-plugin-server\#PreviewsMacros -load-resolved-plugin /Applications/Xcode-27.0.0-Release.Candidate.app/Contents/Developer/Platforms/XROS.platform/Developer/usr/lib/swift/host/plugins/libSwiftMacros.dylib\#/Applications/Xcode-27.0.0-Release.Candidate.app/Contents/Developer/Platforms/XROS.platform/Developer/usr/bin/swift-plugin-server\#SwiftMacros -load-resolved-plugin /Applications/Xcode-27.0.0-Release.Candidate.app/Contents/Developer/Platforms/XROS.platform/Developer/usr/lib/swift/host/plugins/libSwiftUIMacros.dylib\#/Applications/Xcode-27.0.0-Release.Candidate.app/Contents/Developer/Platforms/XROS.platform/Developer/usr/bin/swift-plugin-server\#SwiftUIMacros -load-resolved-plugin /Applications/Xcode-27.0.0-Release.Candidate.app/Contents/Developer/Toolchains/XcodeDefault.xctoolchain/usr/lib/swift/host/plugins/testing/libTestingMacros.dylib\#\#TestingMacros -disable-implicit-swift-modules -Xcc -fno-implicit-modules -Xcc -fno-implicit-module-maps -explicit-swift-module-map-file /Users/admin/builder/spi-builder-workspace/.derivedData/Build/Intermediates.noindex/swift-snapshot-testing.build/Debug-xros/SnapshotTesting-t.build/Objects-normal/arm64/SnapshotTesting-dependencies-1.json -Xllvm -aarch64-use-tbi -enable-objc-interop -stack-check -sdk /Applications/Xcode-27.0.0-Release.Candidate.app/Contents/Developer/Platforms/XROS.platform/Developer/SDKs/XROS27.0.sdk -I /Users/admin/builder/spi-builder-workspace/.derivedData/Build/Products/Debug-xros -Isystem /Applications/Xcode-27.0.0-Release.Candidate.app/Contents/Developer/Platforms/XROS.platform/Developer/usr/lib -F /Users/admin/builder/spi-builder-workspace/.derivedData/Build/Products/Debug-xros -F /Applications/Xcode-27.0.0-Release.Candidate.app/Contents/Developer/Platforms/XROS.platform/Developer/Library/Frameworks -F /Applications/Xcode-27.0.0-Release.Candidate.app/Contents/Developer/Platforms/XROS.platform/Developer/SDKs/XROS27.0.sdk/Developer/Library/Frameworks -module-cache-path /Users/admin/builder/spi-builder-workspace/.derivedData/Build/Intermediates.noindex/SwiftExplicitPrecompiledModules -no-color-diagnostics -Xcc -fno-color-diagnostics -enable-testing -g -debug-info-format\=dwarf -dwarf-version\=4 -suppress-warnings -profile-generate -profile-coverage-mapping -swift-version 5 -Onone -D SWIFT_PACKAGE -D DEBUG -D SWIFT_MODULE_RESOURCE_BUNDLE_UNAVAILABLE -D Xcode -serialize-debugging-options -enable-experimental-feature DebugDescriptionMacro -empty-abi-descriptor -user-module-version 1.19.6 -validate-clang-modules-once -clang-build-session-file /Users/admin/builder/spi-builder-workspace/.derivedData/ModuleCache.noindex/Session.modulevalidation -Xcc -working-directory -Xcc /Users/admin/builder/spi-builder-workspace/.swiftpm/xcode -enable-anonymous-context-mangled-names -file-compilation-dir /Users/admin/builder/spi-builder-workspace/.swiftpm/xcode -Xcc -D_LIBCPP_HARDENING_MODE\=_LIBCPP_HARDENING_MODE_DEBUG -Xcc -ivfsstatcache -Xcc /Users/admin/builder/spi-builder-workspace/.derivedData/SDKStatCaches.noindex/xros27.0-24M361-e829b21a6f8c9b70876ba0858053c044735bd543db762f57723cac368afd1ce4.sdkstatcache -Xcc -fmodules-prune-interval\=86400 -Xcc -fmodules-prune-after\=345600 -Xcc -I/Users/admin/builder/spi-builder-workspace/.derivedData/Build/Products/Debug-xros/include -Xcc -I/Users/admin/builder/spi-builder-workspace/.derivedData/Build/Intermediates.noindex/swift-snapshot-testing.build/Debug-xros/SnapshotTesting-t.build/DerivedSources-normal/arm64 -Xcc -I/Users/admin/builder/spi-builder-workspace/.derivedData/Build/Intermediates.noindex/swift-snapshot-testing.build/Debug-xros/SnapshotTesting-t.build/DerivedSources/arm64 -Xcc -I/Users/admin/builder/spi-builder-workspace/.derivedData/Build/Intermediates.noindex/swift-snapshot-testing.build/Debug-xros/SnapshotTesting-t.build/DerivedSources -Xcc -DSWIFT_PACKAGE -Xcc -DDEBUG\=1 -no-auto-bridging-header-chaining -module-name SnapshotTesting -package-name swift_snapshot_testing -const-gather-protocols-file /Users/admin/builder/spi-builder-workspace/.derivedData/Build/Intermediates.noindex/swift-snapshot-testing.build/Debug-xros/SnapshotTesting-t.build/Objects-normal/arm64/SnapshotTesting_const_extract_protocols.json -disable-clang-spi -clang-target arm64-apple-xros27.0 -target-sdk-version 27.0 -target-sdk-name xros27.0 -in-process-plugin-server-path /Applications/Xcode-27.0.0-Release.Candidate.app/Contents/Developer/Toolchains/XcodeDefault.xctoolchain/usr/lib/swift/host/libSwiftInProcPluginServer.dylib -parse-as-library -o /Users/admin/builder/spi-builder-workspace/.derivedData/Build/Intermediates.noindex/swift-snapshot-testing.build/Debug-xros/SnapshotTesting-t.build/Objects-normal/arm64/AssertSnapshot.o -o /Users/admin/builder/spi-builder-workspace/.derivedData/Build/Intermediates.noindex/swift-snapshot-testing.build/Debug-xros/SnapshotTesting-t.build/Objects-normal/arm64/Async.o -debug-module-path /Users/admin/builder/spi-builder-workspace/.derivedData/Build/Intermediates.noindex/swift-snapshot-testing.build/Debug-xros/SnapshotTesting-t.build/Objects-normal/arm64/SnapshotTesting.swiftmodule -index-unit-output-path /swift-snapshot-testing.build/Debug-xros/SnapshotTesting-t.build/Objects-normal/arm64/AssertSnapshot.o -index-unit-output-path /swift-snapshot-testing.build/Debug-xros/SnapshotTesting-t.build/Objects-normal/arm64/Async.o -index-store-path /Users/admin/builder/spi-builder-workspace/.derivedData/Index.noindex/DataStore -index-system-modules
SwiftCompile normal arm64 /Users/admin/builder/spi-builder-workspace/.dependencies/checkouts/swift-snapshot-testing/Sources/SnapshotTesting/AssertSnapshot.swift (in target 'SnapshotTesting' from project 'swift-snapshot-testing')
    cd /Users/admin/builder/spi-builder-workspace/.swiftpm/xcode
    builtin-SwiftPerFileCompile AssertSnapshot.swift
SwiftCompile normal arm64 /Users/admin/builder/spi-builder-workspace/.dependencies/checkouts/swift-snapshot-testing/Sources/SnapshotTesting/Async.swift (in target 'SnapshotTesting' from project 'swift-snapshot-testing')
    cd /Users/admin/builder/spi-builder-workspace/.swiftpm/xcode
    builtin-SwiftPerFileCompile Async.swift
SwiftDriverJobDiscovery normal arm64 Compiling String+SpecialCharacters.swift, View.swift (in target 'SnapshotTesting' from project 'swift-snapshot-testing')
SwiftCompile normal arm64 Compiling\ Deprecations.swift,\ Exports.swift /Users/admin/builder/spi-builder-workspace/.dependencies/checkouts/swift-perception/Sources/PerceptionCore/Internal/Deprecations.swift /Users/admin/builder/spi-builder-workspace/.dependencies/checkouts/swift-perception/Sources/PerceptionCore/Internal/Exports.swift (in target 'PerceptionCore' from project 'swift-perception')
SwiftCompile normal arm64 /Users/admin/builder/spi-builder-workspace/.dependencies/checkouts/swift-perception/Sources/PerceptionCore/Internal/Deprecations.swift (in target 'PerceptionCore' from project 'swift-perception')
    cd /Users/admin/builder/spi-builder-workspace/.swiftpm/xcode
    builtin-SwiftPerFileCompile Deprecations.swift
SwiftCompile normal arm64 /Users/admin/builder/spi-builder-workspace/.dependencies/checkouts/swift-perception/Sources/PerceptionCore/Internal/Exports.swift (in target 'PerceptionCore' from project 'swift-perception')
    cd /Users/admin/builder/spi-builder-workspace/.swiftpm/xcode
    builtin-SwiftPerFileCompile Exports.swift
SwiftDriverJobDiscovery normal arm64 Compiling XCTAttachment.swift, Diff.swift (in target 'SnapshotTesting' from project 'swift-snapshot-testing')
SwiftCompile normal arm64 Compiling\ _PerceptionRegistrar.swift /Users/admin/builder/spi-builder-workspace/.dependencies/checkouts/swift-perception/Sources/PerceptionCore/_PerceptionRegistrar.swift (in target 'PerceptionCore' from project 'swift-perception')
SwiftCompile normal arm64 /Users/admin/builder/spi-builder-workspace/.dependencies/checkouts/swift-perception/Sources/PerceptionCore/_PerceptionRegistrar.swift (in target 'PerceptionCore' from project 'swift-perception')
    cd /Users/admin/builder/spi-builder-workspace/.swiftpm/xcode
    builtin-SwiftPerFileCompile _PerceptionRegistrar.swift
SwiftDriverJobDiscovery normal arm64 Compiling NSViewController.swift, SceneKit.swift (in target 'SnapshotTesting' from project 'swift-snapshot-testing')
SwiftCompile normal arm64 Compiling\ Encodable.swift /Users/admin/builder/spi-builder-workspace/.dependencies/checkouts/swift-snapshot-testing/Sources/SnapshotTesting/Snapshotting/Encodable.swift (in target 'SnapshotTesting' from project 'swift-snapshot-testing')
SwiftCompile normal arm64 /Users/admin/builder/spi-builder-workspace/.dependencies/checkouts/swift-snapshot-testing/Sources/SnapshotTesting/Snapshotting/Encodable.swift (in target 'SnapshotTesting' from project 'swift-snapshot-testing')
    cd /Users/admin/builder/spi-builder-workspace/.swiftpm/xcode
    builtin-SwiftPerFileCompile Encodable.swift
SwiftDriverJobDiscovery normal arm64 Compiling UIImage.swift (in target 'SnapshotTesting' from project 'swift-snapshot-testing')
SwiftCompile normal arm64 Compiling\ URLRequest.swift /Users/admin/builder/spi-builder-workspace/.dependencies/checkouts/swift-snapshot-testing/Sources/SnapshotTesting/Snapshotting/URLRequest.swift (in target 'SnapshotTesting' from project 'swift-snapshot-testing')
SwiftCompile normal arm64 /Users/admin/builder/spi-builder-workspace/.dependencies/checkouts/swift-snapshot-testing/Sources/SnapshotTesting/Snapshotting/URLRequest.swift (in target 'SnapshotTesting' from project 'swift-snapshot-testing')
    cd /Users/admin/builder/spi-builder-workspace/.swiftpm/xcode
    builtin-SwiftPerFileCompile URLRequest.swift
SwiftDriverJobDiscovery normal arm64 Compiling NSImage.swift, NSView.swift (in target 'SnapshotTesting' from project 'swift-snapshot-testing')
SwiftCompile normal arm64 Compiling\ Diffing.swift,\ Wait.swift /Users/admin/builder/spi-builder-workspace/.dependencies/checkouts/swift-snapshot-testing/Sources/SnapshotTesting/Diffing.swift /Users/admin/builder/spi-builder-workspace/.dependencies/checkouts/swift-snapshot-testing/Sources/SnapshotTesting/Extensions/Wait.swift (in target 'SnapshotTesting' from project 'swift-snapshot-testing')
SwiftCompile normal arm64 /Users/admin/builder/spi-builder-workspace/.dependencies/checkouts/swift-snapshot-testing/Sources/SnapshotTesting/Diffing.swift (in target 'SnapshotTesting' from project 'swift-snapshot-testing')
    cd /Users/admin/builder/spi-builder-workspace/.swiftpm/xcode
    builtin-SwiftPerFileCompile Diffing.swift
SwiftCompile normal arm64 /Users/admin/builder/spi-builder-workspace/.dependencies/checkouts/swift-snapshot-testing/Sources/SnapshotTesting/Extensions/Wait.swift (in target 'SnapshotTesting' from project 'swift-snapshot-testing')
    cd /Users/admin/builder/spi-builder-workspace/.swiftpm/xcode
    builtin-SwiftPerFileCompile Wait.swift
SwiftDriverJobDiscovery normal arm64 Compiling Deprecations.swift, Exports.swift (in target 'PerceptionCore' from project 'swift-perception')
SwiftCompile normal arm64 Compiling\ Any.swift /Users/admin/builder/spi-builder-workspace/.dependencies/checkouts/swift-snapshot-testing/Sources/SnapshotTesting/Snapshotting/Any.swift (in target 'SnapshotTesting' from project 'swift-snapshot-testing')
SwiftCompile normal arm64 /Users/admin/builder/spi-builder-workspace/.dependencies/checkouts/swift-snapshot-testing/Sources/SnapshotTesting/Snapshotting/Any.swift (in target 'SnapshotTesting' from project 'swift-snapshot-testing')
    cd /Users/admin/builder/spi-builder-workspace/.swiftpm/xcode
    builtin-SwiftPerFileCompile Any.swift
SwiftDriverJobDiscovery normal arm64 Compiling SpriteKit.swift, String.swift (in target 'SnapshotTesting' from project 'swift-snapshot-testing')
SwiftCompile normal arm64 Compiling\ Deprecations.swift,\ RecordIssue.swift /Users/admin/builder/spi-builder-workspace/.dependencies/checkouts/swift-snapshot-testing/Sources/SnapshotTesting/Internal/Deprecations.swift /Users/admin/builder/spi-builder-workspace/.dependencies/checkouts/swift-snapshot-testing/Sources/SnapshotTesting/Internal/RecordIssue.swift (in target 'SnapshotTesting' from project 'swift-snapshot-testing')
SwiftCompile normal arm64 /Users/admin/builder/spi-builder-workspace/.dependencies/checkouts/swift-snapshot-testing/Sources/SnapshotTesting/Internal/Deprecations.swift (in target 'SnapshotTesting' from project 'swift-snapshot-testing')
    cd /Users/admin/builder/spi-builder-workspace/.swiftpm/xcode
    builtin-SwiftPerFileCompile Deprecations.swift
SwiftCompile normal arm64 /Users/admin/builder/spi-builder-workspace/.dependencies/checkouts/swift-snapshot-testing/Sources/SnapshotTesting/Internal/RecordIssue.swift (in target 'SnapshotTesting' from project 'swift-snapshot-testing')
    cd /Users/admin/builder/spi-builder-workspace/.swiftpm/xcode
    builtin-SwiftPerFileCompile RecordIssue.swift
SwiftDriverJobDiscovery normal x86_64 Compiling Declarations.swift, Directives.swift, ExpressionInterpretedAsVersionTuple.swift, Expressions.swift, IncrementalParseTransition.swift (in target 'SwiftParser' from project 'swift-syntax')
SwiftDriver\ Compilation SwiftParser normal x86_64 com.apple.xcode.tools.swift.compiler (in target 'SwiftParser' from project 'swift-syntax')
    cd /Users/admin/builder/spi-builder-workspace/.swiftpm/xcode
    builtin-Swift-Compilation -- /Applications/Xcode-27.0.0-Release.Candidate.app/Contents/Developer/Toolchains/XcodeDefault.xctoolchain/usr/bin/swiftc -parse-as-library -module-name SwiftParser -Onone @/Users/admin/builder/spi-builder-workspace/.derivedData/Build/Intermediates.noindex/swift-syntax.build/Debug/SwiftParser-t.build/Objects-normal/x86_64/SwiftParser.SwiftFileList -DSWIFT_PACKAGE -DDEBUG -DSWIFT_MODULE_RESOURCE_BUNDLE_UNAVAILABLE -Xcc -fmodule-map-file\=/Users/admin/builder/spi-builder-workspace/.dependencies/checkouts/swift-syntax/Sources/_SwiftSyntaxCShims/include/module.modulemap -DXcode -plugin-path /Applications/Xcode-27.0.0-Release.Candidate.app/Contents/Developer/Toolchains/XcodeDefault.xctoolchain/usr/lib/swift/host/plugins/testing -enable-experimental-feature DebugDescriptionMacro -sdk /Applications/Xcode-27.0.0-Release.Candidate.app/Contents/Developer/Platforms/MacOSX.platform/Developer/SDKs/MacOSX27.0.sdk -target x86_64-apple-macos12.0 -g -module-cache-path /Users/admin/builder/spi-builder-workspace/.derivedData/ModuleCache.noindex -Xfrontend -serialize-debugging-options -profile-coverage-mapping -profile-generate -enable-testing -suppress-warnings -index-store-path /Users/admin/builder/spi-builder-workspace/.derivedData/Index.noindex/DataStore -Xcc -D_LIBCPP_HARDENING_MODE\=_LIBCPP_HARDENING_MODE_DEBUG -swift-version 6 -I /Users/admin/builder/spi-builder-workspace/.derivedData/Build/Products/Debug -Isystem /Applications/Xcode-27.0.0-Release.Candidate.app/Contents/Developer/Platforms/MacOSX.platform/Developer/usr/lib -F /Users/admin/builder/spi-builder-workspace/.derivedData/Build/Products/Debug/PackageFrameworks -F /Users/admin/builder/spi-builder-workspace/.derivedData/Build/Products/Debug -F /Applications/Xcode-27.0.0-Release.Candidate.app/Contents/Developer/Platforms/MacOSX.platform/Developer/Library/Frameworks -c -j10 -enable-batch-mode -incremental -Xcc -ivfsstatcache -Xcc /Users/admin/builder/spi-builder-workspace/.derivedData/SDKStatCaches.noindex/macosx27.0-26A425-e829b21a6f8c9b70876ba0858053c0446a22442a12e9d48fe1a705f55a1adfc4.sdkstatcache -output-file-map /Users/admin/builder/spi-builder-workspace/.derivedData/Build/Intermediates.noindex/swift-syntax.build/Debug/SwiftParser-t.build/Objects-normal/x86_64/SwiftParser-OutputFileMap.json -save-temps -no-color-diagnostics -explicit-module-build -module-cache-path /Users/admin/builder/spi-builder-workspace/.derivedData/Build/Intermediates.noindex/SwiftExplicitPrecompiledModules -clang-scanner-module-cache-path /Users/admin/builder/spi-builder-workspace/.derivedData/ModuleCache.noindex -sdk-module-cache-path /Users/admin/builder/spi-builder-workspace/.derivedData/SDKExplicitPrecompiledModules -emit-dependencies -emit-module -emit-module-path /Users/admin/builder/spi-builder-workspace/.derivedData/Build/Intermediates.noindex/swift-syntax.build/Debug/SwiftParser-t.build/Objects-normal/x86_64/SwiftParser.swiftmodule -serialize-diagnostics -dependency-scan-serialize-diagnostics-path /Users/admin/builder/spi-builder-workspace/.derivedData/Build/Intermediates.noindex/swift-syntax.build/Debug/SwiftParser-t.build/Objects-normal/x86_64/SwiftParser-dependency-scan.dia -validate-clang-modules-once -clang-build-session-file /Users/admin/builder/spi-builder-workspace/.derivedData/ModuleCache.noindex/Session.modulevalidation -Xcc -fmodules-prune-interval\=86400 -Xcc -fmodules-prune-after\=345600 -package-name swift_syntax -emit-const-values -const-gather-protocols-list /Users/admin/builder/spi-builder-workspace/.derivedData/Build/Intermediates.noindex/swift-syntax.build/Debug/SwiftParser-t.build/Objects-normal/x86_64/SwiftParser_const_extract_protocols.json -Xcc -I/Users/admin/builder/spi-builder-workspace/.dependencies/checkouts/swift-syntax/Sources/_SwiftSyntaxCShims/include -Xcc -I/Users/admin/builder/spi-builder-workspace/.derivedData/Build/Products/Debug/include -Xcc -I/Users/admin/builder/spi-builder-workspace/.derivedData/Build/Intermediates.noindex/swift-syntax.build/Debug/SwiftParser-t.build/DerivedSources-normal/x86_64 -Xcc -I/Users/admin/builder/spi-builder-workspace/.derivedData/Build/Intermediates.noindex/swift-syntax.build/Debug/SwiftParser-t.build/DerivedSources/x86_64 -Xcc -I/Users/admin/builder/spi-builder-workspace/.derivedData/Build/Intermediates.noindex/swift-syntax.build/Debug/SwiftParser-t.build/DerivedSources -Xcc -DSWIFT_PACKAGE -Xcc -DDEBUG\=1 -emit-objc-header -emit-objc-header-path /Users/admin/builder/spi-builder-workspace/.derivedData/Build/Intermediates.noindex/swift-syntax.build/Debug/SwiftParser-t.build/Objects-normal/x86_64/SwiftParser-Swift.h -working-directory /Users/admin/builder/spi-builder-workspace/.swiftpm/xcode -experimental-emit-module-separately -disable-cmo
SwiftDriverJobDiscovery normal arm64 Compiling Encodable.swift (in target 'SnapshotTesting' from project 'swift-snapshot-testing')
SwiftCompile normal arm64 Compiling\ CaseIterable.swift /Users/admin/builder/spi-builder-workspace/.dependencies/checkouts/swift-snapshot-testing/Sources/SnapshotTesting/Snapshotting/CaseIterable.swift (in target 'SnapshotTesting' from project 'swift-snapshot-testing')
SwiftCompile normal arm64 /Users/admin/builder/spi-builder-workspace/.dependencies/checkouts/swift-snapshot-testing/Sources/SnapshotTesting/Snapshotting/CaseIterable.swift (in target 'SnapshotTesting' from project 'swift-snapshot-testing')
    cd /Users/admin/builder/spi-builder-workspace/.swiftpm/xcode
    builtin-SwiftPerFileCompile CaseIterable.swift
SwiftCompile normal arm64 Compiling\ Snapshotting.swift /Users/admin/builder/spi-builder-workspace/.dependencies/checkouts/swift-snapshot-testing/Sources/SnapshotTesting/Snapshotting.swift (in target 'SnapshotTesting' from project 'swift-snapshot-testing')
SwiftCompile normal arm64 /Users/admin/builder/spi-builder-workspace/.dependencies/checkouts/swift-snapshot-testing/Sources/SnapshotTesting/Snapshotting.swift (in target 'SnapshotTesting' from project 'swift-snapshot-testing')
    cd /Users/admin/builder/spi-builder-workspace/.swiftpm/xcode
    builtin-SwiftPerFileCompile Snapshotting.swift
SwiftDriverJobDiscovery normal arm64 Compiling _PerceptionRegistrar.swift (in target 'PerceptionCore' from project 'swift-perception')
SwiftCompile normal arm64 Compiling\ SnapshotsTestTrait.swift /Users/admin/builder/spi-builder-workspace/.dependencies/checkouts/swift-snapshot-testing/Sources/SnapshotTesting/SnapshotsTestTrait.swift (in target 'SnapshotTesting' from project 'swift-snapshot-testing')
SwiftCompile normal arm64 /Users/admin/builder/spi-builder-workspace/.dependencies/checkouts/swift-snapshot-testing/Sources/SnapshotTesting/SnapshotsTestTrait.swift (in target 'SnapshotTesting' from project 'swift-snapshot-testing')
    cd /Users/admin/builder/spi-builder-workspace/.swiftpm/xcode
    builtin-SwiftPerFileCompile SnapshotsTestTrait.swift
PruneExplicitPrecompiledModules /Users/admin/builder/spi-builder-workspace/.derivedData/SDKExplicitPrecompiledModules
PruneExplicitPrecompiledModules /Users/admin/builder/spi-builder-workspace/.derivedData/Build/Intermediates.noindex/SwiftExplicitPrecompiledModules
PruneExplicitPrecompiledModules /Users/admin/builder/spi-builder-workspace/.derivedData/Build/Intermediates.noindex/ExplicitPrecompiledModules
2026-09-24 10:47:59.899 xcodebuild[2580:13446] [MT] IDERunDestination: Supported platforms for the buildables in the current scheme is empty.
2026-09-24 10:48:00.008 xcodebuild[2580:13446] [MT] IDERunDestination: Supported platforms for the buildables in the current scheme is empty.
** BUILD FAILED **
The following build commands failed:
	SwiftCompile normal arm64 Compiling\ AssertSnapshot.swift,\ Async.swift /Users/admin/builder/spi-builder-workspace/.dependencies/checkouts/swift-snapshot-testing/Sources/SnapshotTesting/AssertSnapshot.swift /Users/admin/builder/spi-builder-workspace/.dependencies/checkouts/swift-snapshot-testing/Sources/SnapshotTesting/Async.swift (in target 'SnapshotTesting' from project 'swift-snapshot-testing')
	SwiftCompile normal arm64 /Users/admin/builder/spi-builder-workspace/.dependencies/checkouts/swift-snapshot-testing/Sources/SnapshotTesting/AssertSnapshot.swift (in target 'SnapshotTesting' from project 'swift-snapshot-testing')
	Building workspace AUv3Controls with scheme AUv3Controls
(3 failures)
BUILD FAILURE 6.4 visionOS