The Swift Package Index logo.Swift Package Index

Build Information

Failed to build NodesSSO, reference 1.0.0 (7122d1), with Swift 6.4 for Android on 20 Sep 2026 14:28:53 UTC.

Build Command

bash -c docker run --pull=always --rm -v "checkouts-53886769-0":/host -w "$PWD" -e JAVA_HOME="/root/.sdkman/candidates/java/current" -e SPI_BUILD="1" -e SPI_PROCESSING="1" registry.gitlab.com/saguaro1/spi-images:android-6.4-latest swift build --swift-sdk aarch64-unknown-linux-android28 2>&1

Build Log

========================================
RunAll
========================================
Builder version: 5.1.0
Interrupt handler set up.
========================================
Checkout
========================================
Clone URL: https://github.com/ml-archive/nodes-sso.git
Reference: 1.0.0
Initialized empty Git repository in /host/spi-builder-workspace/.git/
hint: Using 'master' as the name for the initial branch. This default branch name
hint: is subject to change. To configure the initial branch name to use in all
hint: of your new repositories, which will suppress this warning, call:
hint:
hint: 	git config --global init.defaultBranch <name>
hint:
hint: Names commonly chosen instead of 'master' are 'main', 'trunk' and
hint: 'development'. The just-created branch can be renamed via this command:
hint:
hint: 	git branch -m <name>
From https://github.com/ml-archive/nodes-sso
 * tag               1.0.0      -> FETCH_HEAD
HEAD is now at 7122d1c Merge pull request #41 from nodes-vapor/release/1.0.0
Cloned https://github.com/ml-archive/nodes-sso.git
Revision (git rev-parse @):
7122d1c04319992649032a80a6137a071661815c
SUCCESS checkout https://github.com/ml-archive/nodes-sso.git at 1.0.0
========================================
Build
========================================
Selected platform:         android
Swift version:             6.4
Building package at path:  $PWD
https://github.com/ml-archive/nodes-sso.git
Running build ...
bash -c docker run --pull=always --rm -v "checkouts-53886769-0":/host -w "$PWD" -e JAVA_HOME="/root/.sdkman/candidates/java/current" -e SPI_BUILD="1" -e SPI_PROCESSING="1" registry.gitlab.com/saguaro1/spi-images:android-6.4-latest swift build --swift-sdk aarch64-unknown-linux-android28 2>&1
android-6.4-latest: Pulling from saguaro1/spi-images
Digest: sha256:abadcff584c273feba50641b454858d377ba30b35ea7287a94f45ebd8afd0ea0
Status: Image is up to date for registry.gitlab.com/saguaro1/spi-images:android-6.4-latest
Fetching https://github.com/vapor/vapor.git
Fetching https://github.com/nodes-vapor/sugar.git
[1/2332] Fetching sugar
Fetched https://github.com/nodes-vapor/sugar.git (0.44s)
[1/81402] Fetching vapor
Fetched https://github.com/vapor/vapor.git (1.31s)
Computing version for https://github.com/nodes-vapor/sugar.git
Computed https://github.com/nodes-vapor/sugar.git at 4.0.0 (1.51s)
Fetching https://github.com/vapor/leaf.git
Fetching https://github.com/vapor/jwt.git
Fetching https://github.com/vapor/fluent.git
Fetching https://github.com/vapor/auth.git
Fetching https://github.com/vapor/redis.git
[1/3825] Fetching redis
[2/17342] Fetching redis, fluent
[7458/20110] Fetching redis, fluent, jwt
[9348/21708] Fetching redis, fluent, jwt, auth
Fetched https://github.com/vapor/redis.git (0.44s)
[9463/17883] Fetching fluent, jwt, auth
Fetched https://github.com/vapor/auth.git (0.47s)
[9527/16285] Fetching fluent, jwt
Fetched https://github.com/vapor/jwt.git (0.58s)
Fetched https://github.com/vapor/fluent.git (0.58s)
[1/4034] Fetching leaf
Fetched https://github.com/vapor/leaf.git (0.93s)
Computing version for https://github.com/vapor/leaf.git
Computed https://github.com/vapor/leaf.git at 3.0.2 (1.13s)
Fetching https://github.com/vapor/template-kit.git
Fetching https://github.com/vapor/service.git
Fetching https://github.com/vapor/core.git
[1/20143] Fetching core
[2620/21425] Fetching core, template-kit
[21426/22344] Fetching core, template-kit, service
Fetched https://github.com/vapor/template-kit.git (0.85s)
Fetched https://github.com/vapor/service.git (0.85s)
Fetched https://github.com/vapor/core.git (0.86s)
Computing version for https://github.com/vapor/service.git
Computed https://github.com/vapor/service.git at 1.0.2 (1.05s)
Computing version for https://github.com/vapor/jwt.git
Computed https://github.com/vapor/jwt.git at 3.1.2 (0.17s)
Fetching https://github.com/vapor/crypto.git
[1/2786] Fetching crypto
Fetched https://github.com/vapor/crypto.git (0.45s)
Computing version for https://github.com/vapor/auth.git
Computed https://github.com/vapor/auth.git at 2.0.4 (0.64s)
Fetching https://github.com/vapor/fluent-sqlite.git
Fetching https://github.com/vapor/http.git
[1/1373] Fetching fluent-sqlite
[1374/26840] Fetching fluent-sqlite, http
Fetched https://github.com/vapor/fluent-sqlite.git (0.76s)
Fetched https://github.com/vapor/http.git (0.77s)
Computing version for https://github.com/vapor/fluent-sqlite.git
Computed https://github.com/vapor/fluent-sqlite.git at 3.0.0 (0.96s)
Fetching https://github.com/vapor/sqlite.git
[1/2197] Fetching sqlite
Fetched https://github.com/vapor/sqlite.git (0.65s)
Computing version for https://github.com/vapor/sqlite.git
Computed https://github.com/vapor/sqlite.git at 3.3.0 (0.84s)
Fetching https://github.com/vapor/database-kit.git
Fetching https://github.com/vapor/sql.git
[1/1181] Fetching database-kit
[1182/7539] Fetching database-kit, sql
Fetched https://github.com/vapor/database-kit.git (0.99s)
Fetched https://github.com/vapor/sql.git (0.99s)
Computing version for https://github.com/vapor/database-kit.git
Computed https://github.com/vapor/database-kit.git at 1.3.3 (1.18s)
Computing version for https://github.com/vapor/sql.git
Computed https://github.com/vapor/sql.git at 2.3.2 (0.18s)
Computing version for https://github.com/vapor/vapor.git
Computed https://github.com/vapor/vapor.git at 3.3.3 (0.18s)
Fetching https://github.com/vapor/console.git
Fetching https://github.com/vapor/routing.git
Fetching https://github.com/vapor/validation.git
Fetching https://github.com/vapor/websocket.git
Fetching https://github.com/vapor/multipart.git
Fetching https://github.com/vapor/url-encoded-form.git
[1/6843] Fetching console
[5202/7224] Fetching console, url-encoded-form
[6050/9894] Fetching console, url-encoded-form, websocket
[6955/31450] Fetching console, url-encoded-form, websocket, routing
[7815/32029] Fetching console, url-encoded-form, websocket, routing, validation
Fetched https://github.com/vapor/url-encoded-form.git (0.43s)
[9557/31648] Fetching console, websocket, routing, validation
[12034/37926] Fetching console, websocket, routing, validation, multipart
Fetched https://github.com/vapor/validation.git (0.45s)
[14300/37347] Fetching console, websocket, routing, multipart
Fetched https://github.com/vapor/console.git (0.73s)
Fetched https://github.com/vapor/routing.git (0.73s)
[4366/8948] Fetching websocket, multipart
Fetched https://github.com/vapor/websocket.git (1.05s)
Fetched https://github.com/vapor/multipart.git (1.06s)
Computing version for https://github.com/vapor/http.git
Computed https://github.com/vapor/http.git at 3.4.0 (1.26s)
Fetching https://github.com/apple/swift-nio.git
Fetching https://github.com/apple/swift-nio-ssl.git
[1/16065] Fetching swift-nio-ssl
[16066/102138] Fetching swift-nio-ssl, swift-nio
Fetched https://github.com/apple/swift-nio-ssl.git (1.04s)
[25822/86073] Fetching swift-nio
Fetched https://github.com/apple/swift-nio.git (2.91s)
Computing version for https://github.com/vapor/validation.git
Computed https://github.com/vapor/validation.git at 2.1.1 (3.10s)
Computing version for https://github.com/apple/swift-nio.git
Computed https://github.com/apple/swift-nio.git at 1.14.4 (0.20s)
Fetching https://github.com/apple/swift-nio-zlib-support.git
[1/15] Fetching swift-nio-zlib-support
Fetched https://github.com/apple/swift-nio-zlib-support.git (0.40s)
Computing version for https://github.com/apple/swift-nio-zlib-support.git
Computed https://github.com/apple/swift-nio-zlib-support.git at 1.0.0 (0.57s)
Computing version for https://github.com/vapor/routing.git
Computed https://github.com/vapor/routing.git at 3.1.0 (0.18s)
Computing version for https://github.com/vapor/websocket.git
Computed https://github.com/vapor/websocket.git at 1.1.2 (0.18s)
Computing version for https://github.com/apple/swift-nio-ssl.git
Computed https://github.com/apple/swift-nio-ssl.git at 1.4.0 (0.18s)
Fetching https://github.com/apple/swift-nio-ssl-support.git
[1/16] Fetching swift-nio-ssl-support
Fetched https://github.com/apple/swift-nio-ssl-support.git (0.43s)
Computing version for https://github.com/apple/swift-nio-ssl-support.git
Computed https://github.com/apple/swift-nio-ssl-support.git at 1.0.0 (0.61s)
Computing version for https://github.com/vapor/crypto.git
Computed https://github.com/vapor/crypto.git at 3.4.1 (0.18s)
Computing version for https://github.com/vapor/template-kit.git
Computed https://github.com/vapor/template-kit.git at 1.5.0 (0.17s)
Computing version for https://github.com/vapor/console.git
Computed https://github.com/vapor/console.git at 3.1.1 (0.17s)
Computing version for https://github.com/vapor/fluent.git
Computed https://github.com/vapor/fluent.git at 3.2.1 (0.17s)
Computing version for https://github.com/vapor/redis.git
Computed https://github.com/vapor/redis.git at 3.4.0 (0.17s)
Computing version for https://github.com/vapor/url-encoded-form.git
Computed https://github.com/vapor/url-encoded-form.git at 1.1.0 (0.18s)
Computing version for https://github.com/vapor/multipart.git
Computed https://github.com/vapor/multipart.git at 3.1.3 (0.17s)
Computing version for https://github.com/vapor/core.git
Computed https://github.com/vapor/core.git at 3.10.1 (0.18s)
Creating working copy for https://github.com/vapor/jwt.git
Working copy of https://github.com/vapor/jwt.git resolved at 3.1.2
Creating working copy for https://github.com/vapor/service.git
Working copy of https://github.com/vapor/service.git resolved at 1.0.2
Creating working copy for https://github.com/vapor/vapor.git
Working copy of https://github.com/vapor/vapor.git resolved at 3.3.3
Creating working copy for https://github.com/vapor/fluent.git
Working copy of https://github.com/vapor/fluent.git resolved at 3.2.1
Creating working copy for https://github.com/vapor/sqlite.git
Working copy of https://github.com/vapor/sqlite.git resolved at 3.3.0
Creating working copy for https://github.com/nodes-vapor/sugar.git
Working copy of https://github.com/nodes-vapor/sugar.git resolved at 4.0.0
Creating working copy for https://github.com/vapor/validation.git
Working copy of https://github.com/vapor/validation.git resolved at 2.1.1
Creating working copy for https://github.com/vapor/leaf.git
Working copy of https://github.com/vapor/leaf.git resolved at 3.0.2
Creating working copy for https://github.com/vapor/database-kit.git
Working copy of https://github.com/vapor/database-kit.git resolved at 1.3.3
Creating working copy for https://github.com/vapor/crypto.git
Working copy of https://github.com/vapor/crypto.git resolved at 3.4.1
Creating working copy for https://github.com/apple/swift-nio-zlib-support.git
Working copy of https://github.com/apple/swift-nio-zlib-support.git resolved at 1.0.0
Creating working copy for https://github.com/vapor/multipart.git
Working copy of https://github.com/vapor/multipart.git resolved at 3.1.3
Creating working copy for https://github.com/vapor/core.git
Working copy of https://github.com/vapor/core.git resolved at 3.10.1
Creating working copy for https://github.com/vapor/fluent-sqlite.git
Working copy of https://github.com/vapor/fluent-sqlite.git resolved at 3.0.0
Creating working copy for https://github.com/vapor/template-kit.git
Working copy of https://github.com/vapor/template-kit.git resolved at 1.5.0
Creating working copy for https://github.com/vapor/auth.git
Working copy of https://github.com/vapor/auth.git resolved at 2.0.4
Creating working copy for https://github.com/apple/swift-nio-ssl.git
Working copy of https://github.com/apple/swift-nio-ssl.git resolved at 1.4.0
Creating working copy for https://github.com/vapor/redis.git
Working copy of https://github.com/vapor/redis.git resolved at 3.4.0
Creating working copy for https://github.com/vapor/routing.git
Working copy of https://github.com/vapor/routing.git resolved at 3.1.0
Creating working copy for https://github.com/apple/swift-nio-ssl-support.git
Working copy of https://github.com/apple/swift-nio-ssl-support.git resolved at 1.0.0
Creating working copy for https://github.com/vapor/url-encoded-form.git
Working copy of https://github.com/vapor/url-encoded-form.git resolved at 1.1.0
Creating working copy for https://github.com/vapor/sql.git
Working copy of https://github.com/vapor/sql.git resolved at 2.3.2
Creating working copy for https://github.com/vapor/websocket.git
Working copy of https://github.com/vapor/websocket.git resolved at 1.1.2
Creating working copy for https://github.com/apple/swift-nio.git
Working copy of https://github.com/apple/swift-nio.git resolved at 1.14.4
Creating working copy for https://github.com/vapor/http.git
Working copy of https://github.com/vapor/http.git resolved at 3.4.0
Creating working copy for https://github.com/vapor/console.git
Working copy of https://github.com/vapor/console.git resolved at 3.1.1
warning: 'swift-nio-ssl-support': ignoring declared target(s) 'swift-nio-ssl-support' in the system package
warning: 'swift-nio-zlib-support': ignoring declared target(s) 'swift-nio-zlib-support' in the system package
warning: 'swift-nio-ssl-support': ignoring declared target(s) 'swift-nio-ssl-support' in the system package
warning: 'swift-nio-zlib-support': ignoring declared target(s) 'swift-nio-zlib-support' in the system package
warning: 'swift-nio-ssl-support': couldn't find pc file for openssl
Building for debugging...
[Computing dependencies]
[Constructing description]
[Pre-planning 1 / 1386]
[Planning 1106 / 1386]
[Planning deferred tasks]
[Starting]
[103 / 527] NIOOpenSSL
In file included from /host/spi-builder-workspace/.build/checkouts/swift-nio-ssl/Sources/CNIOOpenSSL/shims.c:16:
/host/spi-builder-workspace/.build/checkouts/swift-nio-ssl/Sources/CNIOOpenSSL/include/c_nio_openssl.h:17:10: fatal error: 'openssl/conf.h' file not found
   17 | #include <openssl/conf.h>
      |          ^~~~~~~~~~~~~~~~
1 error generated.
error: CompileC /host/spi-builder-workspace/.build/out/Intermediates.noindex/swift-nio-ssl.build/Debug-android-aarch64/CNIOOpenSSL-t.build/Objects-normal/aarch64/shims.o /host/spi-builder-workspace/.build/checkouts/swift-nio-ssl/Sources/CNIOOpenSSL/shims.c normal aarch64 c com.apple.compilers.llvm.clang.1_0.compiler failed with a nonzero exit code. Command line:     cd /host

    Using response file: /host/spi-builder-workspace/.build/out/Intermediates.noindex/swift-nio-ssl.build/Debug-android-aarch64/CNIOOpenSSL-t.build/Objects-normal/aarch64/9f65232cb83f8421e3a495a5062eba382369c975104ee97bafc405ab795bfc5e-common-args.resp

    /root/.local/share/swiftly/toolchains/6.4.x-snapshot-2026-09-04/usr/bin/clang -x c -target aarch64-unknown-linux-android28 -fmessage-length\=0 -fdiagnostics-show-note-include-stack -fmacro-backtrace-limit\=0 -fcolor-diagnostics -Wno-trigraphs -Wno-missing-field-initializers -Wno-missing-prototypes -Wno-return-type -Wno-missing-braces -Wparentheses -Wswitch -Wno-unused-function -Wno-unused-label -Wno-unused-parameter -Wno-unused-variable -Wunused-value -Wno-empty-body -Wno-uninitialized -Wno-unknown-pragmas -w -Wno-shadow -Wno-four-char-constants -Wno-conversion -Wno-constant-conversion -Wno-int-conversion -Wno-bool-conversion -Wno-enum-conversion -Wno-float-conversion -Wno-non-literal-null-conversion -Wno-objc-literal-conversion -Wno-shorten-64-to-32 -Wpointer-sign -Wno-newline-eof -Wno-implicit-fallthrough -fstrict-aliasing -Wdeprecated-declarations -Wno-sign-conversion -Wno-infinite-recursion -Wno-comma -Wno-block-capture-autoreleasing -Wno-strict-prototypes -Wno-semicolon-before-method-body --sysroot /android-ndk/android-ndk-r27d/toolchains/llvm/prebuilt/linux-x86_64/sysroot @/host/spi-builder-workspace/.build/out/Intermediates.noindex/swift-nio-ssl.build/Debug-android-aarch64/CNIOOpenSSL-t.build/Objects-normal/aarch64/9f65232cb83f8421e3a495a5062eba382369c975104ee97bafc405ab795bfc5e-common-args.resp -MMD -MT dependencies -MF /host/spi-builder-workspace/.build/out/Intermediates.noindex/swift-nio-ssl.build/Debug-android-aarch64/CNIOOpenSSL-t.build/Objects-normal/aarch64/shims.d --serialize-diagnostics /host/spi-builder-workspace/.build/out/Intermediates.noindex/swift-nio-ssl.build/Debug-android-aarch64/CNIOOpenSSL-t.build/Objects-normal/aarch64/shims.dia -c /host/spi-builder-workspace/.build/checkouts/swift-nio-ssl/Sources/CNIOOpenSSL/shims.c -o /host/spi-builder-workspace/.build/out/Intermediates.noindex/swift-nio-ssl.build/Debug-android-aarch64/CNIOOpenSSL-t.build/Objects-normal/aarch64/shims.o
In file included from /host/spi-builder-workspace/.build/checkouts/swift-nio-ssl/Sources/CNIOOpenSSL/helpers.c:14:
/host/spi-builder-workspace/.build/checkouts/swift-nio-ssl/Sources/CNIOOpenSSL/include/c_nio_openssl.h:17:10: fatal error: 'openssl/conf.h' file not found
   17 | #include <openssl/conf.h>
      |          ^~~~~~~~~~~~~~~~
1 error generated.
error: CompileC /host/spi-builder-workspace/.build/out/Intermediates.noindex/swift-nio-ssl.build/Debug-android-aarch64/CNIOOpenSSL-t.build/Objects-normal/aarch64/helpers.o /host/spi-builder-workspace/.build/checkouts/swift-nio-ssl/Sources/CNIOOpenSSL/helpers.c normal aarch64 c com.apple.compilers.llvm.clang.1_0.compiler failed with a nonzero exit code. Command line:     cd /host

    Using response file: /host/spi-builder-workspace/.build/out/Intermediates.noindex/swift-nio-ssl.build/Debug-android-aarch64/CNIOOpenSSL-t.build/Objects-normal/aarch64/9f65232cb83f8421e3a495a5062eba382369c975104ee97bafc405ab795bfc5e-common-args.resp

    /root/.local/share/swiftly/toolchains/6.4.x-snapshot-2026-09-04/usr/bin/clang -x c -target aarch64-unknown-linux-android28 -fmessage-length\=0 -fdiagnostics-show-note-include-stack -fmacro-backtrace-limit\=0 -fcolor-diagnostics -Wno-trigraphs -Wno-missing-field-initializers -Wno-missing-prototypes -Wno-return-type -Wno-missing-braces -Wparentheses -Wswitch -Wno-unused-function -Wno-unused-label -Wno-unused-parameter -Wno-unused-variable -Wunused-value -Wno-empty-body -Wno-uninitialized -Wno-unknown-pragmas -w -Wno-shadow -Wno-four-char-constants -Wno-conversion -Wno-constant-conversion -Wno-int-conversion -Wno-bool-conversion -Wno-enum-conversion -Wno-float-conversion -Wno-non-literal-null-conversion -Wno-objc-literal-conversion -Wno-shorten-64-to-32 -Wpointer-sign -Wno-newline-eof -Wno-implicit-fallthrough -fstrict-aliasing -Wdeprecated-declarations -Wno-sign-conversion -Wno-infinite-recursion -Wno-comma -Wno-block-capture-autoreleasing -Wno-strict-prototypes -Wno-semicolon-before-method-body --sysroot /android-ndk/android-ndk-r27d/toolchains/llvm/prebuilt/linux-x86_64/sysroot @/host/spi-builder-workspace/.build/out/Intermediates.noindex/swift-nio-ssl.build/Debug-android-aarch64/CNIOOpenSSL-t.build/Objects-normal/aarch64/9f65232cb83f8421e3a495a5062eba382369c975104ee97bafc405ab795bfc5e-common-args.resp -MMD -MT dependencies -MF /host/spi-builder-workspace/.build/out/Intermediates.noindex/swift-nio-ssl.build/Debug-android-aarch64/CNIOOpenSSL-t.build/Objects-normal/aarch64/helpers.d --serialize-diagnostics /host/spi-builder-workspace/.build/out/Intermediates.noindex/swift-nio-ssl.build/Debug-android-aarch64/CNIOOpenSSL-t.build/Objects-normal/aarch64/helpers.dia -c /host/spi-builder-workspace/.build/checkouts/swift-nio-ssl/Sources/CNIOOpenSSL/helpers.c -o /host/spi-builder-workspace/.build/out/Intermediates.noindex/swift-nio-ssl.build/Debug-android-aarch64/CNIOOpenSSL-t.build/Objects-normal/aarch64/helpers.o
error: Build failed
BUILD FAILURE 6.4 android