The Swift Package Index logo.Swift Package Index

Build Information

Failed to build SmartImages, reference main (8397a3), with Swift 6.4 for Android on 28 Sep 2026 02:31:26 UTC.

Build Command

bash -c docker run --pull=always --rm -v "checkouts-54344843-0":/host -w "$PWD" -e JAVA_HOME="/root/.sdkman/candidates/java/current" -e SPI_BUILD="1" -e SPI_PROCESSING="1" registry.gitlab.com/saguaro1/spi-images:android-6.4-latest swift build --swift-sdk aarch64-unknown-linux-android28 2>&1

Build Log

========================================
RunAll
========================================
Builder version: 5.1.0
Interrupt handler set up.
========================================
Checkout
========================================
Clone URL: https://github.com/NikSativa/SmartImages.git
Reference: main
Initialized empty Git repository in /host/spi-builder-workspace/.git/
hint: Using 'master' as the name for the initial branch. This default branch name
hint: is subject to change. To configure the initial branch name to use in all
hint: of your new repositories, which will suppress this warning, call:
hint:
hint: 	git config --global init.defaultBranch <name>
hint:
hint: Names commonly chosen instead of 'master' are 'main', 'trunk' and
hint: 'development'. The just-created branch can be renamed via this command:
hint:
hint: 	git branch -m <name>
From https://github.com/NikSativa/SmartImages
 * branch            main       -> FETCH_HEAD
 * [new branch]      main       -> origin/main
HEAD is now at 8397a3d Bump SpryKit to 3.2.4
Cloned https://github.com/NikSativa/SmartImages.git
Revision (git rev-parse @):
8397a3dcb1f7e4874dcd578c0f65622c63a7d712
SPI manifest file found: $PWD/.spi.yml
SUCCESS checkout https://github.com/NikSativa/SmartImages.git at main
========================================
Build
========================================
Selected platform:         android
Swift version:             6.4
Building package at path:  $PWD
https://github.com/NikSativa/SmartImages.git
Running build ...
bash -c docker run --pull=always --rm -v "checkouts-54344843-0":/host -w "$PWD" -e JAVA_HOME="/root/.sdkman/candidates/java/current" -e SPI_BUILD="1" -e SPI_PROCESSING="1" registry.gitlab.com/saguaro1/spi-images:android-6.4-latest swift build --swift-sdk aarch64-unknown-linux-android28 2>&1
android-6.4-latest: Pulling from saguaro1/spi-images
Digest: sha256:abadcff584c273feba50641b454858d377ba30b35ea7287a94f45ebd8afd0ea0
Status: Image is up to date for registry.gitlab.com/saguaro1/spi-images:android-6.4-latest
Fetching https://github.com/NikSativa/Threading.git
Fetching https://github.com/NikSativa/SpryKit.git
[1/543] Fetching threading
[544/1875] Fetching threading, sprykit
Fetched https://github.com/NikSativa/Threading.git (0.53s)
Fetched https://github.com/NikSativa/SpryKit.git (0.53s)
Computing version for https://github.com/NikSativa/SpryKit.git
Computed https://github.com/NikSativa/SpryKit.git at 3.2.4 (0.72s)
Fetching https://github.com/swiftlang/swift-syntax.git
Fetching https://github.com/mattgallagher/CwlPreconditionTesting.git
[1/1257] Fetching cwlpreconditiontesting
Fetched https://github.com/mattgallagher/CwlPreconditionTesting.git (0.89s)
[1/80069] Fetching swift-syntax
Fetched https://github.com/swiftlang/swift-syntax.git (4.33s)
Computing version for https://github.com/NikSativa/Threading.git
Computed https://github.com/NikSativa/Threading.git at 2.3.4 (4.54s)
Computing version for https://github.com/swiftlang/swift-syntax.git
Computed https://github.com/swiftlang/swift-syntax.git at 600.0.1 (1.17s)
Computing version for https://github.com/mattgallagher/CwlPreconditionTesting.git
Computed https://github.com/mattgallagher/CwlPreconditionTesting.git at 2.2.2 (0.19s)
Fetching https://github.com/mattgallagher/CwlCatchException.git
[1/460] Fetching cwlcatchexception
Fetched https://github.com/mattgallagher/CwlCatchException.git (0.54s)
Computing version for https://github.com/mattgallagher/CwlCatchException.git
Computed https://github.com/mattgallagher/CwlCatchException.git at 2.2.1 (0.73s)
Creating working copy for https://github.com/NikSativa/SpryKit.git
Working copy of https://github.com/NikSativa/SpryKit.git resolved at 3.2.4
Creating working copy for https://github.com/NikSativa/Threading.git
Working copy of https://github.com/NikSativa/Threading.git resolved at 2.3.4
Creating working copy for https://github.com/mattgallagher/CwlPreconditionTesting.git
Working copy of https://github.com/mattgallagher/CwlPreconditionTesting.git resolved at 2.2.2
Creating working copy for https://github.com/swiftlang/swift-syntax.git
Working copy of https://github.com/swiftlang/swift-syntax.git resolved at 600.0.1
Creating working copy for https://github.com/mattgallagher/CwlCatchException.git
Working copy of https://github.com/mattgallagher/CwlCatchException.git resolved at 2.2.1
Building for debugging...
[Computing dependencies]
[Pre-planning 1 / 299]
[Planning deferred tasks]
[56 / 88]
[66 / 97] Threading
[75 / 107] SmartImages
error: SwiftCompile normal aarch64 /host/spi-builder-workspace/Source/ImageNetworkProvider.swift failed with a nonzero exit code. Command line:     cd /host
    builtin-SwiftPerFileCompile ImageNetworkProvider.swift
error: SwiftCompile normal aarch64 /host/spi-builder-workspace/Source/ImageNetworkTask.swift failed with a nonzero exit code. Command line:     cd /host
    builtin-SwiftPerFileCompile ImageNetworkTask.swift
/host/spi-builder-workspace/Source/CrossPlatform.swift:32:8: error: unsupported os
 30 |
 31 | #else
 32 | #error("unsupported os")
    |        `- error: unsupported os
 33 | #endif
 34 |
/host/spi-builder-workspace/Source/CrossPlatform.swift:121:12: error: unsupported os
119 |     }
120 |     #else
121 |     #error("unsupported os")
    |            `- error: unsupported os
122 |     #endif
123 | }
/host/spi-builder-workspace/Source/ImageFetcher.swift:1:8: error: no such module 'Combine'
  1 | import Combine
    |        `- error: no such module 'Combine'
  2 | import Foundation
  3 | import Threading
Failed frontend command:
/root/.local/share/swiftly/toolchains/6.4.x-snapshot-2026-09-04/usr/bin/swift-frontend -frontend -c /host/spi-builder-workspace/.build/out/Intermediates.noindex/SmartImages.build/Debug-android-aarch64/SmartImages-t.build/DerivedSources/resource_bundle_accessor.swift /host/spi-builder-workspace/Source/CrossPlatform.swift /host/spi-builder-workspace/Source/Deprecated.swift /host/spi-builder-workspace/Source/FetchPriority.swift /host/spi-builder-workspace/Source/ImageCache.swift /host/spi-builder-workspace/Source/ImageCacheConfiguration.swift /host/spi-builder-workspace/Source/ImageDecoding.swift /host/spi-builder-workspace/Source/ImageDecodingProcessor.swift /host/spi-builder-workspace/Source/ImageDownloadQueue.swift /host/spi-builder-workspace/Source/ImageFetcher.swift /host/spi-builder-workspace/Source/ImageFetching.swift -primary-file /host/spi-builder-workspace/Source/ImageNetworkProvider.swift -primary-file /host/spi-builder-workspace/Source/ImageNetworkTask.swift /host/spi-builder-workspace/Source/ImageProcessor.swift /host/spi-builder-workspace/Source/ImageProcessors.swift /host/spi-builder-workspace/Source/ImageRequest.swift /host/spi-builder-workspace/Source/PreviewImageFetcher.swift -emit-dependencies-path /host/spi-builder-workspace/.build/out/Intermediates.noindex/SmartImages.build/Debug-android-aarch64/SmartImages-t.build/Objects-normal/aarch64/ImageNetworkProvider.d -emit-const-values-path /host/spi-builder-workspace/.build/out/Intermediates.noindex/SmartImages.build/Debug-android-aarch64/SmartImages-t.build/Objects-normal/aarch64/ImageNetworkProvider.swiftconstvalues -emit-reference-dependencies-path /host/spi-builder-workspace/.build/out/Intermediates.noindex/SmartImages.build/Debug-android-aarch64/SmartImages-t.build/Objects-normal/aarch64/ImageNetworkProvider.swiftdeps -serialize-diagnostics-path /host/spi-builder-workspace/.build/out/Intermediates.noindex/SmartImages.build/Debug-android-aarch64/SmartImages-t.build/Objects-normal/aarch64/ImageNetworkProvider.dia -emit-dependencies-path /host/spi-builder-workspace/.build/out/Intermediates.noindex/SmartImages.build/Debug-android-aarch64/SmartImages-t.build/Objects-normal/aarch64/ImageNetworkTask.d -emit-const-values-path /host/spi-builder-workspace/.build/out/Intermediates.noindex/SmartImages.build/Debug-android-aarch64/SmartImages-t.build/Objects-normal/aarch64/ImageNetworkTask.swiftconstvalues -emit-reference-dependencies-path /host/spi-builder-workspace/.build/out/Intermediates.noindex/SmartImages.build/Debug-android-aarch64/SmartImages-t.build/Objects-normal/aarch64/ImageNetworkTask.swiftdeps -serialize-diagnostics-path /host/spi-builder-workspace/.build/out/Intermediates.noindex/SmartImages.build/Debug-android-aarch64/SmartImages-t.build/Objects-normal/aarch64/ImageNetworkTask.dia -target aarch64-unknown-linux-android28 -Xllvm -aarch64-use-tbi -disable-objc-interop -sdk /android-ndk/android-ndk-r27d/toolchains/llvm/prebuilt/linux-x86_64/sysroot -sysroot /android-ndk/android-ndk-r27d/toolchains/llvm/prebuilt/linux-x86_64/sysroot -I /host/spi-builder-workspace/.build/out/Products/Debug-android-aarch64 -module-cache-path /host/spi-builder-workspace/.build/out/ModuleCache.noindex -color-diagnostics -Xcc -fcolor-diagnostics -enable-testing -g -debug-info-format\=dwarf -dwarf-version\=4 -swift-version 6 -Onone -D SWIFT_PACKAGE -D DEBUG -D SWIFT_MODULE_RESOURCE_BUNDLE_AVAILABLE -D Xcode -serialize-debugging-options -enable-experimental-feature DebugDescriptionMacro -empty-abi-descriptor -external-plugin-path /root/.local/share/swiftly/toolchains/6.4.x-snapshot-2026-09-04/usr/lib/swift/host/plugins/testing\#/root/.local/share/swiftly/toolchains/6.4.x-snapshot-2026-09-04/usr/bin/swift-plugin-server -validate-clang-modules-once -clang-build-session-file /host/spi-builder-workspace/.build/out/ModuleCache.noindex/Session.modulevalidation -Xcc -working-directory -Xcc /host -resource-dir /root/.swiftpm/swift-sdks/swift-6.4.x-DEVELOPMENT-SNAPSHOT-2026-09-04-a_android.artifactbundle/swift-android/swift-resources/usr/lib/swift-aarch64 -enable-anonymous-context-mangled-names -file-compilation-dir /host -Xcc -resource-dir -Xcc /android-ndk/android-ndk-r27d/toolchains/llvm/prebuilt/linux-x86_64/lib/clang/18 -Xcc -fno-omit-frame-pointer -Xcc -D_LIBCPP_HARDENING_MODE\=_LIBCPP_HARDENING_MODE_DEBUG -Xcc -fmodules-prune-interval\=86400 -Xcc -fmodules-prune-after\=345600 -Xcc -I/host/spi-builder-workspace/.build/out/Products/Debug-android-aarch64/include -Xcc -I/host/spi-builder-workspace/.build/out/Intermediates.noindex/SmartImages.build/Debug-android-aarch64/SmartImages-t.build/DerivedSources-normal/aarch64 -Xcc -I/host/spi-builder-workspace/.build/out/Intermediates.noindex/SmartImages.build/Debug-android-aarch64/SmartImages-t.build/DerivedSources/aarch64 -Xcc -I/host/spi-builder-workspace/.build/out/Intermediates.noindex/SmartImages.build/Debug-android-aarch64/SmartImages-t.build/DerivedSources -Xcc -DSWIFT_PACKAGE -Xcc -DDEBUG\=1 -no-auto-bridging-header-chaining -module-name SmartImages -package-name spi_builder_workspace -const-gather-protocols-file /host/spi-builder-workspace/.build/out/Intermediates.noindex/SmartImages.build/Debug-android-aarch64/SmartImages-t.build/Objects-normal/aarch64/SmartImages_const_extract_protocols.json -in-process-plugin-server-path /root/.local/share/swiftly/toolchains/6.4.x-snapshot-2026-09-04/usr/lib/swift/host/libSwiftInProcPluginServer.so -plugin-path /root/.local/share/swiftly/toolchains/6.4.x-snapshot-2026-09-04/usr/lib/swift/host/plugins -plugin-path /root/.local/share/swiftly/toolchains/6.4.x-snapshot-2026-09-04/usr/local/lib/swift/host/plugins -parse-as-library -o /host/spi-builder-workspace/.build/out/Intermediates.noindex/SmartImages.build/Debug-android-aarch64/SmartImages-t.build/Objects-normal/aarch64/ImageNetworkProvider.o -o /host/spi-builder-workspace/.build/out/Intermediates.noindex/SmartImages.build/Debug-android-aarch64/SmartImages-t.build/Objects-normal/aarch64/ImageNetworkTask.o -index-unit-output-path /SmartImages.build/Debug-android-aarch64/SmartImages-t.build/Objects-normal/aarch64/ImageNetworkProvider.o -index-unit-output-path /SmartImages.build/Debug-android-aarch64/SmartImages-t.build/Objects-normal/aarch64/ImageNetworkTask.o -index-store-path /host/spi-builder-workspace/.build/out -index-system-modules
[80 / 107] SmartImages
error: Build failed
BUILD FAILURE 6.4 android