The Swift Package Index logo.Swift Package Index

Build Information

Failed to build WatsonDeveloperCloud, reference v5.0.0 (8359f8), with Swift 6.4 for visionOS using Xcode 27.0 on 18 Sep 2026 05:58:09 UTC.

Build Command

env DEVELOPER_DIR=/Applications/Xcode-27.0.0-Release.Candidate.app xcrun xcodebuild -IDEClonedSourcePackagesDirPathOverride=$PWD/.dependencies -skipMacroValidation -skipPackagePluginValidation -derivedDataPath $PWD/.derivedData build -scheme WatsonDeveloperCloud-Package -destination generic/platform=xrOS

Build Log

Copy /Users/admin/builder/spi-builder-workspace/.derivedData/Build/Products/Debug-xros/DiscoveryV1.swiftmodule/arm64-apple-xros.abi.json /Users/admin/builder/spi-builder-workspace/.derivedData/Build/Intermediates.noindex/WatsonDeveloperCloud.build/Debug-xros/DiscoveryV1-t.build/Objects-normal/arm64/DiscoveryV1.abi.json (in target 'DiscoveryV1' from project 'WatsonDeveloperCloud')
    cd /Users/admin/builder/spi-builder-workspace
    builtin-copy -exclude .DS_Store -exclude CVS -exclude .svn -exclude .git -exclude .hg -resolve-src-symlinks -rename /Users/admin/builder/spi-builder-workspace/.derivedData/Build/Intermediates.noindex/WatsonDeveloperCloud.build/Debug-xros/DiscoveryV1-t.build/Objects-normal/arm64/DiscoveryV1.abi.json /Users/admin/builder/spi-builder-workspace/.derivedData/Build/Products/Debug-xros/DiscoveryV1.swiftmodule/arm64-apple-xros.abi.json
SwiftDriverJobDiscovery normal arm64 Compiling QueryHistogramAggregation.swift, QueryHistogramAggregationResult.swift, QueryNestedAggregation.swift, QueryNoticesResponse.swift, QueryNoticesResult.swift, QueryPassages.swift, QueryResponse.swift, QueryResult.swift, QueryResultMetadata.swift, QueryTermAggregation.swift, QueryTermAggregationResult.swift (in target 'DiscoveryV1' from project 'WatsonDeveloperCloud')
Copy /Users/admin/builder/spi-builder-workspace/.derivedData/Build/Products/Debug-xros/DiscoveryV1.swiftmodule/Project/arm64-apple-xros.swiftsourceinfo /Users/admin/builder/spi-builder-workspace/.derivedData/Build/Intermediates.noindex/WatsonDeveloperCloud.build/Debug-xros/DiscoveryV1-t.build/Objects-normal/arm64/DiscoveryV1.swiftsourceinfo (in target 'DiscoveryV1' from project 'WatsonDeveloperCloud')
    cd /Users/admin/builder/spi-builder-workspace
    builtin-copy -exclude .DS_Store -exclude CVS -exclude .svn -exclude .git -exclude .hg -resolve-src-symlinks -rename /Users/admin/builder/spi-builder-workspace/.derivedData/Build/Intermediates.noindex/WatsonDeveloperCloud.build/Debug-xros/DiscoveryV1-t.build/Objects-normal/arm64/DiscoveryV1.swiftsourceinfo /Users/admin/builder/spi-builder-workspace/.derivedData/Build/Products/Debug-xros/DiscoveryV1.swiftmodule/Project/arm64-apple-xros.swiftsourceinfo
Copy /Users/admin/builder/spi-builder-workspace/.derivedData/Build/Products/Debug-xros/AssistantV1.swiftmodule/arm64-apple-xros.swiftmodule /Users/admin/builder/spi-builder-workspace/.derivedData/Build/Intermediates.noindex/WatsonDeveloperCloud.build/Debug-xros/AssistantV1-t.build/Objects-normal/arm64/AssistantV1.swiftmodule (in target 'AssistantV1' from project 'WatsonDeveloperCloud')
    cd /Users/admin/builder/spi-builder-workspace
    builtin-copy -exclude .DS_Store -exclude CVS -exclude .svn -exclude .git -exclude .hg -resolve-src-symlinks -rename /Users/admin/builder/spi-builder-workspace/.derivedData/Build/Intermediates.noindex/WatsonDeveloperCloud.build/Debug-xros/AssistantV1-t.build/Objects-normal/arm64/AssistantV1.swiftmodule /Users/admin/builder/spi-builder-workspace/.derivedData/Build/Products/Debug-xros/AssistantV1.swiftmodule/arm64-apple-xros.swiftmodule
Copy /Users/admin/builder/spi-builder-workspace/.derivedData/Build/Products/Debug-xros/AssistantV1.swiftmodule/arm64-apple-xros.swiftdoc /Users/admin/builder/spi-builder-workspace/.derivedData/Build/Intermediates.noindex/WatsonDeveloperCloud.build/Debug-xros/AssistantV1-t.build/Objects-normal/arm64/AssistantV1.swiftdoc (in target 'AssistantV1' from project 'WatsonDeveloperCloud')
    cd /Users/admin/builder/spi-builder-workspace
    builtin-copy -exclude .DS_Store -exclude CVS -exclude .svn -exclude .git -exclude .hg -resolve-src-symlinks -rename /Users/admin/builder/spi-builder-workspace/.derivedData/Build/Intermediates.noindex/WatsonDeveloperCloud.build/Debug-xros/AssistantV1-t.build/Objects-normal/arm64/AssistantV1.swiftdoc /Users/admin/builder/spi-builder-workspace/.derivedData/Build/Products/Debug-xros/AssistantV1.swiftmodule/arm64-apple-xros.swiftdoc
Copy /Users/admin/builder/spi-builder-workspace/.derivedData/Build/Products/Debug-xros/AssistantV1.swiftmodule/arm64-apple-xros.abi.json /Users/admin/builder/spi-builder-workspace/.derivedData/Build/Intermediates.noindex/WatsonDeveloperCloud.build/Debug-xros/AssistantV1-t.build/Objects-normal/arm64/AssistantV1.abi.json (in target 'AssistantV1' from project 'WatsonDeveloperCloud')
    cd /Users/admin/builder/spi-builder-workspace
    builtin-copy -exclude .DS_Store -exclude CVS -exclude .svn -exclude .git -exclude .hg -resolve-src-symlinks -rename /Users/admin/builder/spi-builder-workspace/.derivedData/Build/Intermediates.noindex/WatsonDeveloperCloud.build/Debug-xros/AssistantV1-t.build/Objects-normal/arm64/AssistantV1.abi.json /Users/admin/builder/spi-builder-workspace/.derivedData/Build/Products/Debug-xros/AssistantV1.swiftmodule/arm64-apple-xros.abi.json
Copy /Users/admin/builder/spi-builder-workspace/.derivedData/Build/Products/Debug-xros/AssistantV1.swiftmodule/Project/arm64-apple-xros.swiftsourceinfo /Users/admin/builder/spi-builder-workspace/.derivedData/Build/Intermediates.noindex/WatsonDeveloperCloud.build/Debug-xros/AssistantV1-t.build/Objects-normal/arm64/AssistantV1.swiftsourceinfo (in target 'AssistantV1' from project 'WatsonDeveloperCloud')
    cd /Users/admin/builder/spi-builder-workspace
    builtin-copy -exclude .DS_Store -exclude CVS -exclude .svn -exclude .git -exclude .hg -resolve-src-symlinks -rename /Users/admin/builder/spi-builder-workspace/.derivedData/Build/Intermediates.noindex/WatsonDeveloperCloud.build/Debug-xros/AssistantV1-t.build/Objects-normal/arm64/AssistantV1.swiftsourceinfo /Users/admin/builder/spi-builder-workspace/.derivedData/Build/Products/Debug-xros/AssistantV1.swiftmodule/Project/arm64-apple-xros.swiftsourceinfo
SwiftCompile normal arm64 Compiling\ SpeakerPrompt.swift,\ Speakers.swift /Users/admin/builder/spi-builder-workspace/Sources/TextToSpeechV1/Models/SpeakerPrompt.swift /Users/admin/builder/spi-builder-workspace/Sources/TextToSpeechV1/Models/Speakers.swift (in target 'TextToSpeechV1' from project 'WatsonDeveloperCloud')
SwiftCompile normal arm64 /Users/admin/builder/spi-builder-workspace/Sources/TextToSpeechV1/Models/SpeakerPrompt.swift (in target 'TextToSpeechV1' from project 'WatsonDeveloperCloud')
    cd /Users/admin/builder/spi-builder-workspace/.swiftpm/xcode
    builtin-SwiftPerFileCompile SpeakerPrompt.swift
SwiftCompile normal arm64 /Users/admin/builder/spi-builder-workspace/Sources/TextToSpeechV1/Models/Speakers.swift (in target 'TextToSpeechV1' from project 'WatsonDeveloperCloud')
    cd /Users/admin/builder/spi-builder-workspace/.swiftpm/xcode
    builtin-SwiftPerFileCompile Speakers.swift
SwiftEmitModule normal arm64 Emitting\ module\ for\ Starscream (in target 'Starscream' from project 'Starscream')
SwiftCompile normal arm64 (in target 'Starscream' from project 'Starscream')
    cd /Users/admin/builder/spi-builder-workspace/.swiftpm/xcode

SwiftCompile normal arm64 Compiling\ Prompt.swift,\ PromptMetadata.swift,\ Prompts.swift /Users/admin/builder/spi-builder-workspace/Sources/TextToSpeechV1/Models/Prompt.swift /Users/admin/builder/spi-builder-workspace/Sources/TextToSpeechV1/Models/PromptMetadata.swift /Users/admin/builder/spi-builder-workspace/Sources/TextToSpeechV1/Models/Prompts.swift (in target 'TextToSpeechV1' from project 'WatsonDeveloperCloud')
SwiftCompile normal arm64 /Users/admin/builder/spi-builder-workspace/Sources/TextToSpeechV1/Models/Prompt.swift (in target 'TextToSpeechV1' from project 'WatsonDeveloperCloud')
    cd /Users/admin/builder/spi-builder-workspace/.swiftpm/xcode
    builtin-SwiftPerFileCompile Prompt.swift
SwiftCompile normal arm64 /Users/admin/builder/spi-builder-workspace/Sources/TextToSpeechV1/Models/PromptMetadata.swift (in target 'TextToSpeechV1' from project 'WatsonDeveloperCloud')
    cd /Users/admin/builder/spi-builder-workspace/.swiftpm/xcode
    builtin-SwiftPerFileCompile PromptMetadata.swift
SwiftCompile normal arm64 /Users/admin/builder/spi-builder-workspace/Sources/TextToSpeechV1/Models/Prompts.swift (in target 'TextToSpeechV1' from project 'WatsonDeveloperCloud')
    cd /Users/admin/builder/spi-builder-workspace/.swiftpm/xcode
    builtin-SwiftPerFileCompile Prompts.swift
SwiftCompile normal arm64 Compiling\ Voice.swift,\ Voices.swift /Users/admin/builder/spi-builder-workspace/Sources/TextToSpeechV1/Models/Voice.swift /Users/admin/builder/spi-builder-workspace/Sources/TextToSpeechV1/Models/Voices.swift (in target 'TextToSpeechV1' from project 'WatsonDeveloperCloud')
SwiftCompile normal arm64 /Users/admin/builder/spi-builder-workspace/Sources/TextToSpeechV1/Models/Voice.swift (in target 'TextToSpeechV1' from project 'WatsonDeveloperCloud')
    cd /Users/admin/builder/spi-builder-workspace/.swiftpm/xcode
    builtin-SwiftPerFileCompile Voice.swift
SwiftCompile normal arm64 /Users/admin/builder/spi-builder-workspace/Sources/TextToSpeechV1/Models/Voices.swift (in target 'TextToSpeechV1' from project 'WatsonDeveloperCloud')
    cd /Users/admin/builder/spi-builder-workspace/.swiftpm/xcode
    builtin-SwiftPerFileCompile Voices.swift
SwiftDriverJobDiscovery normal arm64 Emitting module for LanguageTranslatorV3 (in target 'LanguageTranslatorV3' from project 'WatsonDeveloperCloud')
SwiftDriver\ Compilation\ Requirements LanguageTranslatorV3 normal arm64 com.apple.xcode.tools.swift.compiler (in target 'LanguageTranslatorV3' from project 'WatsonDeveloperCloud')
    cd /Users/admin/builder/spi-builder-workspace/.swiftpm/xcode
    builtin-Swift-Compilation-Requirements -- /Applications/Xcode-27.0.0-Release.Candidate.app/Contents/Developer/Toolchains/XcodeDefault.xctoolchain/usr/bin/swiftc -parse-as-library -module-name LanguageTranslatorV3 -Onone @/Users/admin/builder/spi-builder-workspace/.derivedData/Build/Intermediates.noindex/WatsonDeveloperCloud.build/Debug-xros/LanguageTranslatorV3-t.build/Objects-normal/arm64/LanguageTranslatorV3.SwiftFileList -DSWIFT_PACKAGE -DDEBUG -DSWIFT_MODULE_RESOURCE_BUNDLE_UNAVAILABLE -DXcode -plugin-path /Applications/Xcode-27.0.0-Release.Candidate.app/Contents/Developer/Toolchains/XcodeDefault.xctoolchain/usr/lib/swift/host/plugins/testing -enable-experimental-feature DebugDescriptionMacro -sdk /Applications/Xcode-27.0.0-Release.Candidate.app/Contents/Developer/Platforms/XROS.platform/Developer/SDKs/XROS27.0.sdk -target arm64-apple-xros1.0 -g -module-cache-path /Users/admin/builder/spi-builder-workspace/.derivedData/ModuleCache.noindex -Xfrontend -serialize-debugging-options -profile-coverage-mapping -profile-generate -enable-testing -index-store-path /Users/admin/builder/spi-builder-workspace/.derivedData/Index.noindex/DataStore -Xcc -D_LIBCPP_HARDENING_MODE\=_LIBCPP_HARDENING_MODE_DEBUG -swift-version 5 -I /Users/admin/builder/spi-builder-workspace/.derivedData/Build/Products/Debug-xros -Isystem /Applications/Xcode-27.0.0-Release.Candidate.app/Contents/Developer/Platforms/XROS.platform/Developer/usr/lib -F /Users/admin/builder/spi-builder-workspace/.derivedData/Build/Products/Debug-xros/PackageFrameworks -F /Users/admin/builder/spi-builder-workspace/.derivedData/Build/Products/Debug-xros -F /Applications/Xcode-27.0.0-Release.Candidate.app/Contents/Developer/Platforms/XROS.platform/Developer/Library/Frameworks -F /Applications/Xcode-27.0.0-Release.Candidate.app/Contents/Developer/Platforms/XROS.platform/Developer/SDKs/XROS27.0.sdk/Developer/Library/Frameworks -c -j10 -enable-batch-mode -incremental -Xcc -ivfsstatcache -Xcc /Users/admin/builder/spi-builder-workspace/.derivedData/SDKStatCaches.noindex/xros27.0-24M361-e829b21a6f8c9b70876ba0858053c044735bd543db762f57723cac368afd1ce4.sdkstatcache -output-file-map /Users/admin/builder/spi-builder-workspace/.derivedData/Build/Intermediates.noindex/WatsonDeveloperCloud.build/Debug-xros/LanguageTranslatorV3-t.build/Objects-normal/arm64/LanguageTranslatorV3-OutputFileMap.json -save-temps -no-color-diagnostics -explicit-module-build -module-cache-path /Users/admin/builder/spi-builder-workspace/.derivedData/Build/Intermediates.noindex/SwiftExplicitPrecompiledModules -clang-scanner-module-cache-path /Users/admin/builder/spi-builder-workspace/.derivedData/ModuleCache.noindex -sdk-module-cache-path /Users/admin/builder/spi-builder-workspace/.derivedData/SDKExplicitPrecompiledModules -emit-dependencies -emit-module -emit-module-path /Users/admin/builder/spi-builder-workspace/.derivedData/Build/Intermediates.noindex/WatsonDeveloperCloud.build/Debug-xros/LanguageTranslatorV3-t.build/Objects-normal/arm64/LanguageTranslatorV3.swiftmodule -serialize-diagnostics -dependency-scan-serialize-diagnostics-path /Users/admin/builder/spi-builder-workspace/.derivedData/Build/Intermediates.noindex/WatsonDeveloperCloud.build/Debug-xros/LanguageTranslatorV3-t.build/Objects-normal/arm64/LanguageTranslatorV3-dependency-scan.dia -validate-clang-modules-once -clang-build-session-file /Users/admin/builder/spi-builder-workspace/.derivedData/ModuleCache.noindex/Session.modulevalidation -Xcc -fmodules-prune-interval\=86400 -Xcc -fmodules-prune-after\=345600 -emit-const-values -const-gather-protocols-list /Users/admin/builder/spi-builder-workspace/.derivedData/Build/Intermediates.noindex/WatsonDeveloperCloud.build/Debug-xros/LanguageTranslatorV3-t.build/Objects-normal/arm64/LanguageTranslatorV3_const_extract_protocols.json -Xcc -I/Users/admin/builder/spi-builder-workspace/.derivedData/Build/Products/Debug-xros/include -Xcc -I/Users/admin/builder/spi-builder-workspace/.derivedData/Build/Intermediates.noindex/WatsonDeveloperCloud.build/Debug-xros/LanguageTranslatorV3-t.build/DerivedSources-normal/arm64 -Xcc -I/Users/admin/builder/spi-builder-workspace/.derivedData/Build/Intermediates.noindex/WatsonDeveloperCloud.build/Debug-xros/LanguageTranslatorV3-t.build/DerivedSources/arm64 -Xcc -I/Users/admin/builder/spi-builder-workspace/.derivedData/Build/Intermediates.noindex/WatsonDeveloperCloud.build/Debug-xros/LanguageTranslatorV3-t.build/DerivedSources -Xcc -DSWIFT_PACKAGE -Xcc -DDEBUG\=1 -emit-objc-header -emit-objc-header-path /Users/admin/builder/spi-builder-workspace/.derivedData/Build/Intermediates.noindex/WatsonDeveloperCloud.build/Debug-xros/LanguageTranslatorV3-t.build/Objects-normal/arm64/LanguageTranslatorV3-Swift.h -working-directory /Users/admin/builder/spi-builder-workspace/.swiftpm/xcode -experimental-emit-module-separately -disable-cmo
SwiftDriverJobDiscovery normal arm64 Compiling SpeakerCustomModels.swift, SpeakerModel.swift (in target 'TextToSpeechV1' from project 'WatsonDeveloperCloud')
SwiftCompile normal arm64 Compiling\ Word.swift,\ Words.swift /Users/admin/builder/spi-builder-workspace/Sources/TextToSpeechV1/Models/Word.swift /Users/admin/builder/spi-builder-workspace/Sources/TextToSpeechV1/Models/Words.swift (in target 'TextToSpeechV1' from project 'WatsonDeveloperCloud')
SwiftCompile normal arm64 /Users/admin/builder/spi-builder-workspace/Sources/TextToSpeechV1/Models/Word.swift (in target 'TextToSpeechV1' from project 'WatsonDeveloperCloud')
    cd /Users/admin/builder/spi-builder-workspace/.swiftpm/xcode
    builtin-SwiftPerFileCompile Word.swift
SwiftCompile normal arm64 /Users/admin/builder/spi-builder-workspace/Sources/TextToSpeechV1/Models/Words.swift (in target 'TextToSpeechV1' from project 'WatsonDeveloperCloud')
    cd /Users/admin/builder/spi-builder-workspace/.swiftpm/xcode
    builtin-SwiftPerFileCompile Words.swift
SwiftMergeGeneratedHeaders /Users/admin/builder/spi-builder-workspace/.derivedData/Build/Intermediates.noindex/GeneratedModuleMaps-xros/LanguageTranslatorV3-Swift.h /Users/admin/builder/spi-builder-workspace/.derivedData/Build/Intermediates.noindex/WatsonDeveloperCloud.build/Debug-xros/LanguageTranslatorV3-t.build/Objects-normal/arm64/LanguageTranslatorV3-Swift.h (in target 'LanguageTranslatorV3' from project 'WatsonDeveloperCloud')
    cd /Users/admin/builder/spi-builder-workspace
    builtin-swiftHeaderTool -arch arm64 /Users/admin/builder/spi-builder-workspace/.derivedData/Build/Intermediates.noindex/WatsonDeveloperCloud.build/Debug-xros/LanguageTranslatorV3-t.build/Objects-normal/arm64/LanguageTranslatorV3-Swift.h -o /Users/admin/builder/spi-builder-workspace/.derivedData/Build/Intermediates.noindex/GeneratedModuleMaps-xros/LanguageTranslatorV3-Swift.h
SwiftDriverJobDiscovery normal arm64 Emitting module for TextToSpeechV1 (in target 'TextToSpeechV1' from project 'WatsonDeveloperCloud')
Copy /Users/admin/builder/spi-builder-workspace/.derivedData/Build/Products/Debug-xros/LanguageTranslatorV3.swiftmodule/arm64-apple-xros.swiftmodule /Users/admin/builder/spi-builder-workspace/.derivedData/Build/Intermediates.noindex/WatsonDeveloperCloud.build/Debug-xros/LanguageTranslatorV3-t.build/Objects-normal/arm64/LanguageTranslatorV3.swiftmodule (in target 'LanguageTranslatorV3' from project 'WatsonDeveloperCloud')
    cd /Users/admin/builder/spi-builder-workspace
    builtin-copy -exclude .DS_Store -exclude CVS -exclude .svn -exclude .git -exclude .hg -resolve-src-symlinks -rename /Users/admin/builder/spi-builder-workspace/.derivedData/Build/Intermediates.noindex/WatsonDeveloperCloud.build/Debug-xros/LanguageTranslatorV3-t.build/Objects-normal/arm64/LanguageTranslatorV3.swiftmodule /Users/admin/builder/spi-builder-workspace/.derivedData/Build/Products/Debug-xros/LanguageTranslatorV3.swiftmodule/arm64-apple-xros.swiftmodule
SwiftDriverJobDiscovery normal arm64 Compiling SupportedFeatures.swift, Translation.swift (in target 'TextToSpeechV1' from project 'WatsonDeveloperCloud')
SwiftDriver\ Compilation\ Requirements TextToSpeechV1 normal arm64 com.apple.xcode.tools.swift.compiler (in target 'TextToSpeechV1' from project 'WatsonDeveloperCloud')
    cd /Users/admin/builder/spi-builder-workspace/.swiftpm/xcode
    builtin-Swift-Compilation-Requirements -- /Applications/Xcode-27.0.0-Release.Candidate.app/Contents/Developer/Toolchains/XcodeDefault.xctoolchain/usr/bin/swiftc -parse-as-library -module-name TextToSpeechV1 -Onone @/Users/admin/builder/spi-builder-workspace/.derivedData/Build/Intermediates.noindex/WatsonDeveloperCloud.build/Debug-xros/TextToSpeechV1-t.build/Objects-normal/arm64/TextToSpeechV1.SwiftFileList -DSWIFT_PACKAGE -DDEBUG -DSWIFT_MODULE_RESOURCE_BUNDLE_UNAVAILABLE -Xcc -fmodule-map-file\=/Users/admin/builder/spi-builder-workspace/Sources/SupportingFiles/Dependencies/Copustools/include/module.modulemap -Xcc -fmodule-map-file\=/Users/admin/builder/spi-builder-workspace/Sources/SupportingFiles/Dependencies/Clibopus/module.modulemap -Xcc -fmodule-map-file\=/Users/admin/builder/spi-builder-workspace/Sources/SupportingFiles/Dependencies/Clibogg/module.modulemap -DXcode -plugin-path /Applications/Xcode-27.0.0-Release.Candidate.app/Contents/Developer/Toolchains/XcodeDefault.xctoolchain/usr/lib/swift/host/plugins/testing -enable-experimental-feature DebugDescriptionMacro -sdk /Applications/Xcode-27.0.0-Release.Candidate.app/Contents/Developer/Platforms/XROS.platform/Developer/SDKs/XROS27.0.sdk -target arm64-apple-xros1.0 -g -module-cache-path /Users/admin/builder/spi-builder-workspace/.derivedData/ModuleCache.noindex -Xfrontend -serialize-debugging-options -profile-coverage-mapping -profile-generate -enable-testing -index-store-path /Users/admin/builder/spi-builder-workspace/.derivedData/Index.noindex/DataStore -Xcc -D_LIBCPP_HARDENING_MODE\=_LIBCPP_HARDENING_MODE_DEBUG -swift-version 5 -I /Users/admin/builder/spi-builder-workspace/.derivedData/Build/Products/Debug-xros -Isystem /Applications/Xcode-27.0.0-Release.Candidate.app/Contents/Developer/Platforms/XROS.platform/Developer/usr/lib -F /Users/admin/builder/spi-builder-workspace/.derivedData/Build/Products/Debug-xros/PackageFrameworks -F /Users/admin/builder/spi-builder-workspace/.derivedData/Build/Products/Debug-xros -F /Applications/Xcode-27.0.0-Release.Candidate.app/Contents/Developer/Platforms/XROS.platform/Developer/Library/Frameworks -F /Applications/Xcode-27.0.0-Release.Candidate.app/Contents/Developer/Platforms/XROS.platform/Developer/SDKs/XROS27.0.sdk/Developer/Library/Frameworks -c -j10 -enable-batch-mode -incremental -Xcc -ivfsstatcache -Xcc /Users/admin/builder/spi-builder-workspace/.derivedData/SDKStatCaches.noindex/xros27.0-24M361-e829b21a6f8c9b70876ba0858053c044735bd543db762f57723cac368afd1ce4.sdkstatcache -output-file-map /Users/admin/builder/spi-builder-workspace/.derivedData/Build/Intermediates.noindex/WatsonDeveloperCloud.build/Debug-xros/TextToSpeechV1-t.build/Objects-normal/arm64/TextToSpeechV1-OutputFileMap.json -save-temps -no-color-diagnostics -explicit-module-build -module-cache-path /Users/admin/builder/spi-builder-workspace/.derivedData/Build/Intermediates.noindex/SwiftExplicitPrecompiledModules -clang-scanner-module-cache-path /Users/admin/builder/spi-builder-workspace/.derivedData/ModuleCache.noindex -sdk-module-cache-path /Users/admin/builder/spi-builder-workspace/.derivedData/SDKExplicitPrecompiledModules -emit-dependencies -emit-module -emit-module-path /Users/admin/builder/spi-builder-workspace/.derivedData/Build/Intermediates.noindex/WatsonDeveloperCloud.build/Debug-xros/TextToSpeechV1-t.build/Objects-normal/arm64/TextToSpeechV1.swiftmodule -serialize-diagnostics -dependency-scan-serialize-diagnostics-path /Users/admin/builder/spi-builder-workspace/.derivedData/Build/Intermediates.noindex/WatsonDeveloperCloud.build/Debug-xros/TextToSpeechV1-t.build/Objects-normal/arm64/TextToSpeechV1-dependency-scan.dia -validate-clang-modules-once -clang-build-session-file /Users/admin/builder/spi-builder-workspace/.derivedData/ModuleCache.noindex/Session.modulevalidation -Xcc -fmodules-prune-interval\=86400 -Xcc -fmodules-prune-after\=345600 -emit-const-values -const-gather-protocols-list /Users/admin/builder/spi-builder-workspace/.derivedData/Build/Intermediates.noindex/WatsonDeveloperCloud.build/Debug-xros/TextToSpeechV1-t.build/Objects-normal/arm64/TextToSpeechV1_const_extract_protocols.json -Xcc -I/Users/admin/builder/spi-builder-workspace/Sources/SupportingFiles/Dependencies/Copustools/include -Xcc -I/Users/admin/builder/spi-builder-workspace/.derivedData/Build/Products/Debug-xros/include -Xcc -I/Users/admin/builder/spi-builder-workspace/.derivedData/Build/Intermediates.noindex/WatsonDeveloperCloud.build/Debug-xros/TextToSpeechV1-t.build/DerivedSources-normal/arm64 -Xcc -I/Users/admin/builder/spi-builder-workspace/.derivedData/Build/Intermediates.noindex/WatsonDeveloperCloud.build/Debug-xros/TextToSpeechV1-t.build/DerivedSources/arm64 -Xcc -I/Users/admin/builder/spi-builder-workspace/.derivedData/Build/Intermediates.noindex/WatsonDeveloperCloud.build/Debug-xros/TextToSpeechV1-t.build/DerivedSources -Xcc -DSWIFT_PACKAGE -Xcc -DDEBUG\=1 -emit-objc-header -emit-objc-header-path /Users/admin/builder/spi-builder-workspace/.derivedData/Build/Intermediates.noindex/WatsonDeveloperCloud.build/Debug-xros/TextToSpeechV1-t.build/Objects-normal/arm64/TextToSpeechV1-Swift.h -working-directory /Users/admin/builder/spi-builder-workspace/.swiftpm/xcode -experimental-emit-module-separately -disable-cmo
Copy /Users/admin/builder/spi-builder-workspace/.derivedData/Build/Products/Debug-xros/LanguageTranslatorV3.swiftmodule/arm64-apple-xros.swiftdoc /Users/admin/builder/spi-builder-workspace/.derivedData/Build/Intermediates.noindex/WatsonDeveloperCloud.build/Debug-xros/LanguageTranslatorV3-t.build/Objects-normal/arm64/LanguageTranslatorV3.swiftdoc (in target 'LanguageTranslatorV3' from project 'WatsonDeveloperCloud')
    cd /Users/admin/builder/spi-builder-workspace
    builtin-copy -exclude .DS_Store -exclude CVS -exclude .svn -exclude .git -exclude .hg -resolve-src-symlinks -rename /Users/admin/builder/spi-builder-workspace/.derivedData/Build/Intermediates.noindex/WatsonDeveloperCloud.build/Debug-xros/LanguageTranslatorV3-t.build/Objects-normal/arm64/LanguageTranslatorV3.swiftdoc /Users/admin/builder/spi-builder-workspace/.derivedData/Build/Products/Debug-xros/LanguageTranslatorV3.swiftmodule/arm64-apple-xros.swiftdoc
SwiftMergeGeneratedHeaders /Users/admin/builder/spi-builder-workspace/.derivedData/Build/Intermediates.noindex/GeneratedModuleMaps-xros/TextToSpeechV1-Swift.h /Users/admin/builder/spi-builder-workspace/.derivedData/Build/Intermediates.noindex/WatsonDeveloperCloud.build/Debug-xros/TextToSpeechV1-t.build/Objects-normal/arm64/TextToSpeechV1-Swift.h (in target 'TextToSpeechV1' from project 'WatsonDeveloperCloud')
    cd /Users/admin/builder/spi-builder-workspace
    builtin-swiftHeaderTool -arch arm64 /Users/admin/builder/spi-builder-workspace/.derivedData/Build/Intermediates.noindex/WatsonDeveloperCloud.build/Debug-xros/TextToSpeechV1-t.build/Objects-normal/arm64/TextToSpeechV1-Swift.h -o /Users/admin/builder/spi-builder-workspace/.derivedData/Build/Intermediates.noindex/GeneratedModuleMaps-xros/TextToSpeechV1-Swift.h
Copy /Users/admin/builder/spi-builder-workspace/.derivedData/Build/Products/Debug-xros/TextToSpeechV1.swiftmodule/arm64-apple-xros.swiftmodule /Users/admin/builder/spi-builder-workspace/.derivedData/Build/Intermediates.noindex/WatsonDeveloperCloud.build/Debug-xros/TextToSpeechV1-t.build/Objects-normal/arm64/TextToSpeechV1.swiftmodule (in target 'TextToSpeechV1' from project 'WatsonDeveloperCloud')
    cd /Users/admin/builder/spi-builder-workspace
    builtin-copy -exclude .DS_Store -exclude CVS -exclude .svn -exclude .git -exclude .hg -resolve-src-symlinks -rename /Users/admin/builder/spi-builder-workspace/.derivedData/Build/Intermediates.noindex/WatsonDeveloperCloud.build/Debug-xros/TextToSpeechV1-t.build/Objects-normal/arm64/TextToSpeechV1.swiftmodule /Users/admin/builder/spi-builder-workspace/.derivedData/Build/Products/Debug-xros/TextToSpeechV1.swiftmodule/arm64-apple-xros.swiftmodule
Copy /Users/admin/builder/spi-builder-workspace/.derivedData/Build/Products/Debug-xros/TextToSpeechV1.swiftmodule/arm64-apple-xros.swiftdoc /Users/admin/builder/spi-builder-workspace/.derivedData/Build/Intermediates.noindex/WatsonDeveloperCloud.build/Debug-xros/TextToSpeechV1-t.build/Objects-normal/arm64/TextToSpeechV1.swiftdoc (in target 'TextToSpeechV1' from project 'WatsonDeveloperCloud')
    cd /Users/admin/builder/spi-builder-workspace
    builtin-copy -exclude .DS_Store -exclude CVS -exclude .svn -exclude .git -exclude .hg -resolve-src-symlinks -rename /Users/admin/builder/spi-builder-workspace/.derivedData/Build/Intermediates.noindex/WatsonDeveloperCloud.build/Debug-xros/TextToSpeechV1-t.build/Objects-normal/arm64/TextToSpeechV1.swiftdoc /Users/admin/builder/spi-builder-workspace/.derivedData/Build/Products/Debug-xros/TextToSpeechV1.swiftmodule/arm64-apple-xros.swiftdoc
Copy /Users/admin/builder/spi-builder-workspace/.derivedData/Build/Products/Debug-xros/TextToSpeechV1.swiftmodule/arm64-apple-xros.abi.json /Users/admin/builder/spi-builder-workspace/.derivedData/Build/Intermediates.noindex/WatsonDeveloperCloud.build/Debug-xros/TextToSpeechV1-t.build/Objects-normal/arm64/TextToSpeechV1.abi.json (in target 'TextToSpeechV1' from project 'WatsonDeveloperCloud')
    cd /Users/admin/builder/spi-builder-workspace
    builtin-copy -exclude .DS_Store -exclude CVS -exclude .svn -exclude .git -exclude .hg -resolve-src-symlinks -rename /Users/admin/builder/spi-builder-workspace/.derivedData/Build/Intermediates.noindex/WatsonDeveloperCloud.build/Debug-xros/TextToSpeechV1-t.build/Objects-normal/arm64/TextToSpeechV1.abi.json /Users/admin/builder/spi-builder-workspace/.derivedData/Build/Products/Debug-xros/TextToSpeechV1.swiftmodule/arm64-apple-xros.abi.json
Copy /Users/admin/builder/spi-builder-workspace/.derivedData/Build/Products/Debug-xros/TextToSpeechV1.swiftmodule/Project/arm64-apple-xros.swiftsourceinfo /Users/admin/builder/spi-builder-workspace/.derivedData/Build/Intermediates.noindex/WatsonDeveloperCloud.build/Debug-xros/TextToSpeechV1-t.build/Objects-normal/arm64/TextToSpeechV1.swiftsourceinfo (in target 'TextToSpeechV1' from project 'WatsonDeveloperCloud')
    cd /Users/admin/builder/spi-builder-workspace
    builtin-copy -exclude .DS_Store -exclude CVS -exclude .svn -exclude .git -exclude .hg -resolve-src-symlinks -rename /Users/admin/builder/spi-builder-workspace/.derivedData/Build/Intermediates.noindex/WatsonDeveloperCloud.build/Debug-xros/TextToSpeechV1-t.build/Objects-normal/arm64/TextToSpeechV1.swiftsourceinfo /Users/admin/builder/spi-builder-workspace/.derivedData/Build/Products/Debug-xros/TextToSpeechV1.swiftmodule/Project/arm64-apple-xros.swiftsourceinfo
Copy /Users/admin/builder/spi-builder-workspace/.derivedData/Build/Products/Debug-xros/LanguageTranslatorV3.swiftmodule/arm64-apple-xros.abi.json /Users/admin/builder/spi-builder-workspace/.derivedData/Build/Intermediates.noindex/WatsonDeveloperCloud.build/Debug-xros/LanguageTranslatorV3-t.build/Objects-normal/arm64/LanguageTranslatorV3.abi.json (in target 'LanguageTranslatorV3' from project 'WatsonDeveloperCloud')
    cd /Users/admin/builder/spi-builder-workspace
    builtin-copy -exclude .DS_Store -exclude CVS -exclude .svn -exclude .git -exclude .hg -resolve-src-symlinks -rename /Users/admin/builder/spi-builder-workspace/.derivedData/Build/Intermediates.noindex/WatsonDeveloperCloud.build/Debug-xros/LanguageTranslatorV3-t.build/Objects-normal/arm64/LanguageTranslatorV3.abi.json /Users/admin/builder/spi-builder-workspace/.derivedData/Build/Products/Debug-xros/LanguageTranslatorV3.swiftmodule/arm64-apple-xros.abi.json
Copy /Users/admin/builder/spi-builder-workspace/.derivedData/Build/Products/Debug-xros/LanguageTranslatorV3.swiftmodule/Project/arm64-apple-xros.swiftsourceinfo /Users/admin/builder/spi-builder-workspace/.derivedData/Build/Intermediates.noindex/WatsonDeveloperCloud.build/Debug-xros/LanguageTranslatorV3-t.build/Objects-normal/arm64/LanguageTranslatorV3.swiftsourceinfo (in target 'LanguageTranslatorV3' from project 'WatsonDeveloperCloud')
    cd /Users/admin/builder/spi-builder-workspace
    builtin-copy -exclude .DS_Store -exclude CVS -exclude .svn -exclude .git -exclude .hg -resolve-src-symlinks -rename /Users/admin/builder/spi-builder-workspace/.derivedData/Build/Intermediates.noindex/WatsonDeveloperCloud.build/Debug-xros/LanguageTranslatorV3-t.build/Objects-normal/arm64/LanguageTranslatorV3.swiftsourceinfo /Users/admin/builder/spi-builder-workspace/.derivedData/Build/Products/Debug-xros/LanguageTranslatorV3.swiftmodule/Project/arm64-apple-xros.swiftsourceinfo
SwiftCompile normal arm64 Compiling\ Pronunciation.swift,\ Speaker.swift,\ SpeakerCustomModel.swift /Users/admin/builder/spi-builder-workspace/Sources/TextToSpeechV1/Models/Pronunciation.swift /Users/admin/builder/spi-builder-workspace/Sources/TextToSpeechV1/Models/Speaker.swift /Users/admin/builder/spi-builder-workspace/Sources/TextToSpeechV1/Models/SpeakerCustomModel.swift (in target 'TextToSpeechV1' from project 'WatsonDeveloperCloud')
SwiftCompile normal arm64 /Users/admin/builder/spi-builder-workspace/Sources/TextToSpeechV1/Models/Pronunciation.swift (in target 'TextToSpeechV1' from project 'WatsonDeveloperCloud')
    cd /Users/admin/builder/spi-builder-workspace/.swiftpm/xcode
    builtin-SwiftPerFileCompile Pronunciation.swift
SwiftCompile normal arm64 /Users/admin/builder/spi-builder-workspace/Sources/TextToSpeechV1/Models/Speaker.swift (in target 'TextToSpeechV1' from project 'WatsonDeveloperCloud')
    cd /Users/admin/builder/spi-builder-workspace/.swiftpm/xcode
    builtin-SwiftPerFileCompile Speaker.swift
SwiftCompile normal arm64 /Users/admin/builder/spi-builder-workspace/Sources/TextToSpeechV1/Models/SpeakerCustomModel.swift (in target 'TextToSpeechV1' from project 'WatsonDeveloperCloud')
    cd /Users/admin/builder/spi-builder-workspace/.swiftpm/xcode
    builtin-SwiftPerFileCompile SpeakerCustomModel.swift
SwiftCompile normal arm64 Compiling\ Shared.swift,\ TextToSpeech.swift /Users/admin/builder/spi-builder-workspace/Sources/TextToSpeechV1/Shared.swift /Users/admin/builder/spi-builder-workspace/Sources/TextToSpeechV1/TextToSpeech.swift (in target 'TextToSpeechV1' from project 'WatsonDeveloperCloud')
SwiftCompile normal arm64 /Users/admin/builder/spi-builder-workspace/Sources/TextToSpeechV1/Shared.swift (in target 'TextToSpeechV1' from project 'WatsonDeveloperCloud')
    cd /Users/admin/builder/spi-builder-workspace/.swiftpm/xcode
    builtin-SwiftPerFileCompile Shared.swift
SwiftCompile normal arm64 /Users/admin/builder/spi-builder-workspace/Sources/TextToSpeechV1/TextToSpeech.swift (in target 'TextToSpeechV1' from project 'WatsonDeveloperCloud')
    cd /Users/admin/builder/spi-builder-workspace/.swiftpm/xcode
    builtin-SwiftPerFileCompile TextToSpeech.swift
PruneExplicitPrecompiledModules /Users/admin/builder/spi-builder-workspace/.derivedData/SDKExplicitPrecompiledModules
PruneExplicitPrecompiledModules /Users/admin/builder/spi-builder-workspace/.derivedData/Build/Intermediates.noindex/ExplicitPrecompiledModules
PruneExplicitPrecompiledModules /Users/admin/builder/spi-builder-workspace/.derivedData/Build/Intermediates.noindex/SwiftExplicitPrecompiledModules
2026-09-18 01:57:52.772 xcodebuild[750:4676] [MT] IDERunDestination: Supported platforms for the buildables in the current scheme is empty.
** BUILD FAILED **
The following build commands failed:
	SwiftCompile normal arm64 Compiling\ TextToSpeechDecoder.swift,\ WAVRepair.swift /Users/admin/builder/spi-builder-workspace/Sources/TextToSpeechV1/TextToSpeechDecoder.swift /Users/admin/builder/spi-builder-workspace/Sources/TextToSpeechV1/WAVRepair.swift (in target 'TextToSpeechV1' from project 'WatsonDeveloperCloud')
	SwiftCompile normal arm64 /Users/admin/builder/spi-builder-workspace/Sources/TextToSpeechV1/TextToSpeechDecoder.swift (in target 'TextToSpeechV1' from project 'WatsonDeveloperCloud')
	Building workspace WatsonDeveloperCloud with scheme WatsonDeveloperCloud-Package
(3 failures)
Command line invocation:
    /Applications/Xcode-27.0.0-Release.Candidate.app/Contents/Developer/usr/bin/xcodebuild -IDEClonedSourcePackagesDirPathOverride=/Users/admin/builder/spi-builder-workspace/.dependencies -resolvePackageDependencies
Resolve Package Graph
ignoring broken symlink /Users/admin/builder/spi-builder-workspace/Tests/AssistantV1Tests/WatsonCredentials.swiftignoring broken symlink /Users/admin/builder/spi-builder-workspace/Tests/AssistantV2Tests/WatsonCredentials.swiftignoring broken symlink /Users/admin/builder/spi-builder-workspace/Tests/DiscoveryV1Tests/WatsonCredentials.swiftignoring broken symlink /Users/admin/builder/spi-builder-workspace/Tests/LanguageTranslatorV3Tests/WatsonCredentials.swiftignoring broken symlink /Users/admin/builder/spi-builder-workspace/Tests/NaturalLanguageUnderstandingV1Tests/WatsonCredentials.swiftignoring broken symlink /Users/admin/builder/spi-builder-workspace/Tests/SpeechToTextV1Tests/WatsonCredentials.swiftignoring broken symlink /Users/admin/builder/spi-builder-workspace/Tests/TextToSpeechV1Tests/WatsonCredentials.swiftfailed to retrieve search paths with pkg-config; maybe pkg-config is not installedyou may be able to install ogg using your system-packager:
    brew install libogg
you may be able to install opus using your system-packager:
    brew install opus
Resolved source packages:
  IBMSwiftSDKCore: https://github.com/IBM/swift-sdk-core @ 1.2.1
  WatsonDeveloperCloud: /Users/admin/builder/spi-builder-workspace
  Starscream: https://github.com/daltoniam/Starscream @ 4.0.4
resolved source packages: IBMSwiftSDKCore, WatsonDeveloperCloud, Starscream
2026-09-18 01:58:03.176 xcodebuild[933:5655] [MT] IDERunDestination: Supported platforms for the buildables in the current scheme is empty.
{
  "dependencies" : [
    {
      "identity" : "swift-sdk-core",
      "requirement" : {
        "range" : [
          {
            "lower_bound" : "1.2.1",
            "upper_bound" : "2.0.0"
          }
        ]
      },
      "type" : "sourceControl",
      "url" : "https://github.com/IBM/swift-sdk-core"
    },
    {
      "identity" : "starscream",
      "requirement" : {
        "range" : [
          {
            "lower_bound" : "4.0.0",
            "upper_bound" : "5.0.0"
          }
        ]
      },
      "type" : "sourceControl",
      "url" : "https://github.com/daltoniam/Starscream"
    }
  ],
  "manifest_display_name" : "WatsonDeveloperCloud",
  "name" : "WatsonDeveloperCloud",
  "path" : "/Users/admin/builder/spi-builder-workspace",
  "platforms" : [
    {
      "name" : "ios",
      "version" : "10.0"
    },
    {
      "name" : "macos",
      "version" : "10.15"
    }
  ],
  "products" : [
    {
      "name" : "AssistantV1",
      "targets" : [
        "AssistantV1"
      ],
      "type" : {
        "library" : [
          "automatic"
        ]
      }
    },
    {
      "name" : "AssistantV2",
      "targets" : [
        "AssistantV2"
      ],
      "type" : {
        "library" : [
          "automatic"
        ]
      }
    },
    {
      "name" : "DiscoveryV1",
      "targets" : [
        "DiscoveryV1"
      ],
      "type" : {
        "library" : [
          "automatic"
        ]
      }
    },
    {
      "name" : "DiscoveryV2",
      "targets" : [
        "DiscoveryV2"
      ],
      "type" : {
        "library" : [
          "automatic"
        ]
      }
    },
    {
      "name" : "LanguageTranslatorV3",
      "targets" : [
        "LanguageTranslatorV3"
      ],
      "type" : {
        "library" : [
          "automatic"
        ]
      }
    },
    {
      "name" : "NaturalLanguageUnderstandingV1",
      "targets" : [
        "NaturalLanguageUnderstandingV1"
      ],
      "type" : {
        "library" : [
          "automatic"
        ]
      }
    },
    {
      "name" : "SpeechToTextV1",
      "targets" : [
        "SpeechToTextV1"
      ],
      "type" : {
        "library" : [
          "automatic"
        ]
      }
    },
    {
      "name" : "TextToSpeechV1",
      "targets" : [
        "TextToSpeechV1"
      ],
      "type" : {
        "library" : [
          "automatic"
        ]
      }
    }
  ],
  "targets" : [
    {
      "c99name" : "TextToSpeechV1Tests",
      "module_type" : "SwiftTarget",
      "name" : "TextToSpeechV1Tests",
      "path" : "Tests/TextToSpeechV1Tests",
      "sources" : [
        "TestUtilities.swift",
        "TextToSpeechDecoderTests.swift",
        "TextToSpeechPlaybackTests.swift",
        "TextToSpeechTests.swift"
      ],
      "target_dependencies" : [
        "TextToSpeechV1"
      ],
      "type" : "test"
    },
    {
      "c99name" : "TextToSpeechV1",
      "module_type" : "SwiftTarget",
      "name" : "TextToSpeechV1",
      "path" : "Sources/TextToSpeechV1",
      "product_dependencies" : [
        "IBMSwiftSDKCore"
      ],
      "product_memberships" : [
        "TextToSpeechV1"
      ],
      "sources" : [
        "InsecureConnection.swift",
        "Models/CustomModel.swift",
        "Models/CustomModels.swift",
        "Models/Prompt.swift",
        "Models/PromptMetadata.swift",
        "Models/Prompts.swift",
        "Models/Pronunciation.swift",
        "Models/Speaker.swift",
        "Models/SpeakerCustomModel.swift",
        "Models/SpeakerCustomModels.swift",
        "Models/SpeakerModel.swift",
        "Models/SpeakerPrompt.swift",
        "Models/Speakers.swift",
        "Models/SupportedFeatures.swift",
        "Models/Translation.swift",
        "Models/Voice.swift",
        "Models/Voices.swift",
        "Models/Word.swift",
        "Models/Words.swift",
        "Shared.swift",
        "TextToSpeech.swift",
        "TextToSpeechDecoder.swift",
        "WAVRepair.swift"
      ],
      "target_dependencies" : [
        "Clibogg",
        "Clibopus",
        "Copustools"
      ],
      "type" : "library"
    },
    {
      "c99name" : "SpeechToTextV1Tests",
      "module_type" : "SwiftTarget",
      "name" : "SpeechToTextV1Tests",
      "path" : "Tests/SpeechToTextV1Tests",
      "sources" : [
        "SpeechToTextRecognizeTests.swift",
        "SpeechToTextTests.swift",
        "SpeechToTextUnitTests.swift",
        "TestUtilities.swift"
      ],
      "target_dependencies" : [
        "SpeechToTextV1"
      ],
      "type" : "test"
    },
    {
      "c99name" : "SpeechToTextV1",
      "module_type" : "SwiftTarget",
      "name" : "SpeechToTextV1",
      "path" : "Sources/SpeechToTextV1",
      "product_dependencies" : [
        "IBMSwiftSDKCore",
        "Starscream"
      ],
      "product_memberships" : [
        "SpeechToTextV1"
      ],
      "sources" : [
        "InsecureConnection.swift",
        "Models/AcousticModel.swift",
        "Models/AcousticModels.swift",
        "Models/AudioDetails.swift",
        "Models/AudioListing.swift",
        "Models/AudioMetrics.swift",
        "Models/AudioMetricsDetails.swift",
        "Models/AudioMetricsHistogramBin.swift",
        "Models/AudioResource.swift",
        "Models/AudioResources.swift",
        "Models/Corpora.swift",
        "Models/Corpus.swift",
        "Models/CustomWord.swift",
        "Models/Grammar.swift",
        "Models/Grammars.swift",
        "Models/KeywordResult.swift",
        "Models/LanguageModel.swift",
        "Models/LanguageModels.swift",
        "Models/ProcessedAudio.swift",
        "Models/ProcessingMetrics.swift",
        "Models/RecognitionJob.swift",
        "Models/RecognitionJobs.swift",
        "Models/RegisterStatus.swift",
        "Models/SpeakerLabelsResult.swift",
        "Models/SpeechModel.swift",
        "Models/SpeechModels.swift",
        "Models/SpeechRecognitionAlternative.swift",
        "Models/SpeechRecognitionResult.swift",
        "Models/SpeechRecognitionResults.swift",
        "Models/SupportedFeatures.swift",
        "Models/TrainingResponse.swift",
        "Models/TrainingWarning.swift",
        "Models/Word.swift",
        "Models/WordAlternativeResult.swift",
        "Models/WordAlternativeResults.swift",
        "Models/WordConfidence.swift",
        "Models/WordError.swift",
        "Models/WordTimestamp.swift",
        "Models/Words.swift",
        "Shared.swift",
        "SpeechToText+Recognize.swift",
        "SpeechToText.swift",
        "WebSockets/RecognitionSettings.swift",
        "WebSockets/RecognitionState.swift",
        "WebSockets/RecognitionStop.swift",
        "WebSockets/RecognizeCallback.swift",
        "WebSockets/SpeechRecognitionResultsAccumulator.swift",
        "WebSockets/SpeechToTextEncoder.swift",
        "WebSockets/SpeechToTextRecorder.swift",
        "WebSockets/SpeechToTextSession.swift",
        "WebSockets/SpeechToTextSocket.swift",
        "WebSockets/SpeechToTextState.swift"
      ],
      "target_dependencies" : [
        "Clibogg",
        "Clibopus"
      ],
      "type" : "library"
    },
    {
      "c99name" : "NaturalLanguageUnderstandingV1Tests",
      "module_type" : "SwiftTarget",
      "name" : "NaturalLanguageUnderstandingV1Tests",
      "path" : "Tests/NaturalLanguageUnderstandingV1Tests",
      "sources" : [
        "NaturalLanguageUnderstandingV1Tests.swift",
        "TestUtilities.swift"
      ],
      "target_dependencies" : [
        "NaturalLanguageUnderstandingV1"
      ],
      "type" : "test"
    },
    {
      "c99name" : "NaturalLanguageUnderstandingV1",
      "module_type" : "SwiftTarget",
      "name" : "NaturalLanguageUnderstandingV1",
      "path" : "Sources/NaturalLanguageUnderstandingV1",
      "product_dependencies" : [
        "IBMSwiftSDKCore"
      ],
      "product_memberships" : [
        "NaturalLanguageUnderstandingV1"
      ],
      "sources" : [
        "InsecureConnection.swift",
        "Models/AnalysisResults.swift",
        "Models/AnalysisResultsUsage.swift",
        "Models/Author.swift",
        "Models/CategoriesModel.swift",
        "Models/CategoriesModelList.swift",
        "Models/CategoriesOptions.swift",
        "Models/CategoriesRelevantText.swift",
        "Models/CategoriesResult.swift",
        "Models/CategoriesResultExplanation.swift",
        "Models/ClassificationsModel.swift",
        "Models/ClassificationsModelList.swift",
        "Models/ClassificationsOptions.swift",
        "Models/ClassificationsResult.swift",
        "Models/ConceptsOptions.swift",
        "Models/ConceptsResult.swift",
        "Models/DeleteModelResults.swift",
        "Models/DisambiguationResult.swift",
        "Models/DocumentEmotionResults.swift",
        "Models/DocumentSentimentResults.swift",
        "Models/EmotionOptions.swift",
        "Models/EmotionResult.swift",
        "Models/EmotionScores.swift",
        "Models/EntitiesOptions.swift",
        "Models/EntitiesResult.swift",
        "Models/EntityMention.swift",
        "Models/FeatureSentimentResults.swift",
        "Models/Features.swift",
        "Models/FeaturesResultsMetadata.swift",
        "Models/Feed.swift",
        "Models/KeywordsOptions.swift",
        "Models/KeywordsResult.swift",
        "Models/ListModelsResults.swift",
        "Models/ListSentimentModelsResponse.swift",
        "Models/Model.swift",
        "Models/Notice.swift",
        "Models/RelationArgument.swift",
        "Models/RelationEntity.swift",
        "Models/RelationsOptions.swift",
        "Models/RelationsResult.swift",
        "Models/SemanticRolesEntity.swift",
        "Models/SemanticRolesKeyword.swift",
        "Models/SemanticRolesOptions.swift",
        "Models/SemanticRolesResult.swift",
        "Models/SemanticRolesResultAction.swift",
        "Models/SemanticRolesResultObject.swift",
        "Models/SemanticRolesResultSubject.swift",
        "Models/SemanticRolesVerb.swift",
        "Models/SentenceResult.swift",
        "Models/SentimentModel.swift",
        "Models/SentimentOptions.swift",
        "Models/SentimentResult.swift",
        "Models/SummarizationOptions.swift",
        "Models/SyntaxOptions.swift",
        "Models/SyntaxOptionsTokens.swift",
        "Models/SyntaxResult.swift",
        "Models/TargetedEmotionResults.swift",
        "Models/TargetedSentimentResults.swift",
        "Models/TokenResult.swift",
        "NaturalLanguageUnderstanding.swift",
        "Shared.swift"
      ],
      "type" : "library"
    },
    {
      "c99name" : "LanguageTranslatorV3Tests",
      "module_type" : "SwiftTarget",
      "name" : "LanguageTranslatorV3Tests",
      "path" : "Tests/LanguageTranslatorV3Tests",
      "sources" : [
        "LanguageTranslatorTests.swift",
        "TestUtilities.swift"
      ],
      "target_dependencies" : [
        "LanguageTranslatorV3"
      ],
      "type" : "test"
    },
    {
      "c99name" : "LanguageTranslatorV3",
      "module_type" : "SwiftTarget",
      "name" : "LanguageTranslatorV3",
      "path" : "Sources/LanguageTranslatorV3",
      "product_dependencies" : [
        "IBMSwiftSDKCore"
      ],
      "product_memberships" : [
        "LanguageTranslatorV3"
      ],
      "sources" : [
        "InsecureConnection.swift",
        "LanguageTranslator.swift",
        "Models/DeleteModelResult.swift",
        "Models/DocumentList.swift",
        "Models/DocumentStatus.swift",
        "Models/IdentifiableLanguage.swift",
        "Models/IdentifiableLanguages.swift",
        "Models/IdentifiedLanguage.swift",
        "Models/IdentifiedLanguages.swift",
        "Models/Language.swift",
        "Models/Languages.swift",
        "Models/Translation.swift",
        "Models/TranslationModel.swift",
        "Models/TranslationModels.swift",
        "Models/TranslationResult.swift",
        "Shared.swift"
      ],
      "type" : "library"
    },
    {
      "c99name" : "DiscoveryV2Tests",
      "module_type" : "SwiftTarget",
      "name" : "DiscoveryV2Tests",
      "path" : "Tests/DiscoveryV2Tests",
      "sources" : [
        "DiscoveryV2CPDTests.swift",
        "DiscoveryV2Tests.swift"
      ],
      "target_dependencies" : [
        "DiscoveryV2"
      ],
      "type" : "test"
    },
    {
      "c99name" : "DiscoveryV2",
      "module_type" : "SwiftTarget",
      "name" : "DiscoveryV2",
      "path" : "Sources/DiscoveryV2",
      "product_dependencies" : [
        "IBMSwiftSDKCore"
      ],
      "product_memberships" : [
        "DiscoveryV2"
      ],
      "sources" : [
        "Discovery.swift",
        "InsecureConnection.swift",
        "Models/AnalyzedDocument.swift",
        "Models/AnalyzedResult.swift",
        "Models/ClassifierFederatedModel.swift",
        "Models/ClassifierModelEvaluation.swift",
        "Models/Collection.swift",
        "Models/CollectionDetails.swift",
        "Models/CollectionEnrichment.swift",
        "Models/Completions.swift",
        "Models/ComponentSettingsAggregation.swift",
        "Models/ComponentSettingsFieldsShown.swift",
        "Models/ComponentSettingsFieldsShownBody.swift",
        "Models/ComponentSettingsFieldsShownTitle.swift",
        "Models/ComponentSettingsResponse.swift",
        "Models/CreateDocumentClassifier.swift",
        "Models/CreateEnrichment.swift",
        "Models/DefaultQueryParams.swift",
        "Models/DefaultQueryParamsPassages.swift",
        "Models/DefaultQueryParamsSuggestedRefinements.swift",
        "Models/DefaultQueryParamsTableResults.swift",
        "Models/DeleteDocumentResponse.swift",
        "Models/DocumentAccepted.swift",
        "Models/DocumentAttribute.swift",
        "Models/DocumentClassifier.swift",
        "Models/DocumentClassifierEnrichment.swift",
        "Models/DocumentClassifierModel.swift",
        "Models/DocumentClassifierModels.swift",
        "Models/DocumentClassifiers.swift",
        "Models/Enrichment.swift",
        "Models/EnrichmentOptions.swift",
        "Models/Enrichments.swift",
        "Models/Field.swift",
        "Models/ListCollectionsResponse.swift",
        "Models/ListFieldsResponse.swift",
        "Models/ListProjectsResponse.swift",
        "Models/ModelEvaluationMacroAverage.swift",
        "Models/ModelEvaluationMicroAverage.swift",
        "Models/Notice.swift",
        "Models/PerClassModelEvaluation.swift",
        "Models/ProjectDetails.swift",
        "Models/ProjectListDetails.swift",
        "Models/ProjectListDetailsRelevancyTrainingStatus.swift",
        "Models/QueryAggregation.swift",
        "Models/QueryCalculationAggregation.swift",
        "Models/QueryFilterAggregation.swift",
        "Models/QueryGroupByAggregation.swift",
        "Models/QueryGroupByAggregationResult.swift",
        "Models/QueryHistogramAggregation.swift",
        "Models/QueryHistogramAggregationResult.swift",
        "Models/QueryLargePassages.swift",
        "Models/QueryLargeSuggestedRefinements.swift",
        "Models/QueryLargeTableResults.swift",
        "Models/QueryNestedAggregation.swift",
        "Models/QueryNoticesResponse.swift",
        "Models/QueryResponse.swift",
        "Models/QueryResponsePassage.swift",
        "Models/QueryResult.swift",
        "Models/QueryResultMetadata.swift",
        "Models/QueryResultPassage.swift",
        "Models/QuerySuggestedRefinement.swift",
        "Models/QueryTableResult.swift",
        "Models/QueryTermAggregation.swift",
        "Models/QueryTermAggregationResult.swift",
        "Models/QueryTimesliceAggregation.swift",
        "Models/QueryTimesliceAggregationResult.swift",
        "Models/QueryTopHitsAggregation.swift",
        "Models/QueryTopHitsAggregationResult.swift",
        "Models/ResultPassageAnswer.swift",
        "Models/RetrievalDetails.swift",
        "Models/TableBodyCells.swift",
        "Models/TableCellKey.swift",
        "Models/TableCellValues.swift",
        "Models/TableColumnHeaderIDs.swift",
        "Models/TableColumnHeaderTexts.swift",
        "Models/TableColumnHeaderTextsNormalized.swift",
        "Models/TableColumnHeaders.swift",
        "Models/TableElementLocation.swift",
        "Models/TableHeaders.swift",
        "Models/TableKeyValuePairs.swift",
        "Models/TableResultTable.swift",
        "Models/TableRowHeaderIDs.swift",
        "Models/TableRowHeaderTexts.swift",
        "Models/TableRowHeaderTextsNormalized.swift",
        "Models/TableRowHeaders.swift",
        "Models/TableTextLocation.swift",
        "Models/TrainingExample.swift",
        "Models/TrainingQuery.swift",
        "Models/TrainingQuerySet.swift",
        "Models/UpdateDocumentClassifier.swift",
        "Shared.swift"
      ],
      "type" : "library"
    },
    {
      "c99name" : "DiscoveryV1Tests",
      "module_type" : "SwiftTarget",
      "name" : "DiscoveryV1Tests",
      "path" : "Tests/DiscoveryV1Tests",
      "sources" : [
        "DiscoveryTest+CPD.swift",
        "DiscoveryTests.swift",
        "DiscoveryUnitTests.swift",
        "TestUtilities.swift"
      ],
      "target_dependencies" : [
        "DiscoveryV1"
      ],
      "type" : "test"
    },
    {
      "c99name" : "DiscoveryV1",
      "module_type" : "SwiftTarget",
      "name" : "DiscoveryV1",
      "path" : "Sources/DiscoveryV1",
      "product_dependencies" : [
        "IBMSwiftSDKCore"
      ],
      "product_memberships" : [
        "DiscoveryV1"
      ],
      "sources" : [
        "Discovery.swift",
        "InsecureConnection.swift",
        "Models/AggregationResult.swift",
        "Models/Collection.swift",
        "Models/CollectionCrawlStatus.swift",
        "Models/CollectionDiskUsage.swift",
        "Models/CollectionUsage.swift",
        "Models/Completions.swift",
        "Models/Configuration.swift",
        "Models/Conversions.swift",
        "Models/CreateEventResponse.swift",
        "Models/CredentialDetails.swift",
        "Models/Credentials.swift",
        "Models/CredentialsList.swift",
        "Models/DeleteCollectionResponse.swift",
        "Models/DeleteConfigurationResponse.swift",
        "Models/DeleteCredentials.swift",
        "Models/DeleteDocumentResponse.swift",
        "Models/DeleteEnvironmentResponse.swift",
        "Models/DiskUsage.swift",
        "Models/DocumentAccepted.swift",
        "Models/DocumentCounts.swift",
        "Models/DocumentStatus.swift",
        "Models/Enrichment.swift",
        "Models/EnrichmentOptions.swift",
        "Models/Environment.swift",
        "Models/EnvironmentDocuments.swift",
        "Models/EventData.swift",
        "Models/Expansion.swift",
        "Models/Expansions.swift",
        "Models/Field.swift",
        "Models/FontSetting.swift",
        "Models/Gateway.swift",
        "Models/GatewayDelete.swift",
        "Models/GatewayList.swift",
        "Models/HTMLSettings.swift",
        "Models/IndexCapacity.swift",
        "Models/ListCollectionFieldsResponse.swift",
        "Models/ListCollectionsResponse.swift",
        "Models/ListConfigurationsResponse.swift",
        "Models/ListEnvironmentsResponse.swift",
        "Models/LogQueryResponse.swift",
        "Models/LogQueryResponseResult.swift",
        "Models/LogQueryResponseResultDocuments.swift",
        "Models/LogQueryResponseResultDocumentsResult.swift",
        "Models/MetricAggregation.swift",
        "Models/MetricAggregationResult.swift",
        "Models/MetricResponse.swift",
        "Models/MetricTokenAggregation.swift",
        "Models/MetricTokenAggregationResult.swift",
        "Models/MetricTokenResponse.swift",
        "Models/NluEnrichmentConcepts.swift",
        "Models/NluEnrichmentEmotion.swift",
        "Models/NluEnrichmentEntities.swift",
        "Models/NluEnrichmentFeatures.swift",
        "Models/NluEnrichmentKeywords.swift",
        "Models/NluEnrichmentRelations.swift",
        "Models/NluEnrichmentSemanticRoles.swift",
        "Models/NluEnrichmentSentiment.swift",
        "Models/NormalizationOperation.swift",
        "Models/Notice.swift",
        "Models/PDFHeadingDetection.swift",
        "Models/PDFSettings.swift",
        "Models/QueryAggregation.swift",
        "Models/QueryCalculationAggregation.swift",
        "Models/QueryFilterAggregation.swift",
        "Models/QueryHistogramAggregation.swift",
        "Models/QueryHistogramAggregationResult.swift",
        "Models/QueryNestedAggregation.swift",
        "Models/QueryNoticesResponse.swift",
        "Models/QueryNoticesResult.swift",
        "Models/QueryPassages.swift",
        "Models/QueryResponse.swift",
        "Models/QueryResult.swift",
        "Models/QueryResultMetadata.swift",
        "Models/QueryTermAggregation.swift",
        "Models/QueryTermAggregationResult.swift",
        "Models/QueryTimesliceAggregation.swift",
        "Models/QueryTimesliceAggregationResult.swift",
        "Models/QueryTopHitsAggregation.swift",
        "Models/QueryTopHitsAggregationResult.swift",
        "Models/RetrievalDetails.swift",
        "Models/SduStatus.swift",
        "Models/SduStatusCustomFields.swift",
        "Models/SearchStatus.swift",
        "Models/SegmentSettings.swift",
        "Models/Source.swift",
        "Models/SourceOptions.swift",
        "Models/SourceOptionsBuckets.swift",
        "Models/SourceOptionsFolder.swift",
        "Models/SourceOptionsObject.swift",
        "Models/SourceOptionsSiteColl.swift",
        "Models/SourceOptionsWebCrawl.swift",
        "Models/SourceSchedule.swift",
        "Models/SourceStatus.swift",
        "Models/StatusDetails.swift",
        "Models/TokenDictRule.swift",
        "Models/TokenDictStatusResponse.swift",
        "Models/TopHitsResults.swift",
        "Models/TrainingDataSet.swift",
        "Models/TrainingExample.swift",
        "Models/TrainingExampleList.swift",
        "Models/TrainingQuery.swift",
        "Models/TrainingStatus.swift",
        "Models/WordHeadingDetection.swift",
        "Models/WordSettings.swift",
        "Models/WordStyle.swift",
        "Models/XPathPatterns.swift",
        "Shared.swift"
      ],
      "type" : "library"
    },
    {
      "c99name" : "Copustools",
      "module_type" : "ClangTarget",
      "name" : "Copustools",
      "path" : "Sources/SupportingFiles/Dependencies/Copustools",
      "product_memberships" : [
        "TextToSpeechV1"
      ],
      "sources" : [
        "opus_header.c"
      ],
      "type" : "library"
    },
    {
      "c99name" : "Clibopus",
      "module_type" : "SystemLibraryTarget",
      "name" : "Clibopus",
      "path" : "Sources/SupportingFiles/Dependencies/Clibopus",
      "product_memberships" : [
        "SpeechToTextV1",
        "TextToSpeechV1"
      ],
      "sources" : [
      ],
      "type" : "system-target"
    },
    {
      "c99name" : "Clibogg",
      "module_type" : "SystemLibraryTarget",
      "name" : "Clibogg",
      "path" : "Sources/SupportingFiles/Dependencies/Clibogg",
      "product_memberships" : [
        "SpeechToTextV1",
        "TextToSpeechV1"
      ],
      "sources" : [
      ],
      "type" : "system-target"
    },
    {
      "c99name" : "AssistantV2Tests",
      "module_type" : "SwiftTarget",
      "name" : "AssistantV2Tests",
      "path" : "Tests/AssistantV2Tests",
      "sources" : [
        "AssistantV2Tests.swift",
        "TestUtilities.swift"
      ],
      "target_dependencies" : [
        "AssistantV2"
      ],
      "type" : "test"
    },
    {
      "c99name" : "AssistantV2",
      "module_type" : "SwiftTarget",
      "name" : "AssistantV2",
      "path" : "Sources/AssistantV2",
      "product_dependencies" : [
        "IBMSwiftSDKCore"
      ],
      "product_memberships" : [
        "AssistantV2"
      ],
      "sources" : [
        "Assistant.swift",
        "InsecureConnection.swift",
        "Models/AgentAvailabilityMessage.swift",
        "Models/BulkClassifyOutput.swift",
        "Models/BulkClassifyResponse.swift",
        "Models/BulkClassifyUtterance.swift",
        "Models/CaptureGroup.swift",
        "Models/ChannelTransferInfo.swift",
        "Models/ChannelTransferTarget.swift",
        "Models/ChannelTransferTargetChat.swift",
        "Models/DialogLogMessage.swift",
        "Models/DialogNodeAction.swift",
        "Models/DialogNodeOutputConnectToAgentTransferInfo.swift",
        "Models/DialogNodeOutputOptionsElement.swift",
        "Models/DialogNodeOutputOptionsElementValue.swift",
        "Models/DialogNodeVisited.swift",
        "Models/DialogSuggestion.swift",
        "Models/DialogSuggestionValue.swift",
        "Models/Log.swift",
        "Models/LogCollection.swift",
        "Models/LogMessageSource.swift",
        "Models/LogMessageSourceAction.swift",
        "Models/LogMessageSourceDialogNode.swift",
        "Models/LogMessageSourceHandler.swift",
        "Models/LogMessageSourceStep.swift",
        "Models/LogPagination.swift",
        "Models/MessageContext.swift",
        "Models/MessageContextGlobal.swift",
        "Models/MessageContextGlobalStateless.swift",
        "Models/MessageContextGlobalSystem.swift",
        "Models/MessageContextSkill.swift",
        "Models/MessageContextSkillSystem.swift",
        "Models/MessageContextStateless.swift",
        "Models/MessageInput.swift",
        "Models/MessageInputAttachment.swift",
        "Models/MessageInputOptions.swift",
        "Models/MessageInputOptionsSpelling.swift",
        "Models/MessageInputOptionsStateless.swift",
        "Models/MessageInputStateless.swift",
        "Models/MessageOutput.swift",
        "Models/MessageOutputDebug.swift",
        "Models/MessageOutputSpelling.swift",
        "Models/MessageRequest.swift",
        "Models/MessageResponse.swift",
        "Models/MessageResponseStateless.swift",
        "Models/ResponseGenericChannel.swift",
        "Models/RuntimeEntity.swift",
        "Models/RuntimeEntityAlternative.swift",
        "Models/RuntimeEntityInterpretation.swift",
        "Models/RuntimeEntityRole.swift",
        "Models/RuntimeIntent.swift",
        "Models/RuntimeResponseGeneric.swift",
        "Models/RuntimeResponseGenericRuntimeResponseTypeAudio.swift",
        "Models/RuntimeResponseGenericRuntimeResponseTypeChannelTransfer.swift",
        "Models/RuntimeResponseGenericRuntimeResponseTypeConnectToAgent.swift",
        "Models/RuntimeResponseGenericRuntimeResponseTypeIframe.swift",
        "Models/RuntimeResponseGenericRuntimeResponseTypeImage.swift",
        "Models/RuntimeResponseGenericRuntimeResponseTypeOption.swift",
        "Models/RuntimeResponseGenericRuntimeResponseTypePause.swift",
        "Models/RuntimeResponseGenericRuntimeResponseTypeSearch.swift",
        "Models/RuntimeResponseGenericRuntimeResponseTypeSuggestion.swift",
        "Models/RuntimeResponseGenericRuntimeResponseTypeText.swift",
        "Models/RuntimeResponseGenericRuntimeResponseTypeUserDefined.swift",
        "Models/RuntimeResponseGenericRuntimeResponseTypeVideo.swift",
        "Models/SearchResult.swift",
        "Models/SearchResultAnswer.swift",
        "Models/SearchResultHighlight.swift",
        "Models/SearchResultMetadata.swift",
        "Models/SessionResponse.swift",
        "Shared.swift"
      ],
      "type" : "library"
    },
    {
      "c99name" : "AssistantV1Tests",
      "module_type" : "SwiftTarget",
      "name" : "AssistantV1Tests",
      "path" : "Tests/AssistantV1Tests",
      "sources" : [
        "AssistantTests.swift",
        "AssistantV1UnitTests.swift",
        "TestUtilities.swift"
      ],
      "target_dependencies" : [
        "AssistantV1"
      ],
      "type" : "test"
    },
    {
      "c99name" : "AssistantV1",
      "module_type" : "SwiftTarget",
      "name" : "AssistantV1",
      "path" : "Sources/AssistantV1",
      "product_dependencies" : [
        "IBMSwiftSDKCore"
      ],
      "product_memberships" : [
        "AssistantV1"
      ],
      "sources" : [
        "Assistant.swift",
        "InsecureConnection.swift",
        "Models/AgentAvailabilityMessage.swift",
        "Models/BulkClassifyOutput.swift",
        "Models/BulkClassifyResponse.swift",
        "Models/BulkClassifyUtterance.swift",
        "Models/CaptureGroup.swift",
        "Models/ChannelTransferInfo.swift",
        "Models/ChannelTransferTarget.swift",
        "Models/ChannelTransferTargetChat.swift",
        "Models/Context.swift",
        "Models/Counterexample.swift",
        "Models/CounterexampleCollection.swift",
        "Models/CreateEntity.swift",
        "Models/CreateIntent.swift",
        "Models/CreateValue.swift",
        "Models/DialogNode.swift",
        "Models/DialogNodeAction.swift",
        "Models/DialogNodeCollection.swift",
        "Models/DialogNodeContext.swift",
        "Models/DialogNodeNextStep.swift",
        "Models/DialogNodeOutput.swift",
        "Models/DialogNodeOutputConnectToAgentTransferInfo.swift",
        "Models/DialogNodeOutputGeneric.swift",
        "Models/DialogNodeOutputGenericDialogNodeOutputResponseTypeAudio.swift",
        "Models/DialogNodeOutputGenericDialogNodeOutputResponseTypeChannelTransfer.swift",
        "Models/DialogNodeOutputGenericDialogNodeOutputResponseTypeConnectToAgent.swift",
        "Models/DialogNodeOutputGenericDialogNodeOutputResponseTypeIframe.swift",
        "Models/DialogNodeOutputGenericDialogNodeOutputResponseTypeImage.swift",
        "Models/DialogNodeOutputGenericDialogNodeOutputResponseTypeOption.swift",
        "Models/DialogNodeOutputGenericDialogNodeOutputResponseTypePause.swift",
        "Models/DialogNodeOutputGenericDialogNodeOutputResponseTypeSearchSkill.swift",
        "Models/DialogNodeOutputGenericDialogNodeOutputResponseTypeText.swift",
        "Models/DialogNodeOutputGenericDialogNodeOutputResponseTypeUserDefined.swift",
        "Models/DialogNodeOutputGenericDialogNodeOutputResponseTypeVideo.swift",
        "Models/DialogNodeOutputModifiers.swift",
        "Models/DialogNodeOutputOptionsElement.swift",
        "Models/DialogNodeOutputOptionsElementValue.swift",
        "Models/DialogNodeOutputTextValuesElement.swift",
        "Models/DialogNodeVisitedDetails.swift",
        "Models/DialogSuggestion.swift",
        "Models/DialogSuggestionValue.swift",
        "Models/Entity.swift",
        "Models/EntityCollection.swift",
        "Models/EntityMention.swift",
        "Models/EntityMentionCollection.swift",
        "Models/Example.swift",
        "Models/ExampleCollection.swift",
        "Models/Intent.swift",
        "Models/IntentCollection.swift",
        "Models/Log.swift",
        "Models/LogCollection.swift",
        "Models/LogMessage.swift",
        "Models/LogMessageSource.swift",
        "Models/LogPagination.swift",
        "Models/Mention.swift",
        "Models/MessageContextMetadata.swift",
        "Models/MessageInput.swift",
        "Models/MessageRequest.swift",
        "Models/MessageResponse.swift",
        "Models/OutputData.swift",
        "Models/Pagination.swift",
        "Models/ResponseGenericChannel.swift",
        "Models/RuntimeEntity.swift",
        "Models/RuntimeEntityAlternative.swift",
        "Models/RuntimeEntityInterpretation.swift",
        "Models/RuntimeEntityRole.swift",
        "Models/RuntimeIntent.swift",
        "Models/RuntimeResponseGeneric.swift",
        "Models/RuntimeResponseGenericRuntimeResponseTypeAudio.swift",
        "Models/RuntimeResponseGenericRuntimeResponseTypeChannelTransfer.swift",
        "Models/RuntimeResponseGenericRuntimeResponseTypeConnectToAgent.swift",
        "Models/RuntimeResponseGenericRuntimeResponseTypeIframe.swift",
        "Models/RuntimeResponseGenericRuntimeResponseTypeImage.swift",
        "Models/RuntimeResponseGenericRuntimeResponseTypeOption.swift",
        "Models/RuntimeResponseGenericRuntimeResponseTypePause.swift",
        "Models/RuntimeResponseGenericRuntimeResponseTypeSuggestion.swift",
        "Models/RuntimeResponseGenericRuntimeResponseTypeText.swift",
        "Models/RuntimeResponseGenericRuntimeResponseTypeUserDefined.swift",
        "Models/RuntimeResponseGenericRuntimeResponseTypeVideo.swift",
        "Models/Synonym.swift",
        "Models/SynonymCollection.swift",
        "Models/Value.swift",
        "Models/ValueCollection.swift",
        "Models/Webhook.swift",
        "Models/WebhookHeader.swift",
        "Models/Workspace.swift",
        "Models/WorkspaceCollection.swift",
        "Models/WorkspaceSystemSettings.swift",
        "Models/WorkspaceSystemSettingsDisambiguation.swift",
        "Models/WorkspaceSystemSettingsOffTopic.swift",
        "Models/WorkspaceSystemSettingsSystemEntities.swift",
        "Models/WorkspaceSystemSettingsTooling.swift",
        "Shared.swift"
      ],
      "type" : "library"
    }
  ],
  "tools_version" : "5.3"
}
warning: 'spi-builder-workspace': ignoring broken symlink /Users/admin/builder/spi-builder-workspace/Tests/AssistantV1Tests/WatsonCredentials.swift
warning: 'spi-builder-workspace': ignoring broken symlink /Users/admin/builder/spi-builder-workspace/Tests/AssistantV2Tests/WatsonCredentials.swift
warning: 'spi-builder-workspace': ignoring broken symlink /Users/admin/builder/spi-builder-workspace/Tests/DiscoveryV1Tests/WatsonCredentials.swift
warning: 'spi-builder-workspace': ignoring broken symlink /Users/admin/builder/spi-builder-workspace/Tests/LanguageTranslatorV3Tests/WatsonCredentials.swift
warning: 'spi-builder-workspace': ignoring broken symlink /Users/admin/builder/spi-builder-workspace/Tests/NaturalLanguageUnderstandingV1Tests/WatsonCredentials.swift
warning: 'spi-builder-workspace': ignoring broken symlink /Users/admin/builder/spi-builder-workspace/Tests/SpeechToTextV1Tests/WatsonCredentials.swift
warning: 'spi-builder-workspace': ignoring broken symlink /Users/admin/builder/spi-builder-workspace/Tests/TextToSpeechV1Tests/WatsonCredentials.swift
{
  "workspace" : {
    "name" : "WatsonDeveloperCloud",
    "schemes" : [
      "AssistantV1",
      "AssistantV2",
      "DiscoveryV1",
      "DiscoveryV2",
      "LanguageTranslatorV3",
      "NaturalLanguageUnderstandingV1",
      "SpeechToTextV1",
      "TextToSpeechV1",
      "WatsonDeveloperCloud-Package"
    ]
  }
}
2026-09-18 01:58:04.559 xcodebuild[948:5738] [MT] IDERunDestination: Supported platforms for the buildables in the current scheme is empty.
{
  "workspace" : {
    "name" : "WatsonDeveloperCloud",
    "schemes" : [
      "AssistantV1",
      "AssistantV2",
      "DiscoveryV1",
      "DiscoveryV2",
      "LanguageTranslatorV3",
      "NaturalLanguageUnderstandingV1",
      "SpeechToTextV1",
      "TextToSpeechV1",
      "WatsonDeveloperCloud-Package"
    ]
  }
}
2026-09-18 01:58:05.669 xcodebuild[957:5777] [MT] IDERunDestination: Supported platforms for the buildables in the current scheme is empty.
Running build ...
env DEVELOPER_DIR=/Applications/Xcode-27.0.0-Release.Candidate.app xcrun xcodebuild -IDEClonedSourcePackagesDirPathOverride=$PWD/.dependencies -skipMacroValidation -skipPackagePluginValidation -derivedDataPath $PWD/.derivedData build -scheme WatsonDeveloperCloud-Package -destination generic/platform=xrOS
Command line invocation:
    /Applications/Xcode-27.0.0-Release.Candidate.app/Contents/Developer/usr/bin/xcodebuild -IDEClonedSourcePackagesDirPathOverride=/Users/admin/builder/spi-builder-workspace/.dependencies -skipMacroValidation -skipPackagePluginValidation -derivedDataPath /Users/admin/builder/spi-builder-workspace/.derivedData build -scheme WatsonDeveloperCloud-Package -destination generic/platform=xrOS
Resolve Package Graph
ignoring broken symlink /Users/admin/builder/spi-builder-workspace/Tests/AssistantV1Tests/WatsonCredentials.swiftignoring broken symlink /Users/admin/builder/spi-builder-workspace/Tests/AssistantV2Tests/WatsonCredentials.swiftignoring broken symlink /Users/admin/builder/spi-builder-workspace/Tests/DiscoveryV1Tests/WatsonCredentials.swiftignoring broken symlink /Users/admin/builder/spi-builder-workspace/Tests/LanguageTranslatorV3Tests/WatsonCredentials.swiftignoring broken symlink /Users/admin/builder/spi-builder-workspace/Tests/NaturalLanguageUnderstandingV1Tests/WatsonCredentials.swiftignoring broken symlink /Users/admin/builder/spi-builder-workspace/Tests/SpeechToTextV1Tests/WatsonCredentials.swiftignoring broken symlink /Users/admin/builder/spi-builder-workspace/Tests/TextToSpeechV1Tests/WatsonCredentials.swiftfailed to retrieve search paths with pkg-config; maybe pkg-config is not installedyou may be able to install ogg using your system-packager:
    brew install libogg
you may be able to install opus using your system-packager:
    brew install opus
Resolved source packages:
  IBMSwiftSDKCore: https://github.com/IBM/swift-sdk-core @ 1.2.1
  Starscream: https://github.com/daltoniam/Starscream @ 4.0.4
  WatsonDeveloperCloud: /Users/admin/builder/spi-builder-workspace
ComputePackagePrebuildTargetDependencyGraph
Prepare packages
CreateBuildRequest
SendProjectDescription
CreateBuildOperation
ComputeTargetDependencyGraph
note: Building targets in dependency order
note: Target dependency graph (23 targets)
    Target 'TextToSpeechV1-product' in project 'WatsonDeveloperCloud'
        ➜ Explicit dependency on target 'TextToSpeechV1' in project 'WatsonDeveloperCloud'
        ➜ Explicit dependency on target 'Copustools' in project 'WatsonDeveloperCloud'
        ➜ Explicit dependency on target 'IBMSwiftSDKCore-product' in project 'IBMSwiftSDKCore'
    Target 'TextToSpeechV1' in project 'WatsonDeveloperCloud'
        ➜ Explicit dependency on target 'Clibogg' in project 'WatsonDeveloperCloud'
        ➜ Explicit dependency on target 'Clibopus' in project 'WatsonDeveloperCloud'
        ➜ Explicit dependency on target 'Copustools' in project 'WatsonDeveloperCloud'
        ➜ Explicit dependency on target 'IBMSwiftSDKCore-product' in project 'IBMSwiftSDKCore'
    Target 'Copustools' in project 'WatsonDeveloperCloud' (no dependencies)
    Target 'SpeechToTextV1-product' in project 'WatsonDeveloperCloud'
        ➜ Explicit dependency on target 'SpeechToTextV1' in project 'WatsonDeveloperCloud'
        ➜ Explicit dependency on target 'IBMSwiftSDKCore-product' in project 'IBMSwiftSDKCore'
        ➜ Explicit dependency on target 'Starscream-product' in project 'Starscream'
    Target 'SpeechToTextV1' in project 'WatsonDeveloperCloud'
        ➜ Explicit dependency on target 'Clibogg' in project 'WatsonDeveloperCloud'
        ➜ Explicit dependency on target 'Clibopus' in project 'WatsonDeveloperCloud'
        ➜ Explicit dependency on target 'IBMSwiftSDKCore-product' in project 'IBMSwiftSDKCore'
        ➜ Explicit dependency on target 'Starscream-product' in project 'Starscream'
    Target 'Starscream-product' in project 'Starscream'
        ➜ Explicit dependency on target 'Starscream' in project 'Starscream'
    Target 'Starscream' in project 'Starscream' (no dependencies)
    Target 'Clibopus' in project 'WatsonDeveloperCloud' (no dependencies)
    Target 'Clibogg' in project 'WatsonDeveloperCloud' (no dependencies)
    Target 'NaturalLanguageUnderstandingV1-product' in project 'WatsonDeveloperCloud'
        ➜ Explicit dependency on target 'NaturalLanguageUnderstandingV1' in project 'WatsonDeveloperCloud'
        ➜ Explicit dependency on target 'IBMSwiftSDKCore-product' in project 'IBMSwiftSDKCore'
    Target 'NaturalLanguageUnderstandingV1' in project 'WatsonDeveloperCloud'
        ➜ Explicit dependency on target 'IBMSwiftSDKCore-product' in project 'IBMSwiftSDKCore'
    Target 'LanguageTranslatorV3-product' in project 'WatsonDeveloperCloud'
        ➜ Explicit dependency on target 'LanguageTranslatorV3' in project 'WatsonDeveloperCloud'
        ➜ Explicit dependency on target 'IBMSwiftSDKCore-product' in project 'IBMSwiftSDKCore'
    Target 'LanguageTranslatorV3' in project 'WatsonDeveloperCloud'
        ➜ Explicit dependency on target 'IBMSwiftSDKCore-product' in project 'IBMSwiftSDKCore'
    Target 'DiscoveryV2-product' in project 'WatsonDeveloperCloud'
        ➜ Explicit dependency on target 'DiscoveryV2' in project 'WatsonDeveloperCloud'
        ➜ Explicit dependency on target 'IBMSwiftSDKCore-product' in project 'IBMSwiftSDKCore'
    Target 'DiscoveryV2' in project 'WatsonDeveloperCloud'
        ➜ Explicit dependency on target 'IBMSwiftSDKCore-product' in project 'IBMSwiftSDKCore'
    Target 'DiscoveryV1-product' in project 'WatsonDeveloperCloud'
        ➜ Explicit dependency on target 'DiscoveryV1' in project 'WatsonDeveloperCloud'
        ➜ Explicit dependency on target 'IBMSwiftSDKCore-product' in project 'IBMSwiftSDKCore'
    Target 'DiscoveryV1' in project 'WatsonDeveloperCloud'
        ➜ Explicit dependency on target 'IBMSwiftSDKCore-product' in project 'IBMSwiftSDKCore'
    Target 'AssistantV2-product' in project 'WatsonDeveloperCloud'
        ➜ Explicit dependency on target 'AssistantV2' in project 'WatsonDeveloperCloud'
        ➜ Explicit dependency on target 'IBMSwiftSDKCore-product' in project 'IBMSwiftSDKCore'
    Target 'AssistantV2' in project 'WatsonDeveloperCloud'
        ➜ Explicit dependency on target 'IBMSwiftSDKCore-product' in project 'IBMSwiftSDKCore'
    Target 'AssistantV1-product' in project 'WatsonDeveloperCloud'
        ➜ Explicit dependency on target 'AssistantV1' in project 'WatsonDeveloperCloud'
        ➜ Explicit dependency on target 'IBMSwiftSDKCore-product' in project 'IBMSwiftSDKCore'
    Target 'AssistantV1' in project 'WatsonDeveloperCloud'
        ➜ Explicit dependency on target 'IBMSwiftSDKCore-product' in project 'IBMSwiftSDKCore'
    Target 'IBMSwiftSDKCore-product' in project 'IBMSwiftSDKCore'
        ➜ Explicit dependency on target 'IBMSwiftSDKCore' in project 'IBMSwiftSDKCore'
    Target 'IBMSwiftSDKCore' in project 'IBMSwiftSDKCore' (no dependencies)
GatherProvisioningInputs
CreateBuildDescription
ClangStatCache /Applications/Xcode-27.0.0-Release.Candidate.app/Contents/Developer/Toolchains/XcodeDefault.xctoolchain/usr/bin/clang-stat-cache /Applications/Xcode-27.0.0-Release.Candidate.app/Contents/Developer/Platforms/XROS.platform/Developer/SDKs/XROS27.0.sdk /Users/admin/builder/spi-builder-workspace/.derivedData/SDKStatCaches.noindex/xros27.0-24M361-e829b21a6f8c9b70876ba0858053c044735bd543db762f57723cac368afd1ce4.sdkstatcache
    cd /Users/admin/builder/spi-builder-workspace/.swiftpm/xcode
    /Applications/Xcode-27.0.0-Release.Candidate.app/Contents/Developer/Toolchains/XcodeDefault.xctoolchain/usr/bin/clang-stat-cache /Applications/Xcode-27.0.0-Release.Candidate.app/Contents/Developer/Platforms/XROS.platform/Developer/SDKs/XROS27.0.sdk -o /Users/admin/builder/spi-builder-workspace/.derivedData/SDKStatCaches.noindex/xros27.0-24M361-e829b21a6f8c9b70876ba0858053c044735bd543db762f57723cac368afd1ce4.sdkstatcache
SwiftDriver TextToSpeechV1 normal arm64 com.apple.xcode.tools.swift.compiler (in target 'TextToSpeechV1' from project 'WatsonDeveloperCloud')
    cd /Users/admin/builder/spi-builder-workspace/.swiftpm/xcode
    builtin-SwiftDriver -- /Applications/Xcode-27.0.0-Release.Candidate.app/Contents/Developer/Toolchains/XcodeDefault.xctoolchain/usr/bin/swiftc -parse-as-library -module-name TextToSpeechV1 -Onone @/Users/admin/builder/spi-builder-workspace/.derivedData/Build/Intermediates.noindex/WatsonDeveloperCloud.build/Debug-xros/TextToSpeechV1-t.build/Objects-normal/arm64/TextToSpeechV1.SwiftFileList -DSWIFT_PACKAGE -DDEBUG -DSWIFT_MODULE_RESOURCE_BUNDLE_UNAVAILABLE -Xcc -fmodule-map-file\=/Users/admin/builder/spi-builder-workspace/Sources/SupportingFiles/Dependencies/Copustools/include/module.modulemap -Xcc -fmodule-map-file\=/Users/admin/builder/spi-builder-workspace/Sources/SupportingFiles/Dependencies/Clibopus/module.modulemap -Xcc -fmodule-map-file\=/Users/admin/builder/spi-builder-workspace/Sources/SupportingFiles/Dependencies/Clibogg/module.modulemap -DXcode -plugin-path /Applications/Xcode-27.0.0-Release.Candidate.app/Contents/Developer/Toolchains/XcodeDefault.xctoolchain/usr/lib/swift/host/plugins/testing -enable-experimental-feature DebugDescriptionMacro -sdk /Applications/Xcode-27.0.0-Release.Candidate.app/Contents/Developer/Platforms/XROS.platform/Developer/SDKs/XROS27.0.sdk -target arm64-apple-xros1.0 -g -module-cache-path /Users/admin/builder/spi-builder-workspace/.derivedData/ModuleCache.noindex -Xfrontend -serialize-debugging-options -profile-coverage-mapping -profile-generate -enable-testing -index-store-path /Users/admin/builder/spi-builder-workspace/.derivedData/Index.noindex/DataStore -Xcc -D_LIBCPP_HARDENING_MODE\=_LIBCPP_HARDENING_MODE_DEBUG -swift-version 5 -I /Users/admin/builder/spi-builder-workspace/.derivedData/Build/Products/Debug-xros -Isystem /Applications/Xcode-27.0.0-Release.Candidate.app/Contents/Developer/Platforms/XROS.platform/Developer/usr/lib -F /Users/admin/builder/spi-builder-workspace/.derivedData/Build/Products/Debug-xros/PackageFrameworks -F /Users/admin/builder/spi-builder-workspace/.derivedData/Build/Products/Debug-xros -F /Applications/Xcode-27.0.0-Release.Candidate.app/Contents/Developer/Platforms/XROS.platform/Developer/Library/Frameworks -F /Applications/Xcode-27.0.0-Release.Candidate.app/Contents/Developer/Platforms/XROS.platform/Developer/SDKs/XROS27.0.sdk/Developer/Library/Frameworks -c -j10 -enable-batch-mode -incremental -Xcc -ivfsstatcache -Xcc /Users/admin/builder/spi-builder-workspace/.derivedData/SDKStatCaches.noindex/xros27.0-24M361-e829b21a6f8c9b70876ba0858053c044735bd543db762f57723cac368afd1ce4.sdkstatcache -output-file-map /Users/admin/builder/spi-builder-workspace/.derivedData/Build/Intermediates.noindex/WatsonDeveloperCloud.build/Debug-xros/TextToSpeechV1-t.build/Objects-normal/arm64/TextToSpeechV1-OutputFileMap.json -save-temps -no-color-diagnostics -explicit-module-build -module-cache-path /Users/admin/builder/spi-builder-workspace/.derivedData/Build/Intermediates.noindex/SwiftExplicitPrecompiledModules -clang-scanner-module-cache-path /Users/admin/builder/spi-builder-workspace/.derivedData/ModuleCache.noindex -sdk-module-cache-path /Users/admin/builder/spi-builder-workspace/.derivedData/SDKExplicitPrecompiledModules -emit-dependencies -emit-module -emit-module-path /Users/admin/builder/spi-builder-workspace/.derivedData/Build/Intermediates.noindex/WatsonDeveloperCloud.build/Debug-xros/TextToSpeechV1-t.build/Objects-normal/arm64/TextToSpeechV1.swiftmodule -serialize-diagnostics -dependency-scan-serialize-diagnostics-path /Users/admin/builder/spi-builder-workspace/.derivedData/Build/Intermediates.noindex/WatsonDeveloperCloud.build/Debug-xros/TextToSpeechV1-t.build/Objects-normal/arm64/TextToSpeechV1-dependency-scan.dia -validate-clang-modules-once -clang-build-session-file /Users/admin/builder/spi-builder-workspace/.derivedData/ModuleCache.noindex/Session.modulevalidation -Xcc -fmodules-prune-interval\=86400 -Xcc -fmodules-prune-after\=345600 -emit-const-values -const-gather-protocols-list /Users/admin/builder/spi-builder-workspace/.derivedData/Build/Intermediates.noindex/WatsonDeveloperCloud.build/Debug-xros/TextToSpeechV1-t.build/Objects-normal/arm64/TextToSpeechV1_const_extract_protocols.json -Xcc -I/Users/admin/builder/spi-builder-workspace/Sources/SupportingFiles/Dependencies/Copustools/include -Xcc -I/Users/admin/builder/spi-builder-workspace/.derivedData/Build/Products/Debug-xros/include -Xcc -I/Users/admin/builder/spi-builder-workspace/.derivedData/Build/Intermediates.noindex/WatsonDeveloperCloud.build/Debug-xros/TextToSpeechV1-t.build/DerivedSources-normal/arm64 -Xcc -I/Users/admin/builder/spi-builder-workspace/.derivedData/Build/Intermediates.noindex/WatsonDeveloperCloud.build/Debug-xros/TextToSpeechV1-t.build/DerivedSources/arm64 -Xcc -I/Users/admin/builder/spi-builder-workspace/.derivedData/Build/Intermediates.noindex/WatsonDeveloperCloud.build/Debug-xros/TextToSpeechV1-t.build/DerivedSources -Xcc -DSWIFT_PACKAGE -Xcc -DDEBUG\=1 -emit-objc-header -emit-objc-header-path /Users/admin/builder/spi-builder-workspace/.derivedData/Build/Intermediates.noindex/WatsonDeveloperCloud.build/Debug-xros/TextToSpeechV1-t.build/Objects-normal/arm64/TextToSpeechV1-Swift.h -working-directory /Users/admin/builder/spi-builder-workspace/.swiftpm/xcode -experimental-emit-module-separately -disable-cmo
SwiftDriver Starscream normal arm64 com.apple.xcode.tools.swift.compiler (in target 'Starscream' from project 'Starscream')
    cd /Users/admin/builder/spi-builder-workspace/.swiftpm/xcode
    builtin-SwiftDriver -- /Applications/Xcode-27.0.0-Release.Candidate.app/Contents/Developer/Toolchains/XcodeDefault.xctoolchain/usr/bin/swiftc -parse-as-library -module-name Starscream -Onone @/Users/admin/builder/spi-builder-workspace/.derivedData/Build/Intermediates.noindex/Starscream.build/Debug-xros/Starscream-t.build/Objects-normal/arm64/Starscream.SwiftFileList -DSWIFT_PACKAGE -DDEBUG -DSWIFT_MODULE_RESOURCE_BUNDLE_UNAVAILABLE -DXcode -plugin-path /Applications/Xcode-27.0.0-Release.Candidate.app/Contents/Developer/Toolchains/XcodeDefault.xctoolchain/usr/lib/swift/host/plugins/testing -enable-experimental-feature DebugDescriptionMacro -sdk /Applications/Xcode-27.0.0-Release.Candidate.app/Contents/Developer/Platforms/XROS.platform/Developer/SDKs/XROS27.0.sdk -target arm64-apple-xros1.0 -g -module-cache-path /Users/admin/builder/spi-builder-workspace/.derivedData/ModuleCache.noindex -Xfrontend -serialize-debugging-options -profile-coverage-mapping -profile-generate -enable-testing -suppress-warnings -index-store-path /Users/admin/builder/spi-builder-workspace/.derivedData/Index.noindex/DataStore -Xcc -D_LIBCPP_HARDENING_MODE\=_LIBCPP_HARDENING_MODE_DEBUG -swift-version 5 -I /Users/admin/builder/spi-builder-workspace/.derivedData/Build/Products/Debug-xros -Isystem /Applications/Xcode-27.0.0-Release.Candidate.app/Contents/Developer/Platforms/XROS.platform/Developer/usr/lib -F /Users/admin/builder/spi-builder-workspace/.derivedData/Build/Products/Debug-xros -F /Applications/Xcode-27.0.0-Release.Candidate.app/Contents/Developer/Platforms/XROS.platform/Developer/Library/Frameworks -F /Applications/Xcode-27.0.0-Release.Candidate.app/Contents/Developer/Platforms/XROS.platform/Developer/SDKs/XROS27.0.sdk/Developer/Library/Frameworks -c -j10 -enable-batch-mode -incremental -Xcc -ivfsstatcache -Xcc /Users/admin/builder/spi-builder-workspace/.derivedData/SDKStatCaches.noindex/xros27.0-24M361-e829b21a6f8c9b70876ba0858053c044735bd543db762f57723cac368afd1ce4.sdkstatcache -output-file-map /Users/admin/builder/spi-builder-workspace/.derivedData/Build/Intermediates.noindex/Starscream.build/Debug-xros/Starscream-t.build/Objects-normal/arm64/Starscream-OutputFileMap.json -save-temps -no-color-diagnostics -explicit-module-build -module-cache-path /Users/admin/builder/spi-builder-workspace/.derivedData/Build/Intermediates.noindex/SwiftExplicitPrecompiledModules -clang-scanner-module-cache-path /Users/admin/builder/spi-builder-workspace/.derivedData/ModuleCache.noindex -sdk-module-cache-path /Users/admin/builder/spi-builder-workspace/.derivedData/SDKExplicitPrecompiledModules -emit-dependencies -emit-module -emit-module-path /Users/admin/builder/spi-builder-workspace/.derivedData/Build/Intermediates.noindex/Starscream.build/Debug-xros/Starscream-t.build/Objects-normal/arm64/Starscream.swiftmodule -serialize-diagnostics -dependency-scan-serialize-diagnostics-path /Users/admin/builder/spi-builder-workspace/.derivedData/Build/Intermediates.noindex/Starscream.build/Debug-xros/Starscream-t.build/Objects-normal/arm64/Starscream-dependency-scan.dia -validate-clang-modules-once -clang-build-session-file /Users/admin/builder/spi-builder-workspace/.derivedData/ModuleCache.noindex/Session.modulevalidation -Xcc -fmodules-prune-interval\=86400 -Xcc -fmodules-prune-after\=345600 -emit-const-values -const-gather-protocols-list /Users/admin/builder/spi-builder-workspace/.derivedData/Build/Intermediates.noindex/Starscream.build/Debug-xros/Starscream-t.build/Objects-normal/arm64/Starscream_const_extract_protocols.json -Xcc -I/Users/admin/builder/spi-builder-workspace/.derivedData/Build/Products/Debug-xros/include -Xcc -I/Users/admin/builder/spi-builder-workspace/.derivedData/Build/Intermediates.noindex/Starscream.build/Debug-xros/Starscream-t.build/DerivedSources-normal/arm64 -Xcc -I/Users/admin/builder/spi-builder-workspace/.derivedData/Build/Intermediates.noindex/Starscream.build/Debug-xros/Starscream-t.build/DerivedSources/arm64 -Xcc -I/Users/admin/builder/spi-builder-workspace/.derivedData/Build/Intermediates.noindex/Starscream.build/Debug-xros/Starscream-t.build/DerivedSources -Xcc -DSWIFT_PACKAGE -Xcc -DDEBUG\=1 -emit-objc-header -emit-objc-header-path /Users/admin/builder/spi-builder-workspace/.derivedData/Build/Intermediates.noindex/Starscream.build/Debug-xros/Starscream-t.build/Objects-normal/arm64/Starscream-Swift.h -working-directory /Users/admin/builder/spi-builder-workspace/.swiftpm/xcode -experimental-emit-module-separately -disable-cmo
SwiftDriver NaturalLanguageUnderstandingV1 normal arm64 com.apple.xcode.tools.swift.compiler (in target 'NaturalLanguageUnderstandingV1' from project 'WatsonDeveloperCloud')
    cd /Users/admin/builder/spi-builder-workspace/.swiftpm/xcode
    builtin-SwiftDriver -- /Applications/Xcode-27.0.0-Release.Candidate.app/Contents/Developer/Toolchains/XcodeDefault.xctoolchain/usr/bin/swiftc -parse-as-library -module-name NaturalLanguageUnderstandingV1 -Onone @/Users/admin/builder/spi-builder-workspace/.derivedData/Build/Intermediates.noindex/WatsonDeveloperCloud.build/Debug-xros/NaturalLanguageUnderstandingV1-t.build/Objects-normal/arm64/NaturalLanguageUnderstandingV1.SwiftFileList -DSWIFT_PACKAGE -DDEBUG -DSWIFT_MODULE_RESOURCE_BUNDLE_UNAVAILABLE -DXcode -plugin-path /Applications/Xcode-27.0.0-Release.Candidate.app/Contents/Developer/Toolchains/XcodeDefault.xctoolchain/usr/lib/swift/host/plugins/testing -enable-experimental-feature DebugDescriptionMacro -sdk /Applications/Xcode-27.0.0-Release.Candidate.app/Contents/Developer/Platforms/XROS.platform/Developer/SDKs/XROS27.0.sdk -target arm64-apple-xros1.0 -g -module-cache-path /Users/admin/builder/spi-builder-workspace/.derivedData/ModuleCache.noindex -Xfrontend -serialize-debugging-options -profile-coverage-mapping -profile-generate -enable-testing -index-store-path /Users/admin/builder/spi-builder-workspace/.derivedData/Index.noindex/DataStore -Xcc -D_LIBCPP_HARDENING_MODE\=_LIBCPP_HARDENING_MODE_DEBUG -swift-version 5 -I /Users/admin/builder/spi-builder-workspace/.derivedData/Build/Products/Debug-xros -Isystem /Applications/Xcode-27.0.0-Release.Candidate.app/Contents/Developer/Platforms/XROS.platform/Developer/usr/lib -F /Users/admin/builder/spi-builder-workspace/.derivedData/Build/Products/Debug-xros/PackageFrameworks -F /Users/admin/builder/spi-builder-workspace/.derivedData/Build/Products/Debug-xros -F /Applications/Xcode-27.0.0-Release.Candidate.app/Contents/Developer/Platforms/XROS.platform/Developer/Library/Frameworks -F /Applications/Xcode-27.0.0-Release.Candidate.app/Contents/Developer/Platforms/XROS.platform/Developer/SDKs/XROS27.0.sdk/Developer/Library/Frameworks -c -j10 -enable-batch-mode -incremental -Xcc -ivfsstatcache -Xcc /Users/admin/builder/spi-builder-workspace/.derivedData/SDKStatCaches.noindex/xros27.0-24M361-e829b21a6f8c9b70876ba0858053c044735bd543db762f57723cac368afd1ce4.sdkstatcache -output-file-map /Users/admin/builder/spi-builder-workspace/.derivedData/Build/Intermediates.noindex/WatsonDeveloperCloud.build/Debug-xros/NaturalLanguageUnderstandingV1-t.build/Objects-normal/arm64/NaturalLanguageUnderstandingV1-OutputFileMap.json -save-temps -no-color-diagnostics -explicit-module-build -module-cache-path /Users/admin/builder/spi-builder-workspace/.derivedData/Build/Intermediates.noindex/SwiftExplicitPrecompiledModules -clang-scanner-module-cache-path /Users/admin/builder/spi-builder-workspace/.derivedData/ModuleCache.noindex -sdk-module-cache-path /Users/admin/builder/spi-builder-workspace/.derivedData/SDKExplicitPrecompiledModules -emit-dependencies -emit-module -emit-module-path /Users/admin/builder/spi-builder-workspace/.derivedData/Build/Intermediates.noindex/WatsonDeveloperCloud.build/Debug-xros/NaturalLanguageUnderstandingV1-t.build/Objects-normal/arm64/NaturalLanguageUnderstandingV1.swiftmodule -serialize-diagnostics -dependency-scan-serialize-diagnostics-path /Users/admin/builder/spi-builder-workspace/.derivedData/Build/Intermediates.noindex/WatsonDeveloperCloud.build/Debug-xros/NaturalLanguageUnderstandingV1-t.build/Objects-normal/arm64/NaturalLanguageUnderstandingV1-dependency-scan.dia -validate-clang-modules-once -clang-build-session-file /Users/admin/builder/spi-builder-workspace/.derivedData/ModuleCache.noindex/Session.modulevalidation -Xcc -fmodules-prune-interval\=86400 -Xcc -fmodules-prune-after\=345600 -emit-const-values -const-gather-protocols-list /Users/admin/builder/spi-builder-workspace/.derivedData/Build/Intermediates.noindex/WatsonDeveloperCloud.build/Debug-xros/NaturalLanguageUnderstandingV1-t.build/Objects-normal/arm64/NaturalLanguageUnderstandingV1_const_extract_protocols.json -Xcc -I/Users/admin/builder/spi-builder-workspace/.derivedData/Build/Products/Debug-xros/include -Xcc -I/Users/admin/builder/spi-builder-workspace/.derivedData/Build/Intermediates.noindex/WatsonDeveloperCloud.build/Debug-xros/NaturalLanguageUnderstandingV1-t.build/DerivedSources-normal/arm64 -Xcc -I/Users/admin/builder/spi-builder-workspace/.derivedData/Build/Intermediates.noindex/WatsonDeveloperCloud.build/Debug-xros/NaturalLanguageUnderstandingV1-t.build/DerivedSources/arm64 -Xcc -I/Users/admin/builder/spi-builder-workspace/.derivedData/Build/Intermediates.noindex/WatsonDeveloperCloud.build/Debug-xros/NaturalLanguageUnderstandingV1-t.build/DerivedSources -Xcc -DSWIFT_PACKAGE -Xcc -DDEBUG\=1 -emit-objc-header -emit-objc-header-path /Users/admin/builder/spi-builder-workspace/.derivedData/Build/Intermediates.noindex/WatsonDeveloperCloud.build/Debug-xros/NaturalLanguageUnderstandingV1-t.build/Objects-normal/arm64/NaturalLanguageUnderstandingV1-Swift.h -working-directory /Users/admin/builder/spi-builder-workspace/.swiftpm/xcode -experimental-emit-module-separately -disable-cmo
SwiftDriver LanguageTranslatorV3 normal arm64 com.apple.xcode.tools.swift.compiler (in target 'LanguageTranslatorV3' from project 'WatsonDeveloperCloud')
    cd /Users/admin/builder/spi-builder-workspace/.swiftpm/xcode
    builtin-SwiftDriver -- /Applications/Xcode-27.0.0-Release.Candidate.app/Contents/Developer/Toolchains/XcodeDefault.xctoolchain/usr/bin/swiftc -parse-as-library -module-name LanguageTranslatorV3 -Onone @/Users/admin/builder/spi-builder-workspace/.derivedData/Build/Intermediates.noindex/WatsonDeveloperCloud.build/Debug-xros/LanguageTranslatorV3-t.build/Objects-normal/arm64/LanguageTranslatorV3.SwiftFileList -DSWIFT_PACKAGE -DDEBUG -DSWIFT_MODULE_RESOURCE_BUNDLE_UNAVAILABLE -DXcode -plugin-path /Applications/Xcode-27.0.0-Release.Candidate.app/Contents/Developer/Toolchains/XcodeDefault.xctoolchain/usr/lib/swift/host/plugins/testing -enable-experimental-feature DebugDescriptionMacro -sdk /Applications/Xcode-27.0.0-Release.Candidate.app/Contents/Developer/Platforms/XROS.platform/Developer/SDKs/XROS27.0.sdk -target arm64-apple-xros1.0 -g -module-cache-path /Users/admin/builder/spi-builder-workspace/.derivedData/ModuleCache.noindex -Xfrontend -serialize-debugging-options -profile-coverage-mapping -profile-generate -enable-testing -index-store-path /Users/admin/builder/spi-builder-workspace/.derivedData/Index.noindex/DataStore -Xcc -D_LIBCPP_HARDENING_MODE\=_LIBCPP_HARDENING_MODE_DEBUG -swift-version 5 -I /Users/admin/builder/spi-builder-workspace/.derivedData/Build/Products/Debug-xros -Isystem /Applications/Xcode-27.0.0-Release.Candidate.app/Contents/Developer/Platforms/XROS.platform/Developer/usr/lib -F /Users/admin/builder/spi-builder-workspace/.derivedData/Build/Products/Debug-xros/PackageFrameworks -F /Users/admin/builder/spi-builder-workspace/.derivedData/Build/Products/Debug-xros -F /Applications/Xcode-27.0.0-Release.Candidate.app/Contents/Developer/Platforms/XROS.platform/Developer/Library/Frameworks -F /Applications/Xcode-27.0.0-Release.Candidate.app/Contents/Developer/Platforms/XROS.platform/Developer/SDKs/XROS27.0.sdk/Developer/Library/Frameworks -c -j10 -enable-batch-mode -incremental -Xcc -ivfsstatcache -Xcc /Users/admin/builder/spi-builder-workspace/.derivedData/SDKStatCaches.noindex/xros27.0-24M361-e829b21a6f8c9b70876ba0858053c044735bd543db762f57723cac368afd1ce4.sdkstatcache -output-file-map /Users/admin/builder/spi-builder-workspace/.derivedData/Build/Intermediates.noindex/WatsonDeveloperCloud.build/Debug-xros/LanguageTranslatorV3-t.build/Objects-normal/arm64/LanguageTranslatorV3-OutputFileMap.json -save-temps -no-color-diagnostics -explicit-module-build -module-cache-path /Users/admin/builder/spi-builder-workspace/.derivedData/Build/Intermediates.noindex/SwiftExplicitPrecompiledModules -clang-scanner-module-cache-path /Users/admin/builder/spi-builder-workspace/.derivedData/ModuleCache.noindex -sdk-module-cache-path /Users/admin/builder/spi-builder-workspace/.derivedData/SDKExplicitPrecompiledModules -emit-dependencies -emit-module -emit-module-path /Users/admin/builder/spi-builder-workspace/.derivedData/Build/Intermediates.noindex/WatsonDeveloperCloud.build/Debug-xros/LanguageTranslatorV3-t.build/Objects-normal/arm64/LanguageTranslatorV3.swiftmodule -serialize-diagnostics -dependency-scan-serialize-diagnostics-path /Users/admin/builder/spi-builder-workspace/.derivedData/Build/Intermediates.noindex/WatsonDeveloperCloud.build/Debug-xros/LanguageTranslatorV3-t.build/Objects-normal/arm64/LanguageTranslatorV3-dependency-scan.dia -validate-clang-modules-once -clang-build-session-file /Users/admin/builder/spi-builder-workspace/.derivedData/ModuleCache.noindex/Session.modulevalidation -Xcc -fmodules-prune-interval\=86400 -Xcc -fmodules-prune-after\=345600 -emit-const-values -const-gather-protocols-list /Users/admin/builder/spi-builder-workspace/.derivedData/Build/Intermediates.noindex/WatsonDeveloperCloud.build/Debug-xros/LanguageTranslatorV3-t.build/Objects-normal/arm64/LanguageTranslatorV3_const_extract_protocols.json -Xcc -I/Users/admin/builder/spi-builder-workspace/.derivedData/Build/Products/Debug-xros/include -Xcc -I/Users/admin/builder/spi-builder-workspace/.derivedData/Build/Intermediates.noindex/WatsonDeveloperCloud.build/Debug-xros/LanguageTranslatorV3-t.build/DerivedSources-normal/arm64 -Xcc -I/Users/admin/builder/spi-builder-workspace/.derivedData/Build/Intermediates.noindex/WatsonDeveloperCloud.build/Debug-xros/LanguageTranslatorV3-t.build/DerivedSources/arm64 -Xcc -I/Users/admin/builder/spi-builder-workspace/.derivedData/Build/Intermediates.noindex/WatsonDeveloperCloud.build/Debug-xros/LanguageTranslatorV3-t.build/DerivedSources -Xcc -DSWIFT_PACKAGE -Xcc -DDEBUG\=1 -emit-objc-header -emit-objc-header-path /Users/admin/builder/spi-builder-workspace/.derivedData/Build/Intermediates.noindex/WatsonDeveloperCloud.build/Debug-xros/LanguageTranslatorV3-t.build/Objects-normal/arm64/LanguageTranslatorV3-Swift.h -working-directory /Users/admin/builder/spi-builder-workspace/.swiftpm/xcode -experimental-emit-module-separately -disable-cmo
SwiftDriver DiscoveryV2 normal arm64 com.apple.xcode.tools.swift.compiler (in target 'DiscoveryV2' from project 'WatsonDeveloperCloud')
    cd /Users/admin/builder/spi-builder-workspace/.swiftpm/xcode
    builtin-SwiftDriver -- /Applications/Xcode-27.0.0-Release.Candidate.app/Contents/Developer/Toolchains/XcodeDefault.xctoolchain/usr/bin/swiftc -parse-as-library -module-name DiscoveryV2 -Onone @/Users/admin/builder/spi-builder-workspace/.derivedData/Build/Intermediates.noindex/WatsonDeveloperCloud.build/Debug-xros/DiscoveryV2-t.build/Objects-normal/arm64/DiscoveryV2.SwiftFileList -DSWIFT_PACKAGE -DDEBUG -DSWIFT_MODULE_RESOURCE_BUNDLE_UNAVAILABLE -DXcode -plugin-path /Applications/Xcode-27.0.0-Release.Candidate.app/Contents/Developer/Toolchains/XcodeDefault.xctoolchain/usr/lib/swift/host/plugins/testing -enable-experimental-feature DebugDescriptionMacro -sdk /Applications/Xcode-27.0.0-Release.Candidate.app/Contents/Developer/Platforms/XROS.platform/Developer/SDKs/XROS27.0.sdk -target arm64-apple-xros1.0 -g -module-cache-path /Users/admin/builder/spi-builder-workspace/.derivedData/ModuleCache.noindex -Xfrontend -serialize-debugging-options -profile-coverage-mapping -profile-generate -enable-testing -index-store-path /Users/admin/builder/spi-builder-workspace/.derivedData/Index.noindex/DataStore -Xcc -D_LIBCPP_HARDENING_MODE\=_LIBCPP_HARDENING_MODE_DEBUG -swift-version 5 -I /Users/admin/builder/spi-builder-workspace/.derivedData/Build/Products/Debug-xros -Isystem /Applications/Xcode-27.0.0-Release.Candidate.app/Contents/Developer/Platforms/XROS.platform/Developer/usr/lib -F /Users/admin/builder/spi-builder-workspace/.derivedData/Build/Products/Debug-xros/PackageFrameworks -F /Users/admin/builder/spi-builder-workspace/.derivedData/Build/Products/Debug-xros -F /Applications/Xcode-27.0.0-Release.Candidate.app/Contents/Developer/Platforms/XROS.platform/Developer/Library/Frameworks -F /Applications/Xcode-27.0.0-Release.Candidate.app/Contents/Developer/Platforms/XROS.platform/Developer/SDKs/XROS27.0.sdk/Developer/Library/Frameworks -c -j10 -enable-batch-mode -incremental -Xcc -ivfsstatcache -Xcc /Users/admin/builder/spi-builder-workspace/.derivedData/SDKStatCaches.noindex/xros27.0-24M361-e829b21a6f8c9b70876ba0858053c044735bd543db762f57723cac368afd1ce4.sdkstatcache -output-file-map /Users/admin/builder/spi-builder-workspace/.derivedData/Build/Intermediates.noindex/WatsonDeveloperCloud.build/Debug-xros/DiscoveryV2-t.build/Objects-normal/arm64/DiscoveryV2-OutputFileMap.json -save-temps -no-color-diagnostics -explicit-module-build -module-cache-path /Users/admin/builder/spi-builder-workspace/.derivedData/Build/Intermediates.noindex/SwiftExplicitPrecompiledModules -clang-scanner-module-cache-path /Users/admin/builder/spi-builder-workspace/.derivedData/ModuleCache.noindex -sdk-module-cache-path /Users/admin/builder/spi-builder-workspace/.derivedData/SDKExplicitPrecompiledModules -emit-dependencies -emit-module -emit-module-path /Users/admin/builder/spi-builder-workspace/.derivedData/Build/Intermediates.noindex/WatsonDeveloperCloud.build/Debug-xros/DiscoveryV2-t.build/Objects-normal/arm64/DiscoveryV2.swiftmodule -serialize-diagnostics -dependency-scan-serialize-diagnostics-path /Users/admin/builder/spi-builder-workspace/.derivedData/Build/Intermediates.noindex/WatsonDeveloperCloud.build/Debug-xros/DiscoveryV2-t.build/Objects-normal/arm64/DiscoveryV2-dependency-scan.dia -validate-clang-modules-once -clang-build-session-file /Users/admin/builder/spi-builder-workspace/.derivedData/ModuleCache.noindex/Session.modulevalidation -Xcc -fmodules-prune-interval\=86400 -Xcc -fmodules-prune-after\=345600 -emit-const-values -const-gather-protocols-list /Users/admin/builder/spi-builder-workspace/.derivedData/Build/Intermediates.noindex/WatsonDeveloperCloud.build/Debug-xros/DiscoveryV2-t.build/Objects-normal/arm64/DiscoveryV2_const_extract_protocols.json -Xcc -I/Users/admin/builder/spi-builder-workspace/.derivedData/Build/Products/Debug-xros/include -Xcc -I/Users/admin/builder/spi-builder-workspace/.derivedData/Build/Intermediates.noindex/WatsonDeveloperCloud.build/Debug-xros/DiscoveryV2-t.build/DerivedSources-normal/arm64 -Xcc -I/Users/admin/builder/spi-builder-workspace/.derivedData/Build/Intermediates.noindex/WatsonDeveloperCloud.build/Debug-xros/DiscoveryV2-t.build/DerivedSources/arm64 -Xcc -I/Users/admin/builder/spi-builder-workspace/.derivedData/Build/Intermediates.noindex/WatsonDeveloperCloud.build/Debug-xros/DiscoveryV2-t.build/DerivedSources -Xcc -DSWIFT_PACKAGE -Xcc -DDEBUG\=1 -emit-objc-header -emit-objc-header-path /Users/admin/builder/spi-builder-workspace/.derivedData/Build/Intermediates.noindex/WatsonDeveloperCloud.build/Debug-xros/DiscoveryV2-t.build/Objects-normal/arm64/DiscoveryV2-Swift.h -working-directory /Users/admin/builder/spi-builder-workspace/.swiftpm/xcode -experimental-emit-module-separately -disable-cmo
/Users/admin/builder/spi-builder-workspace/Sources/DiscoveryV2/Discovery.swift:560:13: warning: Keyword 'return' does not need to be escaped in argument list (in target 'DiscoveryV2' from project 'WatsonDeveloperCloud')
SwiftDriver AssistantV2 normal arm64 com.apple.xcode.tools.swift.compiler (in target 'AssistantV2' from project 'WatsonDeveloperCloud')
    cd /Users/admin/builder/spi-builder-workspace/.swiftpm/xcode
    builtin-SwiftDriver -- /Applications/Xcode-27.0.0-Release.Candidate.app/Contents/Developer/Toolchains/XcodeDefault.xctoolchain/usr/bin/swiftc -parse-as-library -module-name AssistantV2 -Onone @/Users/admin/builder/spi-builder-workspace/.derivedData/Build/Intermediates.noindex/WatsonDeveloperCloud.build/Debug-xros/AssistantV2-t.build/Objects-normal/arm64/AssistantV2.SwiftFileList -DSWIFT_PACKAGE -DDEBUG -DSWIFT_MODULE_RESOURCE_BUNDLE_UNAVAILABLE -DXcode -plugin-path /Applications/Xcode-27.0.0-Release.Candidate.app/Contents/Developer/Toolchains/XcodeDefault.xctoolchain/usr/lib/swift/host/plugins/testing -enable-experimental-feature DebugDescriptionMacro -sdk /Applications/Xcode-27.0.0-Release.Candidate.app/Contents/Developer/Platforms/XROS.platform/Developer/SDKs/XROS27.0.sdk -target arm64-apple-xros1.0 -g -module-cache-path /Users/admin/builder/spi-builder-workspace/.derivedData/ModuleCache.noindex -Xfrontend -serialize-debugging-options -profile-coverage-mapping -profile-generate -enable-testing -index-store-path /Users/admin/builder/spi-builder-workspace/.derivedData/Index.noindex/DataStore -Xcc -D_LIBCPP_HARDENING_MODE\=_LIBCPP_HARDENING_MODE_DEBUG -swift-version 5 -I /Users/admin/builder/spi-builder-workspace/.derivedData/Build/Products/Debug-xros -Isystem /Applications/Xcode-27.0.0-Release.Candidate.app/Contents/Developer/Platforms/XROS.platform/Developer/usr/lib -F /Users/admin/builder/spi-builder-workspace/.derivedData/Build/Products/Debug-xros/PackageFrameworks -F /Users/admin/builder/spi-builder-workspace/.derivedData/Build/Products/Debug-xros -F /Applications/Xcode-27.0.0-Release.Candidate.app/Contents/Developer/Platforms/XROS.platform/Developer/Library/Frameworks -F /Applications/Xcode-27.0.0-Release.Candidate.app/Contents/Developer/Platforms/XROS.platform/Developer/SDKs/XROS27.0.sdk/Developer/Library/Frameworks -c -j10 -enable-batch-mode -incremental -Xcc -ivfsstatcache -Xcc /Users/admin/builder/spi-builder-workspace/.derivedData/SDKStatCaches.noindex/xros27.0-24M361-e829b21a6f8c9b70876ba0858053c044735bd543db762f57723cac368afd1ce4.sdkstatcache -output-file-map /Users/admin/builder/spi-builder-workspace/.derivedData/Build/Intermediates.noindex/WatsonDeveloperCloud.build/Debug-xros/AssistantV2-t.build/Objects-normal/arm64/AssistantV2-OutputFileMap.json -save-temps -no-color-diagnostics -explicit-module-build -module-cache-path /Users/admin/builder/spi-builder-workspace/.derivedData/Build/Intermediates.noindex/SwiftExplicitPrecompiledModules -clang-scanner-module-cache-path /Users/admin/builder/spi-builder-workspace/.derivedData/ModuleCache.noindex -sdk-module-cache-path /Users/admin/builder/spi-builder-workspace/.derivedData/SDKExplicitPrecompiledModules -emit-dependencies -emit-module -emit-module-path /Users/admin/builder/spi-builder-workspace/.derivedData/Build/Intermediates.noindex/WatsonDeveloperCloud.build/Debug-xros/AssistantV2-t.build/Objects-normal/arm64/AssistantV2.swiftmodule -serialize-diagnostics -dependency-scan-serialize-diagnostics-path /Users/admin/builder/spi-builder-workspace/.derivedData/Build/Intermediates.noindex/WatsonDeveloperCloud.build/Debug-xros/AssistantV2-t.build/Objects-normal/arm64/AssistantV2-dependency-scan.dia -validate-clang-modules-once -clang-build-session-file /Users/admin/builder/spi-builder-workspace/.derivedData/ModuleCache.noindex/Session.modulevalidation -Xcc -fmodules-prune-interval\=86400 -Xcc -fmodules-prune-after\=345600 -emit-const-values -const-gather-protocols-list /Users/admin/builder/spi-builder-workspace/.derivedData/Build/Intermediates.noindex/WatsonDeveloperCloud.build/Debug-xros/AssistantV2-t.build/Objects-normal/arm64/AssistantV2_const_extract_protocols.json -Xcc -I/Users/admin/builder/spi-builder-workspace/.derivedData/Build/Products/Debug-xros/include -Xcc -I/Users/admin/builder/spi-builder-workspace/.derivedData/Build/Intermediates.noindex/WatsonDeveloperCloud.build/Debug-xros/AssistantV2-t.build/DerivedSources-normal/arm64 -Xcc -I/Users/admin/builder/spi-builder-workspace/.derivedData/Build/Intermediates.noindex/WatsonDeveloperCloud.build/Debug-xros/AssistantV2-t.build/DerivedSources/arm64 -Xcc -I/Users/admin/builder/spi-builder-workspace/.derivedData/Build/Intermediates.noindex/WatsonDeveloperCloud.build/Debug-xros/AssistantV2-t.build/DerivedSources -Xcc -DSWIFT_PACKAGE -Xcc -DDEBUG\=1 -emit-objc-header -emit-objc-header-path /Users/admin/builder/spi-builder-workspace/.derivedData/Build/Intermediates.noindex/WatsonDeveloperCloud.build/Debug-xros/AssistantV2-t.build/Objects-normal/arm64/AssistantV2-Swift.h -working-directory /Users/admin/builder/spi-builder-workspace/.swiftpm/xcode -experimental-emit-module-separately -disable-cmo
SwiftDriver DiscoveryV1 normal arm64 com.apple.xcode.tools.swift.compiler (in target 'DiscoveryV1' from project 'WatsonDeveloperCloud')
    cd /Users/admin/builder/spi-builder-workspace/.swiftpm/xcode
    builtin-SwiftDriver -- /Applications/Xcode-27.0.0-Release.Candidate.app/Contents/Developer/Toolchains/XcodeDefault.xctoolchain/usr/bin/swiftc -parse-as-library -module-name DiscoveryV1 -Onone @/Users/admin/builder/spi-builder-workspace/.derivedData/Build/Intermediates.noindex/WatsonDeveloperCloud.build/Debug-xros/DiscoveryV1-t.build/Objects-normal/arm64/DiscoveryV1.SwiftFileList -DSWIFT_PACKAGE -DDEBUG -DSWIFT_MODULE_RESOURCE_BUNDLE_UNAVAILABLE -DXcode -plugin-path /Applications/Xcode-27.0.0-Release.Candidate.app/Contents/Developer/Toolchains/XcodeDefault.xctoolchain/usr/lib/swift/host/plugins/testing -enable-experimental-feature DebugDescriptionMacro -sdk /Applications/Xcode-27.0.0-Release.Candidate.app/Contents/Developer/Platforms/XROS.platform/Developer/SDKs/XROS27.0.sdk -target arm64-apple-xros1.0 -g -module-cache-path /Users/admin/builder/spi-builder-workspace/.derivedData/ModuleCache.noindex -Xfrontend -serialize-debugging-options -profile-coverage-mapping -profile-generate -enable-testing -index-store-path /Users/admin/builder/spi-builder-workspace/.derivedData/Index.noindex/DataStore -Xcc -D_LIBCPP_HARDENING_MODE\=_LIBCPP_HARDENING_MODE_DEBUG -swift-version 5 -I /Users/admin/builder/spi-builder-workspace/.derivedData/Build/Products/Debug-xros -Isystem /Applications/Xcode-27.0.0-Release.Candidate.app/Contents/Developer/Platforms/XROS.platform/Developer/usr/lib -F /Users/admin/builder/spi-builder-workspace/.derivedData/Build/Products/Debug-xros/PackageFrameworks -F /Users/admin/builder/spi-builder-workspace/.derivedData/Build/Products/Debug-xros -F /Applications/Xcode-27.0.0-Release.Candidate.app/Contents/Developer/Platforms/XROS.platform/Developer/Library/Frameworks -F /Applications/Xcode-27.0.0-Release.Candidate.app/Contents/Developer/Platforms/XROS.platform/Developer/SDKs/XROS27.0.sdk/Developer/Library/Frameworks -c -j10 -enable-batch-mode -incremental -Xcc -ivfsstatcache -Xcc /Users/admin/builder/spi-builder-workspace/.derivedData/SDKStatCaches.noindex/xros27.0-24M361-e829b21a6f8c9b70876ba0858053c044735bd543db762f57723cac368afd1ce4.sdkstatcache -output-file-map /Users/admin/builder/spi-builder-workspace/.derivedData/Build/Intermediates.noindex/WatsonDeveloperCloud.build/Debug-xros/DiscoveryV1-t.build/Objects-normal/arm64/DiscoveryV1-OutputFileMap.json -save-temps -no-color-diagnostics -explicit-module-build -module-cache-path /Users/admin/builder/spi-builder-workspace/.derivedData/Build/Intermediates.noindex/SwiftExplicitPrecompiledModules -clang-scanner-module-cache-path /Users/admin/builder/spi-builder-workspace/.derivedData/ModuleCache.noindex -sdk-module-cache-path /Users/admin/builder/spi-builder-workspace/.derivedData/SDKExplicitPrecompiledModules -emit-dependencies -emit-module -emit-module-path /Users/admin/builder/spi-builder-workspace/.derivedData/Build/Intermediates.noindex/WatsonDeveloperCloud.build/Debug-xros/DiscoveryV1-t.build/Objects-normal/arm64/DiscoveryV1.swiftmodule -serialize-diagnostics -dependency-scan-serialize-diagnostics-path /Users/admin/builder/spi-builder-workspace/.derivedData/Build/Intermediates.noindex/WatsonDeveloperCloud.build/Debug-xros/DiscoveryV1-t.build/Objects-normal/arm64/DiscoveryV1-dependency-scan.dia -validate-clang-modules-once -clang-build-session-file /Users/admin/builder/spi-builder-workspace/.derivedData/ModuleCache.noindex/Session.modulevalidation -Xcc -fmodules-prune-interval\=86400 -Xcc -fmodules-prune-after\=345600 -emit-const-values -const-gather-protocols-list /Users/admin/builder/spi-builder-workspace/.derivedData/Build/Intermediates.noindex/WatsonDeveloperCloud.build/Debug-xros/DiscoveryV1-t.build/Objects-normal/arm64/DiscoveryV1_const_extract_protocols.json -Xcc -I/Users/admin/builder/spi-builder-workspace/.derivedData/Build/Products/Debug-xros/include -Xcc -I/Users/admin/builder/spi-builder-workspace/.derivedData/Build/Intermediates.noindex/WatsonDeveloperCloud.build/Debug-xros/DiscoveryV1-t.build/DerivedSources-normal/arm64 -Xcc -I/Users/admin/builder/spi-builder-workspace/.derivedData/Build/Intermediates.noindex/WatsonDeveloperCloud.build/Debug-xros/DiscoveryV1-t.build/DerivedSources/arm64 -Xcc -I/Users/admin/builder/spi-builder-workspace/.derivedData/Build/Intermediates.noindex/WatsonDeveloperCloud.build/Debug-xros/DiscoveryV1-t.build/DerivedSources -Xcc -DSWIFT_PACKAGE -Xcc -DDEBUG\=1 -emit-objc-header -emit-objc-header-path /Users/admin/builder/spi-builder-workspace/.derivedData/Build/Intermediates.noindex/WatsonDeveloperCloud.build/Debug-xros/DiscoveryV1-t.build/Objects-normal/arm64/DiscoveryV1-Swift.h -working-directory /Users/admin/builder/spi-builder-workspace/.swiftpm/xcode -experimental-emit-module-separately -disable-cmo
/Users/admin/builder/spi-builder-workspace/Sources/DiscoveryV1/Discovery.swift:2264:13: warning: Keyword 'return' does not need to be escaped in argument list (in target 'DiscoveryV1' from project 'WatsonDeveloperCloud')
/Users/admin/builder/spi-builder-workspace/Sources/DiscoveryV1/Discovery.swift:2675:13: warning: Keyword 'return' does not need to be escaped in argument list (in target 'DiscoveryV1' from project 'WatsonDeveloperCloud')
SwiftDriver AssistantV1 normal arm64 com.apple.xcode.tools.swift.compiler (in target 'AssistantV1' from project 'WatsonDeveloperCloud')
    cd /Users/admin/builder/spi-builder-workspace/.swiftpm/xcode
    builtin-SwiftDriver -- /Applications/Xcode-27.0.0-Release.Candidate.app/Contents/Developer/Toolchains/XcodeDefault.xctoolchain/usr/bin/swiftc -parse-as-library -module-name AssistantV1 -Onone @/Users/admin/builder/spi-builder-workspace/.derivedData/Build/Intermediates.noindex/WatsonDeveloperCloud.build/Debug-xros/AssistantV1-t.build/Objects-normal/arm64/AssistantV1.SwiftFileList -DSWIFT_PACKAGE -DDEBUG -DSWIFT_MODULE_RESOURCE_BUNDLE_UNAVAILABLE -DXcode -plugin-path /Applications/Xcode-27.0.0-Release.Candidate.app/Contents/Developer/Toolchains/XcodeDefault.xctoolchain/usr/lib/swift/host/plugins/testing -enable-experimental-feature DebugDescriptionMacro -sdk /Applications/Xcode-27.0.0-Release.Candidate.app/Contents/Developer/Platforms/XROS.platform/Developer/SDKs/XROS27.0.sdk -target arm64-apple-xros1.0 -g -module-cache-path /Users/admin/builder/spi-builder-workspace/.derivedData/ModuleCache.noindex -Xfrontend -serialize-debugging-options -profile-coverage-mapping -profile-generate -enable-testing -index-store-path /Users/admin/builder/spi-builder-workspace/.derivedData/Index.noindex/DataStore -Xcc -D_LIBCPP_HARDENING_MODE\=_LIBCPP_HARDENING_MODE_DEBUG -swift-version 5 -I /Users/admin/builder/spi-builder-workspace/.derivedData/Build/Products/Debug-xros -Isystem /Applications/Xcode-27.0.0-Release.Candidate.app/Contents/Developer/Platforms/XROS.platform/Developer/usr/lib -F /Users/admin/builder/spi-builder-workspace/.derivedData/Build/Products/Debug-xros/PackageFrameworks -F /Users/admin/builder/spi-builder-workspace/.derivedData/Build/Products/Debug-xros -F /Applications/Xcode-27.0.0-Release.Candidate.app/Contents/Developer/Platforms/XROS.platform/Developer/Library/Frameworks -F /Applications/Xcode-27.0.0-Release.Candidate.app/Contents/Developer/Platforms/XROS.platform/Developer/SDKs/XROS27.0.sdk/Developer/Library/Frameworks -c -j10 -enable-batch-mode -incremental -Xcc -ivfsstatcache -Xcc /Users/admin/builder/spi-builder-workspace/.derivedData/SDKStatCaches.noindex/xros27.0-24M361-e829b21a6f8c9b70876ba0858053c044735bd543db762f57723cac368afd1ce4.sdkstatcache -output-file-map /Users/admin/builder/spi-builder-workspace/.derivedData/Build/Intermediates.noindex/WatsonDeveloperCloud.build/Debug-xros/AssistantV1-t.build/Objects-normal/arm64/AssistantV1-OutputFileMap.json -save-temps -no-color-diagnostics -explicit-module-build -module-cache-path /Users/admin/builder/spi-builder-workspace/.derivedData/Build/Intermediates.noindex/SwiftExplicitPrecompiledModules -clang-scanner-module-cache-path /Users/admin/builder/spi-builder-workspace/.derivedData/ModuleCache.noindex -sdk-module-cache-path /Users/admin/builder/spi-builder-workspace/.derivedData/SDKExplicitPrecompiledModules -emit-dependencies -emit-module -emit-module-path /Users/admin/builder/spi-builder-workspace/.derivedData/Build/Intermediates.noindex/WatsonDeveloperCloud.build/Debug-xros/AssistantV1-t.build/Objects-normal/arm64/AssistantV1.swiftmodule -serialize-diagnostics -dependency-scan-serialize-diagnostics-path /Users/admin/builder/spi-builder-workspace/.derivedData/Build/Intermediates.noindex/WatsonDeveloperCloud.build/Debug-xros/AssistantV1-t.build/Objects-normal/arm64/AssistantV1-dependency-scan.dia -validate-clang-modules-once -clang-build-session-file /Users/admin/builder/spi-builder-workspace/.derivedData/ModuleCache.noindex/Session.modulevalidation -Xcc -fmodules-prune-interval\=86400 -Xcc -fmodules-prune-after\=345600 -emit-const-values -const-gather-protocols-list /Users/admin/builder/spi-builder-workspace/.derivedData/Build/Intermediates.noindex/WatsonDeveloperCloud.build/Debug-xros/AssistantV1-t.build/Objects-normal/arm64/AssistantV1_const_extract_protocols.json -Xcc -I/Users/admin/builder/spi-builder-workspace/.derivedData/Build/Products/Debug-xros/include -Xcc -I/Users/admin/builder/spi-builder-workspace/.derivedData/Build/Intermediates.noindex/WatsonDeveloperCloud.build/Debug-xros/AssistantV1-t.build/DerivedSources-normal/arm64 -Xcc -I/Users/admin/builder/spi-builder-workspace/.derivedData/Build/Intermediates.noindex/WatsonDeveloperCloud.build/Debug-xros/AssistantV1-t.build/DerivedSources/arm64 -Xcc -I/Users/admin/builder/spi-builder-workspace/.derivedData/Build/Intermediates.noindex/WatsonDeveloperCloud.build/Debug-xros/AssistantV1-t.build/DerivedSources -Xcc -DSWIFT_PACKAGE -Xcc -DDEBUG\=1 -emit-objc-header -emit-objc-header-path /Users/admin/builder/spi-builder-workspace/.derivedData/Build/Intermediates.noindex/WatsonDeveloperCloud.build/Debug-xros/AssistantV1-t.build/Objects-normal/arm64/AssistantV1-Swift.h -working-directory /Users/admin/builder/spi-builder-workspace/.swiftpm/xcode -experimental-emit-module-separately -disable-cmo
SwiftEmitModule normal arm64 Emitting\ module\ for\ LanguageTranslatorV3 (in target 'LanguageTranslatorV3' from project 'WatsonDeveloperCloud')
SwiftCompile normal arm64 (in target 'LanguageTranslatorV3' from project 'WatsonDeveloperCloud')
    cd /Users/admin/builder/spi-builder-workspace/.swiftpm/xcode

SwiftCompile normal arm64 Compiling\ IdentifiedLanguages.swift,\ Language.swift /Users/admin/builder/spi-builder-workspace/Sources/LanguageTranslatorV3/Models/IdentifiedLanguages.swift /Users/admin/builder/spi-builder-workspace/Sources/LanguageTranslatorV3/Models/Language.swift (in target 'LanguageTranslatorV3' from project 'WatsonDeveloperCloud')
SwiftCompile normal arm64 /Users/admin/builder/spi-builder-workspace/Sources/LanguageTranslatorV3/Models/IdentifiedLanguages.swift (in target 'LanguageTranslatorV3' from project 'WatsonDeveloperCloud')
    cd /Users/admin/builder/spi-builder-workspace/.swiftpm/xcode
    builtin-SwiftPerFileCompile IdentifiedLanguages.swift
SwiftCompile normal arm64 /Users/admin/builder/spi-builder-workspace/Sources/LanguageTranslatorV3/Models/Language.swift (in target 'LanguageTranslatorV3' from project 'WatsonDeveloperCloud')
    cd /Users/admin/builder/spi-builder-workspace/.swiftpm/xcode
    builtin-SwiftPerFileCompile Language.swift
SwiftCompile normal arm64 Compiling\ InsecureConnection.swift,\ LanguageTranslator.swift /Users/admin/builder/spi-builder-workspace/Sources/LanguageTranslatorV3/InsecureConnection.swift /Users/admin/builder/spi-builder-workspace/Sources/LanguageTranslatorV3/LanguageTranslator.swift (in target 'LanguageTranslatorV3' from project 'WatsonDeveloperCloud')
SwiftCompile normal arm64 /Users/admin/builder/spi-builder-workspace/Sources/LanguageTranslatorV3/InsecureConnection.swift (in target 'LanguageTranslatorV3' from project 'WatsonDeveloperCloud')
    cd /Users/admin/builder/spi-builder-workspace/.swiftpm/xcode
    builtin-SwiftPerFileCompile InsecureConnection.swift
SwiftCompile normal arm64 /Users/admin/builder/spi-builder-workspace/Sources/LanguageTranslatorV3/LanguageTranslator.swift (in target 'LanguageTranslatorV3' from project 'WatsonDeveloperCloud')
    cd /Users/admin/builder/spi-builder-workspace/.swiftpm/xcode
    builtin-SwiftPerFileCompile LanguageTranslator.swift
SwiftCompile normal arm64 Compiling\ Shared.swift /Users/admin/builder/spi-builder-workspace/Sources/LanguageTranslatorV3/Shared.swift (in target 'LanguageTranslatorV3' from project 'WatsonDeveloperCloud')
SwiftCompile normal arm64 /Users/admin/builder/spi-builder-workspace/Sources/LanguageTranslatorV3/Shared.swift (in target 'LanguageTranslatorV3' from project 'WatsonDeveloperCloud')
    cd /Users/admin/builder/spi-builder-workspace/.swiftpm/xcode
    builtin-SwiftPerFileCompile Shared.swift
SwiftEmitModule normal arm64 Emitting\ module\ for\ Starscream (in target 'Starscream' from project 'Starscream')
SwiftCompile normal arm64 (in target 'Starscream' from project 'Starscream')
    cd /Users/admin/builder/spi-builder-workspace/.swiftpm/xcode

SwiftEmitModule normal arm64 Emitting\ module\ for\ TextToSpeechV1 (in target 'TextToSpeechV1' from project 'WatsonDeveloperCloud')
SwiftCompile normal arm64 (in target 'TextToSpeechV1' from project 'WatsonDeveloperCloud')
    cd /Users/admin/builder/spi-builder-workspace/.swiftpm/xcode

SwiftDriverJobDiscovery normal arm64 Compiling Shared.swift (in target 'LanguageTranslatorV3' from project 'WatsonDeveloperCloud')
SwiftCompile normal arm64 Compiling\ Pronunciation.swift,\ Speaker.swift /Users/admin/builder/spi-builder-workspace/Sources/TextToSpeechV1/Models/Pronunciation.swift /Users/admin/builder/spi-builder-workspace/Sources/TextToSpeechV1/Models/Speaker.swift (in target 'TextToSpeechV1' from project 'WatsonDeveloperCloud')
SwiftCompile normal arm64 /Users/admin/builder/spi-builder-workspace/Sources/TextToSpeechV1/Models/Pronunciation.swift (in target 'TextToSpeechV1' from project 'WatsonDeveloperCloud')
    cd /Users/admin/builder/spi-builder-workspace/.swiftpm/xcode
    builtin-SwiftPerFileCompile Pronunciation.swift
SwiftCompile normal arm64 /Users/admin/builder/spi-builder-workspace/Sources/TextToSpeechV1/Models/Speaker.swift (in target 'TextToSpeechV1' from project 'WatsonDeveloperCloud')
    cd /Users/admin/builder/spi-builder-workspace/.swiftpm/xcode
    builtin-SwiftPerFileCompile Speaker.swift
SwiftDriverJobDiscovery normal arm64 Compiling IdentifiedLanguages.swift, Language.swift (in target 'LanguageTranslatorV3' from project 'WatsonDeveloperCloud')
SwiftCompile normal arm64 Compiling\ PromptMetadata.swift,\ Prompts.swift /Users/admin/builder/spi-builder-workspace/Sources/TextToSpeechV1/Models/PromptMetadata.swift /Users/admin/builder/spi-builder-workspace/Sources/TextToSpeechV1/Models/Prompts.swift (in target 'TextToSpeechV1' from project 'WatsonDeveloperCloud')
SwiftCompile normal arm64 /Users/admin/builder/spi-builder-workspace/Sources/TextToSpeechV1/Models/PromptMetadata.swift (in target 'TextToSpeechV1' from project 'WatsonDeveloperCloud')
    cd /Users/admin/builder/spi-builder-workspace/.swiftpm/xcode
    builtin-SwiftPerFileCompile PromptMetadata.swift
SwiftCompile normal arm64 /Users/admin/builder/spi-builder-workspace/Sources/TextToSpeechV1/Models/Prompts.swift (in target 'TextToSpeechV1' from project 'WatsonDeveloperCloud')
    cd /Users/admin/builder/spi-builder-workspace/.swiftpm/xcode
    builtin-SwiftPerFileCompile Prompts.swift
SwiftCompile normal arm64 Compiling\ SpeakerCustomModel.swift,\ SpeakerPrompt.swift /Users/admin/builder/spi-builder-workspace/Sources/TextToSpeechV1/Models/SpeakerCustomModel.swift /Users/admin/builder/spi-builder-workspace/Sources/TextToSpeechV1/Models/SpeakerPrompt.swift (in target 'TextToSpeechV1' from project 'WatsonDeveloperCloud')
SwiftCompile normal arm64 /Users/admin/builder/spi-builder-workspace/Sources/TextToSpeechV1/Models/SpeakerCustomModel.swift (in target 'TextToSpeechV1' from project 'WatsonDeveloperCloud')
    cd /Users/admin/builder/spi-builder-workspace/.swiftpm/xcode
    builtin-SwiftPerFileCompile SpeakerCustomModel.swift
SwiftCompile normal arm64 /Users/admin/builder/spi-builder-workspace/Sources/TextToSpeechV1/Models/SpeakerPrompt.swift (in target 'TextToSpeechV1' from project 'WatsonDeveloperCloud')
    cd /Users/admin/builder/spi-builder-workspace/.swiftpm/xcode
    builtin-SwiftPerFileCompile SpeakerPrompt.swift
SwiftEmitModule normal arm64 Emitting\ module\ for\ NaturalLanguageUnderstandingV1 (in target 'NaturalLanguageUnderstandingV1' from project 'WatsonDeveloperCloud')
SwiftCompile normal arm64 (in target 'NaturalLanguageUnderstandingV1' from project 'WatsonDeveloperCloud')
    cd /Users/admin/builder/spi-builder-workspace/.swiftpm/xcode

SwiftEmitModule normal arm64 Emitting\ module\ for\ AssistantV2 (in target 'AssistantV2' from project 'WatsonDeveloperCloud')
SwiftCompile normal arm64 (in target 'AssistantV2' from project 'WatsonDeveloperCloud')
    cd /Users/admin/builder/spi-builder-workspace/.swiftpm/xcode

SwiftCompile normal arm64 Compiling\ WAVRepair.swift /Users/admin/builder/spi-builder-workspace/Sources/TextToSpeechV1/WAVRepair.swift (in target 'TextToSpeechV1' from project 'WatsonDeveloperCloud')
SwiftCompile normal arm64 /Users/admin/builder/spi-builder-workspace/Sources/TextToSpeechV1/WAVRepair.swift (in target 'TextToSpeechV1' from project 'WatsonDeveloperCloud')
    cd /Users/admin/builder/spi-builder-workspace/.swiftpm/xcode
    builtin-SwiftPerFileCompile WAVRepair.swift
SwiftEmitModule normal arm64 Emitting\ module\ for\ DiscoveryV2 (in target 'DiscoveryV2' from project 'WatsonDeveloperCloud')
SwiftCompile normal arm64 (in target 'DiscoveryV2' from project 'WatsonDeveloperCloud')
    cd /Users/admin/builder/spi-builder-workspace/.swiftpm/xcode

SwiftEmitModule normal arm64 Emitting\ module\ for\ DiscoveryV1 (in target 'DiscoveryV1' from project 'WatsonDeveloperCloud')
SwiftCompile normal arm64 (in target 'DiscoveryV1' from project 'WatsonDeveloperCloud')
    cd /Users/admin/builder/spi-builder-workspace/.swiftpm/xcode

SwiftDriverJobDiscovery normal arm64 Emitting module for Starscream (in target 'Starscream' from project 'Starscream')
SwiftDriver\ Compilation\ Requirements Starscream normal arm64 com.apple.xcode.tools.swift.compiler (in target 'Starscream' from project 'Starscream')
    cd /Users/admin/builder/spi-builder-workspace/.swiftpm/xcode
    builtin-Swift-Compilation-Requirements -- /Applications/Xcode-27.0.0-Release.Candidate.app/Contents/Developer/Toolchains/XcodeDefault.xctoolchain/usr/bin/swiftc -parse-as-library -module-name Starscream -Onone @/Users/admin/builder/spi-builder-workspace/.derivedData/Build/Intermediates.noindex/Starscream.build/Debug-xros/Starscream-t.build/Objects-normal/arm64/Starscream.SwiftFileList -DSWIFT_PACKAGE -DDEBUG -DSWIFT_MODULE_RESOURCE_BUNDLE_UNAVAILABLE -DXcode -plugin-path /Applications/Xcode-27.0.0-Release.Candidate.app/Contents/Developer/Toolchains/XcodeDefault.xctoolchain/usr/lib/swift/host/plugins/testing -enable-experimental-feature DebugDescriptionMacro -sdk /Applications/Xcode-27.0.0-Release.Candidate.app/Contents/Developer/Platforms/XROS.platform/Developer/SDKs/XROS27.0.sdk -target arm64-apple-xros1.0 -g -module-cache-path /Users/admin/builder/spi-builder-workspace/.derivedData/ModuleCache.noindex -Xfrontend -serialize-debugging-options -profile-coverage-mapping -profile-generate -enable-testing -suppress-warnings -index-store-path /Users/admin/builder/spi-builder-workspace/.derivedData/Index.noindex/DataStore -Xcc -D_LIBCPP_HARDENING_MODE\=_LIBCPP_HARDENING_MODE_DEBUG -swift-version 5 -I /Users/admin/builder/spi-builder-workspace/.derivedData/Build/Products/Debug-xros -Isystem /Applications/Xcode-27.0.0-Release.Candidate.app/Contents/Developer/Platforms/XROS.platform/Developer/usr/lib -F /Users/admin/builder/spi-builder-workspace/.derivedData/Build/Products/Debug-xros -F /Applications/Xcode-27.0.0-Release.Candidate.app/Contents/Developer/Platforms/XROS.platform/Developer/Library/Frameworks -F /Applications/Xcode-27.0.0-Release.Candidate.app/Contents/Developer/Platforms/XROS.platform/Developer/SDKs/XROS27.0.sdk/Developer/Library/Frameworks -c -j10 -enable-batch-mode -incremental -Xcc -ivfsstatcache -Xcc /Users/admin/builder/spi-builder-workspace/.derivedData/SDKStatCaches.noindex/xros27.0-24M361-e829b21a6f8c9b70876ba0858053c044735bd543db762f57723cac368afd1ce4.sdkstatcache -output-file-map /Users/admin/builder/spi-builder-workspace/.derivedData/Build/Intermediates.noindex/Starscream.build/Debug-xros/Starscream-t.build/Objects-normal/arm64/Starscream-OutputFileMap.json -save-temps -no-color-diagnostics -explicit-module-build -module-cache-path /Users/admin/builder/spi-builder-workspace/.derivedData/Build/Intermediates.noindex/SwiftExplicitPrecompiledModules -clang-scanner-module-cache-path /Users/admin/builder/spi-builder-workspace/.derivedData/ModuleCache.noindex -sdk-module-cache-path /Users/admin/builder/spi-builder-workspace/.derivedData/SDKExplicitPrecompiledModules -emit-dependencies -emit-module -emit-module-path /Users/admin/builder/spi-builder-workspace/.derivedData/Build/Intermediates.noindex/Starscream.build/Debug-xros/Starscream-t.build/Objects-normal/arm64/Starscream.swiftmodule -serialize-diagnostics -dependency-scan-serialize-diagnostics-path /Users/admin/builder/spi-builder-workspace/.derivedData/Build/Intermediates.noindex/Starscream.build/Debug-xros/Starscream-t.build/Objects-normal/arm64/Starscream-dependency-scan.dia -validate-clang-modules-once -clang-build-session-file /Users/admin/builder/spi-builder-workspace/.derivedData/ModuleCache.noindex/Session.modulevalidation -Xcc -fmodules-prune-interval\=86400 -Xcc -fmodules-prune-after\=345600 -emit-const-values -const-gather-protocols-list /Users/admin/builder/spi-builder-workspace/.derivedData/Build/Intermediates.noindex/Starscream.build/Debug-xros/Starscream-t.build/Objects-normal/arm64/Starscream_const_extract_protocols.json -Xcc -I/Users/admin/builder/spi-builder-workspace/.derivedData/Build/Products/Debug-xros/include -Xcc -I/Users/admin/builder/spi-builder-workspace/.derivedData/Build/Intermediates.noindex/Starscream.build/Debug-xros/Starscream-t.build/DerivedSources-normal/arm64 -Xcc -I/Users/admin/builder/spi-builder-workspace/.derivedData/Build/Intermediates.noindex/Starscream.build/Debug-xros/Starscream-t.build/DerivedSources/arm64 -Xcc -I/Users/admin/builder/spi-builder-workspace/.derivedData/Build/Intermediates.noindex/Starscream.build/Debug-xros/Starscream-t.build/DerivedSources -Xcc -DSWIFT_PACKAGE -Xcc -DDEBUG\=1 -emit-objc-header -emit-objc-header-path /Users/admin/builder/spi-builder-workspace/.derivedData/Build/Intermediates.noindex/Starscream.build/Debug-xros/Starscream-t.build/Objects-normal/arm64/Starscream-Swift.h -working-directory /Users/admin/builder/spi-builder-workspace/.swiftpm/xcode -experimental-emit-module-separately -disable-cmo
SwiftDriverJobDiscovery normal arm64 Compiling InsecureConnection.swift, LanguageTranslator.swift (in target 'LanguageTranslatorV3' from project 'WatsonDeveloperCloud')
SwiftEmitModule normal arm64 Emitting\ module\ for\ AssistantV1 (in target 'AssistantV1' from project 'WatsonDeveloperCloud')
SwiftCompile normal arm64 (in target 'AssistantV1' from project 'WatsonDeveloperCloud')
    cd /Users/admin/builder/spi-builder-workspace/.swiftpm/xcode

SwiftMergeGeneratedHeaders /Users/admin/builder/spi-builder-workspace/.derivedData/Build/Intermediates.noindex/GeneratedModuleMaps-xros/Starscream-Swift.h /Users/admin/builder/spi-builder-workspace/.derivedData/Build/Intermediates.noindex/Starscream.build/Debug-xros/Starscream-t.build/Objects-normal/arm64/Starscream-Swift.h (in target 'Starscream' from project 'Starscream')
    cd /Users/admin/builder/spi-builder-workspace/.dependencies/checkouts/Starscream
    builtin-swiftHeaderTool -arch arm64 /Users/admin/builder/spi-builder-workspace/.derivedData/Build/Intermediates.noindex/Starscream.build/Debug-xros/Starscream-t.build/Objects-normal/arm64/Starscream-Swift.h -o /Users/admin/builder/spi-builder-workspace/.derivedData/Build/Intermediates.noindex/GeneratedModuleMaps-xros/Starscream-Swift.h
SwiftDriverJobDiscovery normal arm64 Compiling Pronunciation.swift, Speaker.swift (in target 'TextToSpeechV1' from project 'WatsonDeveloperCloud')
Copy /Users/admin/builder/spi-builder-workspace/.derivedData/Build/Products/Debug-xros/Starscream.swiftmodule/arm64-apple-xros.swiftmodule /Users/admin/builder/spi-builder-workspace/.derivedData/Build/Intermediates.noindex/Starscream.build/Debug-xros/Starscream-t.build/Objects-normal/arm64/Starscream.swiftmodule (in target 'Starscream' from project 'Starscream')
    cd /Users/admin/builder/spi-builder-workspace/.dependencies/checkouts/Starscream
    builtin-copy -exclude .DS_Store -exclude CVS -exclude .svn -exclude .git -exclude .hg -resolve-src-symlinks -rename /Users/admin/builder/spi-builder-workspace/.derivedData/Build/Intermediates.noindex/Starscream.build/Debug-xros/Starscream-t.build/Objects-normal/arm64/Starscream.swiftmodule /Users/admin/builder/spi-builder-workspace/.derivedData/Build/Products/Debug-xros/Starscream.swiftmodule/arm64-apple-xros.swiftmodule
Copy /Users/admin/builder/spi-builder-workspace/.derivedData/Build/Products/Debug-xros/Starscream.swiftmodule/arm64-apple-xros.swiftdoc /Users/admin/builder/spi-builder-workspace/.derivedData/Build/Intermediates.noindex/Starscream.build/Debug-xros/Starscream-t.build/Objects-normal/arm64/Starscream.swiftdoc (in target 'Starscream' from project 'Starscream')
    cd /Users/admin/builder/spi-builder-workspace/.dependencies/checkouts/Starscream
    builtin-copy -exclude .DS_Store -exclude CVS -exclude .svn -exclude .git -exclude .hg -resolve-src-symlinks -rename /Users/admin/builder/spi-builder-workspace/.derivedData/Build/Intermediates.noindex/Starscream.build/Debug-xros/Starscream-t.build/Objects-normal/arm64/Starscream.swiftdoc /Users/admin/builder/spi-builder-workspace/.derivedData/Build/Products/Debug-xros/Starscream.swiftmodule/arm64-apple-xros.swiftdoc
Copy /Users/admin/builder/spi-builder-workspace/.derivedData/Build/Products/Debug-xros/Starscream.swiftmodule/arm64-apple-xros.abi.json /Users/admin/builder/spi-builder-workspace/.derivedData/Build/Intermediates.noindex/Starscream.build/Debug-xros/Starscream-t.build/Objects-normal/arm64/Starscream.abi.json (in target 'Starscream' from project 'Starscream')
    cd /Users/admin/builder/spi-builder-workspace/.dependencies/checkouts/Starscream
    builtin-copy -exclude .DS_Store -exclude CVS -exclude .svn -exclude .git -exclude .hg -resolve-src-symlinks -rename /Users/admin/builder/spi-builder-workspace/.derivedData/Build/Intermediates.noindex/Starscream.build/Debug-xros/Starscream-t.build/Objects-normal/arm64/Starscream.abi.json /Users/admin/builder/spi-builder-workspace/.derivedData/Build/Products/Debug-xros/Starscream.swiftmodule/arm64-apple-xros.abi.json
Copy /Users/admin/builder/spi-builder-workspace/.derivedData/Build/Products/Debug-xros/Starscream.swiftmodule/Project/arm64-apple-xros.swiftsourceinfo /Users/admin/builder/spi-builder-workspace/.derivedData/Build/Intermediates.noindex/Starscream.build/Debug-xros/Starscream-t.build/Objects-normal/arm64/Starscream.swiftsourceinfo (in target 'Starscream' from project 'Starscream')
    cd /Users/admin/builder/spi-builder-workspace/.dependencies/checkouts/Starscream
    builtin-copy -exclude .DS_Store -exclude CVS -exclude .svn -exclude .git -exclude .hg -resolve-src-symlinks -rename /Users/admin/builder/spi-builder-workspace/.derivedData/Build/Intermediates.noindex/Starscream.build/Debug-xros/Starscream-t.build/Objects-normal/arm64/Starscream.swiftsourceinfo /Users/admin/builder/spi-builder-workspace/.derivedData/Build/Products/Debug-xros/Starscream.swiftmodule/Project/arm64-apple-xros.swiftsourceinfo
SwiftCompile normal arm64 Compiling\ TextToSpeech.swift,\ TextToSpeechDecoder.swift /Users/admin/builder/spi-builder-workspace/Sources/TextToSpeechV1/TextToSpeech.swift /Users/admin/builder/spi-builder-workspace/Sources/TextToSpeechV1/TextToSpeechDecoder.swift (in target 'TextToSpeechV1' from project 'WatsonDeveloperCloud')
/Users/admin/builder/spi-builder-workspace/Sources/TextToSpeechV1/TextToSpeechDecoder.swift:70:19: error: cannot find 'opus_decoder_create' in scope
 68 |         // status to catch errors when creating decoder
 69 |         var status = Int32(0)
 70 |         decoder = opus_decoder_create(sampleRate, numChannels, &status)
    |                   `- error: cannot find 'opus_decoder_create' in scope
 71 |
 72 |         // initialize ogg sync state
/Users/admin/builder/spi-builder-workspace/Sources/TextToSpeechV1/TextToSpeechDecoder.swift:129:9: error: cannot find 'opus_multistream_decoder_destroy' in scope
127 |
128 |         // perform cleanup
129 |         opus_multistream_decoder_destroy(decoder)
    |         `- error: cannot find 'opus_multistream_decoder_destroy' in scope
130 |         if !beginStream {
131 |             ogg_stream_clear(&streamState)
/Users/admin/builder/spi-builder-workspace/Sources/TextToSpeechV1/TextToSpeechDecoder.swift:145:21: error: cannot find 'opus_multistream_decoder_destroy' in scope
143 |                 if hasOpusStream && hasTagsPacket {
144 |                     hasOpusStream = false
145 |                     opus_multistream_decoder_destroy(decoder)
    |                     `- error: cannot find 'opus_multistream_decoder_destroy' in scope
146 |                 }
147 |
/Users/admin/builder/spi-builder-workspace/Sources/TextToSpeechV1/TextToSpeechDecoder.swift:187:17: warning: 'defer' statement at end of scope always executes immediately; replace with 'do' statement to silence this warning
185 |
186 |                 // deallocate pcmDataBuffer when the function ends, regardless if the function ended normally or with an error.
187 |                 defer {
    |                 `- warning: 'defer' statement at end of scope always executes immediately; replace with 'do' statement to silence this warning
188 |                     pcmDataBuffer.deallocate()
189 |                 }
/Users/admin/builder/spi-builder-workspace/Sources/TextToSpeechV1/TextToSpeechDecoder.swift:205:42: error: cannot find 'opus_multistream_decode_float' in scope
203 |
204 |                 // Decode opus packet.
205 |                 numberOfSamplesDecoded = opus_multistream_decode_float(decoder, packet.packet, Int32(packet.bytes), pcmDataBuffer, MAX_FRAME_SIZE, 0)
    |                                          `- error: cannot find 'opus_multistream_decode_float' in scope
206 |
207 |                 if numberOfSamplesDecoded < 0 {
/Users/admin/builder/spi-builder-workspace/Sources/TextToSpeechV1/TextToSpeechDecoder.swift:205:40: error: failed to produce diagnostic for expression; please submit a bug report (https://swift.org/contributing/#reporting-bugs)
203 |
204 |                 // Decode opus packet.
205 |                 numberOfSamplesDecoded = opus_multistream_decode_float(decoder, packet.packet, Int32(packet.bytes), pcmDataBuffer, MAX_FRAME_SIZE, 0)
    |                                        `- error: failed to produce diagnostic for expression; please submit a bug report (https://swift.org/contributing/#reporting-bugs)
206 |
207 |                 if numberOfSamplesDecoded < 0 {
/Users/admin/builder/spi-builder-workspace/Sources/TextToSpeechV1/TextToSpeechDecoder.swift:208:65: error: cannot find 'opus_strerror' in scope
206 |
207 |                 if numberOfSamplesDecoded < 0 {
208 |                     NSLog("Decoding error: \(String(describing: opus_strerror(numberOfSamplesDecoded)))")
    |                                                                 `- error: cannot find 'opus_strerror' in scope
209 |                     throw OpusError.internalError
210 |                 }
/Users/admin/builder/spi-builder-workspace/Sources/TextToSpeechV1/TextToSpeechDecoder.swift:244:19: error: cannot find 'opus_multistream_decoder_create' in scope
242 |         }
243 |
244 |         decoder = opus_multistream_decoder_create(sampleRate, channels, header.nb_streams, header.nb_coupled, &header.stream_map.0, &status)
    |                   `- error: cannot find 'opus_multistream_decoder_create' in scope
245 |         if status != OpusError.okay.rawValue {
246 |             throw OpusError.badArgument
/Users/admin/builder/spi-builder-workspace/Sources/TextToSpeechV1/TextToSpeechDecoder.swift:312:32: warning: initialization of 'UnsafeBufferPointer<Int32>' results in a dangling buffer pointer [#TemporaryPointers]
310 |
311 |         var chunkSize = Int32(pcmDataLength + headerSize - 4).littleEndian
312 |         let chunkSizePointer = UnsafeBufferPointer(start: &chunkSize, count: 1)
    |                                |                          |- note: implicit argument conversion from 'Int32' to 'UnsafePointer<Int32>?' produces a pointer valid only for the duration of the call to 'init(start:count:)'
    |                                |                          `- note: use 'withUnsafePointer' in order to explicitly convert argument to pointer valid for a defined scope
    |                                `- warning: initialization of 'UnsafeBufferPointer<Int32>' results in a dangling buffer pointer [#TemporaryPointers]
313 |         header.append(chunkSizePointer)
314 |
/Users/admin/builder/spi-builder-workspace/Sources/TextToSpeechV1/TextToSpeechDecoder.swift:323:36: warning: initialization of 'UnsafeBufferPointer<Int32>' results in a dangling buffer pointer [#TemporaryPointers]
321 |
322 |         var subchunk1Size = Int32(16).littleEndian
323 |         let subchunk1SizePointer = UnsafeBufferPointer(start: &subchunk1Size, count: 1)
    |                                    |                          |- note: implicit argument conversion from 'Int32' to 'UnsafePointer<Int32>?' produces a pointer valid only for the duration of the call to 'init(start:count:)'
    |                                    |                          `- note: use 'withUnsafePointer' in order to explicitly convert argument to pointer valid for a defined scope
    |                                    `- warning: initialization of 'UnsafeBufferPointer<Int32>' results in a dangling buffer pointer [#TemporaryPointers]
324 |         header.append(subchunk1SizePointer)
325 |
/Users/admin/builder/spi-builder-workspace/Sources/TextToSpeechV1/TextToSpeechDecoder.swift:327:34: warning: initialization of 'UnsafeBufferPointer<Int16>' results in a dangling buffer pointer [#TemporaryPointers]
325 |
326 |         var audioFormat = Int16(1).littleEndian
327 |         let audioFormatPointer = UnsafeBufferPointer(start: &audioFormat, count: 1)
    |                                  |                          |- note: implicit argument conversion from 'Int16' to 'UnsafePointer<Int16>?' produces a pointer valid only for the duration of the call to 'init(start:count:)'
    |                                  |                          `- note: use 'withUnsafePointer' in order to explicitly convert argument to pointer valid for a defined scope
    |                                  `- warning: initialization of 'UnsafeBufferPointer<Int16>' results in a dangling buffer pointer [#TemporaryPointers]
328 |         header.append(audioFormatPointer)
329 |
/Users/admin/builder/spi-builder-workspace/Sources/TextToSpeechV1/TextToSpeechDecoder.swift:331:40: warning: initialization of 'UnsafeBufferPointer<Int16>' results in a dangling buffer pointer [#TemporaryPointers]
329 |
330 |         var headerNumChannels = Int16(numChannels).littleEndian
331 |         let headerNumChannelsPointer = UnsafeBufferPointer(start: &headerNumChannels, count: 1)
    |                                        |                          |- note: implicit argument conversion from 'Int16' to 'UnsafePointer<Int16>?' produces a pointer valid only for the duration of the call to 'init(start:count:)'
    |                                        |                          `- note: use 'withUnsafePointer' in order to explicitly convert argument to pointer valid for a defined scope
    |                                        `- warning: initialization of 'UnsafeBufferPointer<Int16>' results in a dangling buffer pointer [#TemporaryPointers]
332 |         header.append(headerNumChannelsPointer)
333 |
/Users/admin/builder/spi-builder-workspace/Sources/TextToSpeechV1/TextToSpeechDecoder.swift:335:39: warning: initialization of 'UnsafeBufferPointer<Int32>' results in a dangling buffer pointer [#TemporaryPointers]
333 |
334 |         var headerSampleRate = Int32(sampleRate).littleEndian
335 |         let headerSampleRatePointer = UnsafeBufferPointer(start: &headerSampleRate, count: 1)
    |                                       |                          |- note: implicit argument conversion from 'Int32' to 'UnsafePointer<Int32>?' produces a pointer valid only for the duration of the call to 'init(start:count:)'
    |                                       |                          `- note: use 'withUnsafePointer' in order to explicitly convert argument to pointer valid for a defined scope
    |                                       `- warning: initialization of 'UnsafeBufferPointer<Int32>' results in a dangling buffer pointer [#TemporaryPointers]
336 |         header.append(headerSampleRatePointer)
337 |
/Users/admin/builder/spi-builder-workspace/Sources/TextToSpeechV1/TextToSpeechDecoder.swift:339:31: warning: initialization of 'UnsafeBufferPointer<Int32>' results in a dangling buffer pointer [#TemporaryPointers]
337 |
338 |         var byteRate = Int32(sampleRate * numChannels * bitsPerSample / 8).littleEndian
339 |         let byteRatePointer = UnsafeBufferPointer(start: &byteRate, count: 1)
    |                               |                          |- note: implicit argument conversion from 'Int32' to 'UnsafePointer<Int32>?' produces a pointer valid only for the duration of the call to 'init(start:count:)'
    |                               |                          `- note: use 'withUnsafePointer' in order to explicitly convert argument to pointer valid for a defined scope
    |                               `- warning: initialization of 'UnsafeBufferPointer<Int32>' results in a dangling buffer pointer [#TemporaryPointers]
340 |         header.append(byteRatePointer)
341 |
/Users/admin/builder/spi-builder-workspace/Sources/TextToSpeechV1/TextToSpeechDecoder.swift:343:33: warning: initialization of 'UnsafeBufferPointer<Int16>' results in a dangling buffer pointer [#TemporaryPointers]
341 |
342 |         var blockAlign = Int16(numChannels * bitsPerSample / 8).littleEndian
343 |         let blockAlignPointer = UnsafeBufferPointer(start: &blockAlign, count: 1)
    |                                 |                          |- note: implicit argument conversion from 'Int16' to 'UnsafePointer<Int16>?' produces a pointer valid only for the duration of the call to 'init(start:count:)'
    |                                 |                          `- note: use 'withUnsafePointer' in order to explicitly convert argument to pointer valid for a defined scope
    |                                 `- warning: initialization of 'UnsafeBufferPointer<Int16>' results in a dangling buffer pointer [#TemporaryPointers]
344 |         header.append(blockAlignPointer)
345 |
/Users/admin/builder/spi-builder-workspace/Sources/TextToSpeechV1/TextToSpeechDecoder.swift:347:42: warning: initialization of 'UnsafeBufferPointer<Int16>' results in a dangling buffer pointer [#TemporaryPointers]
345 |
346 |         var headerBitsPerSample = Int16(bitsPerSample).littleEndian
347 |         let headerBitsPerSamplePointer = UnsafeBufferPointer(start: &headerBitsPerSample, count: 1)
    |                                          |                          |- note: implicit argument conversion from 'Int16' to 'UnsafePointer<Int16>?' produces a pointer valid only for the duration of the call to 'init(start:count:)'
    |                                          |                          `- note: use 'withUnsafePointer' in order to explicitly convert argument to pointer valid for a defined scope
    |                                          `- warning: initialization of 'UnsafeBufferPointer<Int16>' results in a dangling buffer pointer [#TemporaryPointers]
348 |         header.append(headerBitsPerSamplePointer)
349 |
/Users/admin/builder/spi-builder-workspace/Sources/TextToSpeechV1/TextToSpeechDecoder.swift:355:36: warning: initialization of 'UnsafeBufferPointer<Int32>' results in a dangling buffer pointer [#TemporaryPointers]
353 |
354 |         var subchunk2Size = Int32(pcmDataLength).littleEndian
355 |         let subchunk2SizePointer = UnsafeBufferPointer(start: &subchunk2Size, count: 1)
    |                                    |                          |- note: implicit argument conversion from 'Int32' to 'UnsafePointer<Int32>?' produces a pointer valid only for the duration of the call to 'init(start:count:)'
    |                                    |                          `- note: use 'withUnsafePointer' in order to explicitly convert argument to pointer valid for a defined scope
    |                                    `- warning: initialization of 'UnsafeBufferPointer<Int32>' results in a dangling buffer pointer [#TemporaryPointers]
356 |         header.append(subchunk2SizePointer)
357 |
/Users/admin/builder/spi-builder-workspace/Sources/TextToSpeechV1/TextToSpeechDecoder.swift:376:28: error: cannot find 'OPUS_OK' in scope
374 |     var rawValue: Int32 {
375 |         switch self {
376 |         case .okay: return OPUS_OK
    |                            `- error: cannot find 'OPUS_OK' in scope
377 |         case .badArgument: return OPUS_BAD_ARG
378 |         case .bufferTooSmall: return OPUS_BUFFER_TOO_SMALL
/Users/admin/builder/spi-builder-workspace/Sources/TextToSpeechV1/TextToSpeechDecoder.swift:377:35: error: cannot find 'OPUS_BAD_ARG' in scope
375 |         switch self {
376 |         case .okay: return OPUS_OK
377 |         case .badArgument: return OPUS_BAD_ARG
    |                                   `- error: cannot find 'OPUS_BAD_ARG' in scope
378 |         case .bufferTooSmall: return OPUS_BUFFER_TOO_SMALL
379 |         case .internalError: return OPUS_INTERNAL_ERROR
/Users/admin/builder/spi-builder-workspace/Sources/TextToSpeechV1/TextToSpeechDecoder.swift:378:38: error: cannot find 'OPUS_BUFFER_TOO_SMALL' in scope
376 |         case .okay: return OPUS_OK
377 |         case .badArgument: return OPUS_BAD_ARG
378 |         case .bufferTooSmall: return OPUS_BUFFER_TOO_SMALL
    |                                      `- error: cannot find 'OPUS_BUFFER_TOO_SMALL' in scope
379 |         case .internalError: return OPUS_INTERNAL_ERROR
380 |         case .invalidPacket: return OPUS_INVALID_PACKET
/Users/admin/builder/spi-builder-workspace/Sources/TextToSpeechV1/TextToSpeechDecoder.swift:379:37: error: cannot find 'OPUS_INTERNAL_ERROR' in scope
377 |         case .badArgument: return OPUS_BAD_ARG
378 |         case .bufferTooSmall: return OPUS_BUFFER_TOO_SMALL
379 |         case .internalError: return OPUS_INTERNAL_ERROR
    |                                     `- error: cannot find 'OPUS_INTERNAL_ERROR' in scope
380 |         case .invalidPacket: return OPUS_INVALID_PACKET
381 |         case .unimplemented: return OPUS_UNIMPLEMENTED
/Users/admin/builder/spi-builder-workspace/Sources/TextToSpeechV1/TextToSpeechDecoder.swift:380:37: error: cannot find 'OPUS_INVALID_PACKET' in scope
378 |         case .bufferTooSmall: return OPUS_BUFFER_TOO_SMALL
379 |         case .internalError: return OPUS_INTERNAL_ERROR
380 |         case .invalidPacket: return OPUS_INVALID_PACKET
    |                                     `- error: cannot find 'OPUS_INVALID_PACKET' in scope
381 |         case .unimplemented: return OPUS_UNIMPLEMENTED
382 |         case .invalidState: return OPUS_INVALID_STATE
/Users/admin/builder/spi-builder-workspace/Sources/TextToSpeechV1/TextToSpeechDecoder.swift:381:37: error: cannot find 'OPUS_UNIMPLEMENTED' in scope
379 |         case .internalError: return OPUS_INTERNAL_ERROR
380 |         case .invalidPacket: return OPUS_INVALID_PACKET
381 |         case .unimplemented: return OPUS_UNIMPLEMENTED
    |                                     `- error: cannot find 'OPUS_UNIMPLEMENTED' in scope
382 |         case .invalidState: return OPUS_INVALID_STATE
383 |         case .allocationFailure: return OPUS_ALLOC_FAIL
/Users/admin/builder/spi-builder-workspace/Sources/TextToSpeechV1/TextToSpeechDecoder.swift:382:36: error: cannot find 'OPUS_INVALID_STATE' in scope
380 |         case .invalidPacket: return OPUS_INVALID_PACKET
381 |         case .unimplemented: return OPUS_UNIMPLEMENTED
382 |         case .invalidState: return OPUS_INVALID_STATE
    |                                    `- error: cannot find 'OPUS_INVALID_STATE' in scope
383 |         case .allocationFailure: return OPUS_ALLOC_FAIL
384 |         }
/Users/admin/builder/spi-builder-workspace/Sources/TextToSpeechV1/TextToSpeechDecoder.swift:383:41: error: cannot find 'OPUS_ALLOC_FAIL' in scope
381 |         case .unimplemented: return OPUS_UNIMPLEMENTED
382 |         case .invalidState: return OPUS_INVALID_STATE
383 |         case .allocationFailure: return OPUS_ALLOC_FAIL
    |                                         `- error: cannot find 'OPUS_ALLOC_FAIL' in scope
384 |         }
385 |     }
/Users/admin/builder/spi-builder-workspace/Sources/TextToSpeechV1/TextToSpeechDecoder.swift:389:14: error: cannot find 'OPUS_OK' in scope
387 |     init?(rawValue: Int32) {
388 |         switch rawValue {
389 |         case OPUS_OK: self = .okay
    |              `- error: cannot find 'OPUS_OK' in scope
390 |         case OPUS_BAD_ARG: self = .badArgument
391 |         case OPUS_BUFFER_TOO_SMALL: self = .bufferTooSmall
/Users/admin/builder/spi-builder-workspace/Sources/TextToSpeechV1/TextToSpeechDecoder.swift:390:14: error: cannot find 'OPUS_BAD_ARG' in scope
388 |         switch rawValue {
389 |         case OPUS_OK: self = .okay
390 |         case OPUS_BAD_ARG: self = .badArgument
    |              `- error: cannot find 'OPUS_BAD_ARG' in scope
391 |         case OPUS_BUFFER_TOO_SMALL: self = .bufferTooSmall
392 |         case OPUS_INTERNAL_ERROR: self = .internalError
/Users/admin/builder/spi-builder-workspace/Sources/TextToSpeechV1/TextToSpeechDecoder.swift:391:14: error: cannot find 'OPUS_BUFFER_TOO_SMALL' in scope
389 |         case OPUS_OK: self = .okay
390 |         case OPUS_BAD_ARG: self = .badArgument
391 |         case OPUS_BUFFER_TOO_SMALL: self = .bufferTooSmall
    |              `- error: cannot find 'OPUS_BUFFER_TOO_SMALL' in scope
392 |         case OPUS_INTERNAL_ERROR: self = .internalError
393 |         case OPUS_INVALID_PACKET: self = .invalidPacket
/Users/admin/builder/spi-builder-workspace/Sources/TextToSpeechV1/TextToSpeechDecoder.swift:392:14: error: cannot find 'OPUS_INTERNAL_ERROR' in scope
390 |         case OPUS_BAD_ARG: self = .badArgument
391 |         case OPUS_BUFFER_TOO_SMALL: self = .bufferTooSmall
392 |         case OPUS_INTERNAL_ERROR: self = .internalError
    |              `- error: cannot find 'OPUS_INTERNAL_ERROR' in scope
393 |         case OPUS_INVALID_PACKET: self = .invalidPacket
394 |         case OPUS_UNIMPLEMENTED: self = .unimplemented
/Users/admin/builder/spi-builder-workspace/Sources/TextToSpeechV1/TextToSpeechDecoder.swift:393:14: error: cannot find 'OPUS_INVALID_PACKET' in scope
391 |         case OPUS_BUFFER_TOO_SMALL: self = .bufferTooSmall
392 |         case OPUS_INTERNAL_ERROR: self = .internalError
393 |         case OPUS_INVALID_PACKET: self = .invalidPacket
    |              `- error: cannot find 'OPUS_INVALID_PACKET' in scope
394 |         case OPUS_UNIMPLEMENTED: self = .unimplemented
395 |         case OPUS_INVALID_STATE: self = .invalidState
/Users/admin/builder/spi-builder-workspace/Sources/TextToSpeechV1/TextToSpeechDecoder.swift:394:14: error: cannot find 'OPUS_UNIMPLEMENTED' in scope
392 |         case OPUS_INTERNAL_ERROR: self = .internalError
393 |         case OPUS_INVALID_PACKET: self = .invalidPacket
394 |         case OPUS_UNIMPLEMENTED: self = .unimplemented
    |              `- error: cannot find 'OPUS_UNIMPLEMENTED' in scope
395 |         case OPUS_INVALID_STATE: self = .invalidState
396 |         case OPUS_ALLOC_FAIL: self = .allocationFailure
/Users/admin/builder/spi-builder-workspace/Sources/TextToSpeechV1/TextToSpeechDecoder.swift:395:14: error: cannot find 'OPUS_INVALID_STATE' in scope
393 |         case OPUS_INVALID_PACKET: self = .invalidPacket
394 |         case OPUS_UNIMPLEMENTED: self = .unimplemented
395 |         case OPUS_INVALID_STATE: self = .invalidState
    |              `- error: cannot find 'OPUS_INVALID_STATE' in scope
396 |         case OPUS_ALLOC_FAIL: self = .allocationFailure
397 |         default: return nil
/Users/admin/builder/spi-builder-workspace/Sources/TextToSpeechV1/TextToSpeechDecoder.swift:396:14: error: cannot find 'OPUS_ALLOC_FAIL' in scope
394 |         case OPUS_UNIMPLEMENTED: self = .unimplemented
395 |         case OPUS_INVALID_STATE: self = .invalidState
396 |         case OPUS_ALLOC_FAIL: self = .allocationFailure
    |              `- error: cannot find 'OPUS_ALLOC_FAIL' in scope
397 |         default: return nil
398 |         }
[#TemporaryPointers]: <https://docs.swift.org/compiler/documentation/diagnostics/temporary-pointers>
Failed frontend command:
/Applications/Xcode-27.0.0-Release.Candidate.app/Contents/Developer/Toolchains/XcodeDefault.xctoolchain/usr/bin/swift-frontend -frontend -c /Users/admin/builder/spi-builder-workspace/Sources/TextToSpeechV1/InsecureConnection.swift /Users/admin/builder/spi-builder-workspace/Sources/TextToSpeechV1/Models/CustomModel.swift /Users/admin/builder/spi-builder-workspace/Sources/TextToSpeechV1/Models/CustomModels.swift /Users/admin/builder/spi-builder-workspace/Sources/TextToSpeechV1/Models/Prompt.swift /Users/admin/builder/spi-builder-workspace/Sources/TextToSpeechV1/Models/PromptMetadata.swift /Users/admin/builder/spi-builder-workspace/Sources/TextToSpeechV1/Models/Prompts.swift /Users/admin/builder/spi-builder-workspace/Sources/TextToSpeechV1/Models/Pronunciation.swift /Users/admin/builder/spi-builder-workspace/Sources/TextToSpeechV1/Models/Speaker.swift /Users/admin/builder/spi-builder-workspace/Sources/TextToSpeechV1/Models/SpeakerCustomModel.swift /Users/admin/builder/spi-builder-workspace/Sources/TextToSpeechV1/Models/SpeakerCustomModels.swift /Users/admin/builder/spi-builder-workspace/Sources/TextToSpeechV1/Models/SpeakerModel.swift /Users/admin/builder/spi-builder-workspace/Sources/TextToSpeechV1/Models/SpeakerPrompt.swift /Users/admin/builder/spi-builder-workspace/Sources/TextToSpeechV1/Models/Speakers.swift /Users/admin/builder/spi-builder-workspace/Sources/TextToSpeechV1/Models/SupportedFeatures.swift /Users/admin/builder/spi-builder-workspace/Sources/TextToSpeechV1/Models/Translation.swift /Users/admin/builder/spi-builder-workspace/Sources/TextToSpeechV1/Models/Voice.swift /Users/admin/builder/spi-builder-workspace/Sources/TextToSpeechV1/Models/Voices.swift /Users/admin/builder/spi-builder-workspace/Sources/TextToSpeechV1/Models/Word.swift /Users/admin/builder/spi-builder-workspace/Sources/TextToSpeechV1/Models/Words.swift /Users/admin/builder/spi-builder-workspace/Sources/TextToSpeechV1/Shared.swift -primary-file /Users/admin/builder/spi-builder-workspace/Sources/TextToSpeechV1/TextToSpeech.swift -primary-file /Users/admin/builder/spi-builder-workspace/Sources/TextToSpeechV1/TextToSpeechDecoder.swift /Users/admin/builder/spi-builder-workspace/Sources/TextToSpeechV1/WAVRepair.swift -emit-dependencies-path /Users/admin/builder/spi-builder-workspace/.derivedData/Build/Intermediates.noindex/WatsonDeveloperCloud.build/Debug-xros/TextToSpeechV1-t.build/Objects-normal/arm64/TextToSpeech.d -emit-const-values-path /Users/admin/builder/spi-builder-workspace/.derivedData/Build/Intermediates.noindex/WatsonDeveloperCloud.build/Debug-xros/TextToSpeechV1-t.build/Objects-normal/arm64/TextToSpeech.swiftconstvalues -emit-reference-dependencies-path /Users/admin/builder/spi-builder-workspace/.derivedData/Build/Intermediates.noindex/WatsonDeveloperCloud.build/Debug-xros/TextToSpeechV1-t.build/Objects-normal/arm64/TextToSpeech.swiftdeps -serialize-diagnostics-path /Users/admin/builder/spi-builder-workspace/.derivedData/Build/Intermediates.noindex/WatsonDeveloperCloud.build/Debug-xros/TextToSpeechV1-t.build/Objects-normal/arm64/TextToSpeech.dia -emit-dependencies-path /Users/admin/builder/spi-builder-workspace/.derivedData/Build/Intermediates.noindex/WatsonDeveloperCloud.build/Debug-xros/TextToSpeechV1-t.build/Objects-normal/arm64/TextToSpeechDecoder.d -emit-const-values-path /Users/admin/builder/spi-builder-workspace/.derivedData/Build/Intermediates.noindex/WatsonDeveloperCloud.build/Debug-xros/TextToSpeechV1-t.build/Objects-normal/arm64/TextToSpeechDecoder.swiftconstvalues -emit-reference-dependencies-path /Users/admin/builder/spi-builder-workspace/.derivedData/Build/Intermediates.noindex/WatsonDeveloperCloud.build/Debug-xros/TextToSpeechV1-t.build/Objects-normal/arm64/TextToSpeechDecoder.swiftdeps -serialize-diagnostics-path /Users/admin/builder/spi-builder-workspace/.derivedData/Build/Intermediates.noindex/WatsonDeveloperCloud.build/Debug-xros/TextToSpeechV1-t.build/Objects-normal/arm64/TextToSpeechDecoder.dia -target arm64-apple-xros1.0 -module-can-import Copustools -disable-cross-import-overlay-search -load-resolved-plugin /Applications/Xcode-27.0.0-Release.Candidate.app/Contents/Developer/Platforms/XROS.platform/Developer/usr/lib/swift/host/plugins/libFoundationMacros.dylib\#/Applications/Xcode-27.0.0-Release.Candidate.app/Contents/Developer/Platforms/XROS.platform/Developer/usr/bin/swift-plugin-server\#FoundationMacros -load-resolved-plugin /Applications/Xcode-27.0.0-Release.Candidate.app/Contents/Developer/Platforms/XROS.platform/Developer/usr/lib/swift/host/plugins/libObservationMacros.dylib\#/Applications/Xcode-27.0.0-Release.Candidate.app/Contents/Developer/Platforms/XROS.platform/Developer/usr/bin/swift-plugin-server\#ObservationMacros -load-resolved-plugin /Applications/Xcode-27.0.0-Release.Candidate.app/Contents/Developer/Platforms/XROS.platform/Developer/usr/lib/swift/host/plugins/libSwiftMacros.dylib\#/Applications/Xcode-27.0.0-Release.Candidate.app/Contents/Developer/Platforms/XROS.platform/Developer/usr/bin/swift-plugin-server\#SwiftMacros -disable-implicit-swift-modules -Xcc -fno-implicit-modules -Xcc -fno-implicit-module-maps -explicit-swift-module-map-file /Users/admin/builder/spi-builder-workspace/.derivedData/Build/Intermediates.noindex/WatsonDeveloperCloud.build/Debug-xros/TextToSpeechV1-t.build/Objects-normal/arm64/TextToSpeechV1-dependencies-1.json -Xllvm -aarch64-use-tbi -enable-objc-interop -stack-check -sdk /Applications/Xcode-27.0.0-Release.Candidate.app/Contents/Developer/Platforms/XROS.platform/Developer/SDKs/XROS27.0.sdk -I /Users/admin/builder/spi-builder-workspace/.derivedData/Build/Products/Debug-xros -Isystem /Applications/Xcode-27.0.0-Release.Candidate.app/Contents/Developer/Platforms/XROS.platform/Developer/usr/lib -F /Users/admin/builder/spi-builder-workspace/.derivedData/Build/Products/Debug-xros/PackageFrameworks -F /Users/admin/builder/spi-builder-workspace/.derivedData/Build/Products/Debug-xros -F /Applications/Xcode-27.0.0-Release.Candidate.app/Contents/Developer/Platforms/XROS.platform/Developer/Library/Frameworks -F /Applications/Xcode-27.0.0-Release.Candidate.app/Contents/Developer/Platforms/XROS.platform/Developer/SDKs/XROS27.0.sdk/Developer/Library/Frameworks -module-cache-path /Users/admin/builder/spi-builder-workspace/.derivedData/Build/Intermediates.noindex/SwiftExplicitPrecompiledModules -no-color-diagnostics -Xcc -fno-color-diagnostics -enable-testing -g -debug-info-format\=dwarf -dwarf-version\=4 -profile-generate -profile-coverage-mapping -swift-version 5 -Onone -D SWIFT_PACKAGE -D DEBUG -D SWIFT_MODULE_RESOURCE_BUNDLE_UNAVAILABLE -D Xcode -serialize-debugging-options -enable-experimental-feature DebugDescriptionMacro -empty-abi-descriptor -validate-clang-modules-once -clang-build-session-file /Users/admin/builder/spi-builder-workspace/.derivedData/ModuleCache.noindex/Session.modulevalidation -Xcc -working-directory -Xcc /Users/admin/builder/spi-builder-workspace/.swiftpm/xcode -enable-anonymous-context-mangled-names -file-compilation-dir /Users/admin/builder/spi-builder-workspace/.swiftpm/xcode -Xcc -fmodule-map-file\=/Users/admin/builder/spi-builder-workspace/Sources/SupportingFiles/Dependencies/Copustools/include/module.modulemap -Xcc -fmodule-map-file\=/Users/admin/builder/spi-builder-workspace/Sources/SupportingFiles/Dependencies/Clibopus/module.modulemap -Xcc -fmodule-map-file\=/Users/admin/builder/spi-builder-workspace/Sources/SupportingFiles/Dependencies/Clibogg/module.modulemap -Xcc -D_LIBCPP_HARDENING_MODE\=_LIBCPP_HARDENING_MODE_DEBUG -Xcc -ivfsstatcache -Xcc /Users/admin/builder/spi-builder-workspace/.derivedData/SDKStatCaches.noindex/xros27.0-24M361-e829b21a6f8c9b70876ba0858053c044735bd543db762f57723cac368afd1ce4.sdkstatcache -Xcc -fmodules-prune-interval\=86400 -Xcc -fmodules-prune-after\=345600 -Xcc -I/Users/admin/builder/spi-builder-workspace/Sources/SupportingFiles/Dependencies/Copustools/include -Xcc -I/Users/admin/builder/spi-builder-workspace/.derivedData/Build/Products/Debug-xros/include -Xcc -I/Users/admin/builder/spi-builder-workspace/.derivedData/Build/Intermediates.noindex/WatsonDeveloperCloud.build/Debug-xros/TextToSpeechV1-t.build/DerivedSources-normal/arm64 -Xcc -I/Users/admin/builder/spi-builder-workspace/.derivedData/Build/Intermediates.noindex/WatsonDeveloperCloud.build/Debug-xros/TextToSpeechV1-t.build/DerivedSources/arm64 -Xcc -I/Users/admin/builder/spi-builder-workspace/.derivedData/Build/Intermediates.noindex/WatsonDeveloperCloud.build/Debug-xros/TextToSpeechV1-t.build/DerivedSources -Xcc -DSWIFT_PACKAGE -Xcc -DDEBUG\=1 -no-auto-bridging-header-chaining -module-name TextToSpeechV1 -const-gather-protocols-file /Users/admin/builder/spi-builder-workspace/.derivedData/Build/Intermediates.noindex/WatsonDeveloperCloud.build/Debug-xros/TextToSpeechV1-t.build/Objects-normal/arm64/TextToSpeechV1_const_extract_protocols.json -disable-clang-spi -clang-target arm64-apple-xros27.0 -target-sdk-version 27.0 -target-sdk-name xros27.0 -in-process-plugin-server-path /Applications/Xcode-27.0.0-Release.Candidate.app/Contents/Developer/Toolchains/XcodeDefault.xctoolchain/usr/lib/swift/host/libSwiftInProcPluginServer.dylib -parse-as-library -o /Users/admin/builder/spi-builder-workspace/.derivedData/Build/Intermediates.noindex/WatsonDeveloperCloud.build/Debug-xros/TextToSpeechV1-t.build/Objects-normal/arm64/TextToSpeech.o -o /Users/admin/builder/spi-builder-workspace/.derivedData/Build/Intermediates.noindex/WatsonDeveloperCloud.build/Debug-xros/TextToSpeechV1-t.build/Objects-normal/arm64/TextToSpeechDecoder.o -debug-module-path /Users/admin/builder/spi-builder-workspace/.derivedData/Build/Intermediates.noindex/WatsonDeveloperCloud.build/Debug-xros/TextToSpeechV1-t.build/Objects-normal/arm64/TextToSpeechV1.swiftmodule -index-unit-output-path /WatsonDeveloperCloud.build/Debug-xros/TextToSpeechV1-t.build/Objects-normal/arm64/TextToSpeech.o -index-unit-output-path /WatsonDeveloperCloud.build/Debug-xros/TextToSpeechV1-t.build/Objects-normal/arm64/TextToSpeechDecoder.o -index-store-path /Users/admin/builder/spi-builder-workspace/.derivedData/Index.noindex/DataStore -index-system-modules
SwiftCompile normal arm64 /Users/admin/builder/spi-builder-workspace/Sources/TextToSpeechV1/TextToSpeech.swift (in target 'TextToSpeechV1' from project 'WatsonDeveloperCloud')
    cd /Users/admin/builder/spi-builder-workspace/.swiftpm/xcode
    builtin-SwiftPerFileCompile TextToSpeech.swift
SwiftCompile normal arm64 /Users/admin/builder/spi-builder-workspace/Sources/TextToSpeechV1/TextToSpeechDecoder.swift (in target 'TextToSpeechV1' from project 'WatsonDeveloperCloud')
    cd /Users/admin/builder/spi-builder-workspace/.swiftpm/xcode
    builtin-SwiftPerFileCompile TextToSpeechDecoder.swift
SwiftCompile normal arm64 Compiling\ Voices.swift,\ Word.swift /Users/admin/builder/spi-builder-workspace/Sources/TextToSpeechV1/Models/Voices.swift /Users/admin/builder/spi-builder-workspace/Sources/TextToSpeechV1/Models/Word.swift (in target 'TextToSpeechV1' from project 'WatsonDeveloperCloud')
SwiftCompile normal arm64 /Users/admin/builder/spi-builder-workspace/Sources/TextToSpeechV1/Models/Voices.swift (in target 'TextToSpeechV1' from project 'WatsonDeveloperCloud')
    cd /Users/admin/builder/spi-builder-workspace/.swiftpm/xcode
    builtin-SwiftPerFileCompile Voices.swift
SwiftCompile normal arm64 /Users/admin/builder/spi-builder-workspace/Sources/TextToSpeechV1/Models/Word.swift (in target 'TextToSpeechV1' from project 'WatsonDeveloperCloud')
    cd /Users/admin/builder/spi-builder-workspace/.swiftpm/xcode
    builtin-SwiftPerFileCompile Word.swift
SwiftDriverJobDiscovery normal arm64 Compiling PromptMetadata.swift, Prompts.swift (in target 'TextToSpeechV1' from project 'WatsonDeveloperCloud')
SwiftCompile normal arm64 Compiling\ Words.swift,\ Shared.swift /Users/admin/builder/spi-builder-workspace/Sources/TextToSpeechV1/Models/Words.swift /Users/admin/builder/spi-builder-workspace/Sources/TextToSpeechV1/Shared.swift (in target 'TextToSpeechV1' from project 'WatsonDeveloperCloud')
SwiftCompile normal arm64 /Users/admin/builder/spi-builder-workspace/Sources/TextToSpeechV1/Models/Words.swift (in target 'TextToSpeechV1' from project 'WatsonDeveloperCloud')
    cd /Users/admin/builder/spi-builder-workspace/.swiftpm/xcode
    builtin-SwiftPerFileCompile Words.swift
SwiftCompile normal arm64 /Users/admin/builder/spi-builder-workspace/Sources/TextToSpeechV1/Shared.swift (in target 'TextToSpeechV1' from project 'WatsonDeveloperCloud')
    cd /Users/admin/builder/spi-builder-workspace/.swiftpm/xcode
    builtin-SwiftPerFileCompile Shared.swift
SwiftDriverJobDiscovery normal arm64 Compiling SpeakerCustomModel.swift, SpeakerPrompt.swift (in target 'TextToSpeechV1' from project 'WatsonDeveloperCloud')
SwiftCompile normal arm64 Compiling\ SpeakerCustomModels.swift /Users/admin/builder/spi-builder-workspace/Sources/TextToSpeechV1/Models/SpeakerCustomModels.swift (in target 'TextToSpeechV1' from project 'WatsonDeveloperCloud')
SwiftCompile normal arm64 /Users/admin/builder/spi-builder-workspace/Sources/TextToSpeechV1/Models/SpeakerCustomModels.swift (in target 'TextToSpeechV1' from project 'WatsonDeveloperCloud')
    cd /Users/admin/builder/spi-builder-workspace/.swiftpm/xcode
    builtin-SwiftPerFileCompile SpeakerCustomModels.swift
SwiftCompile normal arm64 Compiling\ Speakers.swift,\ Voice.swift /Users/admin/builder/spi-builder-workspace/Sources/TextToSpeechV1/Models/Speakers.swift /Users/admin/builder/spi-builder-workspace/Sources/TextToSpeechV1/Models/Voice.swift (in target 'TextToSpeechV1' from project 'WatsonDeveloperCloud')
SwiftCompile normal arm64 /Users/admin/builder/spi-builder-workspace/Sources/TextToSpeechV1/Models/Speakers.swift (in target 'TextToSpeechV1' from project 'WatsonDeveloperCloud')
    cd /Users/admin/builder/spi-builder-workspace/.swiftpm/xcode
    builtin-SwiftPerFileCompile Speakers.swift
SwiftCompile normal arm64 /Users/admin/builder/spi-builder-workspace/Sources/TextToSpeechV1/Models/Voice.swift (in target 'TextToSpeechV1' from project 'WatsonDeveloperCloud')
    cd /Users/admin/builder/spi-builder-workspace/.swiftpm/xcode
    builtin-SwiftPerFileCompile Voice.swift
SwiftDriverJobDiscovery normal arm64 Compiling WAVRepair.swift (in target 'TextToSpeechV1' from project 'WatsonDeveloperCloud')
SwiftCompile normal arm64 Compiling\ InsecureConnection.swift,\ CustomModel.swift /Users/admin/builder/spi-builder-workspace/Sources/TextToSpeechV1/InsecureConnection.swift /Users/admin/builder/spi-builder-workspace/Sources/TextToSpeechV1/Models/CustomModel.swift (in target 'TextToSpeechV1' from project 'WatsonDeveloperCloud')
SwiftCompile normal arm64 /Users/admin/builder/spi-builder-workspace/Sources/TextToSpeechV1/InsecureConnection.swift (in target 'TextToSpeechV1' from project 'WatsonDeveloperCloud')
    cd /Users/admin/builder/spi-builder-workspace/.swiftpm/xcode
    builtin-SwiftPerFileCompile InsecureConnection.swift
SwiftCompile normal arm64 /Users/admin/builder/spi-builder-workspace/Sources/TextToSpeechV1/Models/CustomModel.swift (in target 'TextToSpeechV1' from project 'WatsonDeveloperCloud')
    cd /Users/admin/builder/spi-builder-workspace/.swiftpm/xcode
    builtin-SwiftPerFileCompile CustomModel.swift
SwiftDriverJobDiscovery normal arm64 Compiling SpeakerCustomModels.swift (in target 'TextToSpeechV1' from project 'WatsonDeveloperCloud')
SwiftCompile normal arm64 Compiling\ CustomModels.swift,\ Prompt.swift /Users/admin/builder/spi-builder-workspace/Sources/TextToSpeechV1/Models/CustomModels.swift /Users/admin/builder/spi-builder-workspace/Sources/TextToSpeechV1/Models/Prompt.swift (in target 'TextToSpeechV1' from project 'WatsonDeveloperCloud')
SwiftCompile normal arm64 /Users/admin/builder/spi-builder-workspace/Sources/TextToSpeechV1/Models/CustomModels.swift (in target 'TextToSpeechV1' from project 'WatsonDeveloperCloud')
    cd /Users/admin/builder/spi-builder-workspace/.swiftpm/xcode
    builtin-SwiftPerFileCompile CustomModels.swift
SwiftCompile normal arm64 /Users/admin/builder/spi-builder-workspace/Sources/TextToSpeechV1/Models/Prompt.swift (in target 'TextToSpeechV1' from project 'WatsonDeveloperCloud')
    cd /Users/admin/builder/spi-builder-workspace/.swiftpm/xcode
    builtin-SwiftPerFileCompile Prompt.swift
SwiftDriverJobDiscovery normal arm64 Compiling Words.swift, Shared.swift (in target 'TextToSpeechV1' from project 'WatsonDeveloperCloud')
SwiftCompile normal arm64 Compiling\ Data+Extensions.swift,\ Engine.swift /Users/admin/builder/spi-builder-workspace/.dependencies/checkouts/Starscream/Sources/DataBytes/Data+Extensions.swift /Users/admin/builder/spi-builder-workspace/.dependencies/checkouts/Starscream/Sources/Engine/Engine.swift (in target 'Starscream' from project 'Starscream')
SwiftCompile normal arm64 /Users/admin/builder/spi-builder-workspace/.dependencies/checkouts/Starscream/Sources/DataBytes/Data+Extensions.swift (in target 'Starscream' from project 'Starscream')
    cd /Users/admin/builder/spi-builder-workspace/.swiftpm/xcode
    builtin-SwiftPerFileCompile Data+Extensions.swift
SwiftCompile normal arm64 /Users/admin/builder/spi-builder-workspace/.dependencies/checkouts/Starscream/Sources/Engine/Engine.swift (in target 'Starscream' from project 'Starscream')
    cd /Users/admin/builder/spi-builder-workspace/.swiftpm/xcode
    builtin-SwiftPerFileCompile Engine.swift
SwiftDriverJobDiscovery normal arm64 Compiling Voices.swift, Word.swift (in target 'TextToSpeechV1' from project 'WatsonDeveloperCloud')
SwiftDriverJobDiscovery normal arm64 Emitting module for NaturalLanguageUnderstandingV1 (in target 'NaturalLanguageUnderstandingV1' from project 'WatsonDeveloperCloud')
SwiftCompile normal arm64 Compiling\ FoundationHTTPHandler.swift,\ FoundationHTTPServerHandler.swift /Users/admin/builder/spi-builder-workspace/.dependencies/checkouts/Starscream/Sources/Framer/FoundationHTTPHandler.swift /Users/admin/builder/spi-builder-workspace/.dependencies/checkouts/Starscream/Sources/Framer/FoundationHTTPServerHandler.swift (in target 'Starscream' from project 'Starscream')
SwiftCompile normal arm64 /Users/admin/builder/spi-builder-workspace/.dependencies/checkouts/Starscream/Sources/Framer/FoundationHTTPHandler.swift (in target 'Starscream' from project 'Starscream')
    cd /Users/admin/builder/spi-builder-workspace/.swiftpm/xcode
    builtin-SwiftPerFileCompile FoundationHTTPHandler.swift
SwiftCompile normal arm64 /Users/admin/builder/spi-builder-workspace/.dependencies/checkouts/Starscream/Sources/Framer/FoundationHTTPServerHandler.swift (in target 'Starscream' from project 'Starscream')
    cd /Users/admin/builder/spi-builder-workspace/.swiftpm/xcode
    builtin-SwiftPerFileCompile FoundationHTTPServerHandler.swift
SwiftDriver\ Compilation\ Requirements NaturalLanguageUnderstandingV1 normal arm64 com.apple.xcode.tools.swift.compiler (in target 'NaturalLanguageUnderstandingV1' from project 'WatsonDeveloperCloud')
    cd /Users/admin/builder/spi-builder-workspace/.swiftpm/xcode
    builtin-Swift-Compilation-Requirements -- /Applications/Xcode-27.0.0-Release.Candidate.app/Contents/Developer/Toolchains/XcodeDefault.xctoolchain/usr/bin/swiftc -parse-as-library -module-name NaturalLanguageUnderstandingV1 -Onone @/Users/admin/builder/spi-builder-workspace/.derivedData/Build/Intermediates.noindex/WatsonDeveloperCloud.build/Debug-xros/NaturalLanguageUnderstandingV1-t.build/Objects-normal/arm64/NaturalLanguageUnderstandingV1.SwiftFileList -DSWIFT_PACKAGE -DDEBUG -DSWIFT_MODULE_RESOURCE_BUNDLE_UNAVAILABLE -DXcode -plugin-path /Applications/Xcode-27.0.0-Release.Candidate.app/Contents/Developer/Toolchains/XcodeDefault.xctoolchain/usr/lib/swift/host/plugins/testing -enable-experimental-feature DebugDescriptionMacro -sdk /Applications/Xcode-27.0.0-Release.Candidate.app/Contents/Developer/Platforms/XROS.platform/Developer/SDKs/XROS27.0.sdk -target arm64-apple-xros1.0 -g -module-cache-path /Users/admin/builder/spi-builder-workspace/.derivedData/ModuleCache.noindex -Xfrontend -serialize-debugging-options -profile-coverage-mapping -profile-generate -enable-testing -index-store-path /Users/admin/builder/spi-builder-workspace/.derivedData/Index.noindex/DataStore -Xcc -D_LIBCPP_HARDENING_MODE\=_LIBCPP_HARDENING_MODE_DEBUG -swift-version 5 -I /Users/admin/builder/spi-builder-workspace/.derivedData/Build/Products/Debug-xros -Isystem /Applications/Xcode-27.0.0-Release.Candidate.app/Contents/Developer/Platforms/XROS.platform/Developer/usr/lib -F /Users/admin/builder/spi-builder-workspace/.derivedData/Build/Products/Debug-xros/PackageFrameworks -F /Users/admin/builder/spi-builder-workspace/.derivedData/Build/Products/Debug-xros -F /Applications/Xcode-27.0.0-Release.Candidate.app/Contents/Developer/Platforms/XROS.platform/Developer/Library/Frameworks -F /Applications/Xcode-27.0.0-Release.Candidate.app/Contents/Developer/Platforms/XROS.platform/Developer/SDKs/XROS27.0.sdk/Developer/Library/Frameworks -c -j10 -enable-batch-mode -incremental -Xcc -ivfsstatcache -Xcc /Users/admin/builder/spi-builder-workspace/.derivedData/SDKStatCaches.noindex/xros27.0-24M361-e829b21a6f8c9b70876ba0858053c044735bd543db762f57723cac368afd1ce4.sdkstatcache -output-file-map /Users/admin/builder/spi-builder-workspace/.derivedData/Build/Intermediates.noindex/WatsonDeveloperCloud.build/Debug-xros/NaturalLanguageUnderstandingV1-t.build/Objects-normal/arm64/NaturalLanguageUnderstandingV1-OutputFileMap.json -save-temps -no-color-diagnostics -explicit-module-build -module-cache-path /Users/admin/builder/spi-builder-workspace/.derivedData/Build/Intermediates.noindex/SwiftExplicitPrecompiledModules -clang-scanner-module-cache-path /Users/admin/builder/spi-builder-workspace/.derivedData/ModuleCache.noindex -sdk-module-cache-path /Users/admin/builder/spi-builder-workspace/.derivedData/SDKExplicitPrecompiledModules -emit-dependencies -emit-module -emit-module-path /Users/admin/builder/spi-builder-workspace/.derivedData/Build/Intermediates.noindex/WatsonDeveloperCloud.build/Debug-xros/NaturalLanguageUnderstandingV1-t.build/Objects-normal/arm64/NaturalLanguageUnderstandingV1.swiftmodule -serialize-diagnostics -dependency-scan-serialize-diagnostics-path /Users/admin/builder/spi-builder-workspace/.derivedData/Build/Intermediates.noindex/WatsonDeveloperCloud.build/Debug-xros/NaturalLanguageUnderstandingV1-t.build/Objects-normal/arm64/NaturalLanguageUnderstandingV1-dependency-scan.dia -validate-clang-modules-once -clang-build-session-file /Users/admin/builder/spi-builder-workspace/.derivedData/ModuleCache.noindex/Session.modulevalidation -Xcc -fmodules-prune-interval\=86400 -Xcc -fmodules-prune-after\=345600 -emit-const-values -const-gather-protocols-list /Users/admin/builder/spi-builder-workspace/.derivedData/Build/Intermediates.noindex/WatsonDeveloperCloud.build/Debug-xros/NaturalLanguageUnderstandingV1-t.build/Objects-normal/arm64/NaturalLanguageUnderstandingV1_const_extract_protocols.json -Xcc -I/Users/admin/builder/spi-builder-workspace/.derivedData/Build/Products/Debug-xros/include -Xcc -I/Users/admin/builder/spi-builder-workspace/.derivedData/Build/Intermediates.noindex/WatsonDeveloperCloud.build/Debug-xros/NaturalLanguageUnderstandingV1-t.build/DerivedSources-normal/arm64 -Xcc -I/Users/admin/builder/spi-builder-workspace/.derivedData/Build/Intermediates.noindex/WatsonDeveloperCloud.build/Debug-xros/NaturalLanguageUnderstandingV1-t.build/DerivedSources/arm64 -Xcc -I/Users/admin/builder/spi-builder-workspace/.derivedData/Build/Intermediates.noindex/WatsonDeveloperCloud.build/Debug-xros/NaturalLanguageUnderstandingV1-t.build/DerivedSources -Xcc -DSWIFT_PACKAGE -Xcc -DDEBUG\=1 -emit-objc-header -emit-objc-header-path /Users/admin/builder/spi-builder-workspace/.derivedData/Build/Intermediates.noindex/WatsonDeveloperCloud.build/Debug-xros/NaturalLanguageUnderstandingV1-t.build/Objects-normal/arm64/NaturalLanguageUnderstandingV1-Swift.h -working-directory /Users/admin/builder/spi-builder-workspace/.swiftpm/xcode -experimental-emit-module-separately -disable-cmo
SwiftDriverJobDiscovery normal arm64 Compiling Speakers.swift, Voice.swift (in target 'TextToSpeechV1' from project 'WatsonDeveloperCloud')
SwiftCompile normal arm64 Compiling\ Server.swift,\ WebSocketServer.swift /Users/admin/builder/spi-builder-workspace/.dependencies/checkouts/Starscream/Sources/Server/Server.swift /Users/admin/builder/spi-builder-workspace/.dependencies/checkouts/Starscream/Sources/Server/WebSocketServer.swift (in target 'Starscream' from project 'Starscream')
SwiftCompile normal arm64 /Users/admin/builder/spi-builder-workspace/.dependencies/checkouts/Starscream/Sources/Server/Server.swift (in target 'Starscream' from project 'Starscream')
    cd /Users/admin/builder/spi-builder-workspace/.swiftpm/xcode
    builtin-SwiftPerFileCompile Server.swift
SwiftCompile normal arm64 /Users/admin/builder/spi-builder-workspace/.dependencies/checkouts/Starscream/Sources/Server/WebSocketServer.swift (in target 'Starscream' from project 'Starscream')
    cd /Users/admin/builder/spi-builder-workspace/.swiftpm/xcode
    builtin-SwiftPerFileCompile WebSocketServer.swift
SwiftMergeGeneratedHeaders /Users/admin/builder/spi-builder-workspace/.derivedData/Build/Intermediates.noindex/GeneratedModuleMaps-xros/NaturalLanguageUnderstandingV1-Swift.h /Users/admin/builder/spi-builder-workspace/.derivedData/Build/Intermediates.noindex/WatsonDeveloperCloud.build/Debug-xros/NaturalLanguageUnderstandingV1-t.build/Objects-normal/arm64/NaturalLanguageUnderstandingV1-Swift.h (in target 'NaturalLanguageUnderstandingV1' from project 'WatsonDeveloperCloud')
    cd /Users/admin/builder/spi-builder-workspace
    builtin-swiftHeaderTool -arch arm64 /Users/admin/builder/spi-builder-workspace/.derivedData/Build/Intermediates.noindex/WatsonDeveloperCloud.build/Debug-xros/NaturalLanguageUnderstandingV1-t.build/Objects-normal/arm64/NaturalLanguageUnderstandingV1-Swift.h -o /Users/admin/builder/spi-builder-workspace/.derivedData/Build/Intermediates.noindex/GeneratedModuleMaps-xros/NaturalLanguageUnderstandingV1-Swift.h
SwiftDriverJobDiscovery normal arm64 Emitting module for AssistantV2 (in target 'AssistantV2' from project 'WatsonDeveloperCloud')
Copy /Users/admin/builder/spi-builder-workspace/.derivedData/Build/Products/Debug-xros/NaturalLanguageUnderstandingV1.swiftmodule/arm64-apple-xros.swiftmodule /Users/admin/builder/spi-builder-workspace/.derivedData/Build/Intermediates.noindex/WatsonDeveloperCloud.build/Debug-xros/NaturalLanguageUnderstandingV1-t.build/Objects-normal/arm64/NaturalLanguageUnderstandingV1.swiftmodule (in target 'NaturalLanguageUnderstandingV1' from project 'WatsonDeveloperCloud')
    cd /Users/admin/builder/spi-builder-workspace
    builtin-copy -exclude .DS_Store -exclude CVS -exclude .svn -exclude .git -exclude .hg -resolve-src-symlinks -rename /Users/admin/builder/spi-builder-workspace/.derivedData/Build/Intermediates.noindex/WatsonDeveloperCloud.build/Debug-xros/NaturalLanguageUnderstandingV1-t.build/Objects-normal/arm64/NaturalLanguageUnderstandingV1.swiftmodule /Users/admin/builder/spi-builder-workspace/.derivedData/Build/Products/Debug-xros/NaturalLanguageUnderstandingV1.swiftmodule/arm64-apple-xros.swiftmodule
Copy /Users/admin/builder/spi-builder-workspace/.derivedData/Build/Products/Debug-xros/NaturalLanguageUnderstandingV1.swiftmodule/arm64-apple-xros.swiftdoc /Users/admin/builder/spi-builder-workspace/.derivedData/Build/Intermediates.noindex/WatsonDeveloperCloud.build/Debug-xros/NaturalLanguageUnderstandingV1-t.build/Objects-normal/arm64/NaturalLanguageUnderstandingV1.swiftdoc (in target 'NaturalLanguageUnderstandingV1' from project 'WatsonDeveloperCloud')
    cd /Users/admin/builder/spi-builder-workspace
    builtin-copy -exclude .DS_Store -exclude CVS -exclude .svn -exclude .git -exclude .hg -resolve-src-symlinks -rename /Users/admin/builder/spi-builder-workspace/.derivedData/Build/Intermediates.noindex/WatsonDeveloperCloud.build/Debug-xros/NaturalLanguageUnderstandingV1-t.build/Objects-normal/arm64/NaturalLanguageUnderstandingV1.swiftdoc /Users/admin/builder/spi-builder-workspace/.derivedData/Build/Products/Debug-xros/NaturalLanguageUnderstandingV1.swiftmodule/arm64-apple-xros.swiftdoc
Copy /Users/admin/builder/spi-builder-workspace/.derivedData/Build/Products/Debug-xros/NaturalLanguageUnderstandingV1.swiftmodule/arm64-apple-xros.abi.json /Users/admin/builder/spi-builder-workspace/.derivedData/Build/Intermediates.noindex/WatsonDeveloperCloud.build/Debug-xros/NaturalLanguageUnderstandingV1-t.build/Objects-normal/arm64/NaturalLanguageUnderstandingV1.abi.json (in target 'NaturalLanguageUnderstandingV1' from project 'WatsonDeveloperCloud')
    cd /Users/admin/builder/spi-builder-workspace
    builtin-copy -exclude .DS_Store -exclude CVS -exclude .svn -exclude .git -exclude .hg -resolve-src-symlinks -rename /Users/admin/builder/spi-builder-workspace/.derivedData/Build/Intermediates.noindex/WatsonDeveloperCloud.build/Debug-xros/NaturalLanguageUnderstandingV1-t.build/Objects-normal/arm64/NaturalLanguageUnderstandingV1.abi.json /Users/admin/builder/spi-builder-workspace/.derivedData/Build/Products/Debug-xros/NaturalLanguageUnderstandingV1.swiftmodule/arm64-apple-xros.abi.json
Copy /Users/admin/builder/spi-builder-workspace/.derivedData/Build/Products/Debug-xros/NaturalLanguageUnderstandingV1.swiftmodule/Project/arm64-apple-xros.swiftsourceinfo /Users/admin/builder/spi-builder-workspace/.derivedData/Build/Intermediates.noindex/WatsonDeveloperCloud.build/Debug-xros/NaturalLanguageUnderstandingV1-t.build/Objects-normal/arm64/NaturalLanguageUnderstandingV1.swiftsourceinfo (in target 'NaturalLanguageUnderstandingV1' from project 'WatsonDeveloperCloud')
    cd /Users/admin/builder/spi-builder-workspace
    builtin-copy -exclude .DS_Store -exclude CVS -exclude .svn -exclude .git -exclude .hg -resolve-src-symlinks -rename /Users/admin/builder/spi-builder-workspace/.derivedData/Build/Intermediates.noindex/WatsonDeveloperCloud.build/Debug-xros/NaturalLanguageUnderstandingV1-t.build/Objects-normal/arm64/NaturalLanguageUnderstandingV1.swiftsourceinfo /Users/admin/builder/spi-builder-workspace/.derivedData/Build/Products/Debug-xros/NaturalLanguageUnderstandingV1.swiftmodule/Project/arm64-apple-xros.swiftsourceinfo
SwiftDriver\ Compilation\ Requirements AssistantV2 normal arm64 com.apple.xcode.tools.swift.compiler (in target 'AssistantV2' from project 'WatsonDeveloperCloud')
    cd /Users/admin/builder/spi-builder-workspace/.swiftpm/xcode
    builtin-Swift-Compilation-Requirements -- /Applications/Xcode-27.0.0-Release.Candidate.app/Contents/Developer/Toolchains/XcodeDefault.xctoolchain/usr/bin/swiftc -parse-as-library -module-name AssistantV2 -Onone @/Users/admin/builder/spi-builder-workspace/.derivedData/Build/Intermediates.noindex/WatsonDeveloperCloud.build/Debug-xros/AssistantV2-t.build/Objects-normal/arm64/AssistantV2.SwiftFileList -DSWIFT_PACKAGE -DDEBUG -DSWIFT_MODULE_RESOURCE_BUNDLE_UNAVAILABLE -DXcode -plugin-path /Applications/Xcode-27.0.0-Release.Candidate.app/Contents/Developer/Toolchains/XcodeDefault.xctoolchain/usr/lib/swift/host/plugins/testing -enable-experimental-feature DebugDescriptionMacro -sdk /Applications/Xcode-27.0.0-Release.Candidate.app/Contents/Developer/Platforms/XROS.platform/Developer/SDKs/XROS27.0.sdk -target arm64-apple-xros1.0 -g -module-cache-path /Users/admin/builder/spi-builder-workspace/.derivedData/ModuleCache.noindex -Xfrontend -serialize-debugging-options -profile-coverage-mapping -profile-generate -enable-testing -index-store-path /Users/admin/builder/spi-builder-workspace/.derivedData/Index.noindex/DataStore -Xcc -D_LIBCPP_HARDENING_MODE\=_LIBCPP_HARDENING_MODE_DEBUG -swift-version 5 -I /Users/admin/builder/spi-builder-workspace/.derivedData/Build/Products/Debug-xros -Isystem /Applications/Xcode-27.0.0-Release.Candidate.app/Contents/Developer/Platforms/XROS.platform/Developer/usr/lib -F /Users/admin/builder/spi-builder-workspace/.derivedData/Build/Products/Debug-xros/PackageFrameworks -F /Users/admin/builder/spi-builder-workspace/.derivedData/Build/Products/Debug-xros -F /Applications/Xcode-27.0.0-Release.Candidate.app/Contents/Developer/Platforms/XROS.platform/Developer/Library/Frameworks -F /Applications/Xcode-27.0.0-Release.Candidate.app/Contents/Developer/Platforms/XROS.platform/Developer/SDKs/XROS27.0.sdk/Developer/Library/Frameworks -c -j10 -enable-batch-mode -incremental -Xcc -ivfsstatcache -Xcc /Users/admin/builder/spi-builder-workspace/.derivedData/SDKStatCaches.noindex/xros27.0-24M361-e829b21a6f8c9b70876ba0858053c044735bd543db762f57723cac368afd1ce4.sdkstatcache -output-file-map /Users/admin/builder/spi-builder-workspace/.derivedData/Build/Intermediates.noindex/WatsonDeveloperCloud.build/Debug-xros/AssistantV2-t.build/Objects-normal/arm64/AssistantV2-OutputFileMap.json -save-temps -no-color-diagnostics -explicit-module-build -module-cache-path /Users/admin/builder/spi-builder-workspace/.derivedData/Build/Intermediates.noindex/SwiftExplicitPrecompiledModules -clang-scanner-module-cache-path /Users/admin/builder/spi-builder-workspace/.derivedData/ModuleCache.noindex -sdk-module-cache-path /Users/admin/builder/spi-builder-workspace/.derivedData/SDKExplicitPrecompiledModules -emit-dependencies -emit-module -emit-module-path /Users/admin/builder/spi-builder-workspace/.derivedData/Build/Intermediates.noindex/WatsonDeveloperCloud.build/Debug-xros/AssistantV2-t.build/Objects-normal/arm64/AssistantV2.swiftmodule -serialize-diagnostics -dependency-scan-serialize-diagnostics-path /Users/admin/builder/spi-builder-workspace/.derivedData/Build/Intermediates.noindex/WatsonDeveloperCloud.build/Debug-xros/AssistantV2-t.build/Objects-normal/arm64/AssistantV2-dependency-scan.dia -validate-clang-modules-once -clang-build-session-file /Users/admin/builder/spi-builder-workspace/.derivedData/ModuleCache.noindex/Session.modulevalidation -Xcc -fmodules-prune-interval\=86400 -Xcc -fmodules-prune-after\=345600 -emit-const-values -const-gather-protocols-list /Users/admin/builder/spi-builder-workspace/.derivedData/Build/Intermediates.noindex/WatsonDeveloperCloud.build/Debug-xros/AssistantV2-t.build/Objects-normal/arm64/AssistantV2_const_extract_protocols.json -Xcc -I/Users/admin/builder/spi-builder-workspace/.derivedData/Build/Products/Debug-xros/include -Xcc -I/Users/admin/builder/spi-builder-workspace/.derivedData/Build/Intermediates.noindex/WatsonDeveloperCloud.build/Debug-xros/AssistantV2-t.build/DerivedSources-normal/arm64 -Xcc -I/Users/admin/builder/spi-builder-workspace/.derivedData/Build/Intermediates.noindex/WatsonDeveloperCloud.build/Debug-xros/AssistantV2-t.build/DerivedSources/arm64 -Xcc -I/Users/admin/builder/spi-builder-workspace/.derivedData/Build/Intermediates.noindex/WatsonDeveloperCloud.build/Debug-xros/AssistantV2-t.build/DerivedSources -Xcc -DSWIFT_PACKAGE -Xcc -DDEBUG\=1 -emit-objc-header -emit-objc-header-path /Users/admin/builder/spi-builder-workspace/.derivedData/Build/Intermediates.noindex/WatsonDeveloperCloud.build/Debug-xros/AssistantV2-t.build/Objects-normal/arm64/AssistantV2-Swift.h -working-directory /Users/admin/builder/spi-builder-workspace/.swiftpm/xcode -experimental-emit-module-separately -disable-cmo
SwiftMergeGeneratedHeaders /Users/admin/builder/spi-builder-workspace/.derivedData/Build/Intermediates.noindex/GeneratedModuleMaps-xros/AssistantV2-Swift.h /Users/admin/builder/spi-builder-workspace/.derivedData/Build/Intermediates.noindex/WatsonDeveloperCloud.build/Debug-xros/AssistantV2-t.build/Objects-normal/arm64/AssistantV2-Swift.h (in target 'AssistantV2' from project 'WatsonDeveloperCloud')
    cd /Users/admin/builder/spi-builder-workspace
    builtin-swiftHeaderTool -arch arm64 /Users/admin/builder/spi-builder-workspace/.derivedData/Build/Intermediates.noindex/WatsonDeveloperCloud.build/Debug-xros/AssistantV2-t.build/Objects-normal/arm64/AssistantV2-Swift.h -o /Users/admin/builder/spi-builder-workspace/.derivedData/Build/Intermediates.noindex/GeneratedModuleMaps-xros/AssistantV2-Swift.h
Copy /Users/admin/builder/spi-builder-workspace/.derivedData/Build/Products/Debug-xros/AssistantV2.swiftmodule/arm64-apple-xros.swiftmodule /Users/admin/builder/spi-builder-workspace/.derivedData/Build/Intermediates.noindex/WatsonDeveloperCloud.build/Debug-xros/AssistantV2-t.build/Objects-normal/arm64/AssistantV2.swiftmodule (in target 'AssistantV2' from project 'WatsonDeveloperCloud')
    cd /Users/admin/builder/spi-builder-workspace
    builtin-copy -exclude .DS_Store -exclude CVS -exclude .svn -exclude .git -exclude .hg -resolve-src-symlinks -rename /Users/admin/builder/spi-builder-workspace/.derivedData/Build/Intermediates.noindex/WatsonDeveloperCloud.build/Debug-xros/AssistantV2-t.build/Objects-normal/arm64/AssistantV2.swiftmodule /Users/admin/builder/spi-builder-workspace/.derivedData/Build/Products/Debug-xros/AssistantV2.swiftmodule/arm64-apple-xros.swiftmodule
Copy /Users/admin/builder/spi-builder-workspace/.derivedData/Build/Products/Debug-xros/AssistantV2.swiftmodule/arm64-apple-xros.swiftdoc /Users/admin/builder/spi-builder-workspace/.derivedData/Build/Intermediates.noindex/WatsonDeveloperCloud.build/Debug-xros/AssistantV2-t.build/Objects-normal/arm64/AssistantV2.swiftdoc (in target 'AssistantV2' from project 'WatsonDeveloperCloud')
    cd /Users/admin/builder/spi-builder-workspace
    builtin-copy -exclude .DS_Store -exclude CVS -exclude .svn -exclude .git -exclude .hg -resolve-src-symlinks -rename /Users/admin/builder/spi-builder-workspace/.derivedData/Build/Intermediates.noindex/WatsonDeveloperCloud.build/Debug-xros/AssistantV2-t.build/Objects-normal/arm64/AssistantV2.swiftdoc /Users/admin/builder/spi-builder-workspace/.derivedData/Build/Products/Debug-xros/AssistantV2.swiftmodule/arm64-apple-xros.swiftdoc
Copy /Users/admin/builder/spi-builder-workspace/.derivedData/Build/Products/Debug-xros/AssistantV2.swiftmodule/arm64-apple-xros.abi.json /Users/admin/builder/spi-builder-workspace/.derivedData/Build/Intermediates.noindex/WatsonDeveloperCloud.build/Debug-xros/AssistantV2-t.build/Objects-normal/arm64/AssistantV2.abi.json (in target 'AssistantV2' from project 'WatsonDeveloperCloud')
    cd /Users/admin/builder/spi-builder-workspace
    builtin-copy -exclude .DS_Store -exclude CVS -exclude .svn -exclude .git -exclude .hg -resolve-src-symlinks -rename /Users/admin/builder/spi-builder-workspace/.derivedData/Build/Intermediates.noindex/WatsonDeveloperCloud.build/Debug-xros/AssistantV2-t.build/Objects-normal/arm64/AssistantV2.abi.json /Users/admin/builder/spi-builder-workspace/.derivedData/Build/Products/Debug-xros/AssistantV2.swiftmodule/arm64-apple-xros.abi.json
Copy /Users/admin/builder/spi-builder-workspace/.derivedData/Build/Products/Debug-xros/AssistantV2.swiftmodule/Project/arm64-apple-xros.swiftsourceinfo /Users/admin/builder/spi-builder-workspace/.derivedData/Build/Intermediates.noindex/WatsonDeveloperCloud.build/Debug-xros/AssistantV2-t.build/Objects-normal/arm64/AssistantV2.swiftsourceinfo (in target 'AssistantV2' from project 'WatsonDeveloperCloud')
    cd /Users/admin/builder/spi-builder-workspace
    builtin-copy -exclude .DS_Store -exclude CVS -exclude .svn -exclude .git -exclude .hg -resolve-src-symlinks -rename /Users/admin/builder/spi-builder-workspace/.derivedData/Build/Intermediates.noindex/WatsonDeveloperCloud.build/Debug-xros/AssistantV2-t.build/Objects-normal/arm64/AssistantV2.swiftsourceinfo /Users/admin/builder/spi-builder-workspace/.derivedData/Build/Products/Debug-xros/AssistantV2.swiftmodule/Project/arm64-apple-xros.swiftsourceinfo
SwiftCompile normal arm64 Compiling\ FoundationSecurity.swift,\ Security.swift /Users/admin/builder/spi-builder-workspace/.dependencies/checkouts/Starscream/Sources/Security/FoundationSecurity.swift /Users/admin/builder/spi-builder-workspace/.dependencies/checkouts/Starscream/Sources/Security/Security.swift (in target 'Starscream' from project 'Starscream')
SwiftCompile normal arm64 /Users/admin/builder/spi-builder-workspace/.dependencies/checkouts/Starscream/Sources/Security/FoundationSecurity.swift (in target 'Starscream' from project 'Starscream')
    cd /Users/admin/builder/spi-builder-workspace/.swiftpm/xcode
    builtin-SwiftPerFileCompile FoundationSecurity.swift
SwiftCompile normal arm64 /Users/admin/builder/spi-builder-workspace/.dependencies/checkouts/Starscream/Sources/Security/Security.swift (in target 'Starscream' from project 'Starscream')
    cd /Users/admin/builder/spi-builder-workspace/.swiftpm/xcode
    builtin-SwiftPerFileCompile Security.swift
PruneExplicitPrecompiledModules /Users/admin/builder/spi-builder-workspace/.derivedData/Build/Intermediates.noindex/ExplicitPrecompiledModules
PruneExplicitPrecompiledModules /Users/admin/builder/spi-builder-workspace/.derivedData/Build/Intermediates.noindex/SwiftExplicitPrecompiledModules
PruneExplicitPrecompiledModules /Users/admin/builder/spi-builder-workspace/.derivedData/SDKExplicitPrecompiledModules
2026-09-18 01:58:06.745 xcodebuild[965:5808] [MT] IDERunDestination: Supported platforms for the buildables in the current scheme is empty.
** BUILD FAILED **
The following build commands failed:
	SwiftCompile normal arm64 Compiling\ TextToSpeech.swift,\ TextToSpeechDecoder.swift /Users/admin/builder/spi-builder-workspace/Sources/TextToSpeechV1/TextToSpeech.swift /Users/admin/builder/spi-builder-workspace/Sources/TextToSpeechV1/TextToSpeechDecoder.swift (in target 'TextToSpeechV1' from project 'WatsonDeveloperCloud')
	SwiftCompile normal arm64 /Users/admin/builder/spi-builder-workspace/Sources/TextToSpeechV1/TextToSpeechDecoder.swift (in target 'TextToSpeechV1' from project 'WatsonDeveloperCloud')
	Building workspace WatsonDeveloperCloud with scheme WatsonDeveloperCloud-Package
(3 failures)
BUILD FAILURE 6.4 visionOS