Build Information
Failed to build RollView, reference master (480b34), with Swift 6.4 for watchOS using Xcode 27.0 on 16 Sep 2026 07:47:05 UTC.
Build Command
env DEVELOPER_DIR=/Applications/Xcode-27.0.0-Release.Candidate.app xcrun xcodebuild -IDEClonedSourcePackagesDirPathOverride=$PWD/.dependencies -skipMacroValidation -skipPackagePluginValidation -derivedDataPath $PWD/.derivedData build -scheme RollView-Package -destination generic/platform=watchOSBuild Log
========================================
RunAll
========================================
Builder version: 5.1.0
Interrupt handler set up.
========================================
Checkout
========================================
Clone URL: https://github.com/gitvalue/RollView.git
Reference: master
Initialized empty Git repository in /Users/admin/builder/spi-builder-workspace/.git/
From https://github.com/gitvalue/RollView
* branch master -> FETCH_HEAD
* [new branch] master -> origin/master
HEAD is now at 480b343 fixes crash when adapter is nil
Cloned https://github.com/gitvalue/RollView.git
Revision (git rev-parse @):
480b343d448fc1ff4074b6de1e7180257af377c7
SUCCESS checkout https://github.com/gitvalue/RollView.git at master
========================================
Build
========================================
Selected platform: watchOS
Swift version: 6.4
Building package at path: $PWD
https://github.com/gitvalue/RollView.git
Command line invocation:
/Applications/Xcode-27.0.0-Release.Candidate.app/Contents/Developer/usr/bin/xcodebuild -IDEClonedSourcePackagesDirPathOverride=/Users/admin/builder/spi-builder-workspace/.dependencies -resolvePackageDependencies
resolved source packages:
{
"dependencies" : [
{
"identity" : "pooling",
"requirement" : {
"range" : [
{
"lower_bound" : "1.0.0",
"upper_bound" : "2.0.0"
}
]
},
"type" : "sourceControl",
"url" : "https://github.com/gitvalue/Pooling.git"
}
],
"manifest_display_name" : "RollView",
"name" : "RollView",
"path" : "/Users/admin/builder/spi-builder-workspace",
"platforms" : [
],
"products" : [
{
"name" : "RollView",
"targets" : [
"RollView"
],
"type" : {
"library" : [
"automatic"
]
}
}
],
"targets" : [
{
"c99name" : "RollViewTests",
"module_type" : "SwiftTarget",
"name" : "RollViewTests",
"path" : "Tests/RollViewTests",
"sources" : [
"RollViewTests.swift"
],
"target_dependencies" : [
"RollView"
],
"type" : "test"
},
{
"c99name" : "RollView",
"module_type" : "SwiftTarget",
"name" : "RollView",
"path" : "Sources/RollView",
"product_dependencies" : [
"Pooling"
],
"product_memberships" : [
"RollView"
],
"sources" : [
"Adapter.swift",
"AdapterView.swift",
"ContainerView.swift",
"RollView.swift"
],
"type" : "library"
}
],
"tools_version" : "4.0"
}
{
"project" : {
"configurations" : [
"Debug",
"Release"
],
"name" : "RollView",
"schemes" : [
"Example-iOS",
"RollView-Package",
"RollViewPackageDescription",
"RollViewPackageTests"
],
"targets" : [
"RollViewPackageDescription",
"RollViewTests",
"RollView",
"RollViewPackageTests",
"Example-iOS"
]
}
}
Running build ...
env DEVELOPER_DIR=/Applications/Xcode-27.0.0-Release.Candidate.app xcrun xcodebuild -IDEClonedSourcePackagesDirPathOverride=$PWD/.dependencies -skipMacroValidation -skipPackagePluginValidation -derivedDataPath $PWD/.derivedData build -scheme RollView-Package -destination generic/platform=watchOS
Command line invocation:
/Applications/Xcode-27.0.0-Release.Candidate.app/Contents/Developer/usr/bin/xcodebuild -IDEClonedSourcePackagesDirPathOverride=/Users/admin/builder/spi-builder-workspace/.dependencies -skipMacroValidation -skipPackagePluginValidation -derivedDataPath /Users/admin/builder/spi-builder-workspace/.derivedData build -scheme RollView-Package -destination generic/platform=watchOS
ComputePackagePrebuildTargetDependencyGraph
Prepare packages
CreateBuildRequest
SendProjectDescription
CreateBuildOperation
ComputeTargetDependencyGraph
note: Building targets in dependency order
note: Target dependency graph (1 target)
Target 'RollView' in project 'RollView' (no dependencies)
GatherProvisioningInputs
CreateBuildDescription
ExecuteExternalTool /Applications/Xcode-27.0.0-Release.Candidate.app/Contents/Developer/Toolchains/XcodeDefault.xctoolchain/usr/bin/clang -v -E -dM -isysroot /Applications/Xcode-27.0.0-Release.Candidate.app/Contents/Developer/Platforms/WatchOS.platform/Developer/SDKs/WatchOS27.0.sdk -x c -c /dev/null
ExecuteExternalTool /Applications/Xcode-27.0.0-Release.Candidate.app/Contents/Developer/Toolchains/XcodeDefault.xctoolchain/usr/bin/swiftc --version
ExecuteExternalTool /Applications/Xcode-27.0.0-Release.Candidate.app/Contents/Developer/Toolchains/XcodeDefault.xctoolchain/usr/bin/ld -version_details
Build description signature: cc7fa50063c417eeb6b26a72331a4b0e
Build description path: /Users/admin/builder/spi-builder-workspace/.derivedData/Build/Intermediates.noindex/XCBuildData/cc7fa50063c417eeb6b26a72331a4b0e.xcbuilddata
CreateBuildDirectory /Users/admin/builder/spi-builder-workspace/.derivedData/SDKExplicitPrecompiledModules
cd /Users/admin/builder/spi-builder-workspace/RollView.xcodeproj
builtin-create-build-directory /Users/admin/builder/spi-builder-workspace/.derivedData/SDKExplicitPrecompiledModules
CreateBuildDirectory /Users/admin/builder/spi-builder-workspace/.derivedData/ModuleCache.noindex
cd /Users/admin/builder/spi-builder-workspace/RollView.xcodeproj
builtin-create-build-directory /Users/admin/builder/spi-builder-workspace/.derivedData/ModuleCache.noindex
CreateBuildDirectory /Users/admin/builder/spi-builder-workspace/.derivedData/CompilationCache.noindex
cd /Users/admin/builder/spi-builder-workspace/RollView.xcodeproj
builtin-create-build-directory /Users/admin/builder/spi-builder-workspace/.derivedData/CompilationCache.noindex
CreateBuildDirectory /Users/admin/builder/spi-builder-workspace/.derivedData/Build/Intermediates.noindex
cd /Users/admin/builder/spi-builder-workspace/RollView.xcodeproj
builtin-create-build-directory /Users/admin/builder/spi-builder-workspace/.derivedData/Build/Intermediates.noindex
ClangStatCache /Applications/Xcode-27.0.0-Release.Candidate.app/Contents/Developer/Toolchains/XcodeDefault.xctoolchain/usr/bin/clang-stat-cache /Applications/Xcode-27.0.0-Release.Candidate.app/Contents/Developer/Platforms/WatchOS.platform/Developer/SDKs/WatchOS27.0.sdk /Users/admin/builder/spi-builder-workspace/.derivedData/SDKStatCaches.noindex/watchos27.0-24R360-e829b21a6f8c9b70876ba0858053c04477534ef55a1706bf4c1112bbb242f0a2.sdkstatcache
cd /Users/admin/builder/spi-builder-workspace/RollView.xcodeproj
/Applications/Xcode-27.0.0-Release.Candidate.app/Contents/Developer/Toolchains/XcodeDefault.xctoolchain/usr/bin/clang-stat-cache /Applications/Xcode-27.0.0-Release.Candidate.app/Contents/Developer/Platforms/WatchOS.platform/Developer/SDKs/WatchOS27.0.sdk -o /Users/admin/builder/spi-builder-workspace/.derivedData/SDKStatCaches.noindex/watchos27.0-24R360-e829b21a6f8c9b70876ba0858053c04477534ef55a1706bf4c1112bbb242f0a2.sdkstatcache
CreateBuildDirectory /Users/admin/builder/spi-builder-workspace/.derivedData/Build/Products
cd /Users/admin/builder/spi-builder-workspace/RollView.xcodeproj
builtin-create-build-directory /Users/admin/builder/spi-builder-workspace/.derivedData/Build/Products
CreateBuildDirectory /Users/admin/builder/spi-builder-workspace/.derivedData/Build/Products/Debug-watchos
cd /Users/admin/builder/spi-builder-workspace/RollView.xcodeproj
builtin-create-build-directory /Users/admin/builder/spi-builder-workspace/.derivedData/Build/Products/Debug-watchos
CreateBuildDirectory /Users/admin/builder/spi-builder-workspace/.derivedData/Build/Intermediates.noindex/PrecompiledHeaders
cd /Users/admin/builder/spi-builder-workspace/RollView.xcodeproj
builtin-create-build-directory /Users/admin/builder/spi-builder-workspace/.derivedData/Build/Intermediates.noindex/PrecompiledHeaders
CreateBuildDirectory /Users/admin/builder/spi-builder-workspace/.derivedData/Build/Intermediates.noindex/SwiftExplicitPrecompiledModules
cd /Users/admin/builder/spi-builder-workspace/RollView.xcodeproj
builtin-create-build-directory /Users/admin/builder/spi-builder-workspace/.derivedData/Build/Intermediates.noindex/SwiftExplicitPrecompiledModules
CreateBuildDirectory /Users/admin/builder/spi-builder-workspace/.derivedData/Build/Intermediates.noindex/ExplicitPrecompiledModules
cd /Users/admin/builder/spi-builder-workspace/RollView.xcodeproj
builtin-create-build-directory /Users/admin/builder/spi-builder-workspace/.derivedData/Build/Intermediates.noindex/ExplicitPrecompiledModules
CreateBuildDirectory /Users/admin/builder/spi-builder-workspace/.derivedData/Build/Intermediates.noindex/EagerLinkingTBDs/Debug-watchos
cd /Users/admin/builder/spi-builder-workspace/RollView.xcodeproj
builtin-create-build-directory /Users/admin/builder/spi-builder-workspace/.derivedData/Build/Intermediates.noindex/EagerLinkingTBDs/Debug-watchos
WriteAuxiliaryFile /Users/admin/builder/spi-builder-workspace/.derivedData/Build/Intermediates.noindex/RollView.build/Debug-watchos/RollView.build/module.modulemap (in target 'RollView' from project 'RollView')
cd /Users/admin/builder/spi-builder-workspace
write-file /Users/admin/builder/spi-builder-workspace/.derivedData/Build/Intermediates.noindex/RollView.build/Debug-watchos/RollView.build/module.modulemap
WriteAuxiliaryFile /Users/admin/builder/spi-builder-workspace/.derivedData/Build/Intermediates.noindex/RollView.build/Debug-watchos/RollView.build/RollView.DependencyMetadataFileList (in target 'RollView' from project 'RollView')
cd /Users/admin/builder/spi-builder-workspace
write-file /Users/admin/builder/spi-builder-workspace/.derivedData/Build/Intermediates.noindex/RollView.build/Debug-watchos/RollView.build/RollView.DependencyMetadataFileList
WriteAuxiliaryFile /Users/admin/builder/spi-builder-workspace/.derivedData/Build/Intermediates.noindex/RollView.build/Debug-watchos/RollView.build/Script-D42593AF439FE0AC8C0606D5.sh (in target 'RollView' from project 'RollView')
cd /Users/admin/builder/spi-builder-workspace
write-file /Users/admin/builder/spi-builder-workspace/.derivedData/Build/Intermediates.noindex/RollView.build/Debug-watchos/RollView.build/Script-D42593AF439FE0AC8C0606D5.sh
WriteAuxiliaryFile /Users/admin/builder/spi-builder-workspace/.derivedData/Build/Intermediates.noindex/RollView.build/Debug-watchos/RollView.build/RollView.DependencyStaticMetadataFileList (in target 'RollView' from project 'RollView')
cd /Users/admin/builder/spi-builder-workspace
write-file /Users/admin/builder/spi-builder-workspace/.derivedData/Build/Intermediates.noindex/RollView.build/Debug-watchos/RollView.build/RollView.DependencyStaticMetadataFileList
WriteAuxiliaryFile /Users/admin/builder/spi-builder-workspace/.derivedData/Build/Intermediates.noindex/RollView.build/Debug-watchos/RollView.build/Script-014D25BD41984135C3DF7932.sh (in target 'RollView' from project 'RollView')
cd /Users/admin/builder/spi-builder-workspace
write-file /Users/admin/builder/spi-builder-workspace/.derivedData/Build/Intermediates.noindex/RollView.build/Debug-watchos/RollView.build/Script-014D25BD41984135C3DF7932.sh
WriteAuxiliaryFile /Users/admin/builder/spi-builder-workspace/.derivedData/Build/Intermediates.noindex/RollView.build/Debug-watchos/RollView.build/Objects-normal/arm64/RollView.SwiftConstValuesFileList (in target 'RollView' from project 'RollView')
cd /Users/admin/builder/spi-builder-workspace
write-file /Users/admin/builder/spi-builder-workspace/.derivedData/Build/Intermediates.noindex/RollView.build/Debug-watchos/RollView.build/Objects-normal/arm64/RollView.SwiftConstValuesFileList
WriteAuxiliaryFile /Users/admin/builder/spi-builder-workspace/.derivedData/Build/Intermediates.noindex/RollView.build/Debug-watchos/RollView.build/Objects-normal/arm64/RollView.SwiftFileList (in target 'RollView' from project 'RollView')
cd /Users/admin/builder/spi-builder-workspace
write-file /Users/admin/builder/spi-builder-workspace/.derivedData/Build/Intermediates.noindex/RollView.build/Debug-watchos/RollView.build/Objects-normal/arm64/RollView.SwiftFileList
WriteAuxiliaryFile /Users/admin/builder/spi-builder-workspace/.derivedData/Build/Intermediates.noindex/RollView.build/Debug-watchos/RollView.build/Objects-normal/arm64/RollView.LinkFileList (in target 'RollView' from project 'RollView')
cd /Users/admin/builder/spi-builder-workspace
write-file /Users/admin/builder/spi-builder-workspace/.derivedData/Build/Intermediates.noindex/RollView.build/Debug-watchos/RollView.build/Objects-normal/arm64/RollView.LinkFileList
WriteAuxiliaryFile /Users/admin/builder/spi-builder-workspace/.derivedData/Build/Intermediates.noindex/RollView.build/Debug-watchos/RollView.build/Objects-normal/arm64/RollView_const_extract_protocols.json (in target 'RollView' from project 'RollView')
cd /Users/admin/builder/spi-builder-workspace
write-file /Users/admin/builder/spi-builder-workspace/.derivedData/Build/Intermediates.noindex/RollView.build/Debug-watchos/RollView.build/Objects-normal/arm64/RollView_const_extract_protocols.json
WriteAuxiliaryFile /Users/admin/builder/spi-builder-workspace/.derivedData/Build/Intermediates.noindex/RollView.build/Debug-watchos/RollView.build/Objects-normal/arm64/RollView-OutputFileMap.json (in target 'RollView' from project 'RollView')
cd /Users/admin/builder/spi-builder-workspace
write-file /Users/admin/builder/spi-builder-workspace/.derivedData/Build/Intermediates.noindex/RollView.build/Debug-watchos/RollView.build/Objects-normal/arm64/RollView-OutputFileMap.json
MkDir /Users/admin/builder/spi-builder-workspace/.derivedData/Build/Products/Debug-watchos/RollView.framework (in target 'RollView' from project 'RollView')
cd /Users/admin/builder/spi-builder-workspace
/bin/mkdir -p /Users/admin/builder/spi-builder-workspace/.derivedData/Build/Products/Debug-watchos/RollView.framework
MkDir /Users/admin/builder/spi-builder-workspace/.derivedData/Build/Products/Debug-watchos/RollView.framework/Headers (in target 'RollView' from project 'RollView')
cd /Users/admin/builder/spi-builder-workspace
/bin/mkdir -p /Users/admin/builder/spi-builder-workspace/.derivedData/Build/Products/Debug-watchos/RollView.framework/Headers
Copy /Users/admin/builder/spi-builder-workspace/.derivedData/Build/Products/Debug-watchos/RollView.framework/Modules/module.modulemap /Users/admin/builder/spi-builder-workspace/.derivedData/Build/Intermediates.noindex/RollView.build/Debug-watchos/RollView.build/module.modulemap (in target 'RollView' from project 'RollView')
cd /Users/admin/builder/spi-builder-workspace
builtin-copy -exclude .DS_Store -exclude CVS -exclude .svn -exclude .git -exclude .hg -resolve-src-symlinks /Users/admin/builder/spi-builder-workspace/.derivedData/Build/Intermediates.noindex/RollView.build/Debug-watchos/RollView.build/module.modulemap /Users/admin/builder/spi-builder-workspace/.derivedData/Build/Products/Debug-watchos/RollView.framework/Modules
ProcessInfoPlistFile /Users/admin/builder/spi-builder-workspace/.derivedData/Build/Products/Debug-watchos/RollView.framework/Info.plist /Users/admin/builder/spi-builder-workspace/RollView.xcodeproj/RollView_Info.plist (in target 'RollView' from project 'RollView')
cd /Users/admin/builder/spi-builder-workspace
builtin-infoPlistUtility /Users/admin/builder/spi-builder-workspace/RollView.xcodeproj/RollView_Info.plist -producttype com.apple.product-type.framework -expandbuildsettings -format binary -platform watchos -o /Users/admin/builder/spi-builder-workspace/.derivedData/Build/Products/Debug-watchos/RollView.framework/Info.plist
PhaseScriptExecution [CP]\ Check\ Pods\ Manifest.lock /Users/admin/builder/spi-builder-workspace/.derivedData/Build/Intermediates.noindex/RollView.build/Debug-watchos/RollView.build/Script-014D25BD41984135C3DF7932.sh (in target 'RollView' from project 'RollView')
cd /Users/admin/builder/spi-builder-workspace
/bin/sh -c /Users/admin/builder/spi-builder-workspace/.derivedData/Build/Intermediates.noindex/RollView.build/Debug-watchos/RollView.build/Script-014D25BD41984135C3DF7932.sh
SwiftDriver RollView normal arm64 com.apple.xcode.tools.swift.compiler (in target 'RollView' from project 'RollView')
cd /Users/admin/builder/spi-builder-workspace
builtin-SwiftDriver -- /Applications/Xcode-27.0.0-Release.Candidate.app/Contents/Developer/Toolchains/XcodeDefault.xctoolchain/usr/bin/swiftc -module-name RollView -Onone @/Users/admin/builder/spi-builder-workspace/.derivedData/Build/Intermediates.noindex/RollView.build/Debug-watchos/RollView.build/Objects-normal/arm64/RollView.SwiftFileList -DSWIFT_PACKAGE -DXcode -D COCOAPODS -enable-bare-slash-regex -enable-experimental-feature DebugDescriptionMacro -sdk /Applications/Xcode-27.0.0-Release.Candidate.app/Contents/Developer/Platforms/WatchOS.platform/Developer/SDKs/WatchOS27.0.sdk -target arm64-apple-watchos27.0 -g -module-cache-path /Users/admin/builder/spi-builder-workspace/.derivedData/ModuleCache.noindex -Xfrontend -serialize-debugging-options -enable-testing -index-store-path /Users/admin/builder/spi-builder-workspace/.derivedData/Index.noindex/DataStore -Xcc -D_LIBCPP_HARDENING_MODE\=_LIBCPP_HARDENING_MODE_DEBUG -swift-version 4 -I /Users/admin/builder/spi-builder-workspace/.derivedData/Build/Products/Debug-watchos -F /Users/admin/builder/spi-builder-workspace/.derivedData/Build/Products/Debug-watchos -F /Users/admin/builder/spi-builder-workspace/.derivedData/Build/Products/Debug-watchos/Pooling -F /Applications/Xcode-27.0.0-Release.Candidate.app/Contents/Developer/Platforms/WatchOS.platform/Developer/Library/Frameworks -F Carthage/Build/iOS -c -j10 -enable-batch-mode -incremental -Xcc -ivfsstatcache -Xcc /Users/admin/builder/spi-builder-workspace/.derivedData/SDKStatCaches.noindex/watchos27.0-24R360-e829b21a6f8c9b70876ba0858053c04477534ef55a1706bf4c1112bbb242f0a2.sdkstatcache -output-file-map /Users/admin/builder/spi-builder-workspace/.derivedData/Build/Intermediates.noindex/RollView.build/Debug-watchos/RollView.build/Objects-normal/arm64/RollView-OutputFileMap.json -save-temps -no-color-diagnostics -emit-dependencies -emit-module -emit-module-path /Users/admin/builder/spi-builder-workspace/.derivedData/Build/Intermediates.noindex/RollView.build/Debug-watchos/RollView.build/Objects-normal/arm64/RollView.swiftmodule -serialize-diagnostics -validate-clang-modules-once -clang-build-session-file /Users/admin/builder/spi-builder-workspace/.derivedData/ModuleCache.noindex/Session.modulevalidation -Xcc -fmodules-prune-interval\=86400 -Xcc -fmodules-prune-after\=345600 -emit-const-values -const-gather-protocols-list /Users/admin/builder/spi-builder-workspace/.derivedData/Build/Intermediates.noindex/RollView.build/Debug-watchos/RollView.build/Objects-normal/arm64/RollView_const_extract_protocols.json -Xcc -I/Users/admin/builder/spi-builder-workspace/.derivedData/Build/Products/Debug-watchos/include -Xcc -I/Users/admin/builder/spi-builder-workspace/.derivedData/Build/Intermediates.noindex/RollView.build/Debug-watchos/RollView.build/DerivedSources-normal/arm64 -Xcc -I/Users/admin/builder/spi-builder-workspace/.derivedData/Build/Intermediates.noindex/RollView.build/Debug-watchos/RollView.build/DerivedSources/arm64 -Xcc -I/Users/admin/builder/spi-builder-workspace/.derivedData/Build/Intermediates.noindex/RollView.build/Debug-watchos/RollView.build/DerivedSources -Xcc -DCOCOAPODS\=1 -emit-objc-header -emit-objc-header-path /Users/admin/builder/spi-builder-workspace/.derivedData/Build/Intermediates.noindex/RollView.build/Debug-watchos/RollView.build/Objects-normal/arm64/RollView-Swift.h -working-directory /Users/admin/builder/spi-builder-workspace -experimental-emit-module-separately -disable-cmo
SwiftCompile normal arm64 Compiling\ ContainerView.swift /Users/admin/builder/spi-builder-workspace/Sources/RollView/ContainerView.swift (in target 'RollView' from project 'RollView')
SwiftCompile normal arm64 /Users/admin/builder/spi-builder-workspace/Sources/RollView/ContainerView.swift (in target 'RollView' from project 'RollView')
cd /Users/admin/builder/spi-builder-workspace
builtin-SwiftPerFileCompile ContainerView.swift
SwiftCompile normal arm64 Compiling\ RollView.swift /Users/admin/builder/spi-builder-workspace/Sources/RollView/RollView.swift (in target 'RollView' from project 'RollView')
SwiftCompile normal arm64 /Users/admin/builder/spi-builder-workspace/Sources/RollView/RollView.swift (in target 'RollView' from project 'RollView')
cd /Users/admin/builder/spi-builder-workspace
builtin-SwiftPerFileCompile RollView.swift
SwiftEmitModule normal arm64 Emitting\ module\ for\ RollView (in target 'RollView' from project 'RollView')
/Users/admin/builder/spi-builder-workspace/Sources/RollView/RollView.swift:21:8: error: no such module 'Pooling'
19 |
20 | import UIKit
21 | import Pooling
| `- error: no such module 'Pooling'
22 |
23 | /**
Failed frontend command:
/Applications/Xcode-27.0.0-Release.Candidate.app/Contents/Developer/Toolchains/XcodeDefault.xctoolchain/usr/bin/swift-frontend -frontend -emit-module -experimental-skip-non-inlinable-function-bodies-without-types /Users/admin/builder/spi-builder-workspace/Sources/RollView/ContainerView.swift /Users/admin/builder/spi-builder-workspace/Sources/RollView/RollView.swift /Users/admin/builder/spi-builder-workspace/Sources/RollView/Adapter.swift /Users/admin/builder/spi-builder-workspace/Sources/RollView/AdapterView.swift -target arm64-apple-watchos27.0 -Xllvm -aarch64-use-tbi -enable-objc-interop -stack-check -sdk /Applications/Xcode-27.0.0-Release.Candidate.app/Contents/Developer/Platforms/WatchOS.platform/Developer/SDKs/WatchOS27.0.sdk -I /Users/admin/builder/spi-builder-workspace/.derivedData/Build/Products/Debug-watchos -F /Users/admin/builder/spi-builder-workspace/.derivedData/Build/Products/Debug-watchos -F /Users/admin/builder/spi-builder-workspace/.derivedData/Build/Products/Debug-watchos/Pooling -F /Applications/Xcode-27.0.0-Release.Candidate.app/Contents/Developer/Platforms/WatchOS.platform/Developer/Library/Frameworks -F /Users/admin/builder/spi-builder-workspace/Carthage/Build/iOS -module-cache-path /Users/admin/builder/spi-builder-workspace/.derivedData/ModuleCache.noindex -no-color-diagnostics -Xcc -fno-color-diagnostics -enable-testing -g -debug-info-format\=dwarf -dwarf-version\=5 -swift-version 4 -Onone -D SWIFT_PACKAGE -D Xcode -D COCOAPODS -serialize-debugging-options -enable-experimental-feature DebugDescriptionMacro -enable-bare-slash-regex -empty-abi-descriptor -validate-clang-modules-once -clang-build-session-file /Users/admin/builder/spi-builder-workspace/.derivedData/ModuleCache.noindex/Session.modulevalidation -Xcc -working-directory -Xcc /Users/admin/builder/spi-builder-workspace -enable-anonymous-context-mangled-names -file-compilation-dir /Users/admin/builder/spi-builder-workspace -Xcc -D_LIBCPP_HARDENING_MODE\=_LIBCPP_HARDENING_MODE_DEBUG -Xcc -ivfsstatcache -Xcc /Users/admin/builder/spi-builder-workspace/.derivedData/SDKStatCaches.noindex/watchos27.0-24R360-e829b21a6f8c9b70876ba0858053c04477534ef55a1706bf4c1112bbb242f0a2.sdkstatcache -Xcc -fmodules-prune-interval\=86400 -Xcc -fmodules-prune-after\=345600 -Xcc -I/Users/admin/builder/spi-builder-workspace/.derivedData/Build/Products/Debug-watchos/include -Xcc -I/Users/admin/builder/spi-builder-workspace/.derivedData/Build/Intermediates.noindex/RollView.build/Debug-watchos/RollView.build/DerivedSources-normal/arm64 -Xcc -I/Users/admin/builder/spi-builder-workspace/.derivedData/Build/Intermediates.noindex/RollView.build/Debug-watchos/RollView.build/DerivedSources/arm64 -Xcc -I/Users/admin/builder/spi-builder-workspace/.derivedData/Build/Intermediates.noindex/RollView.build/Debug-watchos/RollView.build/DerivedSources -Xcc -DCOCOAPODS\=1 -no-auto-bridging-header-chaining -module-name RollView -const-gather-protocols-file /Users/admin/builder/spi-builder-workspace/.derivedData/Build/Intermediates.noindex/RollView.build/Debug-watchos/RollView.build/Objects-normal/arm64/RollView_const_extract_protocols.json -disable-clang-spi -target-sdk-version 27.0 -target-sdk-name watchos27.0 -external-plugin-path /Applications/Xcode-27.0.0-Release.Candidate.app/Contents/Developer/Platforms/WatchOS.platform/Developer/usr/lib/swift/host/plugins\#/Applications/Xcode-27.0.0-Release.Candidate.app/Contents/Developer/Platforms/WatchOS.platform/Developer/usr/bin/swift-plugin-server -external-plugin-path /Applications/Xcode-27.0.0-Release.Candidate.app/Contents/Developer/Platforms/WatchOS.platform/Developer/usr/local/lib/swift/host/plugins\#/Applications/Xcode-27.0.0-Release.Candidate.app/Contents/Developer/Platforms/WatchOS.platform/Developer/usr/bin/swift-plugin-server -in-process-plugin-server-path /Applications/Xcode-27.0.0-Release.Candidate.app/Contents/Developer/Toolchains/XcodeDefault.xctoolchain/usr/lib/swift/host/libSwiftInProcPluginServer.dylib -plugin-path /Applications/Xcode-27.0.0-Release.Candidate.app/Contents/Developer/Toolchains/XcodeDefault.xctoolchain/usr/lib/swift/host/plugins -plugin-path /Applications/Xcode-27.0.0-Release.Candidate.app/Contents/Developer/Toolchains/XcodeDefault.xctoolchain/usr/local/lib/swift/host/plugins -emit-module-doc-path /Users/admin/builder/spi-builder-workspace/.derivedData/Build/Intermediates.noindex/RollView.build/Debug-watchos/RollView.build/Objects-normal/arm64/RollView.swiftdoc -emit-module-source-info-path /Users/admin/builder/spi-builder-workspace/.derivedData/Build/Intermediates.noindex/RollView.build/Debug-watchos/RollView.build/Objects-normal/arm64/RollView.swiftsourceinfo -emit-objc-header-path /Users/admin/builder/spi-builder-workspace/.derivedData/Build/Intermediates.noindex/RollView.build/Debug-watchos/RollView.build/Objects-normal/arm64/RollView-Swift.h -serialize-diagnostics-path /Users/admin/builder/spi-builder-workspace/.derivedData/Build/Intermediates.noindex/RollView.build/Debug-watchos/RollView.build/Objects-normal/arm64/RollView-primary-emit-module.dia -emit-dependencies-path /Users/admin/builder/spi-builder-workspace/.derivedData/Build/Intermediates.noindex/RollView.build/Debug-watchos/RollView.build/Objects-normal/arm64/RollView-primary-emit-module.d -o /Users/admin/builder/spi-builder-workspace/.derivedData/Build/Intermediates.noindex/RollView.build/Debug-watchos/RollView.build/Objects-normal/arm64/RollView.swiftmodule -emit-abi-descriptor-path /Users/admin/builder/spi-builder-workspace/.derivedData/Build/Intermediates.noindex/RollView.build/Debug-watchos/RollView.build/Objects-normal/arm64/RollView.abi.json
SwiftCompile normal arm64 (in target 'RollView' from project 'RollView')
cd /Users/admin/builder/spi-builder-workspace
SwiftCompile normal arm64 Compiling\ AdapterView.swift /Users/admin/builder/spi-builder-workspace/Sources/RollView/AdapterView.swift (in target 'RollView' from project 'RollView')
SwiftCompile normal arm64 /Users/admin/builder/spi-builder-workspace/Sources/RollView/AdapterView.swift (in target 'RollView' from project 'RollView')
cd /Users/admin/builder/spi-builder-workspace
builtin-SwiftPerFileCompile AdapterView.swift
SwiftCompile normal arm64 Compiling\ Adapter.swift /Users/admin/builder/spi-builder-workspace/Sources/RollView/Adapter.swift (in target 'RollView' from project 'RollView')
SwiftCompile normal arm64 /Users/admin/builder/spi-builder-workspace/Sources/RollView/Adapter.swift (in target 'RollView' from project 'RollView')
cd /Users/admin/builder/spi-builder-workspace
builtin-SwiftPerFileCompile Adapter.swift
PruneExplicitPrecompiledModules /Users/admin/builder/spi-builder-workspace/.derivedData/Build/Intermediates.noindex/ExplicitPrecompiledModules
PruneExplicitPrecompiledModules /Users/admin/builder/spi-builder-workspace/.derivedData/SDKExplicitPrecompiledModules
PruneExplicitPrecompiledModules /Users/admin/builder/spi-builder-workspace/.derivedData/Build/Intermediates.noindex/SwiftExplicitPrecompiledModules
warning: Run script build phase '[CP] Copy Pods Resources' will be run during every build because it does not specify any outputs. To address this issue, either add output dependencies to the script phase, or configure it to run in every build by unchecking "Based on dependency analysis" in the script phase. (in target 'RollView' from project 'RollView')
** BUILD FAILED **
The following build commands failed:
SwiftEmitModule normal arm64 Emitting\ module\ for\ RollView (in target 'RollView' from project 'RollView')
SwiftCompile normal arm64 (in target 'RollView' from project 'RollView')
Building project RollView with scheme RollView-Package
(3 failures)
Command line invocation:
/Applications/Xcode-27.0.0-Release.Candidate.app/Contents/Developer/usr/bin/xcodebuild -IDEClonedSourcePackagesDirPathOverride=/Users/admin/builder/spi-builder-workspace/.dependencies -resolvePackageDependencies
resolved source packages:
{
"dependencies" : [
{
"identity" : "pooling",
"requirement" : {
"range" : [
{
"lower_bound" : "1.0.0",
"upper_bound" : "2.0.0"
}
]
},
"type" : "sourceControl",
"url" : "https://github.com/gitvalue/Pooling.git"
}
],
"manifest_display_name" : "RollView",
"name" : "RollView",
"path" : "/Users/admin/builder/spi-builder-workspace",
"platforms" : [
],
"products" : [
{
"name" : "RollView",
"targets" : [
"RollView"
],
"type" : {
"library" : [
"automatic"
]
}
}
],
"targets" : [
{
"c99name" : "RollViewTests",
"module_type" : "SwiftTarget",
"name" : "RollViewTests",
"path" : "Tests/RollViewTests",
"sources" : [
"RollViewTests.swift"
],
"target_dependencies" : [
"RollView"
],
"type" : "test"
},
{
"c99name" : "RollView",
"module_type" : "SwiftTarget",
"name" : "RollView",
"path" : "Sources/RollView",
"product_dependencies" : [
"Pooling"
],
"product_memberships" : [
"RollView"
],
"sources" : [
"Adapter.swift",
"AdapterView.swift",
"ContainerView.swift",
"RollView.swift"
],
"type" : "library"
}
],
"tools_version" : "4.0"
}
{
"project" : {
"configurations" : [
"Debug",
"Release"
],
"name" : "RollView",
"schemes" : [
"Example-iOS",
"RollView-Package",
"RollViewPackageDescription",
"RollViewPackageTests"
],
"targets" : [
"RollViewPackageDescription",
"RollViewTests",
"RollView",
"RollViewPackageTests",
"Example-iOS"
]
}
}
Running build ...
env DEVELOPER_DIR=/Applications/Xcode-27.0.0-Release.Candidate.app xcrun xcodebuild -IDEClonedSourcePackagesDirPathOverride=$PWD/.dependencies -skipMacroValidation -skipPackagePluginValidation -derivedDataPath $PWD/.derivedData build -scheme RollView-Package -destination generic/platform=watchOS
Command line invocation:
/Applications/Xcode-27.0.0-Release.Candidate.app/Contents/Developer/usr/bin/xcodebuild -IDEClonedSourcePackagesDirPathOverride=/Users/admin/builder/spi-builder-workspace/.dependencies -skipMacroValidation -skipPackagePluginValidation -derivedDataPath /Users/admin/builder/spi-builder-workspace/.derivedData build -scheme RollView-Package -destination generic/platform=watchOS
ComputePackagePrebuildTargetDependencyGraph
Prepare packages
CreateBuildRequest
SendProjectDescription
CreateBuildOperation
ComputeTargetDependencyGraph
note: Building targets in dependency order
note: Target dependency graph (1 target)
Target 'RollView' in project 'RollView' (no dependencies)
GatherProvisioningInputs
CreateBuildDescription
ClangStatCache /Applications/Xcode-27.0.0-Release.Candidate.app/Contents/Developer/Toolchains/XcodeDefault.xctoolchain/usr/bin/clang-stat-cache /Applications/Xcode-27.0.0-Release.Candidate.app/Contents/Developer/Platforms/WatchOS.platform/Developer/SDKs/WatchOS27.0.sdk /Users/admin/builder/spi-builder-workspace/.derivedData/SDKStatCaches.noindex/watchos27.0-24R360-e829b21a6f8c9b70876ba0858053c04477534ef55a1706bf4c1112bbb242f0a2.sdkstatcache
cd /Users/admin/builder/spi-builder-workspace/RollView.xcodeproj
/Applications/Xcode-27.0.0-Release.Candidate.app/Contents/Developer/Toolchains/XcodeDefault.xctoolchain/usr/bin/clang-stat-cache /Applications/Xcode-27.0.0-Release.Candidate.app/Contents/Developer/Platforms/WatchOS.platform/Developer/SDKs/WatchOS27.0.sdk -o /Users/admin/builder/spi-builder-workspace/.derivedData/SDKStatCaches.noindex/watchos27.0-24R360-e829b21a6f8c9b70876ba0858053c04477534ef55a1706bf4c1112bbb242f0a2.sdkstatcache
warning: Run script build phase '[CP] Copy Pods Resources' will be run during every build because it does not specify any outputs. To address this issue, either add output dependencies to the script phase, or configure it to run in every build by unchecking "Based on dependency analysis" in the script phase. (in target 'RollView' from project 'RollView')
SwiftDriver RollView normal arm64 com.apple.xcode.tools.swift.compiler (in target 'RollView' from project 'RollView')
cd /Users/admin/builder/spi-builder-workspace
builtin-SwiftDriver -- /Applications/Xcode-27.0.0-Release.Candidate.app/Contents/Developer/Toolchains/XcodeDefault.xctoolchain/usr/bin/swiftc -module-name RollView -Onone @/Users/admin/builder/spi-builder-workspace/.derivedData/Build/Intermediates.noindex/RollView.build/Debug-watchos/RollView.build/Objects-normal/arm64/RollView.SwiftFileList -DSWIFT_PACKAGE -DXcode -D COCOAPODS -enable-bare-slash-regex -enable-experimental-feature DebugDescriptionMacro -sdk /Applications/Xcode-27.0.0-Release.Candidate.app/Contents/Developer/Platforms/WatchOS.platform/Developer/SDKs/WatchOS27.0.sdk -target arm64-apple-watchos27.0 -g -module-cache-path /Users/admin/builder/spi-builder-workspace/.derivedData/ModuleCache.noindex -Xfrontend -serialize-debugging-options -enable-testing -index-store-path /Users/admin/builder/spi-builder-workspace/.derivedData/Index.noindex/DataStore -Xcc -D_LIBCPP_HARDENING_MODE\=_LIBCPP_HARDENING_MODE_DEBUG -swift-version 4 -I /Users/admin/builder/spi-builder-workspace/.derivedData/Build/Products/Debug-watchos -F /Users/admin/builder/spi-builder-workspace/.derivedData/Build/Products/Debug-watchos -F /Users/admin/builder/spi-builder-workspace/.derivedData/Build/Products/Debug-watchos/Pooling -F /Applications/Xcode-27.0.0-Release.Candidate.app/Contents/Developer/Platforms/WatchOS.platform/Developer/Library/Frameworks -F Carthage/Build/iOS -c -j10 -enable-batch-mode -incremental -Xcc -ivfsstatcache -Xcc /Users/admin/builder/spi-builder-workspace/.derivedData/SDKStatCaches.noindex/watchos27.0-24R360-e829b21a6f8c9b70876ba0858053c04477534ef55a1706bf4c1112bbb242f0a2.sdkstatcache -output-file-map /Users/admin/builder/spi-builder-workspace/.derivedData/Build/Intermediates.noindex/RollView.build/Debug-watchos/RollView.build/Objects-normal/arm64/RollView-OutputFileMap.json -save-temps -no-color-diagnostics -emit-dependencies -emit-module -emit-module-path /Users/admin/builder/spi-builder-workspace/.derivedData/Build/Intermediates.noindex/RollView.build/Debug-watchos/RollView.build/Objects-normal/arm64/RollView.swiftmodule -serialize-diagnostics -validate-clang-modules-once -clang-build-session-file /Users/admin/builder/spi-builder-workspace/.derivedData/ModuleCache.noindex/Session.modulevalidation -Xcc -fmodules-prune-interval\=86400 -Xcc -fmodules-prune-after\=345600 -emit-const-values -const-gather-protocols-list /Users/admin/builder/spi-builder-workspace/.derivedData/Build/Intermediates.noindex/RollView.build/Debug-watchos/RollView.build/Objects-normal/arm64/RollView_const_extract_protocols.json -Xcc -I/Users/admin/builder/spi-builder-workspace/.derivedData/Build/Products/Debug-watchos/include -Xcc -I/Users/admin/builder/spi-builder-workspace/.derivedData/Build/Intermediates.noindex/RollView.build/Debug-watchos/RollView.build/DerivedSources-normal/arm64 -Xcc -I/Users/admin/builder/spi-builder-workspace/.derivedData/Build/Intermediates.noindex/RollView.build/Debug-watchos/RollView.build/DerivedSources/arm64 -Xcc -I/Users/admin/builder/spi-builder-workspace/.derivedData/Build/Intermediates.noindex/RollView.build/Debug-watchos/RollView.build/DerivedSources -Xcc -DCOCOAPODS\=1 -emit-objc-header -emit-objc-header-path /Users/admin/builder/spi-builder-workspace/.derivedData/Build/Intermediates.noindex/RollView.build/Debug-watchos/RollView.build/Objects-normal/arm64/RollView-Swift.h -working-directory /Users/admin/builder/spi-builder-workspace -experimental-emit-module-separately -disable-cmo
SwiftCompile normal arm64 Compiling\ RollView.swift /Users/admin/builder/spi-builder-workspace/Sources/RollView/RollView.swift (in target 'RollView' from project 'RollView')
SwiftCompile normal arm64 /Users/admin/builder/spi-builder-workspace/Sources/RollView/RollView.swift (in target 'RollView' from project 'RollView')
cd /Users/admin/builder/spi-builder-workspace
builtin-SwiftPerFileCompile RollView.swift
SwiftCompile normal arm64 Compiling\ Adapter.swift /Users/admin/builder/spi-builder-workspace/Sources/RollView/Adapter.swift (in target 'RollView' from project 'RollView')
SwiftCompile normal arm64 /Users/admin/builder/spi-builder-workspace/Sources/RollView/Adapter.swift (in target 'RollView' from project 'RollView')
cd /Users/admin/builder/spi-builder-workspace
builtin-SwiftPerFileCompile Adapter.swift
SwiftCompile normal arm64 Compiling\ ContainerView.swift /Users/admin/builder/spi-builder-workspace/Sources/RollView/ContainerView.swift (in target 'RollView' from project 'RollView')
SwiftCompile normal arm64 /Users/admin/builder/spi-builder-workspace/Sources/RollView/ContainerView.swift (in target 'RollView' from project 'RollView')
cd /Users/admin/builder/spi-builder-workspace
builtin-SwiftPerFileCompile ContainerView.swift
SwiftEmitModule normal arm64 Emitting\ module\ for\ RollView (in target 'RollView' from project 'RollView')
/Users/admin/builder/spi-builder-workspace/Sources/RollView/RollView.swift:21:8: error: no such module 'Pooling'
19 |
20 | import UIKit
21 | import Pooling
| `- error: no such module 'Pooling'
22 |
23 | /**
Failed frontend command:
/Applications/Xcode-27.0.0-Release.Candidate.app/Contents/Developer/Toolchains/XcodeDefault.xctoolchain/usr/bin/swift-frontend -frontend -emit-module -experimental-skip-non-inlinable-function-bodies-without-types /Users/admin/builder/spi-builder-workspace/Sources/RollView/ContainerView.swift /Users/admin/builder/spi-builder-workspace/Sources/RollView/RollView.swift /Users/admin/builder/spi-builder-workspace/Sources/RollView/Adapter.swift /Users/admin/builder/spi-builder-workspace/Sources/RollView/AdapterView.swift -target arm64-apple-watchos27.0 -Xllvm -aarch64-use-tbi -enable-objc-interop -stack-check -sdk /Applications/Xcode-27.0.0-Release.Candidate.app/Contents/Developer/Platforms/WatchOS.platform/Developer/SDKs/WatchOS27.0.sdk -I /Users/admin/builder/spi-builder-workspace/.derivedData/Build/Products/Debug-watchos -F /Users/admin/builder/spi-builder-workspace/.derivedData/Build/Products/Debug-watchos -F /Users/admin/builder/spi-builder-workspace/.derivedData/Build/Products/Debug-watchos/Pooling -F /Applications/Xcode-27.0.0-Release.Candidate.app/Contents/Developer/Platforms/WatchOS.platform/Developer/Library/Frameworks -F /Users/admin/builder/spi-builder-workspace/Carthage/Build/iOS -module-cache-path /Users/admin/builder/spi-builder-workspace/.derivedData/ModuleCache.noindex -no-color-diagnostics -Xcc -fno-color-diagnostics -enable-testing -g -debug-info-format\=dwarf -dwarf-version\=5 -swift-version 4 -Onone -D SWIFT_PACKAGE -D Xcode -D COCOAPODS -serialize-debugging-options -enable-experimental-feature DebugDescriptionMacro -enable-bare-slash-regex -empty-abi-descriptor -validate-clang-modules-once -clang-build-session-file /Users/admin/builder/spi-builder-workspace/.derivedData/ModuleCache.noindex/Session.modulevalidation -Xcc -working-directory -Xcc /Users/admin/builder/spi-builder-workspace -enable-anonymous-context-mangled-names -file-compilation-dir /Users/admin/builder/spi-builder-workspace -Xcc -D_LIBCPP_HARDENING_MODE\=_LIBCPP_HARDENING_MODE_DEBUG -Xcc -ivfsstatcache -Xcc /Users/admin/builder/spi-builder-workspace/.derivedData/SDKStatCaches.noindex/watchos27.0-24R360-e829b21a6f8c9b70876ba0858053c04477534ef55a1706bf4c1112bbb242f0a2.sdkstatcache -Xcc -fmodules-prune-interval\=86400 -Xcc -fmodules-prune-after\=345600 -Xcc -I/Users/admin/builder/spi-builder-workspace/.derivedData/Build/Products/Debug-watchos/include -Xcc -I/Users/admin/builder/spi-builder-workspace/.derivedData/Build/Intermediates.noindex/RollView.build/Debug-watchos/RollView.build/DerivedSources-normal/arm64 -Xcc -I/Users/admin/builder/spi-builder-workspace/.derivedData/Build/Intermediates.noindex/RollView.build/Debug-watchos/RollView.build/DerivedSources/arm64 -Xcc -I/Users/admin/builder/spi-builder-workspace/.derivedData/Build/Intermediates.noindex/RollView.build/Debug-watchos/RollView.build/DerivedSources -Xcc -DCOCOAPODS\=1 -no-auto-bridging-header-chaining -module-name RollView -const-gather-protocols-file /Users/admin/builder/spi-builder-workspace/.derivedData/Build/Intermediates.noindex/RollView.build/Debug-watchos/RollView.build/Objects-normal/arm64/RollView_const_extract_protocols.json -disable-clang-spi -target-sdk-version 27.0 -target-sdk-name watchos27.0 -external-plugin-path /Applications/Xcode-27.0.0-Release.Candidate.app/Contents/Developer/Platforms/WatchOS.platform/Developer/usr/lib/swift/host/plugins\#/Applications/Xcode-27.0.0-Release.Candidate.app/Contents/Developer/Platforms/WatchOS.platform/Developer/usr/bin/swift-plugin-server -external-plugin-path /Applications/Xcode-27.0.0-Release.Candidate.app/Contents/Developer/Platforms/WatchOS.platform/Developer/usr/local/lib/swift/host/plugins\#/Applications/Xcode-27.0.0-Release.Candidate.app/Contents/Developer/Platforms/WatchOS.platform/Developer/usr/bin/swift-plugin-server -in-process-plugin-server-path /Applications/Xcode-27.0.0-Release.Candidate.app/Contents/Developer/Toolchains/XcodeDefault.xctoolchain/usr/lib/swift/host/libSwiftInProcPluginServer.dylib -plugin-path /Applications/Xcode-27.0.0-Release.Candidate.app/Contents/Developer/Toolchains/XcodeDefault.xctoolchain/usr/lib/swift/host/plugins -plugin-path /Applications/Xcode-27.0.0-Release.Candidate.app/Contents/Developer/Toolchains/XcodeDefault.xctoolchain/usr/local/lib/swift/host/plugins -emit-module-doc-path /Users/admin/builder/spi-builder-workspace/.derivedData/Build/Intermediates.noindex/RollView.build/Debug-watchos/RollView.build/Objects-normal/arm64/RollView.swiftdoc -emit-module-source-info-path /Users/admin/builder/spi-builder-workspace/.derivedData/Build/Intermediates.noindex/RollView.build/Debug-watchos/RollView.build/Objects-normal/arm64/RollView.swiftsourceinfo -emit-objc-header-path /Users/admin/builder/spi-builder-workspace/.derivedData/Build/Intermediates.noindex/RollView.build/Debug-watchos/RollView.build/Objects-normal/arm64/RollView-Swift.h -serialize-diagnostics-path /Users/admin/builder/spi-builder-workspace/.derivedData/Build/Intermediates.noindex/RollView.build/Debug-watchos/RollView.build/Objects-normal/arm64/RollView-primary-emit-module.dia -emit-dependencies-path /Users/admin/builder/spi-builder-workspace/.derivedData/Build/Intermediates.noindex/RollView.build/Debug-watchos/RollView.build/Objects-normal/arm64/RollView-primary-emit-module.d -o /Users/admin/builder/spi-builder-workspace/.derivedData/Build/Intermediates.noindex/RollView.build/Debug-watchos/RollView.build/Objects-normal/arm64/RollView.swiftmodule -emit-abi-descriptor-path /Users/admin/builder/spi-builder-workspace/.derivedData/Build/Intermediates.noindex/RollView.build/Debug-watchos/RollView.build/Objects-normal/arm64/RollView.abi.json
SwiftCompile normal arm64 (in target 'RollView' from project 'RollView')
cd /Users/admin/builder/spi-builder-workspace
SwiftCompile normal arm64 Compiling\ AdapterView.swift /Users/admin/builder/spi-builder-workspace/Sources/RollView/AdapterView.swift (in target 'RollView' from project 'RollView')
SwiftCompile normal arm64 /Users/admin/builder/spi-builder-workspace/Sources/RollView/AdapterView.swift (in target 'RollView' from project 'RollView')
cd /Users/admin/builder/spi-builder-workspace
builtin-SwiftPerFileCompile AdapterView.swift
PruneExplicitPrecompiledModules /Users/admin/builder/spi-builder-workspace/.derivedData/Build/Intermediates.noindex/ExplicitPrecompiledModules
PruneExplicitPrecompiledModules /Users/admin/builder/spi-builder-workspace/.derivedData/Build/Intermediates.noindex/SwiftExplicitPrecompiledModules
PruneExplicitPrecompiledModules /Users/admin/builder/spi-builder-workspace/.derivedData/SDKExplicitPrecompiledModules
** BUILD FAILED **
The following build commands failed:
SwiftEmitModule normal arm64 Emitting\ module\ for\ RollView (in target 'RollView' from project 'RollView')
SwiftCompile normal arm64 (in target 'RollView' from project 'RollView')
Building project RollView with scheme RollView-Package
(3 failures)
BUILD FAILURE 6.4 watchOS