Build Information
Failed to build DylibForge, reference main (dd5677), with Swift 6.3 for Linux on 14 Aug 2026 11:29:04 UTC.
Build Command
bash -c docker run --pull=always --rm -v "checkouts-53886770-0":/host -w "$PWD" -e JAVA_HOME="/root/.sdkman/candidates/java/current" -e SPI_BUILD="1" -e SPI_PROCESSING="1" registry.gitlab.com/saguaro1/spi-images:basic-6.3-latest swift build --triple x86_64-unknown-linux-gnu 2>&1Build Log
========================================
RunAll
========================================
Builder version: 5.0.1
Interrupt handler set up.
========================================
Checkout
========================================
Clone URL: https://github.com/Loupehope/DylibForge.git
Reference: main
Initialized empty Git repository in /host/spi-builder-workspace/.git/
hint: Using 'master' as the name for the initial branch. This default branch name
hint: is subject to change. To configure the initial branch name to use in all
hint: of your new repositories, which will suppress this warning, call:
hint:
hint: git config --global init.defaultBranch <name>
hint:
hint: Names commonly chosen instead of 'master' are 'main', 'trunk' and
hint: 'development'. The just-created branch can be renamed via this command:
hint:
hint: git branch -m <name>
From https://github.com/Loupehope/DylibForge
* branch main -> FETCH_HEAD
* [new branch] main -> origin/main
HEAD is now at dd56776 fix: serialize colored multiline logger output
Cloned https://github.com/Loupehope/DylibForge.git
Revision (git rev-parse @):
dd567767ce96272423438fee8e5463247afcba93
SUCCESS checkout https://github.com/Loupehope/DylibForge.git at main
========================================
Build
========================================
Selected platform: linux
Swift version: 6.3
Building package at path: $PWD
https://github.com/Loupehope/DylibForge.git
Running build ...
bash -c docker run --pull=always --rm -v "checkouts-53886770-0":/host -w "$PWD" -e JAVA_HOME="/root/.sdkman/candidates/java/current" -e SPI_BUILD="1" -e SPI_PROCESSING="1" registry.gitlab.com/saguaro1/spi-images:basic-6.3-latest swift build --triple x86_64-unknown-linux-gnu 2>&1
basic-6.3-latest: Pulling from saguaro1/spi-images
Digest: sha256:b82c9ac2aaad9c671b7a7653c8e6eeaf006cac60f6a8910901b9357c067e0892
Status: Image is up to date for registry.gitlab.com/saguaro1/spi-images:basic-6.3-latest
Fetching https://github.com/swiftlang/swift-subprocess.git
Fetching https://github.com/apple/swift-argument-parser.git
Fetching https://github.com/jpsim/Yams.git
[1/18304] Fetching swift-argument-parser
[551/22949] Fetching swift-argument-parser, swift-subprocess
[4539/34800] Fetching swift-argument-parser, swift-subprocess, yams
Fetched https://github.com/swiftlang/swift-subprocess.git from cache (1.17s)
Fetched https://github.com/apple/swift-argument-parser.git from cache (1.18s)
Fetched https://github.com/jpsim/Yams.git from cache (1.19s)
Computing version for https://github.com/jpsim/Yams.git
Computed https://github.com/jpsim/Yams.git at 6.2.2 (1.34s)
Computing version for https://github.com/swiftlang/swift-subprocess.git
Computed https://github.com/swiftlang/swift-subprocess.git at 1.0.0 (0.15s)
Fetching https://github.com/apple/swift-system
[1/6842] Fetching swift-system
Fetched https://github.com/apple/swift-system from cache (0.70s)
Computing version for https://github.com/apple/swift-argument-parser.git
Computed https://github.com/apple/swift-argument-parser.git at 1.8.2 (0.87s)
Computing version for https://github.com/apple/swift-system
Computed https://github.com/apple/swift-system at 1.8.1 (0.19s)
Creating working copy for https://github.com/apple/swift-system
Working copy of https://github.com/apple/swift-system resolved at 1.8.1
Creating working copy for https://github.com/swiftlang/swift-subprocess.git
Working copy of https://github.com/swiftlang/swift-subprocess.git resolved at 1.0.0
Creating working copy for https://github.com/jpsim/Yams.git
Working copy of https://github.com/jpsim/Yams.git resolved at 6.2.2
Creating working copy for https://github.com/apple/swift-argument-parser.git
Working copy of https://github.com/apple/swift-argument-parser.git resolved at 1.8.2
[1/1] Compiling plugin GenerateManual
[2/2] Compiling plugin GenerateDoccReference
Building for debugging...
[2/37] Write sources
[11/37] Compiling writer.c
[12/37] Compiling reader.c
[13/37] Write sources
[15/37] Compiling _SubprocessCShims process_shims.c
[16/37] Compiling parser.c
[17/37] Write swift-version-24593BA9C3E375BF.txt
[18/37] Compiling CSystem shims.c
[19/37] Compiling api.c
[20/37] Compiling emitter.c
[21/39] Compiling scanner.c
[23/96] Emitting module ArgumentParserToolInfo
[24/96] Emitting module SystemPackage
[25/101] Compiling SystemPackage SystemString.swift
[26/101] Compiling SystemPackage Util+StringArray.swift
[27/101] Compiling SystemPackage Util.swift
[28/101] Compiling SystemPackage UtilConsumers.swift
[29/101] Compiling SystemPackage WinSDK+Overlay.swift
[30/101] Compiling Yams AliasDereferencingStrategy.swift
[31/101] Compiling Yams Anchor.swift
[32/101] Compiling Yams Constructor.swift
[33/101] Compiling Yams Mark.swift
[34/101] Compiling Yams Node.Alias.swift
[35/101] Compiling Yams Node.Mapping.swift
[36/101] Compiling Yams Tag.swift
[37/101] Compiling Yams YamlAnchorProviding.swift
[38/103] Compiling ArgumentParserToolInfo ToolInfo.swift
[42/104] Wrapping AST for ArgumentParserToolInfo for debugging
[44/151] Compiling ArgumentParser ArgumentHelp.swift
[45/151] Compiling ArgumentParser ArgumentVisibility.swift
[46/151] Compiling ArgumentParser CompletionKind.swift
[47/151] Compiling ArgumentParser Errors.swift
[48/151] Compiling ArgumentParser Flag.swift
[49/151] Compiling ArgumentParser ArgumentDefinition.swift
[50/151] Compiling ArgumentParser ArgumentSet.swift
[51/151] Compiling ArgumentParser CommandParser.swift
[52/151] Compiling ArgumentParser InputKey.swift
[53/151] Compiling ArgumentParser InputOrigin.swift
[54/151] Compiling ArgumentParser ParentCommand.swift
[55/151] Compiling ArgumentParser AsyncParsableCommand.swift
[56/151] Compiling ArgumentParser CommandConfiguration.swift
[57/151] Compiling ArgumentParser CommandGroup.swift
[58/151] Compiling ArgumentParser EnumerableFlag.swift
[59/151] Compiling ArgumentParser NameSpecification.swift
[60/151] Compiling ArgumentParser Option.swift
[61/151] Compiling ArgumentParser OptionGroup.swift
[62/151] Compiling ArgumentParser ParsableCommand.swift
[63/151] Compiling ArgumentParser ArgumentDecoder.swift
[72/151] Emitting module Yams
[73/151] Compiling ArgumentParser BashCompletionsGenerator.swift
[74/151] Compiling ArgumentParser CompletionsGenerator.swift
[75/151] Compiling ArgumentParser FishCompletionsGenerator.swift
[81/152] Wrapping AST for Yams for debugging
[83/152] Emitting module ArgumentParser
[84/158] Compiling ArgumentParser Mutex.swift
[85/158] Compiling ArgumentParser Platform.swift
[86/158] Compiling ArgumentParser SequenceExtensions.swift
[87/158] Compiling ArgumentParser StringExtensions.swift
[88/158] Compiling ArgumentParser SwiftExtensions.swift
[89/158] Compiling ArgumentParser Tree.swift
[95/158] Compiling ArgumentParser ExpressibleByArgument.swift
[96/158] Compiling ArgumentParser ParsableArguments.swift
[99/158] Compiling ArgumentParser Name.swift
[100/158] Compiling ArgumentParser Parsed.swift
[101/158] Compiling ArgumentParser ParsedValues.swift
[102/158] Compiling ArgumentParser ParserError.swift
[103/158] Compiling ArgumentParser SplitArguments.swift
[104/158] Compiling ArgumentParser DumpHelpGenerator.swift
[113/159] Wrapping AST for SystemPackage for debugging
[115/181] Compiling ArgumentParser AsyncCompletionsValidator.swift
[116/181] Compiling ArgumentParser CodingKeyValidator.swift
[117/181] Compiling ArgumentParser NonsenseFlagsValidator.swift
[118/181] Compiling ArgumentParser ParsableArgumentsValidation.swift
[119/181] Compiling ArgumentParser PositionalArgumentsValidator.swift
[120/181] Compiling ArgumentParser UniqueNamesValidator.swift
[121/181] Compiling Subprocess Subprocess+Windows.swift
[122/181] Compiling Subprocess Result.swift
[123/181] Compiling Subprocess Span+Subprocess.swift
[124/184] Compiling ArgumentParser HelpCommand.swift
[125/184] Compiling ArgumentParser HelpGenerator.swift
[126/184] Compiling ArgumentParser MessageInfo.swift
[127/184] Compiling ArgumentParser UsageGenerator.swift
[128/184] Compiling ArgumentParser CollectionExtensions.swift
[129/184] Compiling ArgumentParser Foundation.swift
[130/184] Compiling Subprocess Execution.swift
[131/184] Compiling Subprocess AsyncIO+KQueue.swift
[135/184] Compiling Subprocess AsyncIO+Linux.swift
[136/184] Compiling Subprocess AsyncIO+Unix.swift
[137/184] Emitting module Subprocess
[138/184] Compiling Subprocess API.swift
[139/184] Compiling Subprocess Buffer.swift
[140/184] Compiling Subprocess Configuration.swift
[141/184] Compiling Subprocess Input.swift
[142/184] Compiling Subprocess Output.swift
[143/184] Compiling Subprocess Subprocess+BSD.swift
[144/184] Compiling Subprocess Error.swift
[151/184] Compiling Subprocess Input+Foundation.swift
[152/184] Compiling Subprocess Output+Foundation.swift
[153/184] Compiling Subprocess Span+SubprocessFoundation.swift
[156/184] Compiling Subprocess AsyncIO+Windows.swift
[160/184] Compiling Subprocess SubprocessOutputSequence.swift
[161/184] Compiling Subprocess Teardown.swift
[162/184] Compiling Subprocess Thread.swift
[163/184] Compiling Subprocess Subprocess+Darwin.swift
[164/184] Compiling Subprocess Subprocess+Linux.swift
[165/184] Compiling Subprocess Subprocess+Unix.swift
[174/186] Wrapping AST for Subprocess for debugging
[175/194] Wrapping AST for ArgumentParser for debugging
error: emit-module command failed with exit code 1 (use -v to see invocation)
[177/194] Compiling DylibForgeCore Array+Concurrency.swift
/host/spi-builder-workspace/Sources/DylibForgeCore/Execution/CommandExecutor.swift:3:8: error: no such module 'System'
1 | import Foundation
2 | import Subprocess
3 | import System
| `- error: no such module 'System'
4 |
5 | /// Runs an external command and returns its standard output.
[178/194] Emitting module DylibForgeCore
/host/spi-builder-workspace/Sources/DylibForgeCore/Execution/CommandExecutor.swift:3:8: error: no such module 'System'
1 | import Foundation
2 | import Subprocess
3 | import System
| `- error: no such module 'System'
4 |
5 | /// Runs an external command and returns its standard output.
[179/194] Compiling DylibForgeCore DylibForgeLogger.swift
/host/spi-builder-workspace/Sources/DylibForgeCore/Execution/CommandExecutor.swift:3:8: error: no such module 'System'
1 | import Foundation
2 | import Subprocess
3 | import System
| `- error: no such module 'System'
4 |
5 | /// Runs an external command and returns its standard output.
[180/194] Compiling DylibForgeCore DylibForgeError.swift
/host/spi-builder-workspace/Sources/DylibForgeCore/Execution/CommandExecutor.swift:3:8: error: no such module 'System'
1 | import Foundation
2 | import Subprocess
3 | import System
| `- error: no such module 'System'
4 |
5 | /// Runs an external command and returns its standard output.
[181/194] Compiling DylibForgeCore CommandExecutor.swift
/host/spi-builder-workspace/Sources/DylibForgeCore/Execution/CommandExecutor.swift:3:8: error: no such module 'System'
1 | import Foundation
2 | import Subprocess
3 | import System
| `- error: no such module 'System'
4 |
5 | /// Runs an external command and returns its standard output.
[182/194] Compiling DylibForgeCore CommandResult.swift
/host/spi-builder-workspace/Sources/DylibForgeCore/Execution/CommandExecutor.swift:3:8: error: no such module 'System'
1 | import Foundation
2 | import Subprocess
3 | import System
| `- error: no such module 'System'
4 |
5 | /// Runs an external command and returns its standard output.
[183/194] Compiling DylibForgeCore TerminalColor.swift
/host/spi-builder-workspace/Sources/DylibForgeCore/Execution/CommandExecutor.swift:3:8: error: no such module 'System'
1 | import Foundation
2 | import Subprocess
3 | import System
| `- error: no such module 'System'
4 |
5 | /// Runs an external command and returns its standard output.
[184/194] Compiling DylibForgeCore XcodePathProvider.swift
/host/spi-builder-workspace/Sources/DylibForgeCore/Execution/CommandExecutor.swift:3:8: error: no such module 'System'
1 | import Foundation
2 | import Subprocess
3 | import System
| `- error: no such module 'System'
4 |
5 | /// Runs an external command and returns its standard output.
BUILD FAILURE 6.3 linux