The Swift Package Index logo.Swift Package Index

Build Information

Failed to build BLESwift, reference main (e71d51), with Swift 6.2 for watchOS using Xcode 26.3 on 3 Sep 2026 17:41:19 UTC.

Build Command

env DEVELOPER_DIR=/Applications/Xcode-26.3.0.app xcrun xcodebuild -IDEClonedSourcePackagesDirPathOverride=$PWD/.dependencies -skipMacroValidation -skipPackagePluginValidation -derivedDataPath $PWD/.derivedData build -scheme BLESwift-Package -destination generic/platform=watchOS

Build Log

SwiftDriverJobDiscovery normal arm64 Compiling HeldMessageSize.swift, Provider.swift (in target 'BLESwiftProvider' from project 'BLESwift')
SwiftCompile normal arm64 Compiling\ VirtualCentralBackend.swift,\ VirtualDevice.swift /Users/admin/builder/spi-builder-workspace/Sources/BLESwiftProvider/VirtualRadio/VirtualCentralBackend.swift /Users/admin/builder/spi-builder-workspace/Sources/BLESwiftProvider/VirtualRadio/VirtualDevice.swift (in target 'BLESwiftProvider' from project 'BLESwift')
SwiftCompile normal arm64 /Users/admin/builder/spi-builder-workspace/Sources/BLESwiftProvider/VirtualRadio/VirtualCentralBackend.swift (in target 'BLESwiftProvider' from project 'BLESwift')
    cd /Users/admin/builder/spi-builder-workspace/.swiftpm/xcode

SwiftCompile normal arm64 /Users/admin/builder/spi-builder-workspace/Sources/BLESwiftProvider/VirtualRadio/VirtualDevice.swift (in target 'BLESwiftProvider' from project 'BLESwift')
    cd /Users/admin/builder/spi-builder-workspace/.swiftpm/xcode

SwiftCompile normal arm64_32 Compiling\ HostSession.swift,\ FixtureDeviceHandler.swift /Users/admin/builder/spi-builder-workspace/Sources/BLESwiftProvider/Sessions/HostSession.swift /Users/admin/builder/spi-builder-workspace/Sources/BLESwiftProvider/VirtualRadio/FixtureDeviceHandler.swift (in target 'BLESwiftProvider' from project 'BLESwift')
SwiftCompile normal arm64_32 /Users/admin/builder/spi-builder-workspace/Sources/BLESwiftProvider/Sessions/HostSession.swift (in target 'BLESwiftProvider' from project 'BLESwift')
    cd /Users/admin/builder/spi-builder-workspace/.swiftpm/xcode

SwiftCompile normal arm64_32 /Users/admin/builder/spi-builder-workspace/Sources/BLESwiftProvider/VirtualRadio/FixtureDeviceHandler.swift (in target 'BLESwiftProvider' from project 'BLESwift')
    cd /Users/admin/builder/spi-builder-workspace/.swiftpm/xcode

SwiftDriverJobDiscovery normal arm64_32 Compiling VirtualPeripheralRemote.swift (in target 'BLESwiftProvider' from project 'BLESwift')
SwiftCompile normal arm64_32 Compiling\ VirtualCentralBackend.swift,\ VirtualDevice.swift /Users/admin/builder/spi-builder-workspace/Sources/BLESwiftProvider/VirtualRadio/VirtualCentralBackend.swift /Users/admin/builder/spi-builder-workspace/Sources/BLESwiftProvider/VirtualRadio/VirtualDevice.swift (in target 'BLESwiftProvider' from project 'BLESwift')
SwiftCompile normal arm64_32 /Users/admin/builder/spi-builder-workspace/Sources/BLESwiftProvider/VirtualRadio/VirtualCentralBackend.swift (in target 'BLESwiftProvider' from project 'BLESwift')
    cd /Users/admin/builder/spi-builder-workspace/.swiftpm/xcode

SwiftCompile normal arm64_32 /Users/admin/builder/spi-builder-workspace/Sources/BLESwiftProvider/VirtualRadio/VirtualDevice.swift (in target 'BLESwiftProvider' from project 'BLESwift')
    cd /Users/admin/builder/spi-builder-workspace/.swiftpm/xcode

SwiftDriverJobDiscovery normal arm64 Compiling VirtualRadio.swift (in target 'BLESwiftProvider' from project 'BLESwift')
SwiftCompile normal arm64_32 Compiling\ VirtualRadio.swift /Users/admin/builder/spi-builder-workspace/Sources/BLESwiftProvider/VirtualRadio/VirtualRadio.swift (in target 'BLESwiftProvider' from project 'BLESwift')
SwiftCompile normal arm64_32 /Users/admin/builder/spi-builder-workspace/Sources/BLESwiftProvider/VirtualRadio/VirtualRadio.swift (in target 'BLESwiftProvider' from project 'BLESwift')
    cd /Users/admin/builder/spi-builder-workspace/.swiftpm/xcode

SwiftDriverJobDiscovery normal arm64 Compiling CentralSession+L2CAP.swift, CentralSession.swift (in target 'BLESwiftProvider' from project 'BLESwift')
SwiftCompile normal arm64_32 Compiling\ resource_bundle_accessor.swift,\ CompositeCentral.swift /Users/admin/builder/spi-builder-workspace/.derivedData/Build/Intermediates.noindex/BLESwift.build/Debug-watchos/BLESwiftProvider.build/DerivedSources/resource_bundle_accessor.swift /Users/admin/builder/spi-builder-workspace/Sources/BLESwiftProvider/Composite/CompositeCentral.swift (in target 'BLESwiftProvider' from project 'BLESwift')
SwiftCompile normal arm64_32 /Users/admin/builder/spi-builder-workspace/.derivedData/Build/Intermediates.noindex/BLESwift.build/Debug-watchos/BLESwiftProvider.build/DerivedSources/resource_bundle_accessor.swift (in target 'BLESwiftProvider' from project 'BLESwift')
    cd /Users/admin/builder/spi-builder-workspace/.swiftpm/xcode

SwiftCompile normal arm64_32 /Users/admin/builder/spi-builder-workspace/Sources/BLESwiftProvider/Composite/CompositeCentral.swift (in target 'BLESwiftProvider' from project 'BLESwift')
    cd /Users/admin/builder/spi-builder-workspace/.swiftpm/xcode

SwiftDriverJobDiscovery normal arm64 Compiling HostSession.swift, FixtureDeviceHandler.swift (in target 'BLESwiftProvider' from project 'BLESwift')
SwiftCompile normal arm64_32 Compiling\ CompositePeripheralManager.swift,\ CoreBluetoothBackends.swift /Users/admin/builder/spi-builder-workspace/Sources/BLESwiftProvider/Composite/CompositePeripheralManager.swift /Users/admin/builder/spi-builder-workspace/Sources/BLESwiftProvider/CoreBluetoothBackends.swift (in target 'BLESwiftProvider' from project 'BLESwift')
SwiftCompile normal arm64_32 /Users/admin/builder/spi-builder-workspace/Sources/BLESwiftProvider/Composite/CompositePeripheralManager.swift (in target 'BLESwiftProvider' from project 'BLESwift')
    cd /Users/admin/builder/spi-builder-workspace/.swiftpm/xcode

SwiftCompile normal arm64_32 /Users/admin/builder/spi-builder-workspace/Sources/BLESwiftProvider/CoreBluetoothBackends.swift (in target 'BLESwiftProvider' from project 'BLESwift')
    cd /Users/admin/builder/spi-builder-workspace/.swiftpm/xcode

SwiftDriverJobDiscovery normal arm64_32 Compiling LinkL2CAPChannel.swift (in target 'BLESwiftSimulatorLink' from project 'BLESwift')
SwiftCompile normal arm64 Compiling\ CompositePeripheralManager.swift,\ CoreBluetoothBackends.swift /Users/admin/builder/spi-builder-workspace/Sources/BLESwiftProvider/Composite/CompositePeripheralManager.swift /Users/admin/builder/spi-builder-workspace/Sources/BLESwiftProvider/CoreBluetoothBackends.swift (in target 'BLESwiftProvider' from project 'BLESwift')
SwiftCompile normal arm64 /Users/admin/builder/spi-builder-workspace/Sources/BLESwiftProvider/Composite/CompositePeripheralManager.swift (in target 'BLESwiftProvider' from project 'BLESwift')
    cd /Users/admin/builder/spi-builder-workspace/.swiftpm/xcode

SwiftCompile normal arm64 /Users/admin/builder/spi-builder-workspace/Sources/BLESwiftProvider/CoreBluetoothBackends.swift (in target 'BLESwiftProvider' from project 'BLESwift')
    cd /Users/admin/builder/spi-builder-workspace/.swiftpm/xcode

SwiftDriverJobDiscovery normal arm64 Compiling resource_bundle_accessor.swift, CompositeCentral.swift (in target 'BLESwiftProvider' from project 'BLESwift')
SwiftCompile normal arm64_32 Compiling\ CentralSession+L2CAP.swift,\ CentralSession.swift /Users/admin/builder/spi-builder-workspace/Sources/BLESwiftProvider/Sessions/CentralSession+L2CAP.swift /Users/admin/builder/spi-builder-workspace/Sources/BLESwiftProvider/Sessions/CentralSession.swift (in target 'BLESwiftProvider' from project 'BLESwift')
SwiftCompile normal arm64_32 /Users/admin/builder/spi-builder-workspace/Sources/BLESwiftProvider/Sessions/CentralSession+L2CAP.swift (in target 'BLESwiftProvider' from project 'BLESwift')
    cd /Users/admin/builder/spi-builder-workspace/.swiftpm/xcode

SwiftCompile normal arm64_32 /Users/admin/builder/spi-builder-workspace/Sources/BLESwiftProvider/Sessions/CentralSession.swift (in target 'BLESwiftProvider' from project 'BLESwift')
    cd /Users/admin/builder/spi-builder-workspace/.swiftpm/xcode

SwiftDriverJobDiscovery normal arm64_32 Compiling ProviderCommandLine.swift, ProviderConfiguration.swift (in target 'BLESwiftProvider' from project 'BLESwift')
SwiftCompile normal arm64 Compiling\ ProviderCommandLine.swift,\ ProviderConfiguration.swift /Users/admin/builder/spi-builder-workspace/Sources/BLESwiftProvider/ProviderCommandLine.swift /Users/admin/builder/spi-builder-workspace/Sources/BLESwiftProvider/ProviderConfiguration.swift (in target 'BLESwiftProvider' from project 'BLESwift')
SwiftCompile normal arm64 /Users/admin/builder/spi-builder-workspace/Sources/BLESwiftProvider/ProviderCommandLine.swift (in target 'BLESwiftProvider' from project 'BLESwift')
    cd /Users/admin/builder/spi-builder-workspace/.swiftpm/xcode

SwiftCompile normal arm64 /Users/admin/builder/spi-builder-workspace/Sources/BLESwiftProvider/ProviderConfiguration.swift (in target 'BLESwiftProvider' from project 'BLESwift')
    cd /Users/admin/builder/spi-builder-workspace/.swiftpm/xcode

SwiftDriverJobDiscovery normal arm64 Compiling VirtualCentralBackend.swift, VirtualDevice.swift (in target 'BLESwiftProvider' from project 'BLESwift')
SwiftDriverJobDiscovery normal arm64_32 Compiling VirtualCentralBackend.swift, VirtualDevice.swift (in target 'BLESwiftProvider' from project 'BLESwift')
SwiftCompile normal arm64 Compiling\ DeviceInformation.swift /Users/admin/builder/spi-builder-workspace/Sources/BLESwiftProfiles/DeviceInformation.swift (in target 'BLESwiftProfiles' from project 'BLESwift')
SwiftCompile normal arm64 /Users/admin/builder/spi-builder-workspace/Sources/BLESwiftProfiles/DeviceInformation.swift (in target 'BLESwiftProfiles' from project 'BLESwift')
    cd /Users/admin/builder/spi-builder-workspace/.swiftpm/xcode

SwiftDriverJobDiscovery normal arm64_32 Compiling HostSession.swift, FixtureDeviceHandler.swift (in target 'BLESwiftProvider' from project 'BLESwift')
SwiftCompile normal arm64_32 Compiling\ CyclingPowerMeasurement.swift /Users/admin/builder/spi-builder-workspace/Sources/BLESwiftProfiles/CyclingPowerMeasurement.swift (in target 'BLESwiftProfiles' from project 'BLESwift')
SwiftCompile normal arm64_32 /Users/admin/builder/spi-builder-workspace/Sources/BLESwiftProfiles/CyclingPowerMeasurement.swift (in target 'BLESwiftProfiles' from project 'BLESwift')
    cd /Users/admin/builder/spi-builder-workspace/.swiftpm/xcode

SwiftDriverJobDiscovery normal arm64_32 Compiling VirtualRadio.swift (in target 'BLESwiftProvider' from project 'BLESwift')
SwiftCompile normal arm64_32 Compiling\ TemperatureMeasurement.swift /Users/admin/builder/spi-builder-workspace/Sources/BLESwiftProfiles/TemperatureMeasurement.swift (in target 'BLESwiftProfiles' from project 'BLESwift')
SwiftCompile normal arm64_32 /Users/admin/builder/spi-builder-workspace/Sources/BLESwiftProfiles/TemperatureMeasurement.swift (in target 'BLESwiftProfiles' from project 'BLESwift')
    cd /Users/admin/builder/spi-builder-workspace/.swiftpm/xcode

SwiftCompile normal arm64_32 Compiling\ BodySensorLocation.swift,\ CSCMeasurement.swift /Users/admin/builder/spi-builder-workspace/Sources/BLESwiftProfiles/BodySensorLocation.swift /Users/admin/builder/spi-builder-workspace/Sources/BLESwiftProfiles/CSCMeasurement.swift (in target 'BLESwiftProfiles' from project 'BLESwift')
SwiftCompile normal arm64_32 /Users/admin/builder/spi-builder-workspace/Sources/BLESwiftProfiles/BodySensorLocation.swift (in target 'BLESwiftProfiles' from project 'BLESwift')
    cd /Users/admin/builder/spi-builder-workspace/.swiftpm/xcode

SwiftCompile normal arm64_32 /Users/admin/builder/spi-builder-workspace/Sources/BLESwiftProfiles/CSCMeasurement.swift (in target 'BLESwiftProfiles' from project 'BLESwift')
    cd /Users/admin/builder/spi-builder-workspace/.swiftpm/xcode

SwiftDriverJobDiscovery normal arm64_32 Compiling LinkPeripheralManager.swift (in target 'BLESwiftSimulatorLink' from project 'BLESwift')
SwiftCompile normal arm64_32 Compiling\ resource_bundle_accessor.swift,\ BatteryLevel.swift /Users/admin/builder/spi-builder-workspace/.derivedData/Build/Intermediates.noindex/BLESwift.build/Debug-watchos/BLESwiftProfiles.build/DerivedSources/resource_bundle_accessor.swift /Users/admin/builder/spi-builder-workspace/Sources/BLESwiftProfiles/BatteryLevel.swift (in target 'BLESwiftProfiles' from project 'BLESwift')
SwiftCompile normal arm64_32 /Users/admin/builder/spi-builder-workspace/.derivedData/Build/Intermediates.noindex/BLESwift.build/Debug-watchos/BLESwiftProfiles.build/DerivedSources/resource_bundle_accessor.swift (in target 'BLESwiftProfiles' from project 'BLESwift')
    cd /Users/admin/builder/spi-builder-workspace/.swiftpm/xcode

SwiftCompile normal arm64_32 /Users/admin/builder/spi-builder-workspace/Sources/BLESwiftProfiles/BatteryLevel.swift (in target 'BLESwiftProfiles' from project 'BLESwift')
    cd /Users/admin/builder/spi-builder-workspace/.swiftpm/xcode

SwiftDriverJobDiscovery normal arm64_32 Compiling CompositePeripheralManager.swift, CoreBluetoothBackends.swift (in target 'BLESwiftProvider' from project 'BLESwift')
SwiftCompile normal arm64 Compiling\ BodySensorLocation.swift,\ CSCMeasurement.swift /Users/admin/builder/spi-builder-workspace/Sources/BLESwiftProfiles/BodySensorLocation.swift /Users/admin/builder/spi-builder-workspace/Sources/BLESwiftProfiles/CSCMeasurement.swift (in target 'BLESwiftProfiles' from project 'BLESwift')
SwiftCompile normal arm64 /Users/admin/builder/spi-builder-workspace/Sources/BLESwiftProfiles/BodySensorLocation.swift (in target 'BLESwiftProfiles' from project 'BLESwift')
    cd /Users/admin/builder/spi-builder-workspace/.swiftpm/xcode

SwiftCompile normal arm64 /Users/admin/builder/spi-builder-workspace/Sources/BLESwiftProfiles/CSCMeasurement.swift (in target 'BLESwiftProfiles' from project 'BLESwift')
    cd /Users/admin/builder/spi-builder-workspace/.swiftpm/xcode

SwiftDriverJobDiscovery normal arm64 Compiling CompositePeripheralManager.swift, CoreBluetoothBackends.swift (in target 'BLESwiftProvider' from project 'BLESwift')
SwiftCompile normal arm64 Compiling\ HeartRateMeasurement.swift /Users/admin/builder/spi-builder-workspace/Sources/BLESwiftProfiles/HeartRateMeasurement.swift (in target 'BLESwiftProfiles' from project 'BLESwift')
SwiftCompile normal arm64 /Users/admin/builder/spi-builder-workspace/Sources/BLESwiftProfiles/HeartRateMeasurement.swift (in target 'BLESwiftProfiles' from project 'BLESwift')
    cd /Users/admin/builder/spi-builder-workspace/.swiftpm/xcode

SwiftDriverJobDiscovery normal arm64_32 Compiling CentralSession+L2CAP.swift, CentralSession.swift (in target 'BLESwiftProvider' from project 'BLESwift')
SwiftCompile normal arm64 Compiling\ GATTDateTime.swift /Users/admin/builder/spi-builder-workspace/Sources/BLESwiftProfiles/GATTDateTime.swift (in target 'BLESwiftProfiles' from project 'BLESwift')
SwiftCompile normal arm64 /Users/admin/builder/spi-builder-workspace/Sources/BLESwiftProfiles/GATTDateTime.swift (in target 'BLESwiftProfiles' from project 'BLESwift')
    cd /Users/admin/builder/spi-builder-workspace/.swiftpm/xcode

SwiftDriverJobDiscovery normal arm64 Compiling ProviderCommandLine.swift, ProviderConfiguration.swift (in target 'BLESwiftProvider' from project 'BLESwift')
SwiftDriver\ Compilation BLESwiftProvider normal arm64 com.apple.xcode.tools.swift.compiler (in target 'BLESwiftProvider' from project 'BLESwift')
    cd /Users/admin/builder/spi-builder-workspace/.swiftpm/xcode
    builtin-Swift-Compilation -- /Applications/Xcode-26.3.0.app/Contents/Developer/Toolchains/XcodeDefault.xctoolchain/usr/bin/swiftc -module-name BLESwiftProvider -Onone -enforce-exclusivity\=checked @/Users/admin/builder/spi-builder-workspace/.derivedData/Build/Intermediates.noindex/BLESwift.build/Debug-watchos/BLESwiftProvider.build/Objects-normal/arm64/BLESwiftProvider.SwiftFileList -DSWIFT_PACKAGE -DDEBUG -DSWIFT_MODULE_RESOURCE_BUNDLE_AVAILABLE -DXcode -enable-upcoming-feature NonisolatedNonsendingByDefault -enable-upcoming-feature InferIsolatedConformances -enable-upcoming-feature MemberImportVisibility -plugin-path /Applications/Xcode-26.3.0.app/Contents/Developer/Toolchains/XcodeDefault.xctoolchain/usr/lib/swift/host/plugins/testing -enable-experimental-feature DebugDescriptionMacro -sdk /Applications/Xcode-26.3.0.app/Contents/Developer/Platforms/WatchOS.platform/Developer/SDKs/WatchOS26.2.sdk -target arm64-apple-watchos11.0 -g -module-cache-path /Users/admin/builder/spi-builder-workspace/.derivedData/ModuleCache.noindex -Xfrontend -serialize-debugging-options -profile-coverage-mapping -profile-generate -enable-testing -index-store-path /Users/admin/builder/spi-builder-workspace/.derivedData/Index.noindex/DataStore -Xcc -D_LIBCPP_HARDENING_MODE\=_LIBCPP_HARDENING_MODE_DEBUG -swift-version 6 -I /Users/admin/builder/spi-builder-workspace/.derivedData/Build/Products/Debug-watchos -Isystem /Applications/Xcode-26.3.0.app/Contents/Developer/Platforms/WatchOS.platform/Developer/usr/lib -F /Users/admin/builder/spi-builder-workspace/.derivedData/Build/Products/Debug-watchos/PackageFrameworks -F /Users/admin/builder/spi-builder-workspace/.derivedData/Build/Products/Debug-watchos/PackageFrameworks -F /Users/admin/builder/spi-builder-workspace/.derivedData/Build/Products/Debug-watchos/PackageFrameworks -F /Users/admin/builder/spi-builder-workspace/.derivedData/Build/Products/Debug-watchos/PackageFrameworks -F /Users/admin/builder/spi-builder-workspace/.derivedData/Build/Products/Debug-watchos -F /Applications/Xcode-26.3.0.app/Contents/Developer/Platforms/WatchOS.platform/Developer/Library/Frameworks -F /Applications/Xcode-26.3.0.app/Contents/Developer/Platforms/WatchOS.platform/Developer/SDKs/WatchOS26.2.sdk/Developer/Library/Frameworks -c -j10 -enable-batch-mode -incremental -Xcc -ivfsstatcache -Xcc /Users/admin/builder/spi-builder-workspace/.derivedData/SDKStatCaches.noindex/watchos26.2-23S303-dc75598d0054f22ec865fa860f139d721753b489057de6bda919edfa1c59a62b.sdkstatcache -output-file-map /Users/admin/builder/spi-builder-workspace/.derivedData/Build/Intermediates.noindex/BLESwift.build/Debug-watchos/BLESwiftProvider.build/Objects-normal/arm64/BLESwiftProvider-OutputFileMap.json -use-frontend-parseable-output -save-temps -no-color-diagnostics -explicit-module-build -module-cache-path /Users/admin/builder/spi-builder-workspace/.derivedData/Build/Intermediates.noindex/SwiftExplicitPrecompiledModules -clang-scanner-module-cache-path /Users/admin/builder/spi-builder-workspace/.derivedData/ModuleCache.noindex -sdk-module-cache-path /Users/admin/builder/spi-builder-workspace/.derivedData/ModuleCache.noindex -serialize-diagnostics -emit-dependencies -emit-module -emit-module-path /Users/admin/builder/spi-builder-workspace/.derivedData/Build/Intermediates.noindex/BLESwift.build/Debug-watchos/BLESwiftProvider.build/Objects-normal/arm64/BLESwiftProvider.swiftmodule -validate-clang-modules-once -clang-build-session-file /Users/admin/builder/spi-builder-workspace/.derivedData/ModuleCache.noindex/Session.modulevalidation -package-name spi_builder_workspace -Xcc -I/Users/admin/builder/spi-builder-workspace/.derivedData/Build/Intermediates.noindex/BLESwift.build/Debug-watchos/BLESwiftProvider.build/swift-overrides.hmap -emit-const-values -Xfrontend -const-gather-protocols-file -Xfrontend /Users/admin/builder/spi-builder-workspace/.derivedData/Build/Intermediates.noindex/BLESwift.build/Debug-watchos/BLESwiftProvider.build/Objects-normal/arm64/BLESwiftProvider_const_extract_protocols.json -Xcc -I/Users/admin/builder/spi-builder-workspace/.derivedData/Build/Products/Debug-watchos/include -Xcc -I/Users/admin/builder/spi-builder-workspace/.derivedData/Build/Intermediates.noindex/BLESwift.build/Debug-watchos/BLESwiftProvider.build/DerivedSources-normal/arm64 -Xcc -I/Users/admin/builder/spi-builder-workspace/.derivedData/Build/Intermediates.noindex/BLESwift.build/Debug-watchos/BLESwiftProvider.build/DerivedSources/arm64 -Xcc -I/Users/admin/builder/spi-builder-workspace/.derivedData/Build/Intermediates.noindex/BLESwift.build/Debug-watchos/BLESwiftProvider.build/DerivedSources -Xcc -DSWIFT_PACKAGE -Xcc -DDEBUG\=1 -emit-objc-header -emit-objc-header-path /Users/admin/builder/spi-builder-workspace/.derivedData/Build/Intermediates.noindex/BLESwift.build/Debug-watchos/BLESwiftProvider.build/Objects-normal/arm64/BLESwiftProvider-Swift.h -working-directory /Users/admin/builder/spi-builder-workspace/.swiftpm/xcode -experimental-emit-module-separately -disable-cmo
SwiftDriverJobDiscovery normal arm64_32 Compiling resource_bundle_accessor.swift, CompositeCentral.swift (in target 'BLESwiftProvider' from project 'BLESwift')
SwiftCompile normal arm64_32 Compiling\ IEEE11073Float.swift /Users/admin/builder/spi-builder-workspace/Sources/BLESwiftProfiles/IEEE11073Float.swift (in target 'BLESwiftProfiles' from project 'BLESwift')
SwiftCompile normal arm64_32 /Users/admin/builder/spi-builder-workspace/Sources/BLESwiftProfiles/IEEE11073Float.swift (in target 'BLESwiftProfiles' from project 'BLESwift')
    cd /Users/admin/builder/spi-builder-workspace/.swiftpm/xcode

SwiftDriver\ Compilation BLESwiftProvider normal arm64_32 com.apple.xcode.tools.swift.compiler (in target 'BLESwiftProvider' from project 'BLESwift')
    cd /Users/admin/builder/spi-builder-workspace/.swiftpm/xcode
    builtin-Swift-Compilation -- /Applications/Xcode-26.3.0.app/Contents/Developer/Toolchains/XcodeDefault.xctoolchain/usr/bin/swiftc -module-name BLESwiftProvider -Onone -enforce-exclusivity\=checked @/Users/admin/builder/spi-builder-workspace/.derivedData/Build/Intermediates.noindex/BLESwift.build/Debug-watchos/BLESwiftProvider.build/Objects-normal/arm64_32/BLESwiftProvider.SwiftFileList -DSWIFT_PACKAGE -DDEBUG -DSWIFT_MODULE_RESOURCE_BUNDLE_AVAILABLE -DXcode -enable-upcoming-feature NonisolatedNonsendingByDefault -enable-upcoming-feature InferIsolatedConformances -enable-upcoming-feature MemberImportVisibility -plugin-path /Applications/Xcode-26.3.0.app/Contents/Developer/Toolchains/XcodeDefault.xctoolchain/usr/lib/swift/host/plugins/testing -enable-experimental-feature DebugDescriptionMacro -sdk /Applications/Xcode-26.3.0.app/Contents/Developer/Platforms/WatchOS.platform/Developer/SDKs/WatchOS26.2.sdk -target arm64_32-apple-watchos11.0 -g -module-cache-path /Users/admin/builder/spi-builder-workspace/.derivedData/ModuleCache.noindex -Xfrontend -serialize-debugging-options -profile-coverage-mapping -profile-generate -enable-testing -index-store-path /Users/admin/builder/spi-builder-workspace/.derivedData/Index.noindex/DataStore -Xcc -D_LIBCPP_HARDENING_MODE\=_LIBCPP_HARDENING_MODE_DEBUG -swift-version 6 -I /Users/admin/builder/spi-builder-workspace/.derivedData/Build/Products/Debug-watchos -Isystem /Applications/Xcode-26.3.0.app/Contents/Developer/Platforms/WatchOS.platform/Developer/usr/lib -F /Users/admin/builder/spi-builder-workspace/.derivedData/Build/Products/Debug-watchos/PackageFrameworks -F /Users/admin/builder/spi-builder-workspace/.derivedData/Build/Products/Debug-watchos/PackageFrameworks -F /Users/admin/builder/spi-builder-workspace/.derivedData/Build/Products/Debug-watchos/PackageFrameworks -F /Users/admin/builder/spi-builder-workspace/.derivedData/Build/Products/Debug-watchos/PackageFrameworks -F /Users/admin/builder/spi-builder-workspace/.derivedData/Build/Products/Debug-watchos -F /Applications/Xcode-26.3.0.app/Contents/Developer/Platforms/WatchOS.platform/Developer/Library/Frameworks -F /Applications/Xcode-26.3.0.app/Contents/Developer/Platforms/WatchOS.platform/Developer/SDKs/WatchOS26.2.sdk/Developer/Library/Frameworks -c -j10 -enable-batch-mode -incremental -Xcc -ivfsstatcache -Xcc /Users/admin/builder/spi-builder-workspace/.derivedData/SDKStatCaches.noindex/watchos26.2-23S303-dc75598d0054f22ec865fa860f139d721753b489057de6bda919edfa1c59a62b.sdkstatcache -output-file-map /Users/admin/builder/spi-builder-workspace/.derivedData/Build/Intermediates.noindex/BLESwift.build/Debug-watchos/BLESwiftProvider.build/Objects-normal/arm64_32/BLESwiftProvider-OutputFileMap.json -use-frontend-parseable-output -save-temps -no-color-diagnostics -explicit-module-build -module-cache-path /Users/admin/builder/spi-builder-workspace/.derivedData/Build/Intermediates.noindex/SwiftExplicitPrecompiledModules -clang-scanner-module-cache-path /Users/admin/builder/spi-builder-workspace/.derivedData/ModuleCache.noindex -sdk-module-cache-path /Users/admin/builder/spi-builder-workspace/.derivedData/ModuleCache.noindex -serialize-diagnostics -emit-dependencies -emit-module -emit-module-path /Users/admin/builder/spi-builder-workspace/.derivedData/Build/Intermediates.noindex/BLESwift.build/Debug-watchos/BLESwiftProvider.build/Objects-normal/arm64_32/BLESwiftProvider.swiftmodule -validate-clang-modules-once -clang-build-session-file /Users/admin/builder/spi-builder-workspace/.derivedData/ModuleCache.noindex/Session.modulevalidation -package-name spi_builder_workspace -Xcc -I/Users/admin/builder/spi-builder-workspace/.derivedData/Build/Intermediates.noindex/BLESwift.build/Debug-watchos/BLESwiftProvider.build/swift-overrides.hmap -emit-const-values -Xfrontend -const-gather-protocols-file -Xfrontend /Users/admin/builder/spi-builder-workspace/.derivedData/Build/Intermediates.noindex/BLESwift.build/Debug-watchos/BLESwiftProvider.build/Objects-normal/arm64_32/BLESwiftProvider_const_extract_protocols.json -Xcc -I/Users/admin/builder/spi-builder-workspace/.derivedData/Build/Products/Debug-watchos/include -Xcc -I/Users/admin/builder/spi-builder-workspace/.derivedData/Build/Intermediates.noindex/BLESwift.build/Debug-watchos/BLESwiftProvider.build/DerivedSources-normal/arm64_32 -Xcc -I/Users/admin/builder/spi-builder-workspace/.derivedData/Build/Intermediates.noindex/BLESwift.build/Debug-watchos/BLESwiftProvider.build/DerivedSources/arm64_32 -Xcc -I/Users/admin/builder/spi-builder-workspace/.derivedData/Build/Intermediates.noindex/BLESwift.build/Debug-watchos/BLESwiftProvider.build/DerivedSources -Xcc -DSWIFT_PACKAGE -Xcc -DDEBUG\=1 -emit-objc-header -emit-objc-header-path /Users/admin/builder/spi-builder-workspace/.derivedData/Build/Intermediates.noindex/BLESwift.build/Debug-watchos/BLESwiftProvider.build/Objects-normal/arm64_32/BLESwiftProvider-Swift.h -working-directory /Users/admin/builder/spi-builder-workspace/.swiftpm/xcode -experimental-emit-module-separately -disable-cmo
SwiftDriverJobDiscovery normal arm64_32 Compiling LinkCentral.swift (in target 'BLESwiftSimulatorLink' from project 'BLESwift')
SwiftCompile normal arm64 Compiling\ CurrentTime.swift /Users/admin/builder/spi-builder-workspace/Sources/BLESwiftProfiles/CurrentTime.swift (in target 'BLESwiftProfiles' from project 'BLESwift')
SwiftCompile normal arm64 /Users/admin/builder/spi-builder-workspace/Sources/BLESwiftProfiles/CurrentTime.swift (in target 'BLESwiftProfiles' from project 'BLESwift')
    cd /Users/admin/builder/spi-builder-workspace/.swiftpm/xcode

SwiftDriver\ Compilation BLESwiftSimulatorLink normal arm64_32 com.apple.xcode.tools.swift.compiler (in target 'BLESwiftSimulatorLink' from project 'BLESwift')
    cd /Users/admin/builder/spi-builder-workspace/.swiftpm/xcode
    builtin-Swift-Compilation -- /Applications/Xcode-26.3.0.app/Contents/Developer/Toolchains/XcodeDefault.xctoolchain/usr/bin/swiftc -module-name BLESwiftSimulatorLink -Onone -enforce-exclusivity\=checked @/Users/admin/builder/spi-builder-workspace/.derivedData/Build/Intermediates.noindex/BLESwift.build/Debug-watchos/BLESwiftSimulatorLink.build/Objects-normal/arm64_32/BLESwiftSimulatorLink.SwiftFileList -DSWIFT_PACKAGE -DDEBUG -DSWIFT_MODULE_RESOURCE_BUNDLE_AVAILABLE -DXcode -enable-upcoming-feature NonisolatedNonsendingByDefault -enable-upcoming-feature InferIsolatedConformances -enable-upcoming-feature MemberImportVisibility -plugin-path /Applications/Xcode-26.3.0.app/Contents/Developer/Toolchains/XcodeDefault.xctoolchain/usr/lib/swift/host/plugins/testing -enable-experimental-feature DebugDescriptionMacro -sdk /Applications/Xcode-26.3.0.app/Contents/Developer/Platforms/WatchOS.platform/Developer/SDKs/WatchOS26.2.sdk -target arm64_32-apple-watchos11.0 -g -module-cache-path /Users/admin/builder/spi-builder-workspace/.derivedData/ModuleCache.noindex -Xfrontend -serialize-debugging-options -profile-coverage-mapping -profile-generate -enable-testing -index-store-path /Users/admin/builder/spi-builder-workspace/.derivedData/Index.noindex/DataStore -Xcc -D_LIBCPP_HARDENING_MODE\=_LIBCPP_HARDENING_MODE_DEBUG -swift-version 6 -I /Users/admin/builder/spi-builder-workspace/.derivedData/Build/Products/Debug-watchos -Isystem /Applications/Xcode-26.3.0.app/Contents/Developer/Platforms/WatchOS.platform/Developer/usr/lib -F /Users/admin/builder/spi-builder-workspace/.derivedData/Build/Products/Debug-watchos/PackageFrameworks -F /Users/admin/builder/spi-builder-workspace/.derivedData/Build/Products/Debug-watchos/PackageFrameworks -F /Users/admin/builder/spi-builder-workspace/.derivedData/Build/Products/Debug-watchos/PackageFrameworks -F /Users/admin/builder/spi-builder-workspace/.derivedData/Build/Products/Debug-watchos -F /Applications/Xcode-26.3.0.app/Contents/Developer/Platforms/WatchOS.platform/Developer/Library/Frameworks -F /Applications/Xcode-26.3.0.app/Contents/Developer/Platforms/WatchOS.platform/Developer/SDKs/WatchOS26.2.sdk/Developer/Library/Frameworks -c -j10 -enable-batch-mode -incremental -Xcc -ivfsstatcache -Xcc /Users/admin/builder/spi-builder-workspace/.derivedData/SDKStatCaches.noindex/watchos26.2-23S303-dc75598d0054f22ec865fa860f139d721753b489057de6bda919edfa1c59a62b.sdkstatcache -output-file-map /Users/admin/builder/spi-builder-workspace/.derivedData/Build/Intermediates.noindex/BLESwift.build/Debug-watchos/BLESwiftSimulatorLink.build/Objects-normal/arm64_32/BLESwiftSimulatorLink-OutputFileMap.json -use-frontend-parseable-output -save-temps -no-color-diagnostics -explicit-module-build -module-cache-path /Users/admin/builder/spi-builder-workspace/.derivedData/Build/Intermediates.noindex/SwiftExplicitPrecompiledModules -clang-scanner-module-cache-path /Users/admin/builder/spi-builder-workspace/.derivedData/ModuleCache.noindex -sdk-module-cache-path /Users/admin/builder/spi-builder-workspace/.derivedData/ModuleCache.noindex -serialize-diagnostics -emit-dependencies -emit-module -emit-module-path /Users/admin/builder/spi-builder-workspace/.derivedData/Build/Intermediates.noindex/BLESwift.build/Debug-watchos/BLESwiftSimulatorLink.build/Objects-normal/arm64_32/BLESwiftSimulatorLink.swiftmodule -validate-clang-modules-once -clang-build-session-file /Users/admin/builder/spi-builder-workspace/.derivedData/ModuleCache.noindex/Session.modulevalidation -package-name spi_builder_workspace -Xcc -I/Users/admin/builder/spi-builder-workspace/.derivedData/Build/Intermediates.noindex/BLESwift.build/Debug-watchos/BLESwiftSimulatorLink.build/swift-overrides.hmap -emit-const-values -Xfrontend -const-gather-protocols-file -Xfrontend /Users/admin/builder/spi-builder-workspace/.derivedData/Build/Intermediates.noindex/BLESwift.build/Debug-watchos/BLESwiftSimulatorLink.build/Objects-normal/arm64_32/BLESwiftSimulatorLink_const_extract_protocols.json -Xcc -I/Users/admin/builder/spi-builder-workspace/.derivedData/Build/Products/Debug-watchos/include -Xcc -I/Users/admin/builder/spi-builder-workspace/.derivedData/Build/Intermediates.noindex/BLESwift.build/Debug-watchos/BLESwiftSimulatorLink.build/DerivedSources-normal/arm64_32 -Xcc -I/Users/admin/builder/spi-builder-workspace/.derivedData/Build/Intermediates.noindex/BLESwift.build/Debug-watchos/BLESwiftSimulatorLink.build/DerivedSources/arm64_32 -Xcc -I/Users/admin/builder/spi-builder-workspace/.derivedData/Build/Intermediates.noindex/BLESwift.build/Debug-watchos/BLESwiftSimulatorLink.build/DerivedSources -Xcc -DSWIFT_PACKAGE -Xcc -DDEBUG\=1 -emit-objc-header -emit-objc-header-path /Users/admin/builder/spi-builder-workspace/.derivedData/Build/Intermediates.noindex/BLESwift.build/Debug-watchos/BLESwiftSimulatorLink.build/Objects-normal/arm64_32/BLESwiftSimulatorLink-Swift.h -working-directory /Users/admin/builder/spi-builder-workspace/.swiftpm/xcode -experimental-emit-module-separately -disable-cmo
SwiftDriverJobDiscovery normal arm64 Compiling DeviceInformation.swift (in target 'BLESwiftProfiles' from project 'BLESwift')
SwiftCompile normal arm64_32 Compiling\ DeviceInformation.swift /Users/admin/builder/spi-builder-workspace/Sources/BLESwiftProfiles/DeviceInformation.swift (in target 'BLESwiftProfiles' from project 'BLESwift')
SwiftCompile normal arm64_32 /Users/admin/builder/spi-builder-workspace/Sources/BLESwiftProfiles/DeviceInformation.swift (in target 'BLESwiftProfiles' from project 'BLESwift')
    cd /Users/admin/builder/spi-builder-workspace/.swiftpm/xcode

SwiftCompile normal arm64 Compiling\ CyclingPowerMeasurement.swift /Users/admin/builder/spi-builder-workspace/Sources/BLESwiftProfiles/CyclingPowerMeasurement.swift (in target 'BLESwiftProfiles' from project 'BLESwift')
SwiftCompile normal arm64 /Users/admin/builder/spi-builder-workspace/Sources/BLESwiftProfiles/CyclingPowerMeasurement.swift (in target 'BLESwiftProfiles' from project 'BLESwift')
    cd /Users/admin/builder/spi-builder-workspace/.swiftpm/xcode

SwiftDriverJobDiscovery normal arm64_32 Compiling TemperatureMeasurement.swift (in target 'BLESwiftProfiles' from project 'BLESwift')
SwiftCompile normal arm64 Compiling\ resource_bundle_accessor.swift,\ BatteryLevel.swift /Users/admin/builder/spi-builder-workspace/.derivedData/Build/Intermediates.noindex/BLESwift.build/Debug-watchos/BLESwiftProfiles.build/DerivedSources/resource_bundle_accessor.swift /Users/admin/builder/spi-builder-workspace/Sources/BLESwiftProfiles/BatteryLevel.swift (in target 'BLESwiftProfiles' from project 'BLESwift')
SwiftCompile normal arm64 /Users/admin/builder/spi-builder-workspace/.derivedData/Build/Intermediates.noindex/BLESwift.build/Debug-watchos/BLESwiftProfiles.build/DerivedSources/resource_bundle_accessor.swift (in target 'BLESwiftProfiles' from project 'BLESwift')
    cd /Users/admin/builder/spi-builder-workspace/.swiftpm/xcode

SwiftCompile normal arm64 /Users/admin/builder/spi-builder-workspace/Sources/BLESwiftProfiles/BatteryLevel.swift (in target 'BLESwiftProfiles' from project 'BLESwift')
    cd /Users/admin/builder/spi-builder-workspace/.swiftpm/xcode

SwiftDriverJobDiscovery normal arm64_32 Compiling BodySensorLocation.swift, CSCMeasurement.swift (in target 'BLESwiftProfiles' from project 'BLESwift')
SwiftCompile normal arm64 Compiling\ Peripheral+Profiles.swift /Users/admin/builder/spi-builder-workspace/Sources/BLESwiftProfiles/Peripheral+Profiles.swift (in target 'BLESwiftProfiles' from project 'BLESwift')
SwiftCompile normal arm64 /Users/admin/builder/spi-builder-workspace/Sources/BLESwiftProfiles/Peripheral+Profiles.swift (in target 'BLESwiftProfiles' from project 'BLESwift')
    cd /Users/admin/builder/spi-builder-workspace/.swiftpm/xcode

SwiftDriverJobDiscovery normal arm64_32 Compiling resource_bundle_accessor.swift, BatteryLevel.swift (in target 'BLESwiftProfiles' from project 'BLESwift')
SwiftCompile normal arm64_32 Compiling\ Peripheral+Profiles.swift /Users/admin/builder/spi-builder-workspace/Sources/BLESwiftProfiles/Peripheral+Profiles.swift (in target 'BLESwiftProfiles' from project 'BLESwift')
SwiftCompile normal arm64_32 /Users/admin/builder/spi-builder-workspace/Sources/BLESwiftProfiles/Peripheral+Profiles.swift (in target 'BLESwiftProfiles' from project 'BLESwift')
    cd /Users/admin/builder/spi-builder-workspace/.swiftpm/xcode

SwiftDriverJobDiscovery normal arm64 Compiling BodySensorLocation.swift, CSCMeasurement.swift (in target 'BLESwiftProfiles' from project 'BLESwift')
SwiftCompile normal arm64_32 Compiling\ HeartRateMeasurement.swift /Users/admin/builder/spi-builder-workspace/Sources/BLESwiftProfiles/HeartRateMeasurement.swift (in target 'BLESwiftProfiles' from project 'BLESwift')
SwiftCompile normal arm64_32 /Users/admin/builder/spi-builder-workspace/Sources/BLESwiftProfiles/HeartRateMeasurement.swift (in target 'BLESwiftProfiles' from project 'BLESwift')
    cd /Users/admin/builder/spi-builder-workspace/.swiftpm/xcode

SwiftDriverJobDiscovery normal arm64 Compiling HeartRateMeasurement.swift (in target 'BLESwiftProfiles' from project 'BLESwift')
SwiftCompile normal arm64_32 Compiling\ GATTDateTime.swift /Users/admin/builder/spi-builder-workspace/Sources/BLESwiftProfiles/GATTDateTime.swift (in target 'BLESwiftProfiles' from project 'BLESwift')
SwiftCompile normal arm64_32 /Users/admin/builder/spi-builder-workspace/Sources/BLESwiftProfiles/GATTDateTime.swift (in target 'BLESwiftProfiles' from project 'BLESwift')
    cd /Users/admin/builder/spi-builder-workspace/.swiftpm/xcode

SwiftDriverJobDiscovery normal arm64 Compiling GATTDateTime.swift (in target 'BLESwiftProfiles' from project 'BLESwift')
SwiftCompile normal arm64_32 Compiling\ CurrentTime.swift /Users/admin/builder/spi-builder-workspace/Sources/BLESwiftProfiles/CurrentTime.swift (in target 'BLESwiftProfiles' from project 'BLESwift')
SwiftCompile normal arm64_32 /Users/admin/builder/spi-builder-workspace/Sources/BLESwiftProfiles/CurrentTime.swift (in target 'BLESwiftProfiles' from project 'BLESwift')
    cd /Users/admin/builder/spi-builder-workspace/.swiftpm/xcode

SwiftDriverJobDiscovery normal arm64_32 Compiling DeviceInformation.swift (in target 'BLESwiftProfiles' from project 'BLESwift')
SwiftCompile normal arm64 Compiling\ IEEE11073Float.swift /Users/admin/builder/spi-builder-workspace/Sources/BLESwiftProfiles/IEEE11073Float.swift (in target 'BLESwiftProfiles' from project 'BLESwift')
SwiftCompile normal arm64 /Users/admin/builder/spi-builder-workspace/Sources/BLESwiftProfiles/IEEE11073Float.swift (in target 'BLESwiftProfiles' from project 'BLESwift')
    cd /Users/admin/builder/spi-builder-workspace/.swiftpm/xcode

SwiftDriverJobDiscovery normal arm64_32 Compiling IEEE11073Float.swift (in target 'BLESwiftProfiles' from project 'BLESwift')
SwiftCompile normal arm64 Compiling\ TemperatureMeasurement.swift /Users/admin/builder/spi-builder-workspace/Sources/BLESwiftProfiles/TemperatureMeasurement.swift (in target 'BLESwiftProfiles' from project 'BLESwift')
SwiftCompile normal arm64 /Users/admin/builder/spi-builder-workspace/Sources/BLESwiftProfiles/TemperatureMeasurement.swift (in target 'BLESwiftProfiles' from project 'BLESwift')
    cd /Users/admin/builder/spi-builder-workspace/.swiftpm/xcode

SwiftDriverJobDiscovery normal arm64_32 Compiling CyclingPowerMeasurement.swift (in target 'BLESwiftProfiles' from project 'BLESwift')
SwiftDriverJobDiscovery normal arm64 Compiling Peripheral+Profiles.swift (in target 'BLESwiftProfiles' from project 'BLESwift')
SwiftDriver\ Compilation BLESwiftLink normal arm64_32 com.apple.xcode.tools.swift.compiler (in target 'BLESwiftLink' from project 'BLESwift')
    cd /Users/admin/builder/spi-builder-workspace/.swiftpm/xcode
    builtin-Swift-Compilation -- /Applications/Xcode-26.3.0.app/Contents/Developer/Toolchains/XcodeDefault.xctoolchain/usr/bin/swiftc -module-name BLESwiftLink -Onone -enforce-exclusivity\=checked @/Users/admin/builder/spi-builder-workspace/.derivedData/Build/Intermediates.noindex/BLESwift.build/Debug-watchos/BLESwiftLink.build/Objects-normal/arm64_32/BLESwiftLink.SwiftFileList -DSWIFT_PACKAGE -DDEBUG -DSWIFT_MODULE_RESOURCE_BUNDLE_AVAILABLE -DXcode -enable-upcoming-feature NonisolatedNonsendingByDefault -enable-upcoming-feature InferIsolatedConformances -enable-upcoming-feature MemberImportVisibility -plugin-path /Applications/Xcode-26.3.0.app/Contents/Developer/Toolchains/XcodeDefault.xctoolchain/usr/lib/swift/host/plugins/testing -enable-experimental-feature DebugDescriptionMacro -sdk /Applications/Xcode-26.3.0.app/Contents/Developer/Platforms/WatchOS.platform/Developer/SDKs/WatchOS26.2.sdk -target arm64_32-apple-watchos11.0 -g -module-cache-path /Users/admin/builder/spi-builder-workspace/.derivedData/ModuleCache.noindex -Xfrontend -serialize-debugging-options -profile-coverage-mapping -profile-generate -enable-testing -index-store-path /Users/admin/builder/spi-builder-workspace/.derivedData/Index.noindex/DataStore -Xcc -D_LIBCPP_HARDENING_MODE\=_LIBCPP_HARDENING_MODE_DEBUG -swift-version 6 -I /Users/admin/builder/spi-builder-workspace/.derivedData/Build/Products/Debug-watchos -Isystem /Applications/Xcode-26.3.0.app/Contents/Developer/Platforms/WatchOS.platform/Developer/usr/lib -F /Users/admin/builder/spi-builder-workspace/.derivedData/Build/Products/Debug-watchos/PackageFrameworks -F /Users/admin/builder/spi-builder-workspace/.derivedData/Build/Products/Debug-watchos/PackageFrameworks -F /Users/admin/builder/spi-builder-workspace/.derivedData/Build/Products/Debug-watchos -F /Applications/Xcode-26.3.0.app/Contents/Developer/Platforms/WatchOS.platform/Developer/Library/Frameworks -F /Applications/Xcode-26.3.0.app/Contents/Developer/Platforms/WatchOS.platform/Developer/SDKs/WatchOS26.2.sdk/Developer/Library/Frameworks -c -j10 -enable-batch-mode -incremental -Xcc -ivfsstatcache -Xcc /Users/admin/builder/spi-builder-workspace/.derivedData/SDKStatCaches.noindex/watchos26.2-23S303-dc75598d0054f22ec865fa860f139d721753b489057de6bda919edfa1c59a62b.sdkstatcache -output-file-map /Users/admin/builder/spi-builder-workspace/.derivedData/Build/Intermediates.noindex/BLESwift.build/Debug-watchos/BLESwiftLink.build/Objects-normal/arm64_32/BLESwiftLink-OutputFileMap.json -use-frontend-parseable-output -save-temps -no-color-diagnostics -explicit-module-build -module-cache-path /Users/admin/builder/spi-builder-workspace/.derivedData/Build/Intermediates.noindex/SwiftExplicitPrecompiledModules -clang-scanner-module-cache-path /Users/admin/builder/spi-builder-workspace/.derivedData/ModuleCache.noindex -sdk-module-cache-path /Users/admin/builder/spi-builder-workspace/.derivedData/ModuleCache.noindex -serialize-diagnostics -emit-dependencies -emit-module -emit-module-path /Users/admin/builder/spi-builder-workspace/.derivedData/Build/Intermediates.noindex/BLESwift.build/Debug-watchos/BLESwiftLink.build/Objects-normal/arm64_32/BLESwiftLink.swiftmodule -validate-clang-modules-once -clang-build-session-file /Users/admin/builder/spi-builder-workspace/.derivedData/ModuleCache.noindex/Session.modulevalidation -package-name spi_builder_workspace -Xcc -I/Users/admin/builder/spi-builder-workspace/.derivedData/Build/Intermediates.noindex/BLESwift.build/Debug-watchos/BLESwiftLink.build/swift-overrides.hmap -emit-const-values -Xfrontend -const-gather-protocols-file -Xfrontend /Users/admin/builder/spi-builder-workspace/.derivedData/Build/Intermediates.noindex/BLESwift.build/Debug-watchos/BLESwiftLink.build/Objects-normal/arm64_32/BLESwiftLink_const_extract_protocols.json -Xcc -I/Users/admin/builder/spi-builder-workspace/.derivedData/Build/Products/Debug-watchos/include -Xcc -I/Users/admin/builder/spi-builder-workspace/.derivedData/Build/Intermediates.noindex/BLESwift.build/Debug-watchos/BLESwiftLink.build/DerivedSources-normal/arm64_32 -Xcc -I/Users/admin/builder/spi-builder-workspace/.derivedData/Build/Intermediates.noindex/BLESwift.build/Debug-watchos/BLESwiftLink.build/DerivedSources/arm64_32 -Xcc -I/Users/admin/builder/spi-builder-workspace/.derivedData/Build/Intermediates.noindex/BLESwift.build/Debug-watchos/BLESwiftLink.build/DerivedSources -Xcc -DSWIFT_PACKAGE -Xcc -DDEBUG\=1 -emit-objc-header -emit-objc-header-path /Users/admin/builder/spi-builder-workspace/.derivedData/Build/Intermediates.noindex/BLESwift.build/Debug-watchos/BLESwiftLink.build/Objects-normal/arm64_32/BLESwiftLink-Swift.h -working-directory /Users/admin/builder/spi-builder-workspace/.swiftpm/xcode -experimental-emit-module-separately -disable-cmo
SwiftDriver\ Compilation BLESwiftLink normal arm64 com.apple.xcode.tools.swift.compiler (in target 'BLESwiftLink' from project 'BLESwift')
    cd /Users/admin/builder/spi-builder-workspace/.swiftpm/xcode
    builtin-Swift-Compilation -- /Applications/Xcode-26.3.0.app/Contents/Developer/Toolchains/XcodeDefault.xctoolchain/usr/bin/swiftc -module-name BLESwiftLink -Onone -enforce-exclusivity\=checked @/Users/admin/builder/spi-builder-workspace/.derivedData/Build/Intermediates.noindex/BLESwift.build/Debug-watchos/BLESwiftLink.build/Objects-normal/arm64/BLESwiftLink.SwiftFileList -DSWIFT_PACKAGE -DDEBUG -DSWIFT_MODULE_RESOURCE_BUNDLE_AVAILABLE -DXcode -enable-upcoming-feature NonisolatedNonsendingByDefault -enable-upcoming-feature InferIsolatedConformances -enable-upcoming-feature MemberImportVisibility -plugin-path /Applications/Xcode-26.3.0.app/Contents/Developer/Toolchains/XcodeDefault.xctoolchain/usr/lib/swift/host/plugins/testing -enable-experimental-feature DebugDescriptionMacro -sdk /Applications/Xcode-26.3.0.app/Contents/Developer/Platforms/WatchOS.platform/Developer/SDKs/WatchOS26.2.sdk -target arm64-apple-watchos11.0 -g -module-cache-path /Users/admin/builder/spi-builder-workspace/.derivedData/ModuleCache.noindex -Xfrontend -serialize-debugging-options -profile-coverage-mapping -profile-generate -enable-testing -index-store-path /Users/admin/builder/spi-builder-workspace/.derivedData/Index.noindex/DataStore -Xcc -D_LIBCPP_HARDENING_MODE\=_LIBCPP_HARDENING_MODE_DEBUG -swift-version 6 -I /Users/admin/builder/spi-builder-workspace/.derivedData/Build/Products/Debug-watchos -Isystem /Applications/Xcode-26.3.0.app/Contents/Developer/Platforms/WatchOS.platform/Developer/usr/lib -F /Users/admin/builder/spi-builder-workspace/.derivedData/Build/Products/Debug-watchos/PackageFrameworks -F /Users/admin/builder/spi-builder-workspace/.derivedData/Build/Products/Debug-watchos/PackageFrameworks -F /Users/admin/builder/spi-builder-workspace/.derivedData/Build/Products/Debug-watchos -F /Applications/Xcode-26.3.0.app/Contents/Developer/Platforms/WatchOS.platform/Developer/Library/Frameworks -F /Applications/Xcode-26.3.0.app/Contents/Developer/Platforms/WatchOS.platform/Developer/SDKs/WatchOS26.2.sdk/Developer/Library/Frameworks -c -j10 -enable-batch-mode -incremental -Xcc -ivfsstatcache -Xcc /Users/admin/builder/spi-builder-workspace/.derivedData/SDKStatCaches.noindex/watchos26.2-23S303-dc75598d0054f22ec865fa860f139d721753b489057de6bda919edfa1c59a62b.sdkstatcache -output-file-map /Users/admin/builder/spi-builder-workspace/.derivedData/Build/Intermediates.noindex/BLESwift.build/Debug-watchos/BLESwiftLink.build/Objects-normal/arm64/BLESwiftLink-OutputFileMap.json -use-frontend-parseable-output -save-temps -no-color-diagnostics -explicit-module-build -module-cache-path /Users/admin/builder/spi-builder-workspace/.derivedData/Build/Intermediates.noindex/SwiftExplicitPrecompiledModules -clang-scanner-module-cache-path /Users/admin/builder/spi-builder-workspace/.derivedData/ModuleCache.noindex -sdk-module-cache-path /Users/admin/builder/spi-builder-workspace/.derivedData/ModuleCache.noindex -serialize-diagnostics -emit-dependencies -emit-module -emit-module-path /Users/admin/builder/spi-builder-workspace/.derivedData/Build/Intermediates.noindex/BLESwift.build/Debug-watchos/BLESwiftLink.build/Objects-normal/arm64/BLESwiftLink.swiftmodule -validate-clang-modules-once -clang-build-session-file /Users/admin/builder/spi-builder-workspace/.derivedData/ModuleCache.noindex/Session.modulevalidation -package-name spi_builder_workspace -Xcc -I/Users/admin/builder/spi-builder-workspace/.derivedData/Build/Intermediates.noindex/BLESwift.build/Debug-watchos/BLESwiftLink.build/swift-overrides.hmap -emit-const-values -Xfrontend -const-gather-protocols-file -Xfrontend /Users/admin/builder/spi-builder-workspace/.derivedData/Build/Intermediates.noindex/BLESwift.build/Debug-watchos/BLESwiftLink.build/Objects-normal/arm64/BLESwiftLink_const_extract_protocols.json -Xcc -I/Users/admin/builder/spi-builder-workspace/.derivedData/Build/Products/Debug-watchos/include -Xcc -I/Users/admin/builder/spi-builder-workspace/.derivedData/Build/Intermediates.noindex/BLESwift.build/Debug-watchos/BLESwiftLink.build/DerivedSources-normal/arm64 -Xcc -I/Users/admin/builder/spi-builder-workspace/.derivedData/Build/Intermediates.noindex/BLESwift.build/Debug-watchos/BLESwiftLink.build/DerivedSources/arm64 -Xcc -I/Users/admin/builder/spi-builder-workspace/.derivedData/Build/Intermediates.noindex/BLESwift.build/Debug-watchos/BLESwiftLink.build/DerivedSources -Xcc -DSWIFT_PACKAGE -Xcc -DDEBUG\=1 -emit-objc-header -emit-objc-header-path /Users/admin/builder/spi-builder-workspace/.derivedData/Build/Intermediates.noindex/BLESwift.build/Debug-watchos/BLESwiftLink.build/Objects-normal/arm64/BLESwiftLink-Swift.h -working-directory /Users/admin/builder/spi-builder-workspace/.swiftpm/xcode -experimental-emit-module-separately -disable-cmo
SwiftDriverJobDiscovery normal arm64 Compiling resource_bundle_accessor.swift, BatteryLevel.swift (in target 'BLESwiftProfiles' from project 'BLESwift')
SwiftCompile normal arm64 Compiling\ Peripheral+Composite.swift,\ Peripheral+GATT.swift,\ Peripheral+L2CAP.swift,\ Peripheral+Notifications.swift,\ Peripheral.swift /Users/admin/builder/spi-builder-workspace/Sources/BLESwift/Connection/Peripheral+Composite.swift /Users/admin/builder/spi-builder-workspace/Sources/BLESwift/Connection/Peripheral+GATT.swift /Users/admin/builder/spi-builder-workspace/Sources/BLESwift/Connection/Peripheral+L2CAP.swift /Users/admin/builder/spi-builder-workspace/Sources/BLESwift/Connection/Peripheral+Notifications.swift /Users/admin/builder/spi-builder-workspace/Sources/BLESwift/Connection/Peripheral.swift (in target 'BLESwift' from project 'BLESwift')
SwiftCompile normal arm64 /Users/admin/builder/spi-builder-workspace/Sources/BLESwift/Connection/Peripheral+Composite.swift (in target 'BLESwift' from project 'BLESwift')
    cd /Users/admin/builder/spi-builder-workspace/.swiftpm/xcode

SwiftCompile normal arm64 /Users/admin/builder/spi-builder-workspace/Sources/BLESwift/Connection/Peripheral+GATT.swift (in target 'BLESwift' from project 'BLESwift')
    cd /Users/admin/builder/spi-builder-workspace/.swiftpm/xcode

SwiftCompile normal arm64 /Users/admin/builder/spi-builder-workspace/Sources/BLESwift/Connection/Peripheral+L2CAP.swift (in target 'BLESwift' from project 'BLESwift')
    cd /Users/admin/builder/spi-builder-workspace/.swiftpm/xcode

SwiftCompile normal arm64 /Users/admin/builder/spi-builder-workspace/Sources/BLESwift/Connection/Peripheral+Notifications.swift (in target 'BLESwift' from project 'BLESwift')
    cd /Users/admin/builder/spi-builder-workspace/.swiftpm/xcode

SwiftCompile normal arm64 /Users/admin/builder/spi-builder-workspace/Sources/BLESwift/Connection/Peripheral.swift (in target 'BLESwift' from project 'BLESwift')
    cd /Users/admin/builder/spi-builder-workspace/.swiftpm/xcode

SwiftCompile normal arm64_32 Compiling\ ConnectionEvent.swift,\ ConnectionState.swift,\ L2CAPChannel.swift,\ Peripheral+ANCS.swift,\ Peripheral+Chunked.swift /Users/admin/builder/spi-builder-workspace/Sources/BLESwift/Connection/ConnectionEvent.swift /Users/admin/builder/spi-builder-workspace/Sources/BLESwift/Connection/ConnectionState.swift /Users/admin/builder/spi-builder-workspace/Sources/BLESwift/Connection/L2CAPChannel.swift /Users/admin/builder/spi-builder-workspace/Sources/BLESwift/Connection/Peripheral+ANCS.swift /Users/admin/builder/spi-builder-workspace/Sources/BLESwift/Connection/Peripheral+Chunked.swift (in target 'BLESwift' from project 'BLESwift')
SwiftCompile normal arm64_32 /Users/admin/builder/spi-builder-workspace/Sources/BLESwift/Connection/ConnectionEvent.swift (in target 'BLESwift' from project 'BLESwift')
    cd /Users/admin/builder/spi-builder-workspace/.swiftpm/xcode

SwiftCompile normal arm64_32 /Users/admin/builder/spi-builder-workspace/Sources/BLESwift/Connection/ConnectionState.swift (in target 'BLESwift' from project 'BLESwift')
    cd /Users/admin/builder/spi-builder-workspace/.swiftpm/xcode

SwiftCompile normal arm64_32 /Users/admin/builder/spi-builder-workspace/Sources/BLESwift/Connection/L2CAPChannel.swift (in target 'BLESwift' from project 'BLESwift')
    cd /Users/admin/builder/spi-builder-workspace/.swiftpm/xcode

SwiftCompile normal arm64_32 /Users/admin/builder/spi-builder-workspace/Sources/BLESwift/Connection/Peripheral+ANCS.swift (in target 'BLESwift' from project 'BLESwift')
    cd /Users/admin/builder/spi-builder-workspace/.swiftpm/xcode

SwiftCompile normal arm64_32 /Users/admin/builder/spi-builder-workspace/Sources/BLESwift/Connection/Peripheral+Chunked.swift (in target 'BLESwift' from project 'BLESwift')
    cd /Users/admin/builder/spi-builder-workspace/.swiftpm/xcode

SwiftDriverJobDiscovery normal arm64_32 Compiling Peripheral+Profiles.swift (in target 'BLESwiftProfiles' from project 'BLESwift')
SwiftCompile normal arm64_32 Compiling\ resource_bundle_accessor.swift,\ Central+Retrieval.swift,\ Central.swift,\ Configuration.swift,\ BufferingPolicy.swift /Users/admin/builder/spi-builder-workspace/.derivedData/Build/Intermediates.noindex/BLESwift.build/Debug-watchos/BLESwift.build/DerivedSources/resource_bundle_accessor.swift /Users/admin/builder/spi-builder-workspace/Sources/BLESwift/Central+Retrieval.swift /Users/admin/builder/spi-builder-workspace/Sources/BLESwift/Central.swift /Users/admin/builder/spi-builder-workspace/Sources/BLESwift/Configuration/Configuration.swift /Users/admin/builder/spi-builder-workspace/Sources/BLESwift/Connection/BufferingPolicy.swift (in target 'BLESwift' from project 'BLESwift')
SwiftCompile normal arm64_32 /Users/admin/builder/spi-builder-workspace/.derivedData/Build/Intermediates.noindex/BLESwift.build/Debug-watchos/BLESwift.build/DerivedSources/resource_bundle_accessor.swift (in target 'BLESwift' from project 'BLESwift')
    cd /Users/admin/builder/spi-builder-workspace/.swiftpm/xcode

/Users/admin/builder/spi-builder-workspace/Sources/BLESwift/Central.swift:2406:28: error: sending 'peripheral' risks causing data races
                peripheral.discoverServices([service])
                ~~~~~~~~~~~^~~~~~~~~~~~~~~~~~~~~~~~~~~
/Users/admin/builder/spi-builder-workspace/Sources/BLESwift/Central.swift:2406:28: note: 'self'-isolated 'peripheral' is captured by a actor-isolated closure. actor-isolated uses in closure may race against later actor-isolated uses
                peripheral.discoverServices([service])
                ~~~~~~~~~~~^~~~~~~~~~~~~~~~~~~~~~~~~~~
/Users/admin/builder/spi-builder-workspace/Sources/BLESwift/Central.swift:2418:26: note: access can happen concurrently
        guard peripheral.isDiscovered(service) else {
              ~~~~~~~~~~~^~~~~~~~~~~~~~~~~~~~~
/Users/admin/builder/spi-builder-workspace/Sources/BLESwift/Central.swift:2442:28: error: sending 'peripheral' risks causing data races
                peripheral.discoverCharacteristics([characteristic], for: characteristic.service)
                ~~~~~~~~~~~^~~~~~~~~~~~~~~~~~~~~~~~~~~~~~~~~~~~~~~~~~~~~~~~~~~~~~~~~~~~~~~~~~~~~~
/Users/admin/builder/spi-builder-workspace/Sources/BLESwift/Central.swift:2442:28: note: 'self'-isolated 'peripheral' is captured by a actor-isolated closure. actor-isolated uses in closure may race against later actor-isolated uses
                peripheral.discoverCharacteristics([characteristic], for: characteristic.service)
                ~~~~~~~~~~~^~~~~~~~~~~~~~~~~~~~~~~~~~~~~~~~~~~~~~~~~~~~~~~~~~~~~~~~~~~~~~~~~~~~~~
/Users/admin/builder/spi-builder-workspace/Sources/BLESwift/Central.swift:2454:26: note: access can happen concurrently
        guard peripheral.isDiscovered(characteristic) else {
              ~~~~~~~~~~~^~~~~~~~~~~~~~~~~~~~~~~~~~~~
/Users/admin/builder/spi-builder-workspace/Sources/BLESwift/Central.swift:2490:28: error: sending 'peripheral' risks causing data races
                peripheral.discoverDescriptors(for: characteristic)
                ~~~~~~~~~~~^~~~~~~~~~~~~~~~~~~~~~~~~~~~~~~~~~~~~~~~
/Users/admin/builder/spi-builder-workspace/Sources/BLESwift/Central.swift:2490:28: note: 'self'-isolated 'peripheral' is captured by a actor-isolated closure. actor-isolated uses in closure may race against later actor-isolated uses
                peripheral.discoverDescriptors(for: characteristic)
                ~~~~~~~~~~~^~~~~~~~~~~~~~~~~~~~~~~~~~~~~~~~~~~~~~~~
/Users/admin/builder/spi-builder-workspace/Sources/BLESwift/Central.swift:2502:26: note: access can happen concurrently
        guard peripheral.isDiscovered(descriptor) else {
              ~~~~~~~~~~~^~~~~~~~~~~~~~~~~~~~~~~~
SwiftCompile normal arm64_32 /Users/admin/builder/spi-builder-workspace/Sources/BLESwift/Central+Retrieval.swift (in target 'BLESwift' from project 'BLESwift')
    cd /Users/admin/builder/spi-builder-workspace/.swiftpm/xcode

/Users/admin/builder/spi-builder-workspace/Sources/BLESwift/Central.swift:2406:28: error: sending 'peripheral' risks causing data races
                peripheral.discoverServices([service])
                ~~~~~~~~~~~^~~~~~~~~~~~~~~~~~~~~~~~~~~
/Users/admin/builder/spi-builder-workspace/Sources/BLESwift/Central.swift:2406:28: note: 'self'-isolated 'peripheral' is captured by a actor-isolated closure. actor-isolated uses in closure may race against later actor-isolated uses
                peripheral.discoverServices([service])
                ~~~~~~~~~~~^~~~~~~~~~~~~~~~~~~~~~~~~~~
/Users/admin/builder/spi-builder-workspace/Sources/BLESwift/Central.swift:2418:26: note: access can happen concurrently
        guard peripheral.isDiscovered(service) else {
              ~~~~~~~~~~~^~~~~~~~~~~~~~~~~~~~~
/Users/admin/builder/spi-builder-workspace/Sources/BLESwift/Central.swift:2442:28: error: sending 'peripheral' risks causing data races
                peripheral.discoverCharacteristics([characteristic], for: characteristic.service)
                ~~~~~~~~~~~^~~~~~~~~~~~~~~~~~~~~~~~~~~~~~~~~~~~~~~~~~~~~~~~~~~~~~~~~~~~~~~~~~~~~~
/Users/admin/builder/spi-builder-workspace/Sources/BLESwift/Central.swift:2442:28: note: 'self'-isolated 'peripheral' is captured by a actor-isolated closure. actor-isolated uses in closure may race against later actor-isolated uses
                peripheral.discoverCharacteristics([characteristic], for: characteristic.service)
                ~~~~~~~~~~~^~~~~~~~~~~~~~~~~~~~~~~~~~~~~~~~~~~~~~~~~~~~~~~~~~~~~~~~~~~~~~~~~~~~~~
/Users/admin/builder/spi-builder-workspace/Sources/BLESwift/Central.swift:2454:26: note: access can happen concurrently
        guard peripheral.isDiscovered(characteristic) else {
              ~~~~~~~~~~~^~~~~~~~~~~~~~~~~~~~~~~~~~~~
/Users/admin/builder/spi-builder-workspace/Sources/BLESwift/Central.swift:2490:28: error: sending 'peripheral' risks causing data races
                peripheral.discoverDescriptors(for: characteristic)
                ~~~~~~~~~~~^~~~~~~~~~~~~~~~~~~~~~~~~~~~~~~~~~~~~~~~
/Users/admin/builder/spi-builder-workspace/Sources/BLESwift/Central.swift:2490:28: note: 'self'-isolated 'peripheral' is captured by a actor-isolated closure. actor-isolated uses in closure may race against later actor-isolated uses
                peripheral.discoverDescriptors(for: characteristic)
                ~~~~~~~~~~~^~~~~~~~~~~~~~~~~~~~~~~~~~~~~~~~~~~~~~~~
/Users/admin/builder/spi-builder-workspace/Sources/BLESwift/Central.swift:2502:26: note: access can happen concurrently
        guard peripheral.isDiscovered(descriptor) else {
              ~~~~~~~~~~~^~~~~~~~~~~~~~~~~~~~~~~~
SwiftCompile normal arm64_32 /Users/admin/builder/spi-builder-workspace/Sources/BLESwift/Central.swift (in target 'BLESwift' from project 'BLESwift')
    cd /Users/admin/builder/spi-builder-workspace/.swiftpm/xcode

/Users/admin/builder/spi-builder-workspace/Sources/BLESwift/Central.swift:2406:28: error: sending 'peripheral' risks causing data races
                peripheral.discoverServices([service])
                ~~~~~~~~~~~^~~~~~~~~~~~~~~~~~~~~~~~~~~
/Users/admin/builder/spi-builder-workspace/Sources/BLESwift/Central.swift:2406:28: note: 'self'-isolated 'peripheral' is captured by a actor-isolated closure. actor-isolated uses in closure may race against later actor-isolated uses
                peripheral.discoverServices([service])
                ~~~~~~~~~~~^~~~~~~~~~~~~~~~~~~~~~~~~~~
/Users/admin/builder/spi-builder-workspace/Sources/BLESwift/Central.swift:2418:26: note: access can happen concurrently
        guard peripheral.isDiscovered(service) else {
              ~~~~~~~~~~~^~~~~~~~~~~~~~~~~~~~~
/Users/admin/builder/spi-builder-workspace/Sources/BLESwift/Central.swift:2442:28: error: sending 'peripheral' risks causing data races
                peripheral.discoverCharacteristics([characteristic], for: characteristic.service)
                ~~~~~~~~~~~^~~~~~~~~~~~~~~~~~~~~~~~~~~~~~~~~~~~~~~~~~~~~~~~~~~~~~~~~~~~~~~~~~~~~~
/Users/admin/builder/spi-builder-workspace/Sources/BLESwift/Central.swift:2442:28: note: 'self'-isolated 'peripheral' is captured by a actor-isolated closure. actor-isolated uses in closure may race against later actor-isolated uses
                peripheral.discoverCharacteristics([characteristic], for: characteristic.service)
                ~~~~~~~~~~~^~~~~~~~~~~~~~~~~~~~~~~~~~~~~~~~~~~~~~~~~~~~~~~~~~~~~~~~~~~~~~~~~~~~~~
/Users/admin/builder/spi-builder-workspace/Sources/BLESwift/Central.swift:2454:26: note: access can happen concurrently
        guard peripheral.isDiscovered(characteristic) else {
              ~~~~~~~~~~~^~~~~~~~~~~~~~~~~~~~~~~~~~~~
/Users/admin/builder/spi-builder-workspace/Sources/BLESwift/Central.swift:2490:28: error: sending 'peripheral' risks causing data races
                peripheral.discoverDescriptors(for: characteristic)
                ~~~~~~~~~~~^~~~~~~~~~~~~~~~~~~~~~~~~~~~~~~~~~~~~~~~
/Users/admin/builder/spi-builder-workspace/Sources/BLESwift/Central.swift:2490:28: note: 'self'-isolated 'peripheral' is captured by a actor-isolated closure. actor-isolated uses in closure may race against later actor-isolated uses
                peripheral.discoverDescriptors(for: characteristic)
                ~~~~~~~~~~~^~~~~~~~~~~~~~~~~~~~~~~~~~~~~~~~~~~~~~~~
/Users/admin/builder/spi-builder-workspace/Sources/BLESwift/Central.swift:2502:26: note: access can happen concurrently
        guard peripheral.isDiscovered(descriptor) else {
              ~~~~~~~~~~~^~~~~~~~~~~~~~~~~~~~~~~~
SwiftCompile normal arm64_32 /Users/admin/builder/spi-builder-workspace/Sources/BLESwift/Configuration/Configuration.swift (in target 'BLESwift' from project 'BLESwift')
    cd /Users/admin/builder/spi-builder-workspace/.swiftpm/xcode

/Users/admin/builder/spi-builder-workspace/Sources/BLESwift/Central.swift:2406:28: error: sending 'peripheral' risks causing data races
                peripheral.discoverServices([service])
                ~~~~~~~~~~~^~~~~~~~~~~~~~~~~~~~~~~~~~~
/Users/admin/builder/spi-builder-workspace/Sources/BLESwift/Central.swift:2406:28: note: 'self'-isolated 'peripheral' is captured by a actor-isolated closure. actor-isolated uses in closure may race against later actor-isolated uses
                peripheral.discoverServices([service])
                ~~~~~~~~~~~^~~~~~~~~~~~~~~~~~~~~~~~~~~
/Users/admin/builder/spi-builder-workspace/Sources/BLESwift/Central.swift:2418:26: note: access can happen concurrently
        guard peripheral.isDiscovered(service) else {
              ~~~~~~~~~~~^~~~~~~~~~~~~~~~~~~~~
/Users/admin/builder/spi-builder-workspace/Sources/BLESwift/Central.swift:2442:28: error: sending 'peripheral' risks causing data races
                peripheral.discoverCharacteristics([characteristic], for: characteristic.service)
                ~~~~~~~~~~~^~~~~~~~~~~~~~~~~~~~~~~~~~~~~~~~~~~~~~~~~~~~~~~~~~~~~~~~~~~~~~~~~~~~~~
/Users/admin/builder/spi-builder-workspace/Sources/BLESwift/Central.swift:2442:28: note: 'self'-isolated 'peripheral' is captured by a actor-isolated closure. actor-isolated uses in closure may race against later actor-isolated uses
                peripheral.discoverCharacteristics([characteristic], for: characteristic.service)
                ~~~~~~~~~~~^~~~~~~~~~~~~~~~~~~~~~~~~~~~~~~~~~~~~~~~~~~~~~~~~~~~~~~~~~~~~~~~~~~~~~
/Users/admin/builder/spi-builder-workspace/Sources/BLESwift/Central.swift:2454:26: note: access can happen concurrently
        guard peripheral.isDiscovered(characteristic) else {
              ~~~~~~~~~~~^~~~~~~~~~~~~~~~~~~~~~~~~~~~
/Users/admin/builder/spi-builder-workspace/Sources/BLESwift/Central.swift:2490:28: error: sending 'peripheral' risks causing data races
                peripheral.discoverDescriptors(for: characteristic)
                ~~~~~~~~~~~^~~~~~~~~~~~~~~~~~~~~~~~~~~~~~~~~~~~~~~~
/Users/admin/builder/spi-builder-workspace/Sources/BLESwift/Central.swift:2490:28: note: 'self'-isolated 'peripheral' is captured by a actor-isolated closure. actor-isolated uses in closure may race against later actor-isolated uses
                peripheral.discoverDescriptors(for: characteristic)
                ~~~~~~~~~~~^~~~~~~~~~~~~~~~~~~~~~~~~~~~~~~~~~~~~~~~
/Users/admin/builder/spi-builder-workspace/Sources/BLESwift/Central.swift:2502:26: note: access can happen concurrently
        guard peripheral.isDiscovered(descriptor) else {
              ~~~~~~~~~~~^~~~~~~~~~~~~~~~~~~~~~~~
SwiftCompile normal arm64_32 /Users/admin/builder/spi-builder-workspace/Sources/BLESwift/Connection/BufferingPolicy.swift (in target 'BLESwift' from project 'BLESwift')
    cd /Users/admin/builder/spi-builder-workspace/.swiftpm/xcode

/Users/admin/builder/spi-builder-workspace/Sources/BLESwift/Central.swift:2406:28: error: sending 'peripheral' risks causing data races
                peripheral.discoverServices([service])
                ~~~~~~~~~~~^~~~~~~~~~~~~~~~~~~~~~~~~~~
/Users/admin/builder/spi-builder-workspace/Sources/BLESwift/Central.swift:2406:28: note: 'self'-isolated 'peripheral' is captured by a actor-isolated closure. actor-isolated uses in closure may race against later actor-isolated uses
                peripheral.discoverServices([service])
                ~~~~~~~~~~~^~~~~~~~~~~~~~~~~~~~~~~~~~~
/Users/admin/builder/spi-builder-workspace/Sources/BLESwift/Central.swift:2418:26: note: access can happen concurrently
        guard peripheral.isDiscovered(service) else {
              ~~~~~~~~~~~^~~~~~~~~~~~~~~~~~~~~
/Users/admin/builder/spi-builder-workspace/Sources/BLESwift/Central.swift:2442:28: error: sending 'peripheral' risks causing data races
                peripheral.discoverCharacteristics([characteristic], for: characteristic.service)
                ~~~~~~~~~~~^~~~~~~~~~~~~~~~~~~~~~~~~~~~~~~~~~~~~~~~~~~~~~~~~~~~~~~~~~~~~~~~~~~~~~
/Users/admin/builder/spi-builder-workspace/Sources/BLESwift/Central.swift:2442:28: note: 'self'-isolated 'peripheral' is captured by a actor-isolated closure. actor-isolated uses in closure may race against later actor-isolated uses
                peripheral.discoverCharacteristics([characteristic], for: characteristic.service)
                ~~~~~~~~~~~^~~~~~~~~~~~~~~~~~~~~~~~~~~~~~~~~~~~~~~~~~~~~~~~~~~~~~~~~~~~~~~~~~~~~~
/Users/admin/builder/spi-builder-workspace/Sources/BLESwift/Central.swift:2454:26: note: access can happen concurrently
        guard peripheral.isDiscovered(characteristic) else {
              ~~~~~~~~~~~^~~~~~~~~~~~~~~~~~~~~~~~~~~~
/Users/admin/builder/spi-builder-workspace/Sources/BLESwift/Central.swift:2490:28: error: sending 'peripheral' risks causing data races
                peripheral.discoverDescriptors(for: characteristic)
                ~~~~~~~~~~~^~~~~~~~~~~~~~~~~~~~~~~~~~~~~~~~~~~~~~~~
/Users/admin/builder/spi-builder-workspace/Sources/BLESwift/Central.swift:2490:28: note: 'self'-isolated 'peripheral' is captured by a actor-isolated closure. actor-isolated uses in closure may race against later actor-isolated uses
                peripheral.discoverDescriptors(for: characteristic)
                ~~~~~~~~~~~^~~~~~~~~~~~~~~~~~~~~~~~~~~~~~~~~~~~~~~~
/Users/admin/builder/spi-builder-workspace/Sources/BLESwift/Central.swift:2502:26: note: access can happen concurrently
        guard peripheral.isDiscovered(descriptor) else {
              ~~~~~~~~~~~^~~~~~~~~~~~~~~~~~~~~~~~
Failed frontend command:
/Applications/Xcode-26.3.0.app/Contents/Developer/Toolchains/XcodeDefault.xctoolchain/usr/bin/swift-frontend -frontend -c -primary-file /Users/admin/builder/spi-builder-workspace/.derivedData/Build/Intermediates.noindex/BLESwift.build/Debug-watchos/BLESwift.build/DerivedSources/resource_bundle_accessor.swift -primary-file /Users/admin/builder/spi-builder-workspace/Sources/BLESwift/Central+Retrieval.swift -primary-file /Users/admin/builder/spi-builder-workspace/Sources/BLESwift/Central.swift -primary-file /Users/admin/builder/spi-builder-workspace/Sources/BLESwift/Configuration/Configuration.swift -primary-file /Users/admin/builder/spi-builder-workspace/Sources/BLESwift/Connection/BufferingPolicy.swift /Users/admin/builder/spi-builder-workspace/Sources/BLESwift/Connection/ConnectionEvent.swift /Users/admin/builder/spi-builder-workspace/Sources/BLESwift/Connection/ConnectionState.swift /Users/admin/builder/spi-builder-workspace/Sources/BLESwift/Connection/L2CAPChannel.swift /Users/admin/builder/spi-builder-workspace/Sources/BLESwift/Connection/Peripheral+ANCS.swift /Users/admin/builder/spi-builder-workspace/Sources/BLESwift/Connection/Peripheral+Chunked.swift /Users/admin/builder/spi-builder-workspace/Sources/BLESwift/Connection/Peripheral+Composite.swift /Users/admin/builder/spi-builder-workspace/Sources/BLESwift/Connection/Peripheral+GATT.swift /Users/admin/builder/spi-builder-workspace/Sources/BLESwift/Connection/Peripheral+L2CAP.swift /Users/admin/builder/spi-builder-workspace/Sources/BLESwift/Connection/Peripheral+Notifications.swift /Users/admin/builder/spi-builder-workspace/Sources/BLESwift/Connection/Peripheral.swift /Users/admin/builder/spi-builder-workspace/Sources/BLESwift/Connection/ReconnectPolicy.swift /Users/admin/builder/spi-builder-workspace/Sources/BLESwift/CoreBluetoothBackend/CBCentralManager+CentralManaging.swift /Users/admin/builder/spi-builder-workspace/Sources/BLESwift/CoreBluetoothBackend/CBL2CAPChannelTransport.swift /Users/admin/builder/spi-builder-workspace/Sources/BLESwift/CoreBluetoothBackend/CBPeripheral+PeripheralRemote.swift /Users/admin/builder/spi-builder-workspace/Sources/BLESwift/CoreBluetoothBackend/CBPeripheralManager+PeripheralManaging.swift /Users/admin/builder/spi-builder-workspace/Sources/BLESwift/CoreBluetoothBackend/CentralDelegateProxy.swift /Users/admin/builder/spi-builder-workspace/Sources/BLESwift/CoreBluetoothBackend/PeripheralDelegateProxy.swift /Users/admin/builder/spi-builder-workspace/Sources/BLESwift/CoreBluetoothBackend/PeripheralManagerDelegateProxy.swift /Users/admin/builder/spi-builder-workspace/Sources/BLESwift/CoreBluetoothBridging/ATTError+CB.swift /Users/admin/builder/spi-builder-workspace/Sources/BLESwift/CoreBluetoothBridging/AdvertisementData+CB.swift /Users/admin/builder/spi-builder-workspace/Sources/BLESwift/CoreBluetoothBridging/AttributePermissions+CB.swift /Users/admin/builder/spi-builder-workspace/Sources/BLESwift/CoreBluetoothBridging/BluetoothAuthorization+CB.swift /Users/admin/builder/spi-builder-workspace/Sources/BLESwift/CoreBluetoothBridging/CentralState+CB.swift /Users/admin/builder/spi-builder-workspace/Sources/BLESwift/CoreBluetoothBridging/CharacteristicProperties+CB.swift /Users/admin/builder/spi-builder-workspace/Sources/BLESwift/CoreBluetoothBridging/Identifiers+CBUUID.swift /Users/admin/builder/spi-builder-workspace/Sources/BLESwift/CoreBluetoothBridging/PeripheralConnectionState+CB.swift /Users/admin/builder/spi-builder-workspace/Sources/BLESwift/CoreBluetoothBridging/RestoredState+CB.swift /Users/admin/builder/spi-builder-workspace/Sources/BLESwift/CoreBluetoothBridging/WarningOptions+CB.swift /Users/admin/builder/spi-builder-workspace/Sources/BLESwift/CoreBluetoothBridging/WriteType+CB.swift /Users/admin/builder/spi-builder-workspace/Sources/BLESwift/Exports.swift /Users/admin/builder/spi-builder-workspace/Sources/BLESwift/Internal/ANCSAuthorizationRegistry.swift /Users/admin/builder/spi-builder-workspace/Sources/BLESwift/Internal/Broadcaster.swift /Users/admin/builder/spi-builder-workspace/Sources/BLESwift/Internal/ServiceChangesRegistry.swift /Users/admin/builder/spi-builder-workspace/Sources/BLESwift/Internal/ThrowingBroadcaster.swift /Users/admin/builder/spi-builder-workspace/Sources/BLESwift/Internal/WithTimeout.swift /Users/admin/builder/spi-builder-workspace/Sources/BLESwift/PeripheralHost.swift /Users/admin/builder/spi-builder-workspace/Sources/BLESwift/Restoration/PeripheralRestorationConfiguration.swift /Users/admin/builder/spi-builder-workspace/Sources/BLESwift/Restoration/PeripheralRestorationEvent.swift /Users/admin/builder/spi-builder-workspace/Sources/BLESwift/Restoration/RestorationConfiguration.swift /Users/admin/builder/spi-builder-workspace/Sources/BLESwift/Restoration/RestorationEvent.swift /Users/admin/builder/spi-builder-workspace/Sources/BLESwift/Restoration/UIKitStartupBackgroundTask.swift /Users/admin/builder/spi-builder-workspace/Sources/BLESwift/Scanning/ActiveScan.swift /Users/admin/builder/spi-builder-workspace/Sources/BLESwift/Scanning/ScanEvent.swift -supplementary-output-file-map /Users/admin/builder/spi-builder-workspace/.derivedData/Build/Intermediates.noindex/BLESwift.build/Debug-watchos/BLESwift.build/Objects-normal/arm64_32/supplementaryOutputs-1 -target arm64_32-apple-watchos11.0 -load-resolved-plugin /Applications/Xcode-26.3.0.app/Contents/Developer/Platforms/WatchOS.platform/Developer/usr/lib/swift/host/plugins/libFoundationMacros.dylib\#/Applications/Xcode-26.3.0.app/Contents/Developer/Platforms/WatchOS.platform/Developer/usr/bin/swift-plugin-server\#FoundationMacros -load-resolved-plugin /Applications/Xcode-26.3.0.app/Contents/Developer/Platforms/WatchOS.platform/Developer/usr/lib/swift/host/plugins/libObservationMacros.dylib\#/Applications/Xcode-26.3.0.app/Contents/Developer/Platforms/WatchOS.platform/Developer/usr/bin/swift-plugin-server\#ObservationMacros -load-resolved-plugin /Applications/Xcode-26.3.0.app/Contents/Developer/Platforms/WatchOS.platform/Developer/usr/lib/swift/host/plugins/libSwiftMacros.dylib\#/Applications/Xcode-26.3.0.app/Contents/Developer/Platforms/WatchOS.platform/Developer/usr/bin/swift-plugin-server\#SwiftMacros -disable-implicit-swift-modules -Xcc -fno-implicit-modules -Xcc -fno-implicit-module-maps -explicit-swift-module-map-file /Users/admin/builder/spi-builder-workspace/.derivedData/Build/Intermediates.noindex/BLESwift.build/Debug-watchos/BLESwift.build/Objects-normal/arm64_32/BLESwift-dependencies-1.json -enable-objc-interop -sdk /Applications/Xcode-26.3.0.app/Contents/Developer/Platforms/WatchOS.platform/Developer/SDKs/WatchOS26.2.sdk -I /Users/admin/builder/spi-builder-workspace/.derivedData/Build/Products/Debug-watchos -Isystem /Applications/Xcode-26.3.0.app/Contents/Developer/Platforms/WatchOS.platform/Developer/usr/lib -F /Users/admin/builder/spi-builder-workspace/.derivedData/Build/Products/Debug-watchos/PackageFrameworks -F /Users/admin/builder/spi-builder-workspace/.derivedData/Build/Products/Debug-watchos/PackageFrameworks -F /Users/admin/builder/spi-builder-workspace/.derivedData/Build/Products/Debug-watchos -F /Applications/Xcode-26.3.0.app/Contents/Developer/Platforms/WatchOS.platform/Developer/Library/Frameworks -F /Applications/Xcode-26.3.0.app/Contents/Developer/Platforms/WatchOS.platform/Developer/SDKs/WatchOS26.2.sdk/Developer/Library/Frameworks -no-color-diagnostics -Xcc -fno-color-diagnostics -enable-testing -g -debug-info-format\=dwarf -dwarf-version\=5 -module-cache-path /Users/admin/builder/spi-builder-workspace/.derivedData/Build/Intermediates.noindex/SwiftExplicitPrecompiledModules -profile-generate -profile-coverage-mapping -swift-version 6 -enforce-exclusivity\=checked -Onone -D SWIFT_PACKAGE -D DEBUG -D SWIFT_MODULE_RESOURCE_BUNDLE_AVAILABLE -D Xcode -serialize-debugging-options -const-gather-protocols-file /Users/admin/builder/spi-builder-workspace/.derivedData/Build/Intermediates.noindex/BLESwift.build/Debug-watchos/BLESwift.build/Objects-normal/arm64_32/BLESwift_const_extract_protocols.json -enable-upcoming-feature NonisolatedNonsendingByDefault -enable-upcoming-feature InferIsolatedConformances -enable-upcoming-feature MemberImportVisibility -enable-experimental-feature DebugDescriptionMacro -empty-abi-descriptor -validate-clang-modules-once -clang-build-session-file /Users/admin/builder/spi-builder-workspace/.derivedData/ModuleCache.noindex/Session.modulevalidation -Xcc -working-directory -Xcc /Users/admin/builder/spi-builder-workspace/.swiftpm/xcode -enable-anonymous-context-mangled-names -file-compilation-dir /Users/admin/builder/spi-builder-workspace/.swiftpm/xcode -Xcc -D_LIBCPP_HARDENING_MODE\=_LIBCPP_HARDENING_MODE_DEBUG -Xcc -ivfsstatcache -Xcc /Users/admin/builder/spi-builder-workspace/.derivedData/SDKStatCaches.noindex/watchos26.2-23S303-dc75598d0054f22ec865fa860f139d721753b489057de6bda919edfa1c59a62b.sdkstatcache -Xcc -I/Users/admin/builder/spi-builder-workspace/.derivedData/Build/Intermediates.noindex/BLESwift.build/Debug-watchos/BLESwift.build/swift-overrides.hmap -Xcc -I/Users/admin/builder/spi-builder-workspace/.derivedData/Build/Products/Debug-watchos/include -Xcc -I/Users/admin/builder/spi-builder-workspace/.derivedData/Build/Intermediates.noindex/BLESwift.build/Debug-watchos/BLESwift.build/DerivedSources-normal/arm64_32 -Xcc -I/Users/admin/builder/spi-builder-workspace/.derivedData/Build/Intermediates.noindex/BLESwift.build/Debug-watchos/BLESwift.build/DerivedSources/arm64_32 -Xcc -I/Users/admin/builder/spi-builder-workspace/.derivedData/Build/Intermediates.noindex/BLESwift.build/Debug-watchos/BLESwift.build/DerivedSources -Xcc -DSWIFT_PACKAGE -Xcc -DDEBUG\=1 -no-auto-bridging-header-chaining -module-name BLESwift -package-name spi_builder_workspace -frontend-parseable-output -disable-clang-spi -target-sdk-version 26.2 -target-sdk-name watchos26.2 -clang-target arm64_32-apple-watchos26.2 -in-process-plugin-server-path /Applications/Xcode-26.3.0.app/Contents/Developer/Toolchains/XcodeDefault.xctoolchain/usr/lib/swift/host/libSwiftInProcPluginServer.dylib -o /Users/admin/builder/spi-builder-workspace/.derivedData/Build/Intermediates.noindex/BLESwift.build/Debug-watchos/BLESwift.build/Objects-normal/arm64_32/resource_bundle_accessor.o -o /Users/admin/builder/spi-builder-workspace/.derivedData/Build/Intermediates.noindex/BLESwift.build/Debug-watchos/BLESwift.build/Objects-normal/arm64_32/Central+Retrieval.o -o /Users/admin/builder/spi-builder-workspace/.derivedData/Build/Intermediates.noindex/BLESwift.build/Debug-watchos/BLESwift.build/Objects-normal/arm64_32/Central.o -o /Users/admin/builder/spi-builder-workspace/.derivedData/Build/Intermediates.noindex/BLESwift.build/Debug-watchos/BLESwift.build/Objects-normal/arm64_32/Configuration.o -o /Users/admin/builder/spi-builder-workspace/.derivedData/Build/Intermediates.noindex/BLESwift.build/Debug-watchos/BLESwift.build/Objects-normal/arm64_32/BufferingPolicy.o -index-unit-output-path /BLESwift.build/Debug-watchos/BLESwift.build/Objects-normal/arm64_32/resource_bundle_accessor.o -index-unit-output-path /BLESwift.build/Debug-watchos/BLESwift.build/Objects-normal/arm64_32/Central+Retrieval.o -index-unit-output-path /BLESwift.build/Debug-watchos/BLESwift.build/Objects-normal/arm64_32/Central.o -index-unit-output-path /BLESwift.build/Debug-watchos/BLESwift.build/Objects-normal/arm64_32/Configuration.o -index-unit-output-path /BLESwift.build/Debug-watchos/BLESwift.build/Objects-normal/arm64_32/BufferingPolicy.o -index-store-path /Users/admin/builder/spi-builder-workspace/.derivedData/Index.noindex/DataStore -index-system-modules
SwiftCompile normal arm64_32 Compiling\ ANCSAuthorizationRegistry.swift,\ Broadcaster.swift,\ ServiceChangesRegistry.swift,\ ThrowingBroadcaster.swift,\ WithTimeout.swift /Users/admin/builder/spi-builder-workspace/Sources/BLESwift/Internal/ANCSAuthorizationRegistry.swift /Users/admin/builder/spi-builder-workspace/Sources/BLESwift/Internal/Broadcaster.swift /Users/admin/builder/spi-builder-workspace/Sources/BLESwift/Internal/ServiceChangesRegistry.swift /Users/admin/builder/spi-builder-workspace/Sources/BLESwift/Internal/ThrowingBroadcaster.swift /Users/admin/builder/spi-builder-workspace/Sources/BLESwift/Internal/WithTimeout.swift (in target 'BLESwift' from project 'BLESwift')
SwiftCompile normal arm64_32 /Users/admin/builder/spi-builder-workspace/Sources/BLESwift/Internal/ANCSAuthorizationRegistry.swift (in target 'BLESwift' from project 'BLESwift')
    cd /Users/admin/builder/spi-builder-workspace/.swiftpm/xcode

SwiftCompile normal arm64_32 /Users/admin/builder/spi-builder-workspace/Sources/BLESwift/Internal/Broadcaster.swift (in target 'BLESwift' from project 'BLESwift')
    cd /Users/admin/builder/spi-builder-workspace/.swiftpm/xcode

SwiftCompile normal arm64_32 /Users/admin/builder/spi-builder-workspace/Sources/BLESwift/Internal/ServiceChangesRegistry.swift (in target 'BLESwift' from project 'BLESwift')
    cd /Users/admin/builder/spi-builder-workspace/.swiftpm/xcode

SwiftCompile normal arm64_32 /Users/admin/builder/spi-builder-workspace/Sources/BLESwift/Internal/ThrowingBroadcaster.swift (in target 'BLESwift' from project 'BLESwift')
    cd /Users/admin/builder/spi-builder-workspace/.swiftpm/xcode

SwiftCompile normal arm64_32 /Users/admin/builder/spi-builder-workspace/Sources/BLESwift/Internal/WithTimeout.swift (in target 'BLESwift' from project 'BLESwift')
    cd /Users/admin/builder/spi-builder-workspace/.swiftpm/xcode

SwiftDriverJobDiscovery normal arm64 Compiling CurrentTime.swift (in target 'BLESwiftProfiles' from project 'BLESwift')
SwiftCompile normal arm64 Compiling\ PeripheralHost.swift,\ PeripheralRestorationConfiguration.swift,\ PeripheralRestorationEvent.swift,\ RestorationConfiguration.swift /Users/admin/builder/spi-builder-workspace/Sources/BLESwift/PeripheralHost.swift /Users/admin/builder/spi-builder-workspace/Sources/BLESwift/Restoration/PeripheralRestorationConfiguration.swift /Users/admin/builder/spi-builder-workspace/Sources/BLESwift/Restoration/PeripheralRestorationEvent.swift /Users/admin/builder/spi-builder-workspace/Sources/BLESwift/Restoration/RestorationConfiguration.swift (in target 'BLESwift' from project 'BLESwift')
SwiftCompile normal arm64 /Users/admin/builder/spi-builder-workspace/Sources/BLESwift/PeripheralHost.swift (in target 'BLESwift' from project 'BLESwift')
    cd /Users/admin/builder/spi-builder-workspace/.swiftpm/xcode

SwiftCompile normal arm64 /Users/admin/builder/spi-builder-workspace/Sources/BLESwift/Restoration/PeripheralRestorationConfiguration.swift (in target 'BLESwift' from project 'BLESwift')
    cd /Users/admin/builder/spi-builder-workspace/.swiftpm/xcode

SwiftCompile normal arm64 /Users/admin/builder/spi-builder-workspace/Sources/BLESwift/Restoration/PeripheralRestorationEvent.swift (in target 'BLESwift' from project 'BLESwift')
    cd /Users/admin/builder/spi-builder-workspace/.swiftpm/xcode

SwiftCompile normal arm64 /Users/admin/builder/spi-builder-workspace/Sources/BLESwift/Restoration/RestorationConfiguration.swift (in target 'BLESwift' from project 'BLESwift')
    cd /Users/admin/builder/spi-builder-workspace/.swiftpm/xcode

SwiftDriverJobDiscovery normal arm64_32 Compiling HeartRateMeasurement.swift (in target 'BLESwiftProfiles' from project 'BLESwift')
SwiftCompile normal arm64 Compiling\ resource_bundle_accessor.swift,\ Central+Retrieval.swift,\ Central.swift,\ Configuration.swift,\ BufferingPolicy.swift /Users/admin/builder/spi-builder-workspace/.derivedData/Build/Intermediates.noindex/BLESwift.build/Debug-watchos/BLESwift.build/DerivedSources/resource_bundle_accessor.swift /Users/admin/builder/spi-builder-workspace/Sources/BLESwift/Central+Retrieval.swift /Users/admin/builder/spi-builder-workspace/Sources/BLESwift/Central.swift /Users/admin/builder/spi-builder-workspace/Sources/BLESwift/Configuration/Configuration.swift /Users/admin/builder/spi-builder-workspace/Sources/BLESwift/Connection/BufferingPolicy.swift (in target 'BLESwift' from project 'BLESwift')
SwiftCompile normal arm64 /Users/admin/builder/spi-builder-workspace/.derivedData/Build/Intermediates.noindex/BLESwift.build/Debug-watchos/BLESwift.build/DerivedSources/resource_bundle_accessor.swift (in target 'BLESwift' from project 'BLESwift')
    cd /Users/admin/builder/spi-builder-workspace/.swiftpm/xcode

SwiftCompile normal arm64 /Users/admin/builder/spi-builder-workspace/Sources/BLESwift/Central+Retrieval.swift (in target 'BLESwift' from project 'BLESwift')
    cd /Users/admin/builder/spi-builder-workspace/.swiftpm/xcode

SwiftCompile normal arm64 /Users/admin/builder/spi-builder-workspace/Sources/BLESwift/Central.swift (in target 'BLESwift' from project 'BLESwift')
    cd /Users/admin/builder/spi-builder-workspace/.swiftpm/xcode

SwiftCompile normal arm64 /Users/admin/builder/spi-builder-workspace/Sources/BLESwift/Configuration/Configuration.swift (in target 'BLESwift' from project 'BLESwift')
    cd /Users/admin/builder/spi-builder-workspace/.swiftpm/xcode

SwiftCompile normal arm64 /Users/admin/builder/spi-builder-workspace/Sources/BLESwift/Connection/BufferingPolicy.swift (in target 'BLESwift' from project 'BLESwift')
    cd /Users/admin/builder/spi-builder-workspace/.swiftpm/xcode

SwiftDriverJobDiscovery normal arm64 Compiling TemperatureMeasurement.swift (in target 'BLESwiftProfiles' from project 'BLESwift')
SwiftCompile normal arm64 Compiling\ RestorationEvent.swift,\ UIKitStartupBackgroundTask.swift,\ ActiveScan.swift,\ ScanEvent.swift /Users/admin/builder/spi-builder-workspace/Sources/BLESwift/Restoration/RestorationEvent.swift /Users/admin/builder/spi-builder-workspace/Sources/BLESwift/Restoration/UIKitStartupBackgroundTask.swift /Users/admin/builder/spi-builder-workspace/Sources/BLESwift/Scanning/ActiveScan.swift /Users/admin/builder/spi-builder-workspace/Sources/BLESwift/Scanning/ScanEvent.swift (in target 'BLESwift' from project 'BLESwift')
SwiftCompile normal arm64 /Users/admin/builder/spi-builder-workspace/Sources/BLESwift/Restoration/RestorationEvent.swift (in target 'BLESwift' from project 'BLESwift')
    cd /Users/admin/builder/spi-builder-workspace/.swiftpm/xcode

SwiftCompile normal arm64 /Users/admin/builder/spi-builder-workspace/Sources/BLESwift/Restoration/UIKitStartupBackgroundTask.swift (in target 'BLESwift' from project 'BLESwift')
    cd /Users/admin/builder/spi-builder-workspace/.swiftpm/xcode

SwiftCompile normal arm64 /Users/admin/builder/spi-builder-workspace/Sources/BLESwift/Scanning/ActiveScan.swift (in target 'BLESwift' from project 'BLESwift')
    cd /Users/admin/builder/spi-builder-workspace/.swiftpm/xcode

SwiftCompile normal arm64 /Users/admin/builder/spi-builder-workspace/Sources/BLESwift/Scanning/ScanEvent.swift (in target 'BLESwift' from project 'BLESwift')
    cd /Users/admin/builder/spi-builder-workspace/.swiftpm/xcode

SwiftDriverJobDiscovery normal arm64 Compiling CyclingPowerMeasurement.swift (in target 'BLESwiftProfiles' from project 'BLESwift')
SwiftCompile normal arm64 Compiling\ CentralDelegateProxy.swift,\ PeripheralDelegateProxy.swift,\ PeripheralManagerDelegateProxy.swift,\ ATTError+CB.swift,\ AdvertisementData+CB.swift /Users/admin/builder/spi-builder-workspace/Sources/BLESwift/CoreBluetoothBackend/CentralDelegateProxy.swift /Users/admin/builder/spi-builder-workspace/Sources/BLESwift/CoreBluetoothBackend/PeripheralDelegateProxy.swift /Users/admin/builder/spi-builder-workspace/Sources/BLESwift/CoreBluetoothBackend/PeripheralManagerDelegateProxy.swift /Users/admin/builder/spi-builder-workspace/Sources/BLESwift/CoreBluetoothBridging/ATTError+CB.swift /Users/admin/builder/spi-builder-workspace/Sources/BLESwift/CoreBluetoothBridging/AdvertisementData+CB.swift (in target 'BLESwift' from project 'BLESwift')
SwiftCompile normal arm64 /Users/admin/builder/spi-builder-workspace/Sources/BLESwift/CoreBluetoothBackend/CentralDelegateProxy.swift (in target 'BLESwift' from project 'BLESwift')
    cd /Users/admin/builder/spi-builder-workspace/.swiftpm/xcode

SwiftCompile normal arm64 /Users/admin/builder/spi-builder-workspace/Sources/BLESwift/CoreBluetoothBackend/PeripheralDelegateProxy.swift (in target 'BLESwift' from project 'BLESwift')
    cd /Users/admin/builder/spi-builder-workspace/.swiftpm/xcode

SwiftCompile normal arm64 /Users/admin/builder/spi-builder-workspace/Sources/BLESwift/CoreBluetoothBackend/PeripheralManagerDelegateProxy.swift (in target 'BLESwift' from project 'BLESwift')
    cd /Users/admin/builder/spi-builder-workspace/.swiftpm/xcode

SwiftCompile normal arm64 /Users/admin/builder/spi-builder-workspace/Sources/BLESwift/CoreBluetoothBridging/ATTError+CB.swift (in target 'BLESwift' from project 'BLESwift')
    cd /Users/admin/builder/spi-builder-workspace/.swiftpm/xcode

SwiftCompile normal arm64 /Users/admin/builder/spi-builder-workspace/Sources/BLESwift/CoreBluetoothBridging/AdvertisementData+CB.swift (in target 'BLESwift' from project 'BLESwift')
    cd /Users/admin/builder/spi-builder-workspace/.swiftpm/xcode

SwiftDriverJobDiscovery normal arm64_32 Compiling GATTDateTime.swift (in target 'BLESwiftProfiles' from project 'BLESwift')
SwiftCompile normal arm64_32 Compiling\ ReconnectPolicy.swift,\ CBCentralManager+CentralManaging.swift,\ CBL2CAPChannelTransport.swift,\ CBPeripheral+PeripheralRemote.swift,\ CBPeripheralManager+PeripheralManaging.swift /Users/admin/builder/spi-builder-workspace/Sources/BLESwift/Connection/ReconnectPolicy.swift /Users/admin/builder/spi-builder-workspace/Sources/BLESwift/CoreBluetoothBackend/CBCentralManager+CentralManaging.swift /Users/admin/builder/spi-builder-workspace/Sources/BLESwift/CoreBluetoothBackend/CBL2CAPChannelTransport.swift /Users/admin/builder/spi-builder-workspace/Sources/BLESwift/CoreBluetoothBackend/CBPeripheral+PeripheralRemote.swift /Users/admin/builder/spi-builder-workspace/Sources/BLESwift/CoreBluetoothBackend/CBPeripheralManager+PeripheralManaging.swift (in target 'BLESwift' from project 'BLESwift')
SwiftCompile normal arm64_32 /Users/admin/builder/spi-builder-workspace/Sources/BLESwift/Connection/ReconnectPolicy.swift (in target 'BLESwift' from project 'BLESwift')
    cd /Users/admin/builder/spi-builder-workspace/.swiftpm/xcode

SwiftCompile normal arm64_32 /Users/admin/builder/spi-builder-workspace/Sources/BLESwift/CoreBluetoothBackend/CBCentralManager+CentralManaging.swift (in target 'BLESwift' from project 'BLESwift')
    cd /Users/admin/builder/spi-builder-workspace/.swiftpm/xcode

SwiftCompile normal arm64_32 /Users/admin/builder/spi-builder-workspace/Sources/BLESwift/CoreBluetoothBackend/CBL2CAPChannelTransport.swift (in target 'BLESwift' from project 'BLESwift')
    cd /Users/admin/builder/spi-builder-workspace/.swiftpm/xcode

SwiftCompile normal arm64_32 /Users/admin/builder/spi-builder-workspace/Sources/BLESwift/CoreBluetoothBackend/CBPeripheral+PeripheralRemote.swift (in target 'BLESwift' from project 'BLESwift')
    cd /Users/admin/builder/spi-builder-workspace/.swiftpm/xcode

SwiftCompile normal arm64_32 /Users/admin/builder/spi-builder-workspace/Sources/BLESwift/CoreBluetoothBackend/CBPeripheralManager+PeripheralManaging.swift (in target 'BLESwift' from project 'BLESwift')
    cd /Users/admin/builder/spi-builder-workspace/.swiftpm/xcode

SwiftDriverJobDiscovery normal arm64 Compiling Peripheral+Composite.swift, Peripheral+GATT.swift, Peripheral+L2CAP.swift, Peripheral+Notifications.swift, Peripheral.swift (in target 'BLESwift' from project 'BLESwift')
SwiftCompile normal arm64_32 Compiling\ PeripheralConnectionState+CB.swift,\ RestoredState+CB.swift,\ WarningOptions+CB.swift,\ WriteType+CB.swift,\ Exports.swift /Users/admin/builder/spi-builder-workspace/Sources/BLESwift/CoreBluetoothBridging/PeripheralConnectionState+CB.swift /Users/admin/builder/spi-builder-workspace/Sources/BLESwift/CoreBluetoothBridging/RestoredState+CB.swift /Users/admin/builder/spi-builder-workspace/Sources/BLESwift/CoreBluetoothBridging/WarningOptions+CB.swift /Users/admin/builder/spi-builder-workspace/Sources/BLESwift/CoreBluetoothBridging/WriteType+CB.swift /Users/admin/builder/spi-builder-workspace/Sources/BLESwift/Exports.swift (in target 'BLESwift' from project 'BLESwift')
SwiftCompile normal arm64_32 /Users/admin/builder/spi-builder-workspace/Sources/BLESwift/CoreBluetoothBridging/PeripheralConnectionState+CB.swift (in target 'BLESwift' from project 'BLESwift')
    cd /Users/admin/builder/spi-builder-workspace/.swiftpm/xcode

SwiftCompile normal arm64_32 /Users/admin/builder/spi-builder-workspace/Sources/BLESwift/CoreBluetoothBridging/RestoredState+CB.swift (in target 'BLESwift' from project 'BLESwift')
    cd /Users/admin/builder/spi-builder-workspace/.swiftpm/xcode

SwiftCompile normal arm64_32 /Users/admin/builder/spi-builder-workspace/Sources/BLESwift/CoreBluetoothBridging/WarningOptions+CB.swift (in target 'BLESwift' from project 'BLESwift')
    cd /Users/admin/builder/spi-builder-workspace/.swiftpm/xcode

SwiftCompile normal arm64_32 /Users/admin/builder/spi-builder-workspace/Sources/BLESwift/CoreBluetoothBridging/WriteType+CB.swift (in target 'BLESwift' from project 'BLESwift')
    cd /Users/admin/builder/spi-builder-workspace/.swiftpm/xcode

SwiftCompile normal arm64_32 /Users/admin/builder/spi-builder-workspace/Sources/BLESwift/Exports.swift (in target 'BLESwift' from project 'BLESwift')
    cd /Users/admin/builder/spi-builder-workspace/.swiftpm/xcode

SwiftDriverJobDiscovery normal arm64_32 Compiling CurrentTime.swift (in target 'BLESwiftProfiles' from project 'BLESwift')
SwiftCompile normal arm64_32 Compiling\ AttributePermissions+CB.swift,\ BluetoothAuthorization+CB.swift,\ CentralState+CB.swift,\ CharacteristicProperties+CB.swift,\ Identifiers+CBUUID.swift /Users/admin/builder/spi-builder-workspace/Sources/BLESwift/CoreBluetoothBridging/AttributePermissions+CB.swift /Users/admin/builder/spi-builder-workspace/Sources/BLESwift/CoreBluetoothBridging/BluetoothAuthorization+CB.swift /Users/admin/builder/spi-builder-workspace/Sources/BLESwift/CoreBluetoothBridging/CentralState+CB.swift /Users/admin/builder/spi-builder-workspace/Sources/BLESwift/CoreBluetoothBridging/CharacteristicProperties+CB.swift /Users/admin/builder/spi-builder-workspace/Sources/BLESwift/CoreBluetoothBridging/Identifiers+CBUUID.swift (in target 'BLESwift' from project 'BLESwift')
SwiftCompile normal arm64_32 /Users/admin/builder/spi-builder-workspace/Sources/BLESwift/CoreBluetoothBridging/AttributePermissions+CB.swift (in target 'BLESwift' from project 'BLESwift')
    cd /Users/admin/builder/spi-builder-workspace/.swiftpm/xcode

SwiftCompile normal arm64_32 /Users/admin/builder/spi-builder-workspace/Sources/BLESwift/CoreBluetoothBridging/BluetoothAuthorization+CB.swift (in target 'BLESwift' from project 'BLESwift')
    cd /Users/admin/builder/spi-builder-workspace/.swiftpm/xcode

SwiftCompile normal arm64_32 /Users/admin/builder/spi-builder-workspace/Sources/BLESwift/CoreBluetoothBridging/CentralState+CB.swift (in target 'BLESwift' from project 'BLESwift')
    cd /Users/admin/builder/spi-builder-workspace/.swiftpm/xcode

SwiftCompile normal arm64_32 /Users/admin/builder/spi-builder-workspace/Sources/BLESwift/CoreBluetoothBridging/CharacteristicProperties+CB.swift (in target 'BLESwift' from project 'BLESwift')
    cd /Users/admin/builder/spi-builder-workspace/.swiftpm/xcode

SwiftCompile normal arm64_32 /Users/admin/builder/spi-builder-workspace/Sources/BLESwift/CoreBluetoothBridging/Identifiers+CBUUID.swift (in target 'BLESwift' from project 'BLESwift')
    cd /Users/admin/builder/spi-builder-workspace/.swiftpm/xcode

SwiftDriverJobDiscovery normal arm64_32 Compiling ConnectionEvent.swift, ConnectionState.swift, L2CAPChannel.swift, Peripheral+ANCS.swift, Peripheral+Chunked.swift (in target 'BLESwift' from project 'BLESwift')
SwiftDriver\ Compilation BLESwiftProfiles normal arm64_32 com.apple.xcode.tools.swift.compiler (in target 'BLESwiftProfiles' from project 'BLESwift')
    cd /Users/admin/builder/spi-builder-workspace/.swiftpm/xcode
    builtin-Swift-Compilation -- /Applications/Xcode-26.3.0.app/Contents/Developer/Toolchains/XcodeDefault.xctoolchain/usr/bin/swiftc -module-name BLESwiftProfiles -Onone -enforce-exclusivity\=checked @/Users/admin/builder/spi-builder-workspace/.derivedData/Build/Intermediates.noindex/BLESwift.build/Debug-watchos/BLESwiftProfiles.build/Objects-normal/arm64_32/BLESwiftProfiles.SwiftFileList -DSWIFT_PACKAGE -DDEBUG -DSWIFT_MODULE_RESOURCE_BUNDLE_AVAILABLE -DXcode -enable-upcoming-feature NonisolatedNonsendingByDefault -enable-upcoming-feature InferIsolatedConformances -enable-upcoming-feature MemberImportVisibility -plugin-path /Applications/Xcode-26.3.0.app/Contents/Developer/Toolchains/XcodeDefault.xctoolchain/usr/lib/swift/host/plugins/testing -enable-experimental-feature DebugDescriptionMacro -sdk /Applications/Xcode-26.3.0.app/Contents/Developer/Platforms/WatchOS.platform/Developer/SDKs/WatchOS26.2.sdk -target arm64_32-apple-watchos11.0 -g -module-cache-path /Users/admin/builder/spi-builder-workspace/.derivedData/ModuleCache.noindex -Xfrontend -serialize-debugging-options -profile-coverage-mapping -profile-generate -enable-testing -index-store-path /Users/admin/builder/spi-builder-workspace/.derivedData/Index.noindex/DataStore -Xcc -D_LIBCPP_HARDENING_MODE\=_LIBCPP_HARDENING_MODE_DEBUG -swift-version 6 -I /Users/admin/builder/spi-builder-workspace/.derivedData/Build/Products/Debug-watchos -Isystem /Applications/Xcode-26.3.0.app/Contents/Developer/Platforms/WatchOS.platform/Developer/usr/lib -F /Users/admin/builder/spi-builder-workspace/.derivedData/Build/Products/Debug-watchos/PackageFrameworks -F /Users/admin/builder/spi-builder-workspace/.derivedData/Build/Products/Debug-watchos/PackageFrameworks -F /Users/admin/builder/spi-builder-workspace/.derivedData/Build/Products/Debug-watchos/PackageFrameworks -F /Users/admin/builder/spi-builder-workspace/.derivedData/Build/Products/Debug-watchos -F /Applications/Xcode-26.3.0.app/Contents/Developer/Platforms/WatchOS.platform/Developer/Library/Frameworks -F /Applications/Xcode-26.3.0.app/Contents/Developer/Platforms/WatchOS.platform/Developer/SDKs/WatchOS26.2.sdk/Developer/Library/Frameworks -c -j10 -enable-batch-mode -incremental -Xcc -ivfsstatcache -Xcc /Users/admin/builder/spi-builder-workspace/.derivedData/SDKStatCaches.noindex/watchos26.2-23S303-dc75598d0054f22ec865fa860f139d721753b489057de6bda919edfa1c59a62b.sdkstatcache -output-file-map /Users/admin/builder/spi-builder-workspace/.derivedData/Build/Intermediates.noindex/BLESwift.build/Debug-watchos/BLESwiftProfiles.build/Objects-normal/arm64_32/BLESwiftProfiles-OutputFileMap.json -use-frontend-parseable-output -save-temps -no-color-diagnostics -explicit-module-build -module-cache-path /Users/admin/builder/spi-builder-workspace/.derivedData/Build/Intermediates.noindex/SwiftExplicitPrecompiledModules -clang-scanner-module-cache-path /Users/admin/builder/spi-builder-workspace/.derivedData/ModuleCache.noindex -sdk-module-cache-path /Users/admin/builder/spi-builder-workspace/.derivedData/ModuleCache.noindex -serialize-diagnostics -emit-dependencies -emit-module -emit-module-path /Users/admin/builder/spi-builder-workspace/.derivedData/Build/Intermediates.noindex/BLESwift.build/Debug-watchos/BLESwiftProfiles.build/Objects-normal/arm64_32/BLESwiftProfiles.swiftmodule -validate-clang-modules-once -clang-build-session-file /Users/admin/builder/spi-builder-workspace/.derivedData/ModuleCache.noindex/Session.modulevalidation -package-name spi_builder_workspace -Xcc -I/Users/admin/builder/spi-builder-workspace/.derivedData/Build/Intermediates.noindex/BLESwift.build/Debug-watchos/BLESwiftProfiles.build/swift-overrides.hmap -emit-const-values -Xfrontend -const-gather-protocols-file -Xfrontend /Users/admin/builder/spi-builder-workspace/.derivedData/Build/Intermediates.noindex/BLESwift.build/Debug-watchos/BLESwiftProfiles.build/Objects-normal/arm64_32/BLESwiftProfiles_const_extract_protocols.json -Xcc -I/Users/admin/builder/spi-builder-workspace/.derivedData/Build/Products/Debug-watchos/include -Xcc -I/Users/admin/builder/spi-builder-workspace/.derivedData/Build/Intermediates.noindex/BLESwift.build/Debug-watchos/BLESwiftProfiles.build/DerivedSources-normal/arm64_32 -Xcc -I/Users/admin/builder/spi-builder-workspace/.derivedData/Build/Intermediates.noindex/BLESwift.build/Debug-watchos/BLESwiftProfiles.build/DerivedSources/arm64_32 -Xcc -I/Users/admin/builder/spi-builder-workspace/.derivedData/Build/Intermediates.noindex/BLESwift.build/Debug-watchos/BLESwiftProfiles.build/DerivedSources -Xcc -DSWIFT_PACKAGE -Xcc -DDEBUG\=1 -emit-objc-header -emit-objc-header-path /Users/admin/builder/spi-builder-workspace/.derivedData/Build/Intermediates.noindex/BLESwift.build/Debug-watchos/BLESwiftProfiles.build/Objects-normal/arm64_32/BLESwiftProfiles-Swift.h -working-directory /Users/admin/builder/spi-builder-workspace/.swiftpm/xcode -experimental-emit-module-separately -disable-cmo
SwiftDriverJobDiscovery normal arm64 Compiling IEEE11073Float.swift (in target 'BLESwiftProfiles' from project 'BLESwift')
SwiftDriver\ Compilation BLESwiftProfiles normal arm64 com.apple.xcode.tools.swift.compiler (in target 'BLESwiftProfiles' from project 'BLESwift')
    cd /Users/admin/builder/spi-builder-workspace/.swiftpm/xcode
    builtin-Swift-Compilation -- /Applications/Xcode-26.3.0.app/Contents/Developer/Toolchains/XcodeDefault.xctoolchain/usr/bin/swiftc -module-name BLESwiftProfiles -Onone -enforce-exclusivity\=checked @/Users/admin/builder/spi-builder-workspace/.derivedData/Build/Intermediates.noindex/BLESwift.build/Debug-watchos/BLESwiftProfiles.build/Objects-normal/arm64/BLESwiftProfiles.SwiftFileList -DSWIFT_PACKAGE -DDEBUG -DSWIFT_MODULE_RESOURCE_BUNDLE_AVAILABLE -DXcode -enable-upcoming-feature NonisolatedNonsendingByDefault -enable-upcoming-feature InferIsolatedConformances -enable-upcoming-feature MemberImportVisibility -plugin-path /Applications/Xcode-26.3.0.app/Contents/Developer/Toolchains/XcodeDefault.xctoolchain/usr/lib/swift/host/plugins/testing -enable-experimental-feature DebugDescriptionMacro -sdk /Applications/Xcode-26.3.0.app/Contents/Developer/Platforms/WatchOS.platform/Developer/SDKs/WatchOS26.2.sdk -target arm64-apple-watchos11.0 -g -module-cache-path /Users/admin/builder/spi-builder-workspace/.derivedData/ModuleCache.noindex -Xfrontend -serialize-debugging-options -profile-coverage-mapping -profile-generate -enable-testing -index-store-path /Users/admin/builder/spi-builder-workspace/.derivedData/Index.noindex/DataStore -Xcc -D_LIBCPP_HARDENING_MODE\=_LIBCPP_HARDENING_MODE_DEBUG -swift-version 6 -I /Users/admin/builder/spi-builder-workspace/.derivedData/Build/Products/Debug-watchos -Isystem /Applications/Xcode-26.3.0.app/Contents/Developer/Platforms/WatchOS.platform/Developer/usr/lib -F /Users/admin/builder/spi-builder-workspace/.derivedData/Build/Products/Debug-watchos/PackageFrameworks -F /Users/admin/builder/spi-builder-workspace/.derivedData/Build/Products/Debug-watchos/PackageFrameworks -F /Users/admin/builder/spi-builder-workspace/.derivedData/Build/Products/Debug-watchos/PackageFrameworks -F /Users/admin/builder/spi-builder-workspace/.derivedData/Build/Products/Debug-watchos -F /Applications/Xcode-26.3.0.app/Contents/Developer/Platforms/WatchOS.platform/Developer/Library/Frameworks -F /Applications/Xcode-26.3.0.app/Contents/Developer/Platforms/WatchOS.platform/Developer/SDKs/WatchOS26.2.sdk/Developer/Library/Frameworks -c -j10 -enable-batch-mode -incremental -Xcc -ivfsstatcache -Xcc /Users/admin/builder/spi-builder-workspace/.derivedData/SDKStatCaches.noindex/watchos26.2-23S303-dc75598d0054f22ec865fa860f139d721753b489057de6bda919edfa1c59a62b.sdkstatcache -output-file-map /Users/admin/builder/spi-builder-workspace/.derivedData/Build/Intermediates.noindex/BLESwift.build/Debug-watchos/BLESwiftProfiles.build/Objects-normal/arm64/BLESwiftProfiles-OutputFileMap.json -use-frontend-parseable-output -save-temps -no-color-diagnostics -explicit-module-build -module-cache-path /Users/admin/builder/spi-builder-workspace/.derivedData/Build/Intermediates.noindex/SwiftExplicitPrecompiledModules -clang-scanner-module-cache-path /Users/admin/builder/spi-builder-workspace/.derivedData/ModuleCache.noindex -sdk-module-cache-path /Users/admin/builder/spi-builder-workspace/.derivedData/ModuleCache.noindex -serialize-diagnostics -emit-dependencies -emit-module -emit-module-path /Users/admin/builder/spi-builder-workspace/.derivedData/Build/Intermediates.noindex/BLESwift.build/Debug-watchos/BLESwiftProfiles.build/Objects-normal/arm64/BLESwiftProfiles.swiftmodule -validate-clang-modules-once -clang-build-session-file /Users/admin/builder/spi-builder-workspace/.derivedData/ModuleCache.noindex/Session.modulevalidation -package-name spi_builder_workspace -Xcc -I/Users/admin/builder/spi-builder-workspace/.derivedData/Build/Intermediates.noindex/BLESwift.build/Debug-watchos/BLESwiftProfiles.build/swift-overrides.hmap -emit-const-values -Xfrontend -const-gather-protocols-file -Xfrontend /Users/admin/builder/spi-builder-workspace/.derivedData/Build/Intermediates.noindex/BLESwift.build/Debug-watchos/BLESwiftProfiles.build/Objects-normal/arm64/BLESwiftProfiles_const_extract_protocols.json -Xcc -I/Users/admin/builder/spi-builder-workspace/.derivedData/Build/Products/Debug-watchos/include -Xcc -I/Users/admin/builder/spi-builder-workspace/.derivedData/Build/Intermediates.noindex/BLESwift.build/Debug-watchos/BLESwiftProfiles.build/DerivedSources-normal/arm64 -Xcc -I/Users/admin/builder/spi-builder-workspace/.derivedData/Build/Intermediates.noindex/BLESwift.build/Debug-watchos/BLESwiftProfiles.build/DerivedSources/arm64 -Xcc -I/Users/admin/builder/spi-builder-workspace/.derivedData/Build/Intermediates.noindex/BLESwift.build/Debug-watchos/BLESwiftProfiles.build/DerivedSources -Xcc -DSWIFT_PACKAGE -Xcc -DDEBUG\=1 -emit-objc-header -emit-objc-header-path /Users/admin/builder/spi-builder-workspace/.derivedData/Build/Intermediates.noindex/BLESwift.build/Debug-watchos/BLESwiftProfiles.build/Objects-normal/arm64/BLESwiftProfiles-Swift.h -working-directory /Users/admin/builder/spi-builder-workspace/.swiftpm/xcode -experimental-emit-module-separately -disable-cmo
SwiftCompile normal arm64_32 Compiling\ CentralDelegateProxy.swift,\ PeripheralDelegateProxy.swift,\ PeripheralManagerDelegateProxy.swift,\ ATTError+CB.swift,\ AdvertisementData+CB.swift /Users/admin/builder/spi-builder-workspace/Sources/BLESwift/CoreBluetoothBackend/CentralDelegateProxy.swift /Users/admin/builder/spi-builder-workspace/Sources/BLESwift/CoreBluetoothBackend/PeripheralDelegateProxy.swift /Users/admin/builder/spi-builder-workspace/Sources/BLESwift/CoreBluetoothBackend/PeripheralManagerDelegateProxy.swift /Users/admin/builder/spi-builder-workspace/Sources/BLESwift/CoreBluetoothBridging/ATTError+CB.swift /Users/admin/builder/spi-builder-workspace/Sources/BLESwift/CoreBluetoothBridging/AdvertisementData+CB.swift (in target 'BLESwift' from project 'BLESwift')
SwiftCompile normal arm64_32 /Users/admin/builder/spi-builder-workspace/Sources/BLESwift/CoreBluetoothBackend/CentralDelegateProxy.swift (in target 'BLESwift' from project 'BLESwift')
    cd /Users/admin/builder/spi-builder-workspace/.swiftpm/xcode

SwiftCompile normal arm64_32 /Users/admin/builder/spi-builder-workspace/Sources/BLESwift/CoreBluetoothBackend/PeripheralDelegateProxy.swift (in target 'BLESwift' from project 'BLESwift')
    cd /Users/admin/builder/spi-builder-workspace/.swiftpm/xcode

SwiftCompile normal arm64_32 /Users/admin/builder/spi-builder-workspace/Sources/BLESwift/CoreBluetoothBackend/PeripheralManagerDelegateProxy.swift (in target 'BLESwift' from project 'BLESwift')
    cd /Users/admin/builder/spi-builder-workspace/.swiftpm/xcode

SwiftCompile normal arm64_32 /Users/admin/builder/spi-builder-workspace/Sources/BLESwift/CoreBluetoothBridging/ATTError+CB.swift (in target 'BLESwift' from project 'BLESwift')
    cd /Users/admin/builder/spi-builder-workspace/.swiftpm/xcode

SwiftCompile normal arm64_32 /Users/admin/builder/spi-builder-workspace/Sources/BLESwift/CoreBluetoothBridging/AdvertisementData+CB.swift (in target 'BLESwift' from project 'BLESwift')
    cd /Users/admin/builder/spi-builder-workspace/.swiftpm/xcode

SwiftCompile normal arm64 Compiling\ AttributePermissions+CB.swift,\ BluetoothAuthorization+CB.swift,\ CentralState+CB.swift,\ CharacteristicProperties+CB.swift,\ Identifiers+CBUUID.swift /Users/admin/builder/spi-builder-workspace/Sources/BLESwift/CoreBluetoothBridging/AttributePermissions+CB.swift /Users/admin/builder/spi-builder-workspace/Sources/BLESwift/CoreBluetoothBridging/BluetoothAuthorization+CB.swift /Users/admin/builder/spi-builder-workspace/Sources/BLESwift/CoreBluetoothBridging/CentralState+CB.swift /Users/admin/builder/spi-builder-workspace/Sources/BLESwift/CoreBluetoothBridging/CharacteristicProperties+CB.swift /Users/admin/builder/spi-builder-workspace/Sources/BLESwift/CoreBluetoothBridging/Identifiers+CBUUID.swift (in target 'BLESwift' from project 'BLESwift')
SwiftCompile normal arm64 /Users/admin/builder/spi-builder-workspace/Sources/BLESwift/CoreBluetoothBridging/AttributePermissions+CB.swift (in target 'BLESwift' from project 'BLESwift')
    cd /Users/admin/builder/spi-builder-workspace/.swiftpm/xcode

SwiftCompile normal arm64 /Users/admin/builder/spi-builder-workspace/Sources/BLESwift/CoreBluetoothBridging/BluetoothAuthorization+CB.swift (in target 'BLESwift' from project 'BLESwift')
    cd /Users/admin/builder/spi-builder-workspace/.swiftpm/xcode

SwiftCompile normal arm64 /Users/admin/builder/spi-builder-workspace/Sources/BLESwift/CoreBluetoothBridging/CentralState+CB.swift (in target 'BLESwift' from project 'BLESwift')
    cd /Users/admin/builder/spi-builder-workspace/.swiftpm/xcode

SwiftCompile normal arm64 /Users/admin/builder/spi-builder-workspace/Sources/BLESwift/CoreBluetoothBridging/CharacteristicProperties+CB.swift (in target 'BLESwift' from project 'BLESwift')
    cd /Users/admin/builder/spi-builder-workspace/.swiftpm/xcode

SwiftCompile normal arm64 /Users/admin/builder/spi-builder-workspace/Sources/BLESwift/CoreBluetoothBridging/Identifiers+CBUUID.swift (in target 'BLESwift' from project 'BLESwift')
    cd /Users/admin/builder/spi-builder-workspace/.swiftpm/xcode

SwiftDriverJobDiscovery normal arm64_32 Compiling ANCSAuthorizationRegistry.swift, Broadcaster.swift, ServiceChangesRegistry.swift, ThrowingBroadcaster.swift, WithTimeout.swift (in target 'BLESwift' from project 'BLESwift')
SwiftCompile normal arm64 Compiling\ ReconnectPolicy.swift,\ CBCentralManager+CentralManaging.swift,\ CBL2CAPChannelTransport.swift,\ CBPeripheral+PeripheralRemote.swift,\ CBPeripheralManager+PeripheralManaging.swift /Users/admin/builder/spi-builder-workspace/Sources/BLESwift/Connection/ReconnectPolicy.swift /Users/admin/builder/spi-builder-workspace/Sources/BLESwift/CoreBluetoothBackend/CBCentralManager+CentralManaging.swift /Users/admin/builder/spi-builder-workspace/Sources/BLESwift/CoreBluetoothBackend/CBL2CAPChannelTransport.swift /Users/admin/builder/spi-builder-workspace/Sources/BLESwift/CoreBluetoothBackend/CBPeripheral+PeripheralRemote.swift /Users/admin/builder/spi-builder-workspace/Sources/BLESwift/CoreBluetoothBackend/CBPeripheralManager+PeripheralManaging.swift (in target 'BLESwift' from project 'BLESwift')
SwiftCompile normal arm64 /Users/admin/builder/spi-builder-workspace/Sources/BLESwift/Connection/ReconnectPolicy.swift (in target 'BLESwift' from project 'BLESwift')
    cd /Users/admin/builder/spi-builder-workspace/.swiftpm/xcode

SwiftCompile normal arm64 /Users/admin/builder/spi-builder-workspace/Sources/BLESwift/CoreBluetoothBackend/CBCentralManager+CentralManaging.swift (in target 'BLESwift' from project 'BLESwift')
    cd /Users/admin/builder/spi-builder-workspace/.swiftpm/xcode

SwiftCompile normal arm64 /Users/admin/builder/spi-builder-workspace/Sources/BLESwift/CoreBluetoothBackend/CBL2CAPChannelTransport.swift (in target 'BLESwift' from project 'BLESwift')
    cd /Users/admin/builder/spi-builder-workspace/.swiftpm/xcode

SwiftCompile normal arm64 /Users/admin/builder/spi-builder-workspace/Sources/BLESwift/CoreBluetoothBackend/CBPeripheral+PeripheralRemote.swift (in target 'BLESwift' from project 'BLESwift')
    cd /Users/admin/builder/spi-builder-workspace/.swiftpm/xcode

SwiftCompile normal arm64 /Users/admin/builder/spi-builder-workspace/Sources/BLESwift/CoreBluetoothBackend/CBPeripheralManager+PeripheralManaging.swift (in target 'BLESwift' from project 'BLESwift')
    cd /Users/admin/builder/spi-builder-workspace/.swiftpm/xcode

SwiftDriverJobDiscovery normal arm64 Compiling PeripheralHost.swift, PeripheralRestorationConfiguration.swift, PeripheralRestorationEvent.swift, RestorationConfiguration.swift (in target 'BLESwift' from project 'BLESwift')
SwiftCompile normal arm64 Compiling\ PeripheralConnectionState+CB.swift,\ RestoredState+CB.swift,\ WarningOptions+CB.swift,\ WriteType+CB.swift,\ Exports.swift /Users/admin/builder/spi-builder-workspace/Sources/BLESwift/CoreBluetoothBridging/PeripheralConnectionState+CB.swift /Users/admin/builder/spi-builder-workspace/Sources/BLESwift/CoreBluetoothBridging/RestoredState+CB.swift /Users/admin/builder/spi-builder-workspace/Sources/BLESwift/CoreBluetoothBridging/WarningOptions+CB.swift /Users/admin/builder/spi-builder-workspace/Sources/BLESwift/CoreBluetoothBridging/WriteType+CB.swift /Users/admin/builder/spi-builder-workspace/Sources/BLESwift/Exports.swift (in target 'BLESwift' from project 'BLESwift')
SwiftCompile normal arm64 /Users/admin/builder/spi-builder-workspace/Sources/BLESwift/CoreBluetoothBridging/PeripheralConnectionState+CB.swift (in target 'BLESwift' from project 'BLESwift')
    cd /Users/admin/builder/spi-builder-workspace/.swiftpm/xcode

SwiftCompile normal arm64 /Users/admin/builder/spi-builder-workspace/Sources/BLESwift/CoreBluetoothBridging/RestoredState+CB.swift (in target 'BLESwift' from project 'BLESwift')
    cd /Users/admin/builder/spi-builder-workspace/.swiftpm/xcode

SwiftCompile normal arm64 /Users/admin/builder/spi-builder-workspace/Sources/BLESwift/CoreBluetoothBridging/WarningOptions+CB.swift (in target 'BLESwift' from project 'BLESwift')
    cd /Users/admin/builder/spi-builder-workspace/.swiftpm/xcode

SwiftCompile normal arm64 /Users/admin/builder/spi-builder-workspace/Sources/BLESwift/CoreBluetoothBridging/WriteType+CB.swift (in target 'BLESwift' from project 'BLESwift')
    cd /Users/admin/builder/spi-builder-workspace/.swiftpm/xcode

SwiftCompile normal arm64 /Users/admin/builder/spi-builder-workspace/Sources/BLESwift/Exports.swift (in target 'BLESwift' from project 'BLESwift')
    cd /Users/admin/builder/spi-builder-workspace/.swiftpm/xcode

SwiftDriverJobDiscovery normal arm64 Compiling RestorationEvent.swift, UIKitStartupBackgroundTask.swift, ActiveScan.swift, ScanEvent.swift (in target 'BLESwift' from project 'BLESwift')
SwiftCompile normal arm64_32 Compiling\ PeripheralHost.swift,\ PeripheralRestorationConfiguration.swift,\ PeripheralRestorationEvent.swift,\ RestorationConfiguration.swift /Users/admin/builder/spi-builder-workspace/Sources/BLESwift/PeripheralHost.swift /Users/admin/builder/spi-builder-workspace/Sources/BLESwift/Restoration/PeripheralRestorationConfiguration.swift /Users/admin/builder/spi-builder-workspace/Sources/BLESwift/Restoration/PeripheralRestorationEvent.swift /Users/admin/builder/spi-builder-workspace/Sources/BLESwift/Restoration/RestorationConfiguration.swift (in target 'BLESwift' from project 'BLESwift')
SwiftCompile normal arm64_32 /Users/admin/builder/spi-builder-workspace/Sources/BLESwift/PeripheralHost.swift (in target 'BLESwift' from project 'BLESwift')
    cd /Users/admin/builder/spi-builder-workspace/.swiftpm/xcode

SwiftCompile normal arm64_32 /Users/admin/builder/spi-builder-workspace/Sources/BLESwift/Restoration/PeripheralRestorationConfiguration.swift (in target 'BLESwift' from project 'BLESwift')
    cd /Users/admin/builder/spi-builder-workspace/.swiftpm/xcode

SwiftCompile normal arm64_32 /Users/admin/builder/spi-builder-workspace/Sources/BLESwift/Restoration/PeripheralRestorationEvent.swift (in target 'BLESwift' from project 'BLESwift')
    cd /Users/admin/builder/spi-builder-workspace/.swiftpm/xcode

SwiftCompile normal arm64_32 /Users/admin/builder/spi-builder-workspace/Sources/BLESwift/Restoration/RestorationConfiguration.swift (in target 'BLESwift' from project 'BLESwift')
    cd /Users/admin/builder/spi-builder-workspace/.swiftpm/xcode

SwiftDriverJobDiscovery normal arm64_32 Compiling PeripheralConnectionState+CB.swift, RestoredState+CB.swift, WarningOptions+CB.swift, WriteType+CB.swift, Exports.swift (in target 'BLESwift' from project 'BLESwift')
SwiftCompile normal arm64 Compiling\ ConnectionEvent.swift,\ ConnectionState.swift,\ L2CAPChannel.swift,\ Peripheral+ANCS.swift,\ Peripheral+Chunked.swift /Users/admin/builder/spi-builder-workspace/Sources/BLESwift/Connection/ConnectionEvent.swift /Users/admin/builder/spi-builder-workspace/Sources/BLESwift/Connection/ConnectionState.swift /Users/admin/builder/spi-builder-workspace/Sources/BLESwift/Connection/L2CAPChannel.swift /Users/admin/builder/spi-builder-workspace/Sources/BLESwift/Connection/Peripheral+ANCS.swift /Users/admin/builder/spi-builder-workspace/Sources/BLESwift/Connection/Peripheral+Chunked.swift (in target 'BLESwift' from project 'BLESwift')
SwiftCompile normal arm64 /Users/admin/builder/spi-builder-workspace/Sources/BLESwift/Connection/ConnectionEvent.swift (in target 'BLESwift' from project 'BLESwift')
    cd /Users/admin/builder/spi-builder-workspace/.swiftpm/xcode

SwiftCompile normal arm64 /Users/admin/builder/spi-builder-workspace/Sources/BLESwift/Connection/ConnectionState.swift (in target 'BLESwift' from project 'BLESwift')
    cd /Users/admin/builder/spi-builder-workspace/.swiftpm/xcode

SwiftCompile normal arm64 /Users/admin/builder/spi-builder-workspace/Sources/BLESwift/Connection/L2CAPChannel.swift (in target 'BLESwift' from project 'BLESwift')
    cd /Users/admin/builder/spi-builder-workspace/.swiftpm/xcode

SwiftCompile normal arm64 /Users/admin/builder/spi-builder-workspace/Sources/BLESwift/Connection/Peripheral+ANCS.swift (in target 'BLESwift' from project 'BLESwift')
    cd /Users/admin/builder/spi-builder-workspace/.swiftpm/xcode

SwiftCompile normal arm64 /Users/admin/builder/spi-builder-workspace/Sources/BLESwift/Connection/Peripheral+Chunked.swift (in target 'BLESwift' from project 'BLESwift')
    cd /Users/admin/builder/spi-builder-workspace/.swiftpm/xcode

SwiftDriverJobDiscovery normal arm64_32 Compiling AttributePermissions+CB.swift, BluetoothAuthorization+CB.swift, CentralState+CB.swift, CharacteristicProperties+CB.swift, Identifiers+CBUUID.swift (in target 'BLESwift' from project 'BLESwift')
SwiftCompile normal arm64_32 Compiling\ RestorationEvent.swift,\ UIKitStartupBackgroundTask.swift,\ ActiveScan.swift,\ ScanEvent.swift /Users/admin/builder/spi-builder-workspace/Sources/BLESwift/Restoration/RestorationEvent.swift /Users/admin/builder/spi-builder-workspace/Sources/BLESwift/Restoration/UIKitStartupBackgroundTask.swift /Users/admin/builder/spi-builder-workspace/Sources/BLESwift/Scanning/ActiveScan.swift /Users/admin/builder/spi-builder-workspace/Sources/BLESwift/Scanning/ScanEvent.swift (in target 'BLESwift' from project 'BLESwift')
SwiftCompile normal arm64_32 /Users/admin/builder/spi-builder-workspace/Sources/BLESwift/Restoration/RestorationEvent.swift (in target 'BLESwift' from project 'BLESwift')
    cd /Users/admin/builder/spi-builder-workspace/.swiftpm/xcode

SwiftCompile normal arm64_32 /Users/admin/builder/spi-builder-workspace/Sources/BLESwift/Restoration/UIKitStartupBackgroundTask.swift (in target 'BLESwift' from project 'BLESwift')
    cd /Users/admin/builder/spi-builder-workspace/.swiftpm/xcode

SwiftCompile normal arm64_32 /Users/admin/builder/spi-builder-workspace/Sources/BLESwift/Scanning/ActiveScan.swift (in target 'BLESwift' from project 'BLESwift')
    cd /Users/admin/builder/spi-builder-workspace/.swiftpm/xcode

SwiftCompile normal arm64_32 /Users/admin/builder/spi-builder-workspace/Sources/BLESwift/Scanning/ScanEvent.swift (in target 'BLESwift' from project 'BLESwift')
    cd /Users/admin/builder/spi-builder-workspace/.swiftpm/xcode

SwiftDriverJobDiscovery normal arm64 Compiling AttributePermissions+CB.swift, BluetoothAuthorization+CB.swift, CentralState+CB.swift, CharacteristicProperties+CB.swift, Identifiers+CBUUID.swift (in target 'BLESwift' from project 'BLESwift')
SwiftCompile normal arm64_32 Compiling\ Peripheral+Composite.swift,\ Peripheral+GATT.swift,\ Peripheral+L2CAP.swift,\ Peripheral+Notifications.swift,\ Peripheral.swift /Users/admin/builder/spi-builder-workspace/Sources/BLESwift/Connection/Peripheral+Composite.swift /Users/admin/builder/spi-builder-workspace/Sources/BLESwift/Connection/Peripheral+GATT.swift /Users/admin/builder/spi-builder-workspace/Sources/BLESwift/Connection/Peripheral+L2CAP.swift /Users/admin/builder/spi-builder-workspace/Sources/BLESwift/Connection/Peripheral+Notifications.swift /Users/admin/builder/spi-builder-workspace/Sources/BLESwift/Connection/Peripheral.swift (in target 'BLESwift' from project 'BLESwift')
SwiftCompile normal arm64_32 /Users/admin/builder/spi-builder-workspace/Sources/BLESwift/Connection/Peripheral+Composite.swift (in target 'BLESwift' from project 'BLESwift')
    cd /Users/admin/builder/spi-builder-workspace/.swiftpm/xcode

SwiftCompile normal arm64_32 /Users/admin/builder/spi-builder-workspace/Sources/BLESwift/Connection/Peripheral+GATT.swift (in target 'BLESwift' from project 'BLESwift')
    cd /Users/admin/builder/spi-builder-workspace/.swiftpm/xcode

SwiftCompile normal arm64_32 /Users/admin/builder/spi-builder-workspace/Sources/BLESwift/Connection/Peripheral+L2CAP.swift (in target 'BLESwift' from project 'BLESwift')
    cd /Users/admin/builder/spi-builder-workspace/.swiftpm/xcode

SwiftCompile normal arm64_32 /Users/admin/builder/spi-builder-workspace/Sources/BLESwift/Connection/Peripheral+Notifications.swift (in target 'BLESwift' from project 'BLESwift')
    cd /Users/admin/builder/spi-builder-workspace/.swiftpm/xcode

SwiftCompile normal arm64_32 /Users/admin/builder/spi-builder-workspace/Sources/BLESwift/Connection/Peripheral.swift (in target 'BLESwift' from project 'BLESwift')
    cd /Users/admin/builder/spi-builder-workspace/.swiftpm/xcode

SwiftDriverJobDiscovery normal arm64 Compiling PeripheralConnectionState+CB.swift, RestoredState+CB.swift, WarningOptions+CB.swift, WriteType+CB.swift, Exports.swift (in target 'BLESwift' from project 'BLESwift')
SwiftCompile normal arm64 Compiling\ ANCSAuthorizationRegistry.swift,\ Broadcaster.swift,\ ServiceChangesRegistry.swift,\ ThrowingBroadcaster.swift,\ WithTimeout.swift /Users/admin/builder/spi-builder-workspace/Sources/BLESwift/Internal/ANCSAuthorizationRegistry.swift /Users/admin/builder/spi-builder-workspace/Sources/BLESwift/Internal/Broadcaster.swift /Users/admin/builder/spi-builder-workspace/Sources/BLESwift/Internal/ServiceChangesRegistry.swift /Users/admin/builder/spi-builder-workspace/Sources/BLESwift/Internal/ThrowingBroadcaster.swift /Users/admin/builder/spi-builder-workspace/Sources/BLESwift/Internal/WithTimeout.swift (in target 'BLESwift' from project 'BLESwift')
SwiftCompile normal arm64 /Users/admin/builder/spi-builder-workspace/Sources/BLESwift/Internal/ANCSAuthorizationRegistry.swift (in target 'BLESwift' from project 'BLESwift')
    cd /Users/admin/builder/spi-builder-workspace/.swiftpm/xcode

SwiftCompile normal arm64 /Users/admin/builder/spi-builder-workspace/Sources/BLESwift/Internal/Broadcaster.swift (in target 'BLESwift' from project 'BLESwift')
    cd /Users/admin/builder/spi-builder-workspace/.swiftpm/xcode

SwiftCompile normal arm64 /Users/admin/builder/spi-builder-workspace/Sources/BLESwift/Internal/ServiceChangesRegistry.swift (in target 'BLESwift' from project 'BLESwift')
    cd /Users/admin/builder/spi-builder-workspace/.swiftpm/xcode

SwiftCompile normal arm64 /Users/admin/builder/spi-builder-workspace/Sources/BLESwift/Internal/ThrowingBroadcaster.swift (in target 'BLESwift' from project 'BLESwift')
    cd /Users/admin/builder/spi-builder-workspace/.swiftpm/xcode

SwiftCompile normal arm64 /Users/admin/builder/spi-builder-workspace/Sources/BLESwift/Internal/WithTimeout.swift (in target 'BLESwift' from project 'BLESwift')
    cd /Users/admin/builder/spi-builder-workspace/.swiftpm/xcode

SwiftDriverJobDiscovery normal arm64_32 Compiling PeripheralHost.swift, PeripheralRestorationConfiguration.swift, PeripheralRestorationEvent.swift, RestorationConfiguration.swift (in target 'BLESwift' from project 'BLESwift')
SwiftDriverJobDiscovery normal arm64 Compiling CentralDelegateProxy.swift, PeripheralDelegateProxy.swift, PeripheralManagerDelegateProxy.swift, ATTError+CB.swift, AdvertisementData+CB.swift (in target 'BLESwift' from project 'BLESwift')
SwiftDriver bleswift-provider normal arm64 com.apple.xcode.tools.swift.compiler (in target 'bleswift-provider' from project 'BLESwift')
    cd /Users/admin/builder/spi-builder-workspace/.swiftpm/xcode
    builtin-SwiftDriver -- /Applications/Xcode-26.3.0.app/Contents/Developer/Toolchains/XcodeDefault.xctoolchain/usr/bin/swiftc -module-name bleswift_provider -Onone -enforce-exclusivity\=checked @/Users/admin/builder/spi-builder-workspace/.derivedData/Build/Intermediates.noindex/BLESwift.build/Debug-watchos/bleswift-provider.build/Objects-normal/arm64/bleswift-provider.SwiftFileList -DSWIFT_PACKAGE -DDEBUG -DXcode -enable-upcoming-feature NonisolatedNonsendingByDefault -enable-upcoming-feature InferIsolatedConformances -enable-upcoming-feature MemberImportVisibility -plugin-path /Applications/Xcode-26.3.0.app/Contents/Developer/Toolchains/XcodeDefault.xctoolchain/usr/lib/swift/host/plugins/testing -enable-experimental-feature DebugDescriptionMacro -sdk /Applications/Xcode-26.3.0.app/Contents/Developer/Platforms/WatchOS.platform/Developer/SDKs/WatchOS26.2.sdk -target arm64-apple-watchos11.0 -g -module-cache-path /Users/admin/builder/spi-builder-workspace/.derivedData/ModuleCache.noindex -Xfrontend -serialize-debugging-options -profile-coverage-mapping -profile-generate -enable-testing -index-store-path /Users/admin/builder/spi-builder-workspace/.derivedData/Index.noindex/DataStore -Xcc -D_LIBCPP_HARDENING_MODE\=_LIBCPP_HARDENING_MODE_DEBUG -swift-version 6 -I /Users/admin/builder/spi-builder-workspace/.derivedData/Build/Products/Debug-watchos -Isystem /Applications/Xcode-26.3.0.app/Contents/Developer/Platforms/WatchOS.platform/Developer/usr/lib -F /Users/admin/builder/spi-builder-workspace/.derivedData/Build/Products/Debug-watchos/PackageFrameworks -F /Users/admin/builder/spi-builder-workspace/.derivedData/Build/Products/Debug-watchos/PackageFrameworks -F /Users/admin/builder/spi-builder-workspace/.derivedData/Build/Products/Debug-watchos/PackageFrameworks -F /Users/admin/builder/spi-builder-workspace/.derivedData/Build/Products/Debug-watchos/PackageFrameworks -F /Users/admin/builder/spi-builder-workspace/.derivedData/Build/Products/Debug-watchos/PackageFrameworks -F /Users/admin/builder/spi-builder-workspace/.derivedData/Build/Products/Debug-watchos -F /Applications/Xcode-26.3.0.app/Contents/Developer/Platforms/WatchOS.platform/Developer/Library/Frameworks -F /Applications/Xcode-26.3.0.app/Contents/Developer/Platforms/WatchOS.platform/Developer/SDKs/WatchOS26.2.sdk/Developer/Library/Frameworks -c -j10 -enable-batch-mode -incremental -Xcc -ivfsstatcache -Xcc /Users/admin/builder/spi-builder-workspace/.derivedData/SDKStatCaches.noindex/watchos26.2-23S303-dc75598d0054f22ec865fa860f139d721753b489057de6bda919edfa1c59a62b.sdkstatcache -output-file-map /Users/admin/builder/spi-builder-workspace/.derivedData/Build/Intermediates.noindex/BLESwift.build/Debug-watchos/bleswift-provider.build/Objects-normal/arm64/bleswift-provider-OutputFileMap.json -use-frontend-parseable-output -save-temps -no-color-diagnostics -explicit-module-build -module-cache-path /Users/admin/builder/spi-builder-workspace/.derivedData/Build/Intermediates.noindex/SwiftExplicitPrecompiledModules -clang-scanner-module-cache-path /Users/admin/builder/spi-builder-workspace/.derivedData/ModuleCache.noindex -sdk-module-cache-path /Users/admin/builder/spi-builder-workspace/.derivedData/ModuleCache.noindex -serialize-diagnostics -emit-dependencies -emit-module -emit-module-path /Users/admin/builder/spi-builder-workspace/.derivedData/Build/Intermediates.noindex/BLESwift.build/Debug-watchos/bleswift-provider.build/Objects-normal/arm64/bleswift_provider.swiftmodule -validate-clang-modules-once -clang-build-session-file /Users/admin/builder/spi-builder-workspace/.derivedData/ModuleCache.noindex/Session.modulevalidation -package-name spi_builder_workspace -emit-const-values -Xfrontend -const-gather-protocols-file -Xfrontend /Users/admin/builder/spi-builder-workspace/.derivedData/Build/Intermediates.noindex/BLESwift.build/Debug-watchos/bleswift-provider.build/Objects-normal/arm64/bleswift-provider_const_extract_protocols.json -Xcc -I/Users/admin/builder/spi-builder-workspace/.derivedData/Build/Products/Debug-watchos/include -Xcc -I/Users/admin/builder/spi-builder-workspace/.derivedData/Build/Intermediates.noindex/BLESwift.build/Debug-watchos/bleswift-provider.build/DerivedSources-normal/arm64 -Xcc -I/Users/admin/builder/spi-builder-workspace/.derivedData/Build/Intermediates.noindex/BLESwift.build/Debug-watchos/bleswift-provider.build/DerivedSources/arm64 -Xcc -I/Users/admin/builder/spi-builder-workspace/.derivedData/Build/Intermediates.noindex/BLESwift.build/Debug-watchos/bleswift-provider.build/DerivedSources -Xcc -DSWIFT_PACKAGE -Xcc -DDEBUG\=1 -working-directory /Users/admin/builder/spi-builder-workspace/.swiftpm/xcode -experimental-emit-module-separately -disable-cmo
SwiftDriver bleswift-provider normal arm64_32 com.apple.xcode.tools.swift.compiler (in target 'bleswift-provider' from project 'BLESwift')
    cd /Users/admin/builder/spi-builder-workspace/.swiftpm/xcode
    builtin-SwiftDriver -- /Applications/Xcode-26.3.0.app/Contents/Developer/Toolchains/XcodeDefault.xctoolchain/usr/bin/swiftc -module-name bleswift_provider -Onone -enforce-exclusivity\=checked @/Users/admin/builder/spi-builder-workspace/.derivedData/Build/Intermediates.noindex/BLESwift.build/Debug-watchos/bleswift-provider.build/Objects-normal/arm64_32/bleswift-provider.SwiftFileList -DSWIFT_PACKAGE -DDEBUG -DXcode -enable-upcoming-feature NonisolatedNonsendingByDefault -enable-upcoming-feature InferIsolatedConformances -enable-upcoming-feature MemberImportVisibility -plugin-path /Applications/Xcode-26.3.0.app/Contents/Developer/Toolchains/XcodeDefault.xctoolchain/usr/lib/swift/host/plugins/testing -enable-experimental-feature DebugDescriptionMacro -sdk /Applications/Xcode-26.3.0.app/Contents/Developer/Platforms/WatchOS.platform/Developer/SDKs/WatchOS26.2.sdk -target arm64_32-apple-watchos11.0 -g -module-cache-path /Users/admin/builder/spi-builder-workspace/.derivedData/ModuleCache.noindex -Xfrontend -serialize-debugging-options -profile-coverage-mapping -profile-generate -enable-testing -index-store-path /Users/admin/builder/spi-builder-workspace/.derivedData/Index.noindex/DataStore -Xcc -D_LIBCPP_HARDENING_MODE\=_LIBCPP_HARDENING_MODE_DEBUG -swift-version 6 -I /Users/admin/builder/spi-builder-workspace/.derivedData/Build/Products/Debug-watchos -Isystem /Applications/Xcode-26.3.0.app/Contents/Developer/Platforms/WatchOS.platform/Developer/usr/lib -F /Users/admin/builder/spi-builder-workspace/.derivedData/Build/Products/Debug-watchos/PackageFrameworks -F /Users/admin/builder/spi-builder-workspace/.derivedData/Build/Products/Debug-watchos/PackageFrameworks -F /Users/admin/builder/spi-builder-workspace/.derivedData/Build/Products/Debug-watchos/PackageFrameworks -F /Users/admin/builder/spi-builder-workspace/.derivedData/Build/Products/Debug-watchos/PackageFrameworks -F /Users/admin/builder/spi-builder-workspace/.derivedData/Build/Products/Debug-watchos/PackageFrameworks -F /Users/admin/builder/spi-builder-workspace/.derivedData/Build/Products/Debug-watchos -F /Applications/Xcode-26.3.0.app/Contents/Developer/Platforms/WatchOS.platform/Developer/Library/Frameworks -F /Applications/Xcode-26.3.0.app/Contents/Developer/Platforms/WatchOS.platform/Developer/SDKs/WatchOS26.2.sdk/Developer/Library/Frameworks -c -j10 -enable-batch-mode -incremental -Xcc -ivfsstatcache -Xcc /Users/admin/builder/spi-builder-workspace/.derivedData/SDKStatCaches.noindex/watchos26.2-23S303-dc75598d0054f22ec865fa860f139d721753b489057de6bda919edfa1c59a62b.sdkstatcache -output-file-map /Users/admin/builder/spi-builder-workspace/.derivedData/Build/Intermediates.noindex/BLESwift.build/Debug-watchos/bleswift-provider.build/Objects-normal/arm64_32/bleswift-provider-OutputFileMap.json -use-frontend-parseable-output -save-temps -no-color-diagnostics -explicit-module-build -module-cache-path /Users/admin/builder/spi-builder-workspace/.derivedData/Build/Intermediates.noindex/SwiftExplicitPrecompiledModules -clang-scanner-module-cache-path /Users/admin/builder/spi-builder-workspace/.derivedData/ModuleCache.noindex -sdk-module-cache-path /Users/admin/builder/spi-builder-workspace/.derivedData/ModuleCache.noindex -serialize-diagnostics -emit-dependencies -emit-module -emit-module-path /Users/admin/builder/spi-builder-workspace/.derivedData/Build/Intermediates.noindex/BLESwift.build/Debug-watchos/bleswift-provider.build/Objects-normal/arm64_32/bleswift_provider.swiftmodule -validate-clang-modules-once -clang-build-session-file /Users/admin/builder/spi-builder-workspace/.derivedData/ModuleCache.noindex/Session.modulevalidation -package-name spi_builder_workspace -emit-const-values -Xfrontend -const-gather-protocols-file -Xfrontend /Users/admin/builder/spi-builder-workspace/.derivedData/Build/Intermediates.noindex/BLESwift.build/Debug-watchos/bleswift-provider.build/Objects-normal/arm64_32/bleswift-provider_const_extract_protocols.json -Xcc -I/Users/admin/builder/spi-builder-workspace/.derivedData/Build/Products/Debug-watchos/include -Xcc -I/Users/admin/builder/spi-builder-workspace/.derivedData/Build/Intermediates.noindex/BLESwift.build/Debug-watchos/bleswift-provider.build/DerivedSources-normal/arm64_32 -Xcc -I/Users/admin/builder/spi-builder-workspace/.derivedData/Build/Intermediates.noindex/BLESwift.build/Debug-watchos/bleswift-provider.build/DerivedSources/arm64_32 -Xcc -I/Users/admin/builder/spi-builder-workspace/.derivedData/Build/Intermediates.noindex/BLESwift.build/Debug-watchos/bleswift-provider.build/DerivedSources -Xcc -DSWIFT_PACKAGE -Xcc -DDEBUG\=1 -working-directory /Users/admin/builder/spi-builder-workspace/.swiftpm/xcode -experimental-emit-module-separately -disable-cmo
SwiftDriverJobDiscovery normal arm64_32 Compiling CentralDelegateProxy.swift, PeripheralDelegateProxy.swift, PeripheralManagerDelegateProxy.swift, ATTError+CB.swift, AdvertisementData+CB.swift (in target 'BLESwift' from project 'BLESwift')
SwiftDriverJobDiscovery normal arm64_32 Compiling RestorationEvent.swift, UIKitStartupBackgroundTask.swift, ActiveScan.swift, ScanEvent.swift (in target 'BLESwift' from project 'BLESwift')
RegisterExecutionPolicyException /Users/admin/builder/spi-builder-workspace/.derivedData/Build/Products/Debug-watchos/BLESwiftCore.o (in target 'BLESwiftCore' from project 'BLESwift')
    cd /Users/admin/builder/spi-builder-workspace
    builtin-RegisterExecutionPolicyException /Users/admin/builder/spi-builder-workspace/.derivedData/Build/Products/Debug-watchos/BLESwiftCore.o
Ld /Users/admin/builder/spi-builder-workspace/.derivedData/Build/Intermediates.noindex/BLESwift.build/Debug-watchos/BLESwiftTestSupport.build/Objects-normal/arm64_32/Binary/BLESwiftTestSupport.o normal arm64_32 (in target 'BLESwiftTestSupport' from project 'BLESwift')
    cd /Users/admin/builder/spi-builder-workspace
    /Applications/Xcode-26.3.0.app/Contents/Developer/Toolchains/XcodeDefault.xctoolchain/usr/bin/clang -Xlinker -reproducible -target arm64_32-apple-watchos11.0 -r -isysroot /Applications/Xcode-26.3.0.app/Contents/Developer/Platforms/WatchOS.platform/Developer/SDKs/WatchOS26.2.sdk -O0 -L/Users/admin/builder/spi-builder-workspace/.derivedData/Build/Intermediates.noindex/EagerLinkingTBDs/Debug-watchos -L/Users/admin/builder/spi-builder-workspace/.derivedData/Build/Products/Debug-watchos -L/Applications/Xcode-26.3.0.app/Contents/Developer/Platforms/WatchOS.platform/Developer/usr/lib -F/Users/admin/builder/spi-builder-workspace/.derivedData/Build/Intermediates.noindex/EagerLinkingTBDs/Debug-watchos -F/Users/admin/builder/spi-builder-workspace/.derivedData/Build/Products/Debug-watchos/PackageFrameworks -F/Users/admin/builder/spi-builder-workspace/.derivedData/Build/Products/Debug-watchos -iframework /Applications/Xcode-26.3.0.app/Contents/Developer/Platforms/WatchOS.platform/Developer/Library/Frameworks -iframework /Applications/Xcode-26.3.0.app/Contents/Developer/Platforms/WatchOS.platform/Developer/SDKs/WatchOS26.2.sdk/Developer/Library/Frameworks -filelist /Users/admin/builder/spi-builder-workspace/.derivedData/Build/Intermediates.noindex/BLESwift.build/Debug-watchos/BLESwiftTestSupport.build/Objects-normal/arm64_32/BLESwiftTestSupport.LinkFileList -nostdlib -Xlinker -object_path_lto -Xlinker /Users/admin/builder/spi-builder-workspace/.derivedData/Build/Intermediates.noindex/BLESwift.build/Debug-watchos/BLESwiftTestSupport.build/Objects-normal/arm64_32/BLESwiftTestSupport_lto.o -rdynamic -Xlinker -no_deduplicate -Xlinker -debug_variant -Xlinker -dependency_info -Xlinker /Users/admin/builder/spi-builder-workspace/.derivedData/Build/Intermediates.noindex/BLESwift.build/Debug-watchos/BLESwiftTestSupport.build/Objects-normal/arm64_32/BLESwiftTestSupport_dependency_info.dat -fobjc-link-runtime -L/Applications/Xcode-26.3.0.app/Contents/Developer/Toolchains/XcodeDefault.xctoolchain/usr/lib/swift/watchos -L/usr/lib/swift -Xlinker -add_ast_path -Xlinker /Users/admin/builder/spi-builder-workspace/.derivedData/Build/Intermediates.noindex/BLESwift.build/Debug-watchos/BLESwiftTestSupport.build/Objects-normal/arm64_32/BLESwiftTestSupport.swiftmodule @/Users/admin/builder/spi-builder-workspace/.derivedData/Build/Intermediates.noindex/BLESwift.build/Debug-watchos/BLESwiftTestSupport.build/Objects-normal/arm64_32/BLESwiftTestSupport-linker-args.resp -o /Users/admin/builder/spi-builder-workspace/.derivedData/Build/Intermediates.noindex/BLESwift.build/Debug-watchos/BLESwiftTestSupport.build/Objects-normal/arm64_32/Binary/BLESwiftTestSupport.o
Ld /Users/admin/builder/spi-builder-workspace/.derivedData/Build/Intermediates.noindex/BLESwift.build/Debug-watchos/BLESwiftTestSupport.build/Objects-normal/arm64/Binary/BLESwiftTestSupport.o normal arm64 (in target 'BLESwiftTestSupport' from project 'BLESwift')
    cd /Users/admin/builder/spi-builder-workspace
    /Applications/Xcode-26.3.0.app/Contents/Developer/Toolchains/XcodeDefault.xctoolchain/usr/bin/clang -Xlinker -reproducible -target arm64-apple-watchos11.0 -r -isysroot /Applications/Xcode-26.3.0.app/Contents/Developer/Platforms/WatchOS.platform/Developer/SDKs/WatchOS26.2.sdk -O0 -L/Users/admin/builder/spi-builder-workspace/.derivedData/Build/Intermediates.noindex/EagerLinkingTBDs/Debug-watchos -L/Users/admin/builder/spi-builder-workspace/.derivedData/Build/Products/Debug-watchos -L/Applications/Xcode-26.3.0.app/Contents/Developer/Platforms/WatchOS.platform/Developer/usr/lib -F/Users/admin/builder/spi-builder-workspace/.derivedData/Build/Intermediates.noindex/EagerLinkingTBDs/Debug-watchos -F/Users/admin/builder/spi-builder-workspace/.derivedData/Build/Products/Debug-watchos/PackageFrameworks -F/Users/admin/builder/spi-builder-workspace/.derivedData/Build/Products/Debug-watchos -iframework /Applications/Xcode-26.3.0.app/Contents/Developer/Platforms/WatchOS.platform/Developer/Library/Frameworks -iframework /Applications/Xcode-26.3.0.app/Contents/Developer/Platforms/WatchOS.platform/Developer/SDKs/WatchOS26.2.sdk/Developer/Library/Frameworks -filelist /Users/admin/builder/spi-builder-workspace/.derivedData/Build/Intermediates.noindex/BLESwift.build/Debug-watchos/BLESwiftTestSupport.build/Objects-normal/arm64/BLESwiftTestSupport.LinkFileList -nostdlib -Xlinker -object_path_lto -Xlinker /Users/admin/builder/spi-builder-workspace/.derivedData/Build/Intermediates.noindex/BLESwift.build/Debug-watchos/BLESwiftTestSupport.build/Objects-normal/arm64/BLESwiftTestSupport_lto.o -rdynamic -Xlinker -no_deduplicate -Xlinker -debug_variant -Xlinker -dependency_info -Xlinker /Users/admin/builder/spi-builder-workspace/.derivedData/Build/Intermediates.noindex/BLESwift.build/Debug-watchos/BLESwiftTestSupport.build/Objects-normal/arm64/BLESwiftTestSupport_dependency_info.dat -fobjc-link-runtime -L/Applications/Xcode-26.3.0.app/Contents/Developer/Toolchains/XcodeDefault.xctoolchain/usr/lib/swift/watchos -L/usr/lib/swift -Xlinker -add_ast_path -Xlinker /Users/admin/builder/spi-builder-workspace/.derivedData/Build/Intermediates.noindex/BLESwift.build/Debug-watchos/BLESwiftTestSupport.build/Objects-normal/arm64/BLESwiftTestSupport.swiftmodule @/Users/admin/builder/spi-builder-workspace/.derivedData/Build/Intermediates.noindex/BLESwift.build/Debug-watchos/BLESwiftTestSupport.build/Objects-normal/arm64/BLESwiftTestSupport-linker-args.resp -o /Users/admin/builder/spi-builder-workspace/.derivedData/Build/Intermediates.noindex/BLESwift.build/Debug-watchos/BLESwiftTestSupport.build/Objects-normal/arm64/Binary/BLESwiftTestSupport.o
SwiftDriverJobDiscovery normal arm64 Compiling ConnectionEvent.swift, ConnectionState.swift, L2CAPChannel.swift, Peripheral+ANCS.swift, Peripheral+Chunked.swift (in target 'BLESwift' from project 'BLESwift')
Ld /Users/admin/builder/spi-builder-workspace/.derivedData/Build/Intermediates.noindex/BLESwift.build/Debug-watchos/BLESwiftLink.build/Objects-normal/arm64_32/Binary/BLESwiftLink.o normal arm64_32 (in target 'BLESwiftLink' from project 'BLESwift')
    cd /Users/admin/builder/spi-builder-workspace
    /Applications/Xcode-26.3.0.app/Contents/Developer/Toolchains/XcodeDefault.xctoolchain/usr/bin/clang -Xlinker -reproducible -target arm64_32-apple-watchos11.0 -r -isysroot /Applications/Xcode-26.3.0.app/Contents/Developer/Platforms/WatchOS.platform/Developer/SDKs/WatchOS26.2.sdk -O0 -L/Users/admin/builder/spi-builder-workspace/.derivedData/Build/Intermediates.noindex/EagerLinkingTBDs/Debug-watchos -L/Users/admin/builder/spi-builder-workspace/.derivedData/Build/Products/Debug-watchos -L/Applications/Xcode-26.3.0.app/Contents/Developer/Platforms/WatchOS.platform/Developer/usr/lib -F/Users/admin/builder/spi-builder-workspace/.derivedData/Build/Intermediates.noindex/EagerLinkingTBDs/Debug-watchos -F/Users/admin/builder/spi-builder-workspace/.derivedData/Build/Products/Debug-watchos/PackageFrameworks -F/Users/admin/builder/spi-builder-workspace/.derivedData/Build/Products/Debug-watchos/PackageFrameworks -F/Users/admin/builder/spi-builder-workspace/.derivedData/Build/Products/Debug-watchos -iframework /Applications/Xcode-26.3.0.app/Contents/Developer/Platforms/WatchOS.platform/Developer/Library/Frameworks -iframework /Applications/Xcode-26.3.0.app/Contents/Developer/Platforms/WatchOS.platform/Developer/SDKs/WatchOS26.2.sdk/Developer/Library/Frameworks -filelist /Users/admin/builder/spi-builder-workspace/.derivedData/Build/Intermediates.noindex/BLESwift.build/Debug-watchos/BLESwiftLink.build/Objects-normal/arm64_32/BLESwiftLink.LinkFileList -nostdlib -Xlinker -object_path_lto -Xlinker /Users/admin/builder/spi-builder-workspace/.derivedData/Build/Intermediates.noindex/BLESwift.build/Debug-watchos/BLESwiftLink.build/Objects-normal/arm64_32/BLESwiftLink_lto.o -rdynamic -Xlinker -no_deduplicate -Xlinker -debug_variant -Xlinker -dependency_info -Xlinker /Users/admin/builder/spi-builder-workspace/.derivedData/Build/Intermediates.noindex/BLESwift.build/Debug-watchos/BLESwiftLink.build/Objects-normal/arm64_32/BLESwiftLink_dependency_info.dat -fobjc-link-runtime -L/Applications/Xcode-26.3.0.app/Contents/Developer/Toolchains/XcodeDefault.xctoolchain/usr/lib/swift/watchos -L/usr/lib/swift -Xlinker -add_ast_path -Xlinker /Users/admin/builder/spi-builder-workspace/.derivedData/Build/Intermediates.noindex/BLESwift.build/Debug-watchos/BLESwiftLink.build/Objects-normal/arm64_32/BLESwiftLink.swiftmodule @/Users/admin/builder/spi-builder-workspace/.derivedData/Build/Intermediates.noindex/BLESwift.build/Debug-watchos/BLESwiftLink.build/Objects-normal/arm64_32/BLESwiftLink-linker-args.resp -o /Users/admin/builder/spi-builder-workspace/.derivedData/Build/Intermediates.noindex/BLESwift.build/Debug-watchos/BLESwiftLink.build/Objects-normal/arm64_32/Binary/BLESwiftLink.o
Ld /Users/admin/builder/spi-builder-workspace/.derivedData/Build/Intermediates.noindex/BLESwift.build/Debug-watchos/BLESwiftLink.build/Objects-normal/arm64/Binary/BLESwiftLink.o normal arm64 (in target 'BLESwiftLink' from project 'BLESwift')
    cd /Users/admin/builder/spi-builder-workspace
    /Applications/Xcode-26.3.0.app/Contents/Developer/Toolchains/XcodeDefault.xctoolchain/usr/bin/clang -Xlinker -reproducible -target arm64-apple-watchos11.0 -r -isysroot /Applications/Xcode-26.3.0.app/Contents/Developer/Platforms/WatchOS.platform/Developer/SDKs/WatchOS26.2.sdk -O0 -L/Users/admin/builder/spi-builder-workspace/.derivedData/Build/Intermediates.noindex/EagerLinkingTBDs/Debug-watchos -L/Users/admin/builder/spi-builder-workspace/.derivedData/Build/Products/Debug-watchos -L/Applications/Xcode-26.3.0.app/Contents/Developer/Platforms/WatchOS.platform/Developer/usr/lib -F/Users/admin/builder/spi-builder-workspace/.derivedData/Build/Intermediates.noindex/EagerLinkingTBDs/Debug-watchos -F/Users/admin/builder/spi-builder-workspace/.derivedData/Build/Products/Debug-watchos/PackageFrameworks -F/Users/admin/builder/spi-builder-workspace/.derivedData/Build/Products/Debug-watchos/PackageFrameworks -F/Users/admin/builder/spi-builder-workspace/.derivedData/Build/Products/Debug-watchos -iframework /Applications/Xcode-26.3.0.app/Contents/Developer/Platforms/WatchOS.platform/Developer/Library/Frameworks -iframework /Applications/Xcode-26.3.0.app/Contents/Developer/Platforms/WatchOS.platform/Developer/SDKs/WatchOS26.2.sdk/Developer/Library/Frameworks -filelist /Users/admin/builder/spi-builder-workspace/.derivedData/Build/Intermediates.noindex/BLESwift.build/Debug-watchos/BLESwiftLink.build/Objects-normal/arm64/BLESwiftLink.LinkFileList -nostdlib -Xlinker -object_path_lto -Xlinker /Users/admin/builder/spi-builder-workspace/.derivedData/Build/Intermediates.noindex/BLESwift.build/Debug-watchos/BLESwiftLink.build/Objects-normal/arm64/BLESwiftLink_lto.o -rdynamic -Xlinker -no_deduplicate -Xlinker -debug_variant -Xlinker -dependency_info -Xlinker /Users/admin/builder/spi-builder-workspace/.derivedData/Build/Intermediates.noindex/BLESwift.build/Debug-watchos/BLESwiftLink.build/Objects-normal/arm64/BLESwiftLink_dependency_info.dat -fobjc-link-runtime -L/Applications/Xcode-26.3.0.app/Contents/Developer/Toolchains/XcodeDefault.xctoolchain/usr/lib/swift/watchos -L/usr/lib/swift -Xlinker -add_ast_path -Xlinker /Users/admin/builder/spi-builder-workspace/.derivedData/Build/Intermediates.noindex/BLESwift.build/Debug-watchos/BLESwiftLink.build/Objects-normal/arm64/BLESwiftLink.swiftmodule @/Users/admin/builder/spi-builder-workspace/.derivedData/Build/Intermediates.noindex/BLESwift.build/Debug-watchos/BLESwiftLink.build/Objects-normal/arm64/BLESwiftLink-linker-args.resp -o /Users/admin/builder/spi-builder-workspace/.derivedData/Build/Intermediates.noindex/BLESwift.build/Debug-watchos/BLESwiftLink.build/Objects-normal/arm64/Binary/BLESwiftLink.o
CreateUniversalBinary /Users/admin/builder/spi-builder-workspace/.derivedData/Build/Products/Debug-watchos/BLESwiftTestSupport.o normal arm64\ arm64_32 (in target 'BLESwiftTestSupport' from project 'BLESwift')
    cd /Users/admin/builder/spi-builder-workspace
    /Applications/Xcode-26.3.0.app/Contents/Developer/Toolchains/XcodeDefault.xctoolchain/usr/bin/lipo -create /Users/admin/builder/spi-builder-workspace/.derivedData/Build/Intermediates.noindex/BLESwift.build/Debug-watchos/BLESwiftTestSupport.build/Objects-normal/arm64/Binary/BLESwiftTestSupport.o /Users/admin/builder/spi-builder-workspace/.derivedData/Build/Intermediates.noindex/BLESwift.build/Debug-watchos/BLESwiftTestSupport.build/Objects-normal/arm64_32/Binary/BLESwiftTestSupport.o -output /Users/admin/builder/spi-builder-workspace/.derivedData/Build/Products/Debug-watchos/BLESwiftTestSupport.o
SwiftDriverJobDiscovery normal arm64_32 Compiling ReconnectPolicy.swift, CBCentralManager+CentralManaging.swift, CBL2CAPChannelTransport.swift, CBPeripheral+PeripheralRemote.swift, CBPeripheralManager+PeripheralManaging.swift (in target 'BLESwift' from project 'BLESwift')
ExtractAppIntentsMetadata (in target 'BLESwiftTestSupport' from project 'BLESwift')
    cd /Users/admin/builder/spi-builder-workspace
    /Applications/Xcode-26.3.0.app/Contents/Developer/Toolchains/XcodeDefault.xctoolchain/usr/bin/appintentsmetadataprocessor --toolchain-dir /var/run/com.apple.security.cryptexd/mnt/com.apple.MobileAsset.MetalToolchain-v17.3.7003.10.xkIBF1/Metal.xctoolchain --module-name BLESwiftTestSupport --sdk-root /Applications/Xcode-26.3.0.app/Contents/Developer/Platforms/WatchOS.platform/Developer/SDKs/WatchOS26.2.sdk --xcode-version 17C529 --platform-family watchOS --deployment-target 11.0 --bundle-identifier spi-builder-workspace.BLESwiftTestSupport --output /Users/admin/builder/spi-builder-workspace/.derivedData/Build/Products/Debug-watchos/BLESwiftTestSupport.appintents --target-triple arm64-apple-watchos11.0 --target-triple arm64_32-apple-watchos11.0 --binary-file /Users/admin/builder/spi-builder-workspace/.derivedData/Build/Products/Debug-watchos/BLESwiftTestSupport.o --dependency-file /Users/admin/builder/spi-builder-workspace/.derivedData/Build/Intermediates.noindex/BLESwift.build/Debug-watchos/BLESwiftTestSupport.build/Objects-normal/arm64/BLESwiftTestSupport_dependency_info.dat --dependency-file /Users/admin/builder/spi-builder-workspace/.derivedData/Build/Intermediates.noindex/BLESwift.build/Debug-watchos/BLESwiftTestSupport.build/Objects-normal/arm64_32/BLESwiftTestSupport_dependency_info.dat --stringsdata-file /Users/admin/builder/spi-builder-workspace/.derivedData/Build/Intermediates.noindex/BLESwift.build/Debug-watchos/BLESwiftTestSupport.build/Objects-normal/arm64/ExtractedAppShortcutsMetadata.stringsdata --stringsdata-file /Users/admin/builder/spi-builder-workspace/.derivedData/Build/Intermediates.noindex/BLESwift.build/Debug-watchos/BLESwiftTestSupport.build/Objects-normal/arm64_32/ExtractedAppShortcutsMetadata.stringsdata --source-file-list /Users/admin/builder/spi-builder-workspace/.derivedData/Build/Intermediates.noindex/BLESwift.build/Debug-watchos/BLESwiftTestSupport.build/Objects-normal/arm64/BLESwiftTestSupport.SwiftFileList --source-file-list /Users/admin/builder/spi-builder-workspace/.derivedData/Build/Intermediates.noindex/BLESwift.build/Debug-watchos/BLESwiftTestSupport.build/Objects-normal/arm64_32/BLESwiftTestSupport.SwiftFileList --metadata-file-list /Users/admin/builder/spi-builder-workspace/.derivedData/Build/Intermediates.noindex/BLESwift.build/Debug-watchos/BLESwiftTestSupport.build/BLESwiftTestSupport.DependencyMetadataFileList --static-metadata-file-list /Users/admin/builder/spi-builder-workspace/.derivedData/Build/Intermediates.noindex/BLESwift.build/Debug-watchos/BLESwiftTestSupport.build/BLESwiftTestSupport.DependencyStaticMetadataFileList --swift-const-vals-list /Users/admin/builder/spi-builder-workspace/.derivedData/Build/Intermediates.noindex/BLESwift.build/Debug-watchos/BLESwiftTestSupport.build/Objects-normal/arm64/BLESwiftTestSupport.SwiftConstValuesFileList --swift-const-vals-list /Users/admin/builder/spi-builder-workspace/.derivedData/Build/Intermediates.noindex/BLESwift.build/Debug-watchos/BLESwiftTestSupport.build/Objects-normal/arm64_32/BLESwiftTestSupport.SwiftConstValuesFileList --force --compile-time-extraction --deployment-aware-processing --validate-assistant-intents --no-app-shortcuts-localization
2026-09-03 13:41:19.514 appintentsmetadataprocessor[1605:9739] Starting appintentsmetadataprocessor export
2026-09-03 13:41:19.656 appintentsmetadataprocessor[1605:9739] Extracted no relevant App Intents symbols, skipping writing output
SwiftDriverJobDiscovery normal arm64_32 Compiling Peripheral+Composite.swift, Peripheral+GATT.swift, Peripheral+L2CAP.swift, Peripheral+Notifications.swift, Peripheral.swift (in target 'BLESwift' from project 'BLESwift')
SwiftEmitModule normal arm64 Emitting\ module\ for\ bleswift_provider (in target 'bleswift-provider' from project 'BLESwift')
SwiftCompile normal arm64 /Users/admin/builder/spi-builder-workspace/Sources/bleswift-provider/main.swift (in target 'bleswift-provider' from project 'BLESwift')
    cd /Users/admin/builder/spi-builder-workspace/.swiftpm/xcode

SwiftCompile normal arm64 Compiling\ main.swift /Users/admin/builder/spi-builder-workspace/Sources/bleswift-provider/main.swift (in target 'bleswift-provider' from project 'BLESwift')
SwiftCompile normal arm64 /Users/admin/builder/spi-builder-workspace/Sources/bleswift-provider/main.swift (in target 'bleswift-provider' from project 'BLESwift')
    cd /Users/admin/builder/spi-builder-workspace/.swiftpm/xcode

CreateUniversalBinary /Users/admin/builder/spi-builder-workspace/.derivedData/Build/Products/Debug-watchos/BLESwiftLink.o normal arm64\ arm64_32 (in target 'BLESwiftLink' from project 'BLESwift')
    cd /Users/admin/builder/spi-builder-workspace
    /Applications/Xcode-26.3.0.app/Contents/Developer/Toolchains/XcodeDefault.xctoolchain/usr/bin/lipo -create /Users/admin/builder/spi-builder-workspace/.derivedData/Build/Intermediates.noindex/BLESwift.build/Debug-watchos/BLESwiftLink.build/Objects-normal/arm64/Binary/BLESwiftLink.o /Users/admin/builder/spi-builder-workspace/.derivedData/Build/Intermediates.noindex/BLESwift.build/Debug-watchos/BLESwiftLink.build/Objects-normal/arm64_32/Binary/BLESwiftLink.o -output /Users/admin/builder/spi-builder-workspace/.derivedData/Build/Products/Debug-watchos/BLESwiftLink.o
SwiftEmitModule normal arm64_32 Emitting\ module\ for\ bleswift_provider (in target 'bleswift-provider' from project 'BLESwift')
SwiftCompile normal arm64_32 /Users/admin/builder/spi-builder-workspace/Sources/bleswift-provider/main.swift (in target 'bleswift-provider' from project 'BLESwift')
    cd /Users/admin/builder/spi-builder-workspace/.swiftpm/xcode

SwiftCompile normal arm64_32 Compiling\ main.swift /Users/admin/builder/spi-builder-workspace/Sources/bleswift-provider/main.swift (in target 'bleswift-provider' from project 'BLESwift')
SwiftCompile normal arm64_32 /Users/admin/builder/spi-builder-workspace/Sources/bleswift-provider/main.swift (in target 'bleswift-provider' from project 'BLESwift')
    cd /Users/admin/builder/spi-builder-workspace/.swiftpm/xcode

ExtractAppIntentsMetadata (in target 'BLESwiftLink' from project 'BLESwift')
    cd /Users/admin/builder/spi-builder-workspace
    /Applications/Xcode-26.3.0.app/Contents/Developer/Toolchains/XcodeDefault.xctoolchain/usr/bin/appintentsmetadataprocessor --toolchain-dir /var/run/com.apple.security.cryptexd/mnt/com.apple.MobileAsset.MetalToolchain-v17.3.7003.10.xkIBF1/Metal.xctoolchain --module-name BLESwiftLink --sdk-root /Applications/Xcode-26.3.0.app/Contents/Developer/Platforms/WatchOS.platform/Developer/SDKs/WatchOS26.2.sdk --xcode-version 17C529 --platform-family watchOS --deployment-target 11.0 --bundle-identifier spi-builder-workspace.BLESwiftLink --output /Users/admin/builder/spi-builder-workspace/.derivedData/Build/Products/Debug-watchos/BLESwiftLink.appintents --target-triple arm64-apple-watchos11.0 --target-triple arm64_32-apple-watchos11.0 --binary-file /Users/admin/builder/spi-builder-workspace/.derivedData/Build/Products/Debug-watchos/BLESwiftLink.o --dependency-file /Users/admin/builder/spi-builder-workspace/.derivedData/Build/Intermediates.noindex/BLESwift.build/Debug-watchos/BLESwiftLink.build/Objects-normal/arm64/BLESwiftLink_dependency_info.dat --dependency-file /Users/admin/builder/spi-builder-workspace/.derivedData/Build/Intermediates.noindex/BLESwift.build/Debug-watchos/BLESwiftLink.build/Objects-normal/arm64_32/BLESwiftLink_dependency_info.dat --stringsdata-file /Users/admin/builder/spi-builder-workspace/.derivedData/Build/Intermediates.noindex/BLESwift.build/Debug-watchos/BLESwiftLink.build/Objects-normal/arm64/ExtractedAppShortcutsMetadata.stringsdata --stringsdata-file /Users/admin/builder/spi-builder-workspace/.derivedData/Build/Intermediates.noindex/BLESwift.build/Debug-watchos/BLESwiftLink.build/Objects-normal/arm64_32/ExtractedAppShortcutsMetadata.stringsdata --source-file-list /Users/admin/builder/spi-builder-workspace/.derivedData/Build/Intermediates.noindex/BLESwift.build/Debug-watchos/BLESwiftLink.build/Objects-normal/arm64/BLESwiftLink.SwiftFileList --source-file-list /Users/admin/builder/spi-builder-workspace/.derivedData/Build/Intermediates.noindex/BLESwift.build/Debug-watchos/BLESwiftLink.build/Objects-normal/arm64_32/BLESwiftLink.SwiftFileList --metadata-file-list /Users/admin/builder/spi-builder-workspace/.derivedData/Build/Intermediates.noindex/BLESwift.build/Debug-watchos/BLESwiftLink.build/BLESwiftLink.DependencyMetadataFileList --static-metadata-file-list /Users/admin/builder/spi-builder-workspace/.derivedData/Build/Intermediates.noindex/BLESwift.build/Debug-watchos/BLESwiftLink.build/BLESwiftLink.DependencyStaticMetadataFileList --swift-const-vals-list /Users/admin/builder/spi-builder-workspace/.derivedData/Build/Intermediates.noindex/BLESwift.build/Debug-watchos/BLESwiftLink.build/Objects-normal/arm64/BLESwiftLink.SwiftConstValuesFileList --swift-const-vals-list /Users/admin/builder/spi-builder-workspace/.derivedData/Build/Intermediates.noindex/BLESwift.build/Debug-watchos/BLESwiftLink.build/Objects-normal/arm64_32/BLESwiftLink.SwiftConstValuesFileList --force --compile-time-extraction --deployment-aware-processing --validate-assistant-intents --no-app-shortcuts-localization
2026-09-03 13:41:19.565 appintentsmetadataprocessor[1611:9767] Starting appintentsmetadataprocessor export
2026-09-03 13:41:19.694 appintentsmetadataprocessor[1611:9767] Extracted no relevant App Intents symbols, skipping writing output
SwiftDriverJobDiscovery normal arm64 Compiling ReconnectPolicy.swift, CBCentralManager+CentralManaging.swift, CBL2CAPChannelTransport.swift, CBPeripheral+PeripheralRemote.swift, CBPeripheralManager+PeripheralManaging.swift (in target 'BLESwift' from project 'BLESwift')
SwiftDriverJobDiscovery normal arm64 Compiling ANCSAuthorizationRegistry.swift, Broadcaster.swift, ServiceChangesRegistry.swift, ThrowingBroadcaster.swift, WithTimeout.swift (in target 'BLESwift' from project 'BLESwift')
SwiftDriverJobDiscovery normal arm64 Emitting module for bleswift_provider (in target 'bleswift-provider' from project 'BLESwift')
SwiftDriver\ Compilation\ Requirements bleswift-provider normal arm64 com.apple.xcode.tools.swift.compiler (in target 'bleswift-provider' from project 'BLESwift')
    cd /Users/admin/builder/spi-builder-workspace/.swiftpm/xcode
    builtin-Swift-Compilation-Requirements -- /Applications/Xcode-26.3.0.app/Contents/Developer/Toolchains/XcodeDefault.xctoolchain/usr/bin/swiftc -module-name bleswift_provider -Onone -enforce-exclusivity\=checked @/Users/admin/builder/spi-builder-workspace/.derivedData/Build/Intermediates.noindex/BLESwift.build/Debug-watchos/bleswift-provider.build/Objects-normal/arm64/bleswift-provider.SwiftFileList -DSWIFT_PACKAGE -DDEBUG -DXcode -enable-upcoming-feature NonisolatedNonsendingByDefault -enable-upcoming-feature InferIsolatedConformances -enable-upcoming-feature MemberImportVisibility -plugin-path /Applications/Xcode-26.3.0.app/Contents/Developer/Toolchains/XcodeDefault.xctoolchain/usr/lib/swift/host/plugins/testing -enable-experimental-feature DebugDescriptionMacro -sdk /Applications/Xcode-26.3.0.app/Contents/Developer/Platforms/WatchOS.platform/Developer/SDKs/WatchOS26.2.sdk -target arm64-apple-watchos11.0 -g -module-cache-path /Users/admin/builder/spi-builder-workspace/.derivedData/ModuleCache.noindex -Xfrontend -serialize-debugging-options -profile-coverage-mapping -profile-generate -enable-testing -index-store-path /Users/admin/builder/spi-builder-workspace/.derivedData/Index.noindex/DataStore -Xcc -D_LIBCPP_HARDENING_MODE\=_LIBCPP_HARDENING_MODE_DEBUG -swift-version 6 -I /Users/admin/builder/spi-builder-workspace/.derivedData/Build/Products/Debug-watchos -Isystem /Applications/Xcode-26.3.0.app/Contents/Developer/Platforms/WatchOS.platform/Developer/usr/lib -F /Users/admin/builder/spi-builder-workspace/.derivedData/Build/Products/Debug-watchos/PackageFrameworks -F /Users/admin/builder/spi-builder-workspace/.derivedData/Build/Products/Debug-watchos/PackageFrameworks -F /Users/admin/builder/spi-builder-workspace/.derivedData/Build/Products/Debug-watchos/PackageFrameworks -F /Users/admin/builder/spi-builder-workspace/.derivedData/Build/Products/Debug-watchos/PackageFrameworks -F /Users/admin/builder/spi-builder-workspace/.derivedData/Build/Products/Debug-watchos/PackageFrameworks -F /Users/admin/builder/spi-builder-workspace/.derivedData/Build/Products/Debug-watchos -F /Applications/Xcode-26.3.0.app/Contents/Developer/Platforms/WatchOS.platform/Developer/Library/Frameworks -F /Applications/Xcode-26.3.0.app/Contents/Developer/Platforms/WatchOS.platform/Developer/SDKs/WatchOS26.2.sdk/Developer/Library/Frameworks -c -j10 -enable-batch-mode -incremental -Xcc -ivfsstatcache -Xcc /Users/admin/builder/spi-builder-workspace/.derivedData/SDKStatCaches.noindex/watchos26.2-23S303-dc75598d0054f22ec865fa860f139d721753b489057de6bda919edfa1c59a62b.sdkstatcache -output-file-map /Users/admin/builder/spi-builder-workspace/.derivedData/Build/Intermediates.noindex/BLESwift.build/Debug-watchos/bleswift-provider.build/Objects-normal/arm64/bleswift-provider-OutputFileMap.json -use-frontend-parseable-output -save-temps -no-color-diagnostics -explicit-module-build -module-cache-path /Users/admin/builder/spi-builder-workspace/.derivedData/Build/Intermediates.noindex/SwiftExplicitPrecompiledModules -clang-scanner-module-cache-path /Users/admin/builder/spi-builder-workspace/.derivedData/ModuleCache.noindex -sdk-module-cache-path /Users/admin/builder/spi-builder-workspace/.derivedData/ModuleCache.noindex -serialize-diagnostics -emit-dependencies -emit-module -emit-module-path /Users/admin/builder/spi-builder-workspace/.derivedData/Build/Intermediates.noindex/BLESwift.build/Debug-watchos/bleswift-provider.build/Objects-normal/arm64/bleswift_provider.swiftmodule -validate-clang-modules-once -clang-build-session-file /Users/admin/builder/spi-builder-workspace/.derivedData/ModuleCache.noindex/Session.modulevalidation -package-name spi_builder_workspace -emit-const-values -Xfrontend -const-gather-protocols-file -Xfrontend /Users/admin/builder/spi-builder-workspace/.derivedData/Build/Intermediates.noindex/BLESwift.build/Debug-watchos/bleswift-provider.build/Objects-normal/arm64/bleswift-provider_const_extract_protocols.json -Xcc -I/Users/admin/builder/spi-builder-workspace/.derivedData/Build/Products/Debug-watchos/include -Xcc -I/Users/admin/builder/spi-builder-workspace/.derivedData/Build/Intermediates.noindex/BLESwift.build/Debug-watchos/bleswift-provider.build/DerivedSources-normal/arm64 -Xcc -I/Users/admin/builder/spi-builder-workspace/.derivedData/Build/Intermediates.noindex/BLESwift.build/Debug-watchos/bleswift-provider.build/DerivedSources/arm64 -Xcc -I/Users/admin/builder/spi-builder-workspace/.derivedData/Build/Intermediates.noindex/BLESwift.build/Debug-watchos/bleswift-provider.build/DerivedSources -Xcc -DSWIFT_PACKAGE -Xcc -DDEBUG\=1 -working-directory /Users/admin/builder/spi-builder-workspace/.swiftpm/xcode -experimental-emit-module-separately -disable-cmo
Copy /Users/admin/builder/spi-builder-workspace/.derivedData/Build/Products/Debug-watchos/bleswift_provider.swiftmodule/arm64-apple-watchos.abi.json /Users/admin/builder/spi-builder-workspace/.derivedData/Build/Intermediates.noindex/BLESwift.build/Debug-watchos/bleswift-provider.build/Objects-normal/arm64/bleswift_provider.abi.json (in target 'bleswift-provider' from project 'BLESwift')
    cd /Users/admin/builder/spi-builder-workspace
    builtin-copy -exclude .DS_Store -exclude CVS -exclude .svn -exclude .git -exclude .hg -resolve-src-symlinks -rename /Users/admin/builder/spi-builder-workspace/.derivedData/Build/Intermediates.noindex/BLESwift.build/Debug-watchos/bleswift-provider.build/Objects-normal/arm64/bleswift_provider.abi.json /Users/admin/builder/spi-builder-workspace/.derivedData/Build/Products/Debug-watchos/bleswift_provider.swiftmodule/arm64-apple-watchos.abi.json
Copy /Users/admin/builder/spi-builder-workspace/.derivedData/Build/Products/Debug-watchos/bleswift_provider.swiftmodule/arm64-apple-watchos.swiftmodule /Users/admin/builder/spi-builder-workspace/.derivedData/Build/Intermediates.noindex/BLESwift.build/Debug-watchos/bleswift-provider.build/Objects-normal/arm64/bleswift_provider.swiftmodule (in target 'bleswift-provider' from project 'BLESwift')
    cd /Users/admin/builder/spi-builder-workspace
    builtin-copy -exclude .DS_Store -exclude CVS -exclude .svn -exclude .git -exclude .hg -resolve-src-symlinks -rename /Users/admin/builder/spi-builder-workspace/.derivedData/Build/Intermediates.noindex/BLESwift.build/Debug-watchos/bleswift-provider.build/Objects-normal/arm64/bleswift_provider.swiftmodule /Users/admin/builder/spi-builder-workspace/.derivedData/Build/Products/Debug-watchos/bleswift_provider.swiftmodule/arm64-apple-watchos.swiftmodule
Copy /Users/admin/builder/spi-builder-workspace/.derivedData/Build/Products/Debug-watchos/bleswift_provider.swiftmodule/arm64-apple-watchos.swiftdoc /Users/admin/builder/spi-builder-workspace/.derivedData/Build/Intermediates.noindex/BLESwift.build/Debug-watchos/bleswift-provider.build/Objects-normal/arm64/bleswift_provider.swiftdoc (in target 'bleswift-provider' from project 'BLESwift')
    cd /Users/admin/builder/spi-builder-workspace
    builtin-copy -exclude .DS_Store -exclude CVS -exclude .svn -exclude .git -exclude .hg -resolve-src-symlinks -rename /Users/admin/builder/spi-builder-workspace/.derivedData/Build/Intermediates.noindex/BLESwift.build/Debug-watchos/bleswift-provider.build/Objects-normal/arm64/bleswift_provider.swiftdoc /Users/admin/builder/spi-builder-workspace/.derivedData/Build/Products/Debug-watchos/bleswift_provider.swiftmodule/arm64-apple-watchos.swiftdoc
Copy /Users/admin/builder/spi-builder-workspace/.derivedData/Build/Products/Debug-watchos/bleswift_provider.swiftmodule/Project/arm64-apple-watchos.swiftsourceinfo /Users/admin/builder/spi-builder-workspace/.derivedData/Build/Intermediates.noindex/BLESwift.build/Debug-watchos/bleswift-provider.build/Objects-normal/arm64/bleswift_provider.swiftsourceinfo (in target 'bleswift-provider' from project 'BLESwift')
    cd /Users/admin/builder/spi-builder-workspace
    builtin-copy -exclude .DS_Store -exclude CVS -exclude .svn -exclude .git -exclude .hg -resolve-src-symlinks -rename /Users/admin/builder/spi-builder-workspace/.derivedData/Build/Intermediates.noindex/BLESwift.build/Debug-watchos/bleswift-provider.build/Objects-normal/arm64/bleswift_provider.swiftsourceinfo /Users/admin/builder/spi-builder-workspace/.derivedData/Build/Products/Debug-watchos/bleswift_provider.swiftmodule/Project/arm64-apple-watchos.swiftsourceinfo
SwiftDriverJobDiscovery normal arm64_32 Emitting module for bleswift_provider (in target 'bleswift-provider' from project 'BLESwift')
SwiftDriver\ Compilation\ Requirements bleswift-provider normal arm64_32 com.apple.xcode.tools.swift.compiler (in target 'bleswift-provider' from project 'BLESwift')
    cd /Users/admin/builder/spi-builder-workspace/.swiftpm/xcode
    builtin-Swift-Compilation-Requirements -- /Applications/Xcode-26.3.0.app/Contents/Developer/Toolchains/XcodeDefault.xctoolchain/usr/bin/swiftc -module-name bleswift_provider -Onone -enforce-exclusivity\=checked @/Users/admin/builder/spi-builder-workspace/.derivedData/Build/Intermediates.noindex/BLESwift.build/Debug-watchos/bleswift-provider.build/Objects-normal/arm64_32/bleswift-provider.SwiftFileList -DSWIFT_PACKAGE -DDEBUG -DXcode -enable-upcoming-feature NonisolatedNonsendingByDefault -enable-upcoming-feature InferIsolatedConformances -enable-upcoming-feature MemberImportVisibility -plugin-path /Applications/Xcode-26.3.0.app/Contents/Developer/Toolchains/XcodeDefault.xctoolchain/usr/lib/swift/host/plugins/testing -enable-experimental-feature DebugDescriptionMacro -sdk /Applications/Xcode-26.3.0.app/Contents/Developer/Platforms/WatchOS.platform/Developer/SDKs/WatchOS26.2.sdk -target arm64_32-apple-watchos11.0 -g -module-cache-path /Users/admin/builder/spi-builder-workspace/.derivedData/ModuleCache.noindex -Xfrontend -serialize-debugging-options -profile-coverage-mapping -profile-generate -enable-testing -index-store-path /Users/admin/builder/spi-builder-workspace/.derivedData/Index.noindex/DataStore -Xcc -D_LIBCPP_HARDENING_MODE\=_LIBCPP_HARDENING_MODE_DEBUG -swift-version 6 -I /Users/admin/builder/spi-builder-workspace/.derivedData/Build/Products/Debug-watchos -Isystem /Applications/Xcode-26.3.0.app/Contents/Developer/Platforms/WatchOS.platform/Developer/usr/lib -F /Users/admin/builder/spi-builder-workspace/.derivedData/Build/Products/Debug-watchos/PackageFrameworks -F /Users/admin/builder/spi-builder-workspace/.derivedData/Build/Products/Debug-watchos/PackageFrameworks -F /Users/admin/builder/spi-builder-workspace/.derivedData/Build/Products/Debug-watchos/PackageFrameworks -F /Users/admin/builder/spi-builder-workspace/.derivedData/Build/Products/Debug-watchos/PackageFrameworks -F /Users/admin/builder/spi-builder-workspace/.derivedData/Build/Products/Debug-watchos/PackageFrameworks -F /Users/admin/builder/spi-builder-workspace/.derivedData/Build/Products/Debug-watchos -F /Applications/Xcode-26.3.0.app/Contents/Developer/Platforms/WatchOS.platform/Developer/Library/Frameworks -F /Applications/Xcode-26.3.0.app/Contents/Developer/Platforms/WatchOS.platform/Developer/SDKs/WatchOS26.2.sdk/Developer/Library/Frameworks -c -j10 -enable-batch-mode -incremental -Xcc -ivfsstatcache -Xcc /Users/admin/builder/spi-builder-workspace/.derivedData/SDKStatCaches.noindex/watchos26.2-23S303-dc75598d0054f22ec865fa860f139d721753b489057de6bda919edfa1c59a62b.sdkstatcache -output-file-map /Users/admin/builder/spi-builder-workspace/.derivedData/Build/Intermediates.noindex/BLESwift.build/Debug-watchos/bleswift-provider.build/Objects-normal/arm64_32/bleswift-provider-OutputFileMap.json -use-frontend-parseable-output -save-temps -no-color-diagnostics -explicit-module-build -module-cache-path /Users/admin/builder/spi-builder-workspace/.derivedData/Build/Intermediates.noindex/SwiftExplicitPrecompiledModules -clang-scanner-module-cache-path /Users/admin/builder/spi-builder-workspace/.derivedData/ModuleCache.noindex -sdk-module-cache-path /Users/admin/builder/spi-builder-workspace/.derivedData/ModuleCache.noindex -serialize-diagnostics -emit-dependencies -emit-module -emit-module-path /Users/admin/builder/spi-builder-workspace/.derivedData/Build/Intermediates.noindex/BLESwift.build/Debug-watchos/bleswift-provider.build/Objects-normal/arm64_32/bleswift_provider.swiftmodule -validate-clang-modules-once -clang-build-session-file /Users/admin/builder/spi-builder-workspace/.derivedData/ModuleCache.noindex/Session.modulevalidation -package-name spi_builder_workspace -emit-const-values -Xfrontend -const-gather-protocols-file -Xfrontend /Users/admin/builder/spi-builder-workspace/.derivedData/Build/Intermediates.noindex/BLESwift.build/Debug-watchos/bleswift-provider.build/Objects-normal/arm64_32/bleswift-provider_const_extract_protocols.json -Xcc -I/Users/admin/builder/spi-builder-workspace/.derivedData/Build/Products/Debug-watchos/include -Xcc -I/Users/admin/builder/spi-builder-workspace/.derivedData/Build/Intermediates.noindex/BLESwift.build/Debug-watchos/bleswift-provider.build/DerivedSources-normal/arm64_32 -Xcc -I/Users/admin/builder/spi-builder-workspace/.derivedData/Build/Intermediates.noindex/BLESwift.build/Debug-watchos/bleswift-provider.build/DerivedSources/arm64_32 -Xcc -I/Users/admin/builder/spi-builder-workspace/.derivedData/Build/Intermediates.noindex/BLESwift.build/Debug-watchos/bleswift-provider.build/DerivedSources -Xcc -DSWIFT_PACKAGE -Xcc -DDEBUG\=1 -working-directory /Users/admin/builder/spi-builder-workspace/.swiftpm/xcode -experimental-emit-module-separately -disable-cmo
Copy /Users/admin/builder/spi-builder-workspace/.derivedData/Build/Products/Debug-watchos/bleswift_provider.swiftmodule/arm64_32-apple-watchos.swiftdoc /Users/admin/builder/spi-builder-workspace/.derivedData/Build/Intermediates.noindex/BLESwift.build/Debug-watchos/bleswift-provider.build/Objects-normal/arm64_32/bleswift_provider.swiftdoc (in target 'bleswift-provider' from project 'BLESwift')
    cd /Users/admin/builder/spi-builder-workspace
    builtin-copy -exclude .DS_Store -exclude CVS -exclude .svn -exclude .git -exclude .hg -resolve-src-symlinks -rename /Users/admin/builder/spi-builder-workspace/.derivedData/Build/Intermediates.noindex/BLESwift.build/Debug-watchos/bleswift-provider.build/Objects-normal/arm64_32/bleswift_provider.swiftdoc /Users/admin/builder/spi-builder-workspace/.derivedData/Build/Products/Debug-watchos/bleswift_provider.swiftmodule/arm64_32-apple-watchos.swiftdoc
Copy /Users/admin/builder/spi-builder-workspace/.derivedData/Build/Products/Debug-watchos/bleswift_provider.swiftmodule/arm64_32-apple-watchos.swiftmodule /Users/admin/builder/spi-builder-workspace/.derivedData/Build/Intermediates.noindex/BLESwift.build/Debug-watchos/bleswift-provider.build/Objects-normal/arm64_32/bleswift_provider.swiftmodule (in target 'bleswift-provider' from project 'BLESwift')
    cd /Users/admin/builder/spi-builder-workspace
    builtin-copy -exclude .DS_Store -exclude CVS -exclude .svn -exclude .git -exclude .hg -resolve-src-symlinks -rename /Users/admin/builder/spi-builder-workspace/.derivedData/Build/Intermediates.noindex/BLESwift.build/Debug-watchos/bleswift-provider.build/Objects-normal/arm64_32/bleswift_provider.swiftmodule /Users/admin/builder/spi-builder-workspace/.derivedData/Build/Products/Debug-watchos/bleswift_provider.swiftmodule/arm64_32-apple-watchos.swiftmodule
Copy /Users/admin/builder/spi-builder-workspace/.derivedData/Build/Products/Debug-watchos/bleswift_provider.swiftmodule/Project/arm64_32-apple-watchos.swiftsourceinfo /Users/admin/builder/spi-builder-workspace/.derivedData/Build/Intermediates.noindex/BLESwift.build/Debug-watchos/bleswift-provider.build/Objects-normal/arm64_32/bleswift_provider.swiftsourceinfo (in target 'bleswift-provider' from project 'BLESwift')
    cd /Users/admin/builder/spi-builder-workspace
    builtin-copy -exclude .DS_Store -exclude CVS -exclude .svn -exclude .git -exclude .hg -resolve-src-symlinks -rename /Users/admin/builder/spi-builder-workspace/.derivedData/Build/Intermediates.noindex/BLESwift.build/Debug-watchos/bleswift-provider.build/Objects-normal/arm64_32/bleswift_provider.swiftsourceinfo /Users/admin/builder/spi-builder-workspace/.derivedData/Build/Products/Debug-watchos/bleswift_provider.swiftmodule/Project/arm64_32-apple-watchos.swiftsourceinfo
Copy /Users/admin/builder/spi-builder-workspace/.derivedData/Build/Products/Debug-watchos/bleswift_provider.swiftmodule/arm64_32-apple-watchos.abi.json /Users/admin/builder/spi-builder-workspace/.derivedData/Build/Intermediates.noindex/BLESwift.build/Debug-watchos/bleswift-provider.build/Objects-normal/arm64_32/bleswift_provider.abi.json (in target 'bleswift-provider' from project 'BLESwift')
    cd /Users/admin/builder/spi-builder-workspace
    builtin-copy -exclude .DS_Store -exclude CVS -exclude .svn -exclude .git -exclude .hg -resolve-src-symlinks -rename /Users/admin/builder/spi-builder-workspace/.derivedData/Build/Intermediates.noindex/BLESwift.build/Debug-watchos/bleswift-provider.build/Objects-normal/arm64_32/bleswift_provider.abi.json /Users/admin/builder/spi-builder-workspace/.derivedData/Build/Products/Debug-watchos/bleswift_provider.swiftmodule/arm64_32-apple-watchos.abi.json
SwiftDriverJobDiscovery normal arm64 Compiling main.swift (in target 'bleswift-provider' from project 'BLESwift')
SwiftDriver\ Compilation bleswift-provider normal arm64 com.apple.xcode.tools.swift.compiler (in target 'bleswift-provider' from project 'BLESwift')
    cd /Users/admin/builder/spi-builder-workspace/.swiftpm/xcode
    builtin-Swift-Compilation -- /Applications/Xcode-26.3.0.app/Contents/Developer/Toolchains/XcodeDefault.xctoolchain/usr/bin/swiftc -module-name bleswift_provider -Onone -enforce-exclusivity\=checked @/Users/admin/builder/spi-builder-workspace/.derivedData/Build/Intermediates.noindex/BLESwift.build/Debug-watchos/bleswift-provider.build/Objects-normal/arm64/bleswift-provider.SwiftFileList -DSWIFT_PACKAGE -DDEBUG -DXcode -enable-upcoming-feature NonisolatedNonsendingByDefault -enable-upcoming-feature InferIsolatedConformances -enable-upcoming-feature MemberImportVisibility -plugin-path /Applications/Xcode-26.3.0.app/Contents/Developer/Toolchains/XcodeDefault.xctoolchain/usr/lib/swift/host/plugins/testing -enable-experimental-feature DebugDescriptionMacro -sdk /Applications/Xcode-26.3.0.app/Contents/Developer/Platforms/WatchOS.platform/Developer/SDKs/WatchOS26.2.sdk -target arm64-apple-watchos11.0 -g -module-cache-path /Users/admin/builder/spi-builder-workspace/.derivedData/ModuleCache.noindex -Xfrontend -serialize-debugging-options -profile-coverage-mapping -profile-generate -enable-testing -index-store-path /Users/admin/builder/spi-builder-workspace/.derivedData/Index.noindex/DataStore -Xcc -D_LIBCPP_HARDENING_MODE\=_LIBCPP_HARDENING_MODE_DEBUG -swift-version 6 -I /Users/admin/builder/spi-builder-workspace/.derivedData/Build/Products/Debug-watchos -Isystem /Applications/Xcode-26.3.0.app/Contents/Developer/Platforms/WatchOS.platform/Developer/usr/lib -F /Users/admin/builder/spi-builder-workspace/.derivedData/Build/Products/Debug-watchos/PackageFrameworks -F /Users/admin/builder/spi-builder-workspace/.derivedData/Build/Products/Debug-watchos/PackageFrameworks -F /Users/admin/builder/spi-builder-workspace/.derivedData/Build/Products/Debug-watchos/PackageFrameworks -F /Users/admin/builder/spi-builder-workspace/.derivedData/Build/Products/Debug-watchos/PackageFrameworks -F /Users/admin/builder/spi-builder-workspace/.derivedData/Build/Products/Debug-watchos/PackageFrameworks -F /Users/admin/builder/spi-builder-workspace/.derivedData/Build/Products/Debug-watchos -F /Applications/Xcode-26.3.0.app/Contents/Developer/Platforms/WatchOS.platform/Developer/Library/Frameworks -F /Applications/Xcode-26.3.0.app/Contents/Developer/Platforms/WatchOS.platform/Developer/SDKs/WatchOS26.2.sdk/Developer/Library/Frameworks -c -j10 -enable-batch-mode -incremental -Xcc -ivfsstatcache -Xcc /Users/admin/builder/spi-builder-workspace/.derivedData/SDKStatCaches.noindex/watchos26.2-23S303-dc75598d0054f22ec865fa860f139d721753b489057de6bda919edfa1c59a62b.sdkstatcache -output-file-map /Users/admin/builder/spi-builder-workspace/.derivedData/Build/Intermediates.noindex/BLESwift.build/Debug-watchos/bleswift-provider.build/Objects-normal/arm64/bleswift-provider-OutputFileMap.json -use-frontend-parseable-output -save-temps -no-color-diagnostics -explicit-module-build -module-cache-path /Users/admin/builder/spi-builder-workspace/.derivedData/Build/Intermediates.noindex/SwiftExplicitPrecompiledModules -clang-scanner-module-cache-path /Users/admin/builder/spi-builder-workspace/.derivedData/ModuleCache.noindex -sdk-module-cache-path /Users/admin/builder/spi-builder-workspace/.derivedData/ModuleCache.noindex -serialize-diagnostics -emit-dependencies -emit-module -emit-module-path /Users/admin/builder/spi-builder-workspace/.derivedData/Build/Intermediates.noindex/BLESwift.build/Debug-watchos/bleswift-provider.build/Objects-normal/arm64/bleswift_provider.swiftmodule -validate-clang-modules-once -clang-build-session-file /Users/admin/builder/spi-builder-workspace/.derivedData/ModuleCache.noindex/Session.modulevalidation -package-name spi_builder_workspace -emit-const-values -Xfrontend -const-gather-protocols-file -Xfrontend /Users/admin/builder/spi-builder-workspace/.derivedData/Build/Intermediates.noindex/BLESwift.build/Debug-watchos/bleswift-provider.build/Objects-normal/arm64/bleswift-provider_const_extract_protocols.json -Xcc -I/Users/admin/builder/spi-builder-workspace/.derivedData/Build/Products/Debug-watchos/include -Xcc -I/Users/admin/builder/spi-builder-workspace/.derivedData/Build/Intermediates.noindex/BLESwift.build/Debug-watchos/bleswift-provider.build/DerivedSources-normal/arm64 -Xcc -I/Users/admin/builder/spi-builder-workspace/.derivedData/Build/Intermediates.noindex/BLESwift.build/Debug-watchos/bleswift-provider.build/DerivedSources/arm64 -Xcc -I/Users/admin/builder/spi-builder-workspace/.derivedData/Build/Intermediates.noindex/BLESwift.build/Debug-watchos/bleswift-provider.build/DerivedSources -Xcc -DSWIFT_PACKAGE -Xcc -DDEBUG\=1 -working-directory /Users/admin/builder/spi-builder-workspace/.swiftpm/xcode -experimental-emit-module-separately -disable-cmo
SwiftDriverJobDiscovery normal arm64_32 Compiling main.swift (in target 'bleswift-provider' from project 'BLESwift')
SwiftDriver\ Compilation bleswift-provider normal arm64_32 com.apple.xcode.tools.swift.compiler (in target 'bleswift-provider' from project 'BLESwift')
    cd /Users/admin/builder/spi-builder-workspace/.swiftpm/xcode
    builtin-Swift-Compilation -- /Applications/Xcode-26.3.0.app/Contents/Developer/Toolchains/XcodeDefault.xctoolchain/usr/bin/swiftc -module-name bleswift_provider -Onone -enforce-exclusivity\=checked @/Users/admin/builder/spi-builder-workspace/.derivedData/Build/Intermediates.noindex/BLESwift.build/Debug-watchos/bleswift-provider.build/Objects-normal/arm64_32/bleswift-provider.SwiftFileList -DSWIFT_PACKAGE -DDEBUG -DXcode -enable-upcoming-feature NonisolatedNonsendingByDefault -enable-upcoming-feature InferIsolatedConformances -enable-upcoming-feature MemberImportVisibility -plugin-path /Applications/Xcode-26.3.0.app/Contents/Developer/Toolchains/XcodeDefault.xctoolchain/usr/lib/swift/host/plugins/testing -enable-experimental-feature DebugDescriptionMacro -sdk /Applications/Xcode-26.3.0.app/Contents/Developer/Platforms/WatchOS.platform/Developer/SDKs/WatchOS26.2.sdk -target arm64_32-apple-watchos11.0 -g -module-cache-path /Users/admin/builder/spi-builder-workspace/.derivedData/ModuleCache.noindex -Xfrontend -serialize-debugging-options -profile-coverage-mapping -profile-generate -enable-testing -index-store-path /Users/admin/builder/spi-builder-workspace/.derivedData/Index.noindex/DataStore -Xcc -D_LIBCPP_HARDENING_MODE\=_LIBCPP_HARDENING_MODE_DEBUG -swift-version 6 -I /Users/admin/builder/spi-builder-workspace/.derivedData/Build/Products/Debug-watchos -Isystem /Applications/Xcode-26.3.0.app/Contents/Developer/Platforms/WatchOS.platform/Developer/usr/lib -F /Users/admin/builder/spi-builder-workspace/.derivedData/Build/Products/Debug-watchos/PackageFrameworks -F /Users/admin/builder/spi-builder-workspace/.derivedData/Build/Products/Debug-watchos/PackageFrameworks -F /Users/admin/builder/spi-builder-workspace/.derivedData/Build/Products/Debug-watchos/PackageFrameworks -F /Users/admin/builder/spi-builder-workspace/.derivedData/Build/Products/Debug-watchos/PackageFrameworks -F /Users/admin/builder/spi-builder-workspace/.derivedData/Build/Products/Debug-watchos/PackageFrameworks -F /Users/admin/builder/spi-builder-workspace/.derivedData/Build/Products/Debug-watchos -F /Applications/Xcode-26.3.0.app/Contents/Developer/Platforms/WatchOS.platform/Developer/Library/Frameworks -F /Applications/Xcode-26.3.0.app/Contents/Developer/Platforms/WatchOS.platform/Developer/SDKs/WatchOS26.2.sdk/Developer/Library/Frameworks -c -j10 -enable-batch-mode -incremental -Xcc -ivfsstatcache -Xcc /Users/admin/builder/spi-builder-workspace/.derivedData/SDKStatCaches.noindex/watchos26.2-23S303-dc75598d0054f22ec865fa860f139d721753b489057de6bda919edfa1c59a62b.sdkstatcache -output-file-map /Users/admin/builder/spi-builder-workspace/.derivedData/Build/Intermediates.noindex/BLESwift.build/Debug-watchos/bleswift-provider.build/Objects-normal/arm64_32/bleswift-provider-OutputFileMap.json -use-frontend-parseable-output -save-temps -no-color-diagnostics -explicit-module-build -module-cache-path /Users/admin/builder/spi-builder-workspace/.derivedData/Build/Intermediates.noindex/SwiftExplicitPrecompiledModules -clang-scanner-module-cache-path /Users/admin/builder/spi-builder-workspace/.derivedData/ModuleCache.noindex -sdk-module-cache-path /Users/admin/builder/spi-builder-workspace/.derivedData/ModuleCache.noindex -serialize-diagnostics -emit-dependencies -emit-module -emit-module-path /Users/admin/builder/spi-builder-workspace/.derivedData/Build/Intermediates.noindex/BLESwift.build/Debug-watchos/bleswift-provider.build/Objects-normal/arm64_32/bleswift_provider.swiftmodule -validate-clang-modules-once -clang-build-session-file /Users/admin/builder/spi-builder-workspace/.derivedData/ModuleCache.noindex/Session.modulevalidation -package-name spi_builder_workspace -emit-const-values -Xfrontend -const-gather-protocols-file -Xfrontend /Users/admin/builder/spi-builder-workspace/.derivedData/Build/Intermediates.noindex/BLESwift.build/Debug-watchos/bleswift-provider.build/Objects-normal/arm64_32/bleswift-provider_const_extract_protocols.json -Xcc -I/Users/admin/builder/spi-builder-workspace/.derivedData/Build/Products/Debug-watchos/include -Xcc -I/Users/admin/builder/spi-builder-workspace/.derivedData/Build/Intermediates.noindex/BLESwift.build/Debug-watchos/bleswift-provider.build/DerivedSources-normal/arm64_32 -Xcc -I/Users/admin/builder/spi-builder-workspace/.derivedData/Build/Intermediates.noindex/BLESwift.build/Debug-watchos/bleswift-provider.build/DerivedSources/arm64_32 -Xcc -I/Users/admin/builder/spi-builder-workspace/.derivedData/Build/Intermediates.noindex/BLESwift.build/Debug-watchos/bleswift-provider.build/DerivedSources -Xcc -DSWIFT_PACKAGE -Xcc -DDEBUG\=1 -working-directory /Users/admin/builder/spi-builder-workspace/.swiftpm/xcode -experimental-emit-module-separately -disable-cmo
RegisterExecutionPolicyException /Users/admin/builder/spi-builder-workspace/.derivedData/Build/Products/Debug-watchos/BLESwiftTestSupport.o (in target 'BLESwiftTestSupport' from project 'BLESwift')
    cd /Users/admin/builder/spi-builder-workspace
    builtin-RegisterExecutionPolicyException /Users/admin/builder/spi-builder-workspace/.derivedData/Build/Products/Debug-watchos/BLESwiftTestSupport.o
RegisterExecutionPolicyException /Users/admin/builder/spi-builder-workspace/.derivedData/Build/Products/Debug-watchos/BLESwiftLink.o (in target 'BLESwiftLink' from project 'BLESwift')
    cd /Users/admin/builder/spi-builder-workspace
    builtin-RegisterExecutionPolicyException /Users/admin/builder/spi-builder-workspace/.derivedData/Build/Products/Debug-watchos/BLESwiftLink.o
Ld /Users/admin/builder/spi-builder-workspace/.derivedData/Build/Intermediates.noindex/BLESwift.build/Debug-watchos/BLESwiftSimulatorLink.build/Objects-normal/arm64_32/Binary/BLESwiftSimulatorLink.o normal arm64_32 (in target 'BLESwiftSimulatorLink' from project 'BLESwift')
    cd /Users/admin/builder/spi-builder-workspace
    /Applications/Xcode-26.3.0.app/Contents/Developer/Toolchains/XcodeDefault.xctoolchain/usr/bin/clang -Xlinker -reproducible -target arm64_32-apple-watchos11.0 -r -isysroot /Applications/Xcode-26.3.0.app/Contents/Developer/Platforms/WatchOS.platform/Developer/SDKs/WatchOS26.2.sdk -O0 -L/Users/admin/builder/spi-builder-workspace/.derivedData/Build/Intermediates.noindex/EagerLinkingTBDs/Debug-watchos -L/Users/admin/builder/spi-builder-workspace/.derivedData/Build/Products/Debug-watchos -L/Applications/Xcode-26.3.0.app/Contents/Developer/Platforms/WatchOS.platform/Developer/usr/lib -F/Users/admin/builder/spi-builder-workspace/.derivedData/Build/Intermediates.noindex/EagerLinkingTBDs/Debug-watchos -F/Users/admin/builder/spi-builder-workspace/.derivedData/Build/Products/Debug-watchos/PackageFrameworks -F/Users/admin/builder/spi-builder-workspace/.derivedData/Build/Products/Debug-watchos/PackageFrameworks -F/Users/admin/builder/spi-builder-workspace/.derivedData/Build/Products/Debug-watchos/PackageFrameworks -F/Users/admin/builder/spi-builder-workspace/.derivedData/Build/Products/Debug-watchos -iframework /Applications/Xcode-26.3.0.app/Contents/Developer/Platforms/WatchOS.platform/Developer/Library/Frameworks -iframework /Applications/Xcode-26.3.0.app/Contents/Developer/Platforms/WatchOS.platform/Developer/SDKs/WatchOS26.2.sdk/Developer/Library/Frameworks -filelist /Users/admin/builder/spi-builder-workspace/.derivedData/Build/Intermediates.noindex/BLESwift.build/Debug-watchos/BLESwiftSimulatorLink.build/Objects-normal/arm64_32/BLESwiftSimulatorLink.LinkFileList -nostdlib -Xlinker -object_path_lto -Xlinker /Users/admin/builder/spi-builder-workspace/.derivedData/Build/Intermediates.noindex/BLESwift.build/Debug-watchos/BLESwiftSimulatorLink.build/Objects-normal/arm64_32/BLESwiftSimulatorLink_lto.o -rdynamic -Xlinker -no_deduplicate -Xlinker -debug_variant -Xlinker -dependency_info -Xlinker /Users/admin/builder/spi-builder-workspace/.derivedData/Build/Intermediates.noindex/BLESwift.build/Debug-watchos/BLESwiftSimulatorLink.build/Objects-normal/arm64_32/BLESwiftSimulatorLink_dependency_info.dat -fobjc-link-runtime -L/Applications/Xcode-26.3.0.app/Contents/Developer/Toolchains/XcodeDefault.xctoolchain/usr/lib/swift/watchos -L/usr/lib/swift -Xlinker -add_ast_path -Xlinker /Users/admin/builder/spi-builder-workspace/.derivedData/Build/Intermediates.noindex/BLESwift.build/Debug-watchos/BLESwiftSimulatorLink.build/Objects-normal/arm64_32/BLESwiftSimulatorLink.swiftmodule @/Users/admin/builder/spi-builder-workspace/.derivedData/Build/Intermediates.noindex/BLESwift.build/Debug-watchos/BLESwiftSimulatorLink.build/Objects-normal/arm64_32/BLESwiftSimulatorLink-linker-args.resp -o /Users/admin/builder/spi-builder-workspace/.derivedData/Build/Intermediates.noindex/BLESwift.build/Debug-watchos/BLESwiftSimulatorLink.build/Objects-normal/arm64_32/Binary/BLESwiftSimulatorLink.o
Ld /Users/admin/builder/spi-builder-workspace/.derivedData/Build/Intermediates.noindex/BLESwift.build/Debug-watchos/BLESwiftSimulatorLink.build/Objects-normal/arm64/Binary/BLESwiftSimulatorLink.o normal arm64 (in target 'BLESwiftSimulatorLink' from project 'BLESwift')
    cd /Users/admin/builder/spi-builder-workspace
    /Applications/Xcode-26.3.0.app/Contents/Developer/Toolchains/XcodeDefault.xctoolchain/usr/bin/clang -Xlinker -reproducible -target arm64-apple-watchos11.0 -r -isysroot /Applications/Xcode-26.3.0.app/Contents/Developer/Platforms/WatchOS.platform/Developer/SDKs/WatchOS26.2.sdk -O0 -L/Users/admin/builder/spi-builder-workspace/.derivedData/Build/Intermediates.noindex/EagerLinkingTBDs/Debug-watchos -L/Users/admin/builder/spi-builder-workspace/.derivedData/Build/Products/Debug-watchos -L/Applications/Xcode-26.3.0.app/Contents/Developer/Platforms/WatchOS.platform/Developer/usr/lib -F/Users/admin/builder/spi-builder-workspace/.derivedData/Build/Intermediates.noindex/EagerLinkingTBDs/Debug-watchos -F/Users/admin/builder/spi-builder-workspace/.derivedData/Build/Products/Debug-watchos/PackageFrameworks -F/Users/admin/builder/spi-builder-workspace/.derivedData/Build/Products/Debug-watchos/PackageFrameworks -F/Users/admin/builder/spi-builder-workspace/.derivedData/Build/Products/Debug-watchos/PackageFrameworks -F/Users/admin/builder/spi-builder-workspace/.derivedData/Build/Products/Debug-watchos -iframework /Applications/Xcode-26.3.0.app/Contents/Developer/Platforms/WatchOS.platform/Developer/Library/Frameworks -iframework /Applications/Xcode-26.3.0.app/Contents/Developer/Platforms/WatchOS.platform/Developer/SDKs/WatchOS26.2.sdk/Developer/Library/Frameworks -filelist /Users/admin/builder/spi-builder-workspace/.derivedData/Build/Intermediates.noindex/BLESwift.build/Debug-watchos/BLESwiftSimulatorLink.build/Objects-normal/arm64/BLESwiftSimulatorLink.LinkFileList -nostdlib -Xlinker -object_path_lto -Xlinker /Users/admin/builder/spi-builder-workspace/.derivedData/Build/Intermediates.noindex/BLESwift.build/Debug-watchos/BLESwiftSimulatorLink.build/Objects-normal/arm64/BLESwiftSimulatorLink_lto.o -rdynamic -Xlinker -no_deduplicate -Xlinker -debug_variant -Xlinker -dependency_info -Xlinker /Users/admin/builder/spi-builder-workspace/.derivedData/Build/Intermediates.noindex/BLESwift.build/Debug-watchos/BLESwiftSimulatorLink.build/Objects-normal/arm64/BLESwiftSimulatorLink_dependency_info.dat -fobjc-link-runtime -L/Applications/Xcode-26.3.0.app/Contents/Developer/Toolchains/XcodeDefault.xctoolchain/usr/lib/swift/watchos -L/usr/lib/swift -Xlinker -add_ast_path -Xlinker /Users/admin/builder/spi-builder-workspace/.derivedData/Build/Intermediates.noindex/BLESwift.build/Debug-watchos/BLESwiftSimulatorLink.build/Objects-normal/arm64/BLESwiftSimulatorLink.swiftmodule @/Users/admin/builder/spi-builder-workspace/.derivedData/Build/Intermediates.noindex/BLESwift.build/Debug-watchos/BLESwiftSimulatorLink.build/Objects-normal/arm64/BLESwiftSimulatorLink-linker-args.resp -o /Users/admin/builder/spi-builder-workspace/.derivedData/Build/Intermediates.noindex/BLESwift.build/Debug-watchos/BLESwiftSimulatorLink.build/Objects-normal/arm64/Binary/BLESwiftSimulatorLink.o
CreateUniversalBinary /Users/admin/builder/spi-builder-workspace/.derivedData/Build/Products/Debug-watchos/BLESwiftSimulatorLink.o normal arm64\ arm64_32 (in target 'BLESwiftSimulatorLink' from project 'BLESwift')
    cd /Users/admin/builder/spi-builder-workspace
    /Applications/Xcode-26.3.0.app/Contents/Developer/Toolchains/XcodeDefault.xctoolchain/usr/bin/lipo -create /Users/admin/builder/spi-builder-workspace/.derivedData/Build/Intermediates.noindex/BLESwift.build/Debug-watchos/BLESwiftSimulatorLink.build/Objects-normal/arm64/Binary/BLESwiftSimulatorLink.o /Users/admin/builder/spi-builder-workspace/.derivedData/Build/Intermediates.noindex/BLESwift.build/Debug-watchos/BLESwiftSimulatorLink.build/Objects-normal/arm64_32/Binary/BLESwiftSimulatorLink.o -output /Users/admin/builder/spi-builder-workspace/.derivedData/Build/Products/Debug-watchos/BLESwiftSimulatorLink.o
ExtractAppIntentsMetadata (in target 'BLESwiftSimulatorLink' from project 'BLESwift')
    cd /Users/admin/builder/spi-builder-workspace
    /Applications/Xcode-26.3.0.app/Contents/Developer/Toolchains/XcodeDefault.xctoolchain/usr/bin/appintentsmetadataprocessor --toolchain-dir /var/run/com.apple.security.cryptexd/mnt/com.apple.MobileAsset.MetalToolchain-v17.3.7003.10.xkIBF1/Metal.xctoolchain --module-name BLESwiftSimulatorLink --sdk-root /Applications/Xcode-26.3.0.app/Contents/Developer/Platforms/WatchOS.platform/Developer/SDKs/WatchOS26.2.sdk --xcode-version 17C529 --platform-family watchOS --deployment-target 11.0 --bundle-identifier spi-builder-workspace.BLESwiftSimulatorLink --output /Users/admin/builder/spi-builder-workspace/.derivedData/Build/Products/Debug-watchos/BLESwiftSimulatorLink.appintents --target-triple arm64-apple-watchos11.0 --target-triple arm64_32-apple-watchos11.0 --binary-file /Users/admin/builder/spi-builder-workspace/.derivedData/Build/Products/Debug-watchos/BLESwiftSimulatorLink.o --dependency-file /Users/admin/builder/spi-builder-workspace/.derivedData/Build/Intermediates.noindex/BLESwift.build/Debug-watchos/BLESwiftSimulatorLink.build/Objects-normal/arm64/BLESwiftSimulatorLink_dependency_info.dat --dependency-file /Users/admin/builder/spi-builder-workspace/.derivedData/Build/Intermediates.noindex/BLESwift.build/Debug-watchos/BLESwiftSimulatorLink.build/Objects-normal/arm64_32/BLESwiftSimulatorLink_dependency_info.dat --stringsdata-file /Users/admin/builder/spi-builder-workspace/.derivedData/Build/Intermediates.noindex/BLESwift.build/Debug-watchos/BLESwiftSimulatorLink.build/Objects-normal/arm64/ExtractedAppShortcutsMetadata.stringsdata --stringsdata-file /Users/admin/builder/spi-builder-workspace/.derivedData/Build/Intermediates.noindex/BLESwift.build/Debug-watchos/BLESwiftSimulatorLink.build/Objects-normal/arm64_32/ExtractedAppShortcutsMetadata.stringsdata --source-file-list /Users/admin/builder/spi-builder-workspace/.derivedData/Build/Intermediates.noindex/BLESwift.build/Debug-watchos/BLESwiftSimulatorLink.build/Objects-normal/arm64/BLESwiftSimulatorLink.SwiftFileList --source-file-list /Users/admin/builder/spi-builder-workspace/.derivedData/Build/Intermediates.noindex/BLESwift.build/Debug-watchos/BLESwiftSimulatorLink.build/Objects-normal/arm64_32/BLESwiftSimulatorLink.SwiftFileList --metadata-file-list /Users/admin/builder/spi-builder-workspace/.derivedData/Build/Intermediates.noindex/BLESwift.build/Debug-watchos/BLESwiftSimulatorLink.build/BLESwiftSimulatorLink.DependencyMetadataFileList --static-metadata-file-list /Users/admin/builder/spi-builder-workspace/.derivedData/Build/Intermediates.noindex/BLESwift.build/Debug-watchos/BLESwiftSimulatorLink.build/BLESwiftSimulatorLink.DependencyStaticMetadataFileList --swift-const-vals-list /Users/admin/builder/spi-builder-workspace/.derivedData/Build/Intermediates.noindex/BLESwift.build/Debug-watchos/BLESwiftSimulatorLink.build/Objects-normal/arm64/BLESwiftSimulatorLink.SwiftConstValuesFileList --swift-const-vals-list /Users/admin/builder/spi-builder-workspace/.derivedData/Build/Intermediates.noindex/BLESwift.build/Debug-watchos/BLESwiftSimulatorLink.build/Objects-normal/arm64_32/BLESwiftSimulatorLink.SwiftConstValuesFileList --force --compile-time-extraction --deployment-aware-processing --validate-assistant-intents --no-app-shortcuts-localization
2026-09-03 13:41:19.765 appintentsmetadataprocessor[1617:9800] Starting appintentsmetadataprocessor export
2026-09-03 13:41:15.007 xcodebuild[1450:8739] [MT] IDERunDestination: Supported platforms for the buildables in the current scheme is empty.
** BUILD FAILED **
The following build commands failed:
	SwiftCompile normal arm64_32 /Users/admin/builder/spi-builder-workspace/.derivedData/Build/Intermediates.noindex/BLESwift.build/Debug-watchos/BLESwift.build/DerivedSources/resource_bundle_accessor.swift (in target 'BLESwift' from project 'BLESwift')
	SwiftCompile normal arm64_32 /Users/admin/builder/spi-builder-workspace/Sources/BLESwift/Central+Retrieval.swift (in target 'BLESwift' from project 'BLESwift')
	SwiftCompile normal arm64_32 /Users/admin/builder/spi-builder-workspace/Sources/BLESwift/Central.swift (in target 'BLESwift' from project 'BLESwift')
	SwiftCompile normal arm64_32 /Users/admin/builder/spi-builder-workspace/Sources/BLESwift/Configuration/Configuration.swift (in target 'BLESwift' from project 'BLESwift')
	SwiftCompile normal arm64_32 /Users/admin/builder/spi-builder-workspace/Sources/BLESwift/Connection/BufferingPolicy.swift (in target 'BLESwift' from project 'BLESwift')
	SwiftCompile normal arm64_32 Compiling\ resource_bundle_accessor.swift,\ Central+Retrieval.swift,\ Central.swift,\ Configuration.swift,\ BufferingPolicy.swift /Users/admin/builder/spi-builder-workspace/.derivedData/Build/Intermediates.noindex/BLESwift.build/Debug-watchos/BLESwift.build/DerivedSources/resource_bundle_accessor.swift /Users/admin/builder/spi-builder-workspace/Sources/BLESwift/Central+Retrieval.swift /Users/admin/builder/spi-builder-workspace/Sources/BLESwift/Central.swift /Users/admin/builder/spi-builder-workspace/Sources/BLESwift/Configuration/Configuration.swift /Users/admin/builder/spi-builder-workspace/Sources/BLESwift/Connection/BufferingPolicy.swift (in target 'BLESwift' from project 'BLESwift')
	Building workspace spi-builder-workspace with scheme BLESwift-Package
(7 failures)
BUILD FAILURE 6.2 watchOS