The Swift Package Index logo.Swift Package Index

Build Information

Failed to build SwiftSDL3, reference main (64fb16), with Swift 6.4 for Wasm on 23 Sep 2026 07:49:04 UTC.

Build Command

bash -c docker run --pull=always --rm -v "checkouts-53886770-1":/host -w "$PWD" -e JAVA_HOME="/root/.sdkman/candidates/java/current" -e SPI_BUILD="1" -e SPI_PROCESSING="1" registry.gitlab.com/saguaro1/spi-images:wasm-6.4-latest swift build --swift-sdk swift-6.4.x-DEVELOPMENT-SNAPSHOT-2026-09-04-a_wasm 2>&1

Build Log

========================================
RunAll
========================================
Builder version: 5.1.0
Interrupt handler set up.
========================================
Checkout
========================================
Clone URL: https://github.com/ShaftUI/SwiftSDL3.git
Reference: main
Initialized empty Git repository in /host/spi-builder-workspace/.git/
hint: Using 'master' as the name for the initial branch. This default branch name
hint: is subject to change. To configure the initial branch name to use in all
hint: of your new repositories, which will suppress this warning, call:
hint:
hint: 	git config --global init.defaultBranch <name>
hint:
hint: Names commonly chosen instead of 'master' are 'main', 'trunk' and
hint: 'development'. The just-created branch can be renamed via this command:
hint:
hint: 	git branch -m <name>
From https://github.com/ShaftUI/SwiftSDL3
 * branch            main       -> FETCH_HEAD
 * [new branch]      main       -> origin/main
HEAD is now at 64fb16e Add patch
Cloned https://github.com/ShaftUI/SwiftSDL3.git
Revision (git rev-parse @):
64fb16e7b2546cc33aefdad2304f909e08a5e54e
SUCCESS checkout https://github.com/ShaftUI/SwiftSDL3.git at main
========================================
Build
========================================
Selected platform:         wasm
Swift version:             6.4
Building package at path:  $PWD
https://github.com/ShaftUI/SwiftSDL3.git
Running build ...
bash -c docker run --pull=always --rm -v "checkouts-53886770-1":/host -w "$PWD" -e JAVA_HOME="/root/.sdkman/candidates/java/current" -e SPI_BUILD="1" -e SPI_PROCESSING="1" registry.gitlab.com/saguaro1/spi-images:wasm-6.4-latest swift build --swift-sdk swift-6.4.x-DEVELOPMENT-SNAPSHOT-2026-09-04-a_wasm 2>&1
wasm-6.4-latest: Pulling from saguaro1/spi-images
Digest: sha256:4328fdb43c680d205c1d6761b1e3267aa38277eefdda9ddfb17b6a0f1a77857a
Status: Image is up to date for registry.gitlab.com/saguaro1/spi-images:wasm-6.4-latest
warning: 'spi-builder-workspace': Invalid Source '/host/spi-builder-workspace/Sources/SwiftSDL3/src/joystick/steam': File not found.
warning: 'spi-builder-workspace': Invalid Source '/host/spi-builder-workspace/Sources/SwiftSDL3/src/render/SDL_d3dmath.c': File not found.
warning: 'spi-builder-workspace': Invalid Source '/host/spi-builder-workspace/Sources/SwiftSDL3/src/joystick/steam': File not found.
warning: 'spi-builder-workspace': Invalid Source '/host/spi-builder-workspace/Sources/SwiftSDL3/src/render/SDL_d3dmath.c': File not found.
warning: 'spi-builder-workspace': couldn't find pc file for libdrm
warning: 'spi-builder-workspace': couldn't find pc file for libdecor-0
warning: 'spi-builder-workspace': couldn't find pc file for ibus-1.0
warning: 'spi-builder-workspace': couldn't find pc file for dbus-1
Building for debugging...
[Pre-planning 1 / 125]
[Planning deferred tasks]
warning: no rule to process file '/host/spi-builder-workspace/Sources/SwiftSDL3/src/render/metal/SDL_shaders_metal.metal' of type 'sourcecode.metal' for architecture 'wasm32'
/host/spi-builder-workspace/Sources/SwiftSDL3/wayland-generated-protocols/xdg-shell-protocol.c:33:10: fatal error: 'wayland-util.h' file not found
   33 | #include "wayland-util.h"
      |          ^~~~~~~~~~~~~~~~
1 error generated.
error: CompileC /host/spi-builder-workspace/.build/out/Intermediates.noindex/SwiftSDL3.build/Debug-webassembly-wasm32/SwiftSDL3-t.build/Objects-normal/wasm32/xdg-shell-protocol.o /host/spi-builder-workspace/Sources/SwiftSDL3/wayland-generated-protocols/xdg-shell-protocol.c normal wasm32 c com.apple.compilers.llvm.clang.1_0.compiler failed with a nonzero exit code. Command line:     cd /host

    Using response file: /host/spi-builder-workspace/.build/out/Intermediates.noindex/SwiftSDL3.build/Debug-webassembly-wasm32/SwiftSDL3-t.build/Objects-normal/wasm32/9f65232cb83f8421e3a495a5062eba382369c975104ee97bafc405ab795bfc5e-common-args.resp

    /usr/bin/clang -x c -target wasm32-unknown-wasip1 -fmessage-length\=0 -fdiagnostics-show-note-include-stack -fmacro-backtrace-limit\=0 -fcolor-diagnostics -Wno-trigraphs -Wno-missing-field-initializers -Wno-missing-prototypes -Wno-return-type -Wno-missing-braces -Wparentheses -Wswitch -Wno-unused-function -Wno-unused-label -Wno-unused-parameter -Wno-unused-variable -Wunused-value -Wno-empty-body -Wno-uninitialized -Wno-unknown-pragmas -Wno-shadow -Wno-four-char-constants -Wno-conversion -Wno-constant-conversion -Wno-int-conversion -Wno-bool-conversion -Wno-enum-conversion -Wno-float-conversion -Wno-non-literal-null-conversion -Wno-objc-literal-conversion -Wno-shorten-64-to-32 -Wpointer-sign -Wno-newline-eof -Wno-implicit-fallthrough -fstrict-aliasing -Wdeprecated-declarations -Wno-sign-conversion -Wno-infinite-recursion -Wno-comma -Wno-block-capture-autoreleasing -Wno-strict-prototypes -Wno-semicolon-before-method-body --sysroot /root/.swiftpm/swift-sdks/swift-6.4.x-DEVELOPMENT-SNAPSHOT-2026-09-04-a_wasm.artifactbundle/swift-6.4.x-DEVELOPMENT-SNAPSHOT-2026-09-04-a_wasm/wasm32-unknown-wasip1/WASI.sdk @/host/spi-builder-workspace/.build/out/Intermediates.noindex/SwiftSDL3.build/Debug-webassembly-wasm32/SwiftSDL3-t.build/Objects-normal/wasm32/9f65232cb83f8421e3a495a5062eba382369c975104ee97bafc405ab795bfc5e-common-args.resp -MMD -MT dependencies -MF /host/spi-builder-workspace/.build/out/Intermediates.noindex/SwiftSDL3.build/Debug-webassembly-wasm32/SwiftSDL3-t.build/Objects-normal/wasm32/xdg-shell-protocol.d --serialize-diagnostics /host/spi-builder-workspace/.build/out/Intermediates.noindex/SwiftSDL3.build/Debug-webassembly-wasm32/SwiftSDL3-t.build/Objects-normal/wasm32/xdg-shell-protocol.dia -c /host/spi-builder-workspace/Sources/SwiftSDL3/wayland-generated-protocols/xdg-shell-protocol.c -o /host/spi-builder-workspace/.build/out/Intermediates.noindex/SwiftSDL3.build/Debug-webassembly-wasm32/SwiftSDL3-t.build/Objects-normal/wasm32/xdg-shell-protocol.o
/host/spi-builder-workspace/Sources/SwiftSDL3/wayland-generated-protocols/xdg-toplevel-icon-v1-protocol.c:29:10: fatal error: 'wayland-util.h' file not found
   29 | #include "wayland-util.h"
      |          ^~~~~~~~~~~~~~~~
1 error generated.
error: CompileC /host/spi-builder-workspace/.build/out/Intermediates.noindex/SwiftSDL3.build/Debug-webassembly-wasm32/SwiftSDL3-t.build/Objects-normal/wasm32/xdg-toplevel-icon-v1-protocol.o /host/spi-builder-workspace/Sources/SwiftSDL3/wayland-generated-protocols/xdg-toplevel-icon-v1-protocol.c normal wasm32 c com.apple.compilers.llvm.clang.1_0.compiler failed with a nonzero exit code. Command line:     cd /host

    Using response file: /host/spi-builder-workspace/.build/out/Intermediates.noindex/SwiftSDL3.build/Debug-webassembly-wasm32/SwiftSDL3-t.build/Objects-normal/wasm32/9f65232cb83f8421e3a495a5062eba382369c975104ee97bafc405ab795bfc5e-common-args.resp

    /usr/bin/clang -x c -target wasm32-unknown-wasip1 -fmessage-length\=0 -fdiagnostics-show-note-include-stack -fmacro-backtrace-limit\=0 -fcolor-diagnostics -Wno-trigraphs -Wno-missing-field-initializers -Wno-missing-prototypes -Wno-return-type -Wno-missing-braces -Wparentheses -Wswitch -Wno-unused-function -Wno-unused-label -Wno-unused-parameter -Wno-unused-variable -Wunused-value -Wno-empty-body -Wno-uninitialized -Wno-unknown-pragmas -Wno-shadow -Wno-four-char-constants -Wno-conversion -Wno-constant-conversion -Wno-int-conversion -Wno-bool-conversion -Wno-enum-conversion -Wno-float-conversion -Wno-non-literal-null-conversion -Wno-objc-literal-conversion -Wno-shorten-64-to-32 -Wpointer-sign -Wno-newline-eof -Wno-implicit-fallthrough -fstrict-aliasing -Wdeprecated-declarations -Wno-sign-conversion -Wno-infinite-recursion -Wno-comma -Wno-block-capture-autoreleasing -Wno-strict-prototypes -Wno-semicolon-before-method-body --sysroot /root/.swiftpm/swift-sdks/swift-6.4.x-DEVELOPMENT-SNAPSHOT-2026-09-04-a_wasm.artifactbundle/swift-6.4.x-DEVELOPMENT-SNAPSHOT-2026-09-04-a_wasm/wasm32-unknown-wasip1/WASI.sdk @/host/spi-builder-workspace/.build/out/Intermediates.noindex/SwiftSDL3.build/Debug-webassembly-wasm32/SwiftSDL3-t.build/Objects-normal/wasm32/9f65232cb83f8421e3a495a5062eba382369c975104ee97bafc405ab795bfc5e-common-args.resp -MMD -MT dependencies -MF /host/spi-builder-workspace/.build/out/Intermediates.noindex/SwiftSDL3.build/Debug-webassembly-wasm32/SwiftSDL3-t.build/Objects-normal/wasm32/xdg-toplevel-icon-v1-protocol.d --serialize-diagnostics /host/spi-builder-workspace/.build/out/Intermediates.noindex/SwiftSDL3.build/Debug-webassembly-wasm32/SwiftSDL3-t.build/Objects-normal/wasm32/xdg-toplevel-icon-v1-protocol.dia -c /host/spi-builder-workspace/Sources/SwiftSDL3/wayland-generated-protocols/xdg-toplevel-icon-v1-protocol.c -o /host/spi-builder-workspace/.build/out/Intermediates.noindex/SwiftSDL3.build/Debug-webassembly-wasm32/SwiftSDL3-t.build/Objects-normal/wasm32/xdg-toplevel-icon-v1-protocol.o
/host/spi-builder-workspace/Sources/SwiftSDL3/wayland-generated-protocols/xdg-foreign-unstable-v2-protocol.c:28:10: fatal error: 'wayland-util.h' file not found
   28 | #include "wayland-util.h"
      |          ^~~~~~~~~~~~~~~~
1 error generated.
error: CompileC /host/spi-builder-workspace/.build/out/Intermediates.noindex/SwiftSDL3.build/Debug-webassembly-wasm32/SwiftSDL3-t.build/Objects-normal/wasm32/xdg-foreign-unstable-v2-protocol.o /host/spi-builder-workspace/Sources/SwiftSDL3/wayland-generated-protocols/xdg-foreign-unstable-v2-protocol.c normal wasm32 c com.apple.compilers.llvm.clang.1_0.compiler failed with a nonzero exit code. Command line:     cd /host

    Using response file: /host/spi-builder-workspace/.build/out/Intermediates.noindex/SwiftSDL3.build/Debug-webassembly-wasm32/SwiftSDL3-t.build/Objects-normal/wasm32/9f65232cb83f8421e3a495a5062eba382369c975104ee97bafc405ab795bfc5e-common-args.resp

    /usr/bin/clang -x c -target wasm32-unknown-wasip1 -fmessage-length\=0 -fdiagnostics-show-note-include-stack -fmacro-backtrace-limit\=0 -fcolor-diagnostics -Wno-trigraphs -Wno-missing-field-initializers -Wno-missing-prototypes -Wno-return-type -Wno-missing-braces -Wparentheses -Wswitch -Wno-unused-function -Wno-unused-label -Wno-unused-parameter -Wno-unused-variable -Wunused-value -Wno-empty-body -Wno-uninitialized -Wno-unknown-pragmas -Wno-shadow -Wno-four-char-constants -Wno-conversion -Wno-constant-conversion -Wno-int-conversion -Wno-bool-conversion -Wno-enum-conversion -Wno-float-conversion -Wno-non-literal-null-conversion -Wno-objc-literal-conversion -Wno-shorten-64-to-32 -Wpointer-sign -Wno-newline-eof -Wno-implicit-fallthrough -fstrict-aliasing -Wdeprecated-declarations -Wno-sign-conversion -Wno-infinite-recursion -Wno-comma -Wno-block-capture-autoreleasing -Wno-strict-prototypes -Wno-semicolon-before-method-body --sysroot /root/.swiftpm/swift-sdks/swift-6.4.x-DEVELOPMENT-SNAPSHOT-2026-09-04-a_wasm.artifactbundle/swift-6.4.x-DEVELOPMENT-SNAPSHOT-2026-09-04-a_wasm/wasm32-unknown-wasip1/WASI.sdk @/host/spi-builder-workspace/.build/out/Intermediates.noindex/SwiftSDL3.build/Debug-webassembly-wasm32/SwiftSDL3-t.build/Objects-normal/wasm32/9f65232cb83f8421e3a495a5062eba382369c975104ee97bafc405ab795bfc5e-common-args.resp -MMD -MT dependencies -MF /host/spi-builder-workspace/.build/out/Intermediates.noindex/SwiftSDL3.build/Debug-webassembly-wasm32/SwiftSDL3-t.build/Objects-normal/wasm32/xdg-foreign-unstable-v2-protocol.d --serialize-diagnostics /host/spi-builder-workspace/.build/out/Intermediates.noindex/SwiftSDL3.build/Debug-webassembly-wasm32/SwiftSDL3-t.build/Objects-normal/wasm32/xdg-foreign-unstable-v2-protocol.dia -c /host/spi-builder-workspace/Sources/SwiftSDL3/wayland-generated-protocols/xdg-foreign-unstable-v2-protocol.c -o /host/spi-builder-workspace/.build/out/Intermediates.noindex/SwiftSDL3.build/Debug-webassembly-wasm32/SwiftSDL3-t.build/Objects-normal/wasm32/xdg-foreign-unstable-v2-protocol.o
/host/spi-builder-workspace/Sources/SwiftSDL3/wayland-generated-protocols/xdg-output-unstable-v1-protocol.c:28:10: fatal error: 'wayland-util.h' file not found
   28 | #include "wayland-util.h"
      |          ^~~~~~~~~~~~~~~~
1 error generated.
error: CompileC /host/spi-builder-workspace/.build/out/Intermediates.noindex/SwiftSDL3.build/Debug-webassembly-wasm32/SwiftSDL3-t.build/Objects-normal/wasm32/xdg-output-unstable-v1-protocol.o /host/spi-builder-workspace/Sources/SwiftSDL3/wayland-generated-protocols/xdg-output-unstable-v1-protocol.c normal wasm32 c com.apple.compilers.llvm.clang.1_0.compiler failed with a nonzero exit code. Command line:     cd /host

    Using response file: /host/spi-builder-workspace/.build/out/Intermediates.noindex/SwiftSDL3.build/Debug-webassembly-wasm32/SwiftSDL3-t.build/Objects-normal/wasm32/9f65232cb83f8421e3a495a5062eba382369c975104ee97bafc405ab795bfc5e-common-args.resp

    /usr/bin/clang -x c -target wasm32-unknown-wasip1 -fmessage-length\=0 -fdiagnostics-show-note-include-stack -fmacro-backtrace-limit\=0 -fcolor-diagnostics -Wno-trigraphs -Wno-missing-field-initializers -Wno-missing-prototypes -Wno-return-type -Wno-missing-braces -Wparentheses -Wswitch -Wno-unused-function -Wno-unused-label -Wno-unused-parameter -Wno-unused-variable -Wunused-value -Wno-empty-body -Wno-uninitialized -Wno-unknown-pragmas -Wno-shadow -Wno-four-char-constants -Wno-conversion -Wno-constant-conversion -Wno-int-conversion -Wno-bool-conversion -Wno-enum-conversion -Wno-float-conversion -Wno-non-literal-null-conversion -Wno-objc-literal-conversion -Wno-shorten-64-to-32 -Wpointer-sign -Wno-newline-eof -Wno-implicit-fallthrough -fstrict-aliasing -Wdeprecated-declarations -Wno-sign-conversion -Wno-infinite-recursion -Wno-comma -Wno-block-capture-autoreleasing -Wno-strict-prototypes -Wno-semicolon-before-method-body --sysroot /root/.swiftpm/swift-sdks/swift-6.4.x-DEVELOPMENT-SNAPSHOT-2026-09-04-a_wasm.artifactbundle/swift-6.4.x-DEVELOPMENT-SNAPSHOT-2026-09-04-a_wasm/wasm32-unknown-wasip1/WASI.sdk @/host/spi-builder-workspace/.build/out/Intermediates.noindex/SwiftSDL3.build/Debug-webassembly-wasm32/SwiftSDL3-t.build/Objects-normal/wasm32/9f65232cb83f8421e3a495a5062eba382369c975104ee97bafc405ab795bfc5e-common-args.resp -MMD -MT dependencies -MF /host/spi-builder-workspace/.build/out/Intermediates.noindex/SwiftSDL3.build/Debug-webassembly-wasm32/SwiftSDL3-t.build/Objects-normal/wasm32/xdg-output-unstable-v1-protocol.d --serialize-diagnostics /host/spi-builder-workspace/.build/out/Intermediates.noindex/SwiftSDL3.build/Debug-webassembly-wasm32/SwiftSDL3-t.build/Objects-normal/wasm32/xdg-output-unstable-v1-protocol.dia -c /host/spi-builder-workspace/Sources/SwiftSDL3/wayland-generated-protocols/xdg-output-unstable-v1-protocol.c -o /host/spi-builder-workspace/.build/out/Intermediates.noindex/SwiftSDL3.build/Debug-webassembly-wasm32/SwiftSDL3-t.build/Objects-normal/wasm32/xdg-output-unstable-v1-protocol.o
[33 / 326] SwiftSDL3
error: Build failed
BUILD FAILURE 6.4 wasm