Build Information
Failed to build FLet, reference 2.0.0 (0ca1cd), with Swift 6.4 for tvOS using Xcode 27.0 on 18 Sep 2026 13:00:56 UTC.
Build Command
env DEVELOPER_DIR=/Applications/Xcode-27.0.0-Release.Candidate.app xcrun xcodebuild -IDEClonedSourcePackagesDirPathOverride=$PWD/.dependencies -skipMacroValidation -skipPackagePluginValidation -derivedDataPath $PWD/.derivedData build -scheme FLet -destination generic/platform=tvOSBuild Log
========================================
RunAll
========================================
Builder version: 5.1.0
Interrupt handler set up.
========================================
Checkout
========================================
Clone URL: https://github.com/0xOpenBytes/FLet.git
Reference: 2.0.0
Initialized empty Git repository in /Users/admin/builder/spi-builder-workspace/.git/
From https://github.com/0xOpenBytes/FLet
* tag 2.0.0 -> FETCH_HEAD
HEAD is now at 0ca1cd5 Update c to 1.0.0
Cloned https://github.com/0xOpenBytes/FLet.git
Revision (git rev-parse @):
0ca1cd5a70e9f790bd3ef6f99c14e721bbce2386
SUCCESS checkout https://github.com/0xOpenBytes/FLet.git at 2.0.0
========================================
Build
========================================
Selected platform: tvOS
Swift version: 6.4
Building package at path: $PWD
https://github.com/0xOpenBytes/FLet.git
Command line invocation:
/Applications/Xcode-27.0.0-Release.Candidate.app/Contents/Developer/usr/bin/xcodebuild -IDEClonedSourcePackagesDirPathOverride=/Users/admin/builder/spi-builder-workspace/.dependencies -resolvePackageDependencies
Resolve Package Graph
Fetching from https://github.com/0xOpenBytes/o
Fetching from https://github.com/0xOpenBytes/t
Fetching from https://github.com/0xOpenBytes/c
Creating working copy of package ‘t’
Checking out 0.2.0 of package ‘t’
Creating working copy of package ‘c’
Checking out 1.2.0 of package ‘c’
Creating working copy of package ‘o’
Checking out 0.3.0 of package ‘o’
Resolve Package Graph
Resolved source packages:
o: https://github.com/0xOpenBytes/o @ 0.3.0
t: https://github.com/0xOpenBytes/t @ 0.2.0
FLet: /Users/admin/builder/spi-builder-workspace
c: https://github.com/0xOpenBytes/c @ 1.2.0
resolved source packages: o, t, FLet, c
2026-09-18 09:00:01.622 xcodebuild[529:3034] [MT] IDERunDestination: Supported platforms for the buildables in the current scheme is empty.
{
"dependencies" : [
{
"identity" : "t",
"requirement" : {
"range" : [
{
"lower_bound" : "0.2.0",
"upper_bound" : "1.0.0"
}
]
},
"type" : "sourceControl",
"url" : "https://github.com/0xOpenBytes/t"
},
{
"identity" : "c",
"requirement" : {
"range" : [
{
"lower_bound" : "1.0.0",
"upper_bound" : "2.0.0"
}
]
},
"type" : "sourceControl",
"url" : "https://github.com/0xOpenBytes/c"
},
{
"identity" : "o",
"requirement" : {
"range" : [
{
"lower_bound" : "0.2.1",
"upper_bound" : "1.0.0"
}
]
},
"type" : "sourceControl",
"url" : "https://github.com/0xOpenBytes/o"
}
],
"manifest_display_name" : "FLet",
"name" : "FLet",
"path" : "/Users/admin/builder/spi-builder-workspace",
"platforms" : [
{
"name" : "ios",
"version" : "14.0"
},
{
"name" : "macos",
"version" : "11.0"
},
{
"name" : "watchos",
"version" : "7.0"
}
],
"products" : [
{
"name" : "FLet",
"targets" : [
"FLet"
],
"type" : {
"library" : [
"automatic"
]
}
}
],
"targets" : [
{
"c99name" : "FLetTests",
"module_type" : "SwiftTarget",
"name" : "FLetTests",
"path" : "Tests/FLetTests",
"sources" : [
"FLetTests.swift"
],
"target_dependencies" : [
"FLet"
],
"type" : "test"
},
{
"c99name" : "FLet",
"module_type" : "SwiftTarget",
"name" : "FLet",
"path" : "Sources/FLet",
"product_dependencies" : [
"t",
"c",
"o"
],
"product_memberships" : [
"FLet"
],
"sources" : [
"FLet.swift"
],
"type" : "library"
}
],
"tools_version" : "5.5"
}
{
"workspace" : {
"name" : "FLet",
"schemes" : [
"FLet",
"t"
]
}
}
2026-09-18 09:00:43.056 xcodebuild[758:4604] [MT] IDERunDestination: Supported platforms for the buildables in the current scheme is empty.
{
"workspace" : {
"name" : "FLet",
"schemes" : [
"FLet",
"t"
]
}
}
2026-09-18 09:00:44.121 xcodebuild[760:4659] [MT] IDERunDestination: Supported platforms for the buildables in the current scheme is empty.
Running build ...
env DEVELOPER_DIR=/Applications/Xcode-27.0.0-Release.Candidate.app xcrun xcodebuild -IDEClonedSourcePackagesDirPathOverride=$PWD/.dependencies -skipMacroValidation -skipPackagePluginValidation -derivedDataPath $PWD/.derivedData build -scheme FLet -destination generic/platform=tvOS
Command line invocation:
/Applications/Xcode-27.0.0-Release.Candidate.app/Contents/Developer/usr/bin/xcodebuild -IDEClonedSourcePackagesDirPathOverride=/Users/admin/builder/spi-builder-workspace/.dependencies -skipMacroValidation -skipPackagePluginValidation -derivedDataPath /Users/admin/builder/spi-builder-workspace/.derivedData build -scheme FLet -destination generic/platform=tvOS
Resolve Package Graph
Resolve Package Graph
Resolved source packages:
FLet: /Users/admin/builder/spi-builder-workspace
t: https://github.com/0xOpenBytes/t @ 0.2.0
c: https://github.com/0xOpenBytes/c @ 1.2.0
o: https://github.com/0xOpenBytes/o @ 0.3.0
ComputePackagePrebuildTargetDependencyGraph
Prepare packages
CreateBuildRequest
SendProjectDescription
CreateBuildOperation
ComputeTargetDependencyGraph
note: Building targets in dependency order
note: Target dependency graph (8 targets)
Target 'FLet-product' in project 'FLet'
➜ Explicit dependency on target 'FLet' in project 'FLet'
➜ Explicit dependency on target 't-product' in project 't'
➜ Explicit dependency on target 'c-product' in project 'c'
➜ Explicit dependency on target 'o-product' in project 'o'
Target 'FLet' in project 'FLet'
➜ Explicit dependency on target 't-product' in project 't'
➜ Explicit dependency on target 'c-product' in project 'c'
➜ Explicit dependency on target 'o-product' in project 'o'
Target 'o-product' in project 'o'
➜ Explicit dependency on target 'o' in project 'o'
Target 'o' in project 'o' (no dependencies)
Target 'c-product' in project 'c'
➜ Explicit dependency on target 'c' in project 'c'
➜ Explicit dependency on target 't-product' in project 't'
Target 'c' in project 'c'
➜ Explicit dependency on target 't-product' in project 't'
Target 't-product' in project 't'
➜ Explicit dependency on target 't' in project 't'
Target 't' in project 't' (no dependencies)
GatherProvisioningInputs
CreateBuildDescription
ExecuteExternalTool /Applications/Xcode-27.0.0-Release.Candidate.app/Contents/Developer/Toolchains/XcodeDefault.xctoolchain/usr/bin/swiftc --version
ExecuteExternalTool /Applications/Xcode-27.0.0-Release.Candidate.app/Contents/Developer/Toolchains/XcodeDefault.xctoolchain/usr/bin/clang -v -E -dM -isysroot /Applications/Xcode-27.0.0-Release.Candidate.app/Contents/Developer/Platforms/AppleTVOS.platform/Developer/SDKs/AppleTVOS27.0.sdk -x c -c /dev/null
ExecuteExternalTool /Applications/Xcode-27.0.0-Release.Candidate.app/Contents/Developer/Toolchains/XcodeDefault.xctoolchain/usr/bin/ld -version_details
Build description signature: e2ff5613cfb5fc3dbec4ed3faf804475
Build description path: /Users/admin/builder/spi-builder-workspace/.derivedData/Build/Intermediates.noindex/XCBuildData/e2ff5613cfb5fc3dbec4ed3faf804475.xcbuilddata
CreateBuildDirectory /Users/admin/builder/spi-builder-workspace/.derivedData/ModuleCache.noindex
cd /Users/admin/builder/spi-builder-workspace/.swiftpm/xcode
builtin-create-build-directory /Users/admin/builder/spi-builder-workspace/.derivedData/ModuleCache.noindex
CreateBuildDirectory /Users/admin/builder/spi-builder-workspace/.derivedData/CompilationCache.noindex
cd /Users/admin/builder/spi-builder-workspace/.swiftpm/xcode
builtin-create-build-directory /Users/admin/builder/spi-builder-workspace/.derivedData/CompilationCache.noindex
CreateBuildDirectory /Users/admin/builder/spi-builder-workspace/.derivedData/SDKExplicitPrecompiledModules
cd /Users/admin/builder/spi-builder-workspace/.swiftpm/xcode
builtin-create-build-directory /Users/admin/builder/spi-builder-workspace/.derivedData/SDKExplicitPrecompiledModules
ClangStatCache /Applications/Xcode-27.0.0-Release.Candidate.app/Contents/Developer/Toolchains/XcodeDefault.xctoolchain/usr/bin/clang-stat-cache /Applications/Xcode-27.0.0-Release.Candidate.app/Contents/Developer/Platforms/AppleTVOS.platform/Developer/SDKs/AppleTVOS27.0.sdk /Users/admin/builder/spi-builder-workspace/.derivedData/SDKStatCaches.noindex/appletvos27.0-24J360-e829b21a6f8c9b70876ba0858053c044b32bfd8d43560033f8d89884cdb90028.sdkstatcache
cd /Users/admin/builder/spi-builder-workspace/.swiftpm/xcode
/Applications/Xcode-27.0.0-Release.Candidate.app/Contents/Developer/Toolchains/XcodeDefault.xctoolchain/usr/bin/clang-stat-cache /Applications/Xcode-27.0.0-Release.Candidate.app/Contents/Developer/Platforms/AppleTVOS.platform/Developer/SDKs/AppleTVOS27.0.sdk -o /Users/admin/builder/spi-builder-workspace/.derivedData/SDKStatCaches.noindex/appletvos27.0-24J360-e829b21a6f8c9b70876ba0858053c044b32bfd8d43560033f8d89884cdb90028.sdkstatcache
CreateBuildDirectory /Users/admin/builder/spi-builder-workspace/.derivedData/Build/Products
cd /Users/admin/builder/spi-builder-workspace/.swiftpm/xcode
builtin-create-build-directory /Users/admin/builder/spi-builder-workspace/.derivedData/Build/Products
CreateBuildDirectory /Users/admin/builder/spi-builder-workspace/.derivedData/Build/Intermediates.noindex
cd /Users/admin/builder/spi-builder-workspace/.swiftpm/xcode
builtin-create-build-directory /Users/admin/builder/spi-builder-workspace/.derivedData/Build/Intermediates.noindex
CreateBuildDirectory /Users/admin/builder/spi-builder-workspace/.derivedData/Build/Intermediates.noindex/SwiftExplicitPrecompiledModules
cd /Users/admin/builder/spi-builder-workspace/.swiftpm/xcode
builtin-create-build-directory /Users/admin/builder/spi-builder-workspace/.derivedData/Build/Intermediates.noindex/SwiftExplicitPrecompiledModules
CreateBuildDirectory /Users/admin/builder/spi-builder-workspace/.derivedData/Build/Intermediates.noindex/PrecompiledHeaders
cd /Users/admin/builder/spi-builder-workspace/.swiftpm/xcode
builtin-create-build-directory /Users/admin/builder/spi-builder-workspace/.derivedData/Build/Intermediates.noindex/PrecompiledHeaders
CreateBuildDirectory /Users/admin/builder/spi-builder-workspace/.derivedData/Build/Products/Debug-appletvos
cd /Users/admin/builder/spi-builder-workspace/.swiftpm/xcode
builtin-create-build-directory /Users/admin/builder/spi-builder-workspace/.derivedData/Build/Products/Debug-appletvos
CreateBuildDirectory /Users/admin/builder/spi-builder-workspace/.derivedData/Build/Intermediates.noindex/ExplicitPrecompiledModules
cd /Users/admin/builder/spi-builder-workspace/.swiftpm/xcode
builtin-create-build-directory /Users/admin/builder/spi-builder-workspace/.derivedData/Build/Intermediates.noindex/ExplicitPrecompiledModules
CreateBuildDirectory /Users/admin/builder/spi-builder-workspace/.derivedData/Build/Intermediates.noindex/EagerLinkingTBDs/Debug-appletvos
cd /Users/admin/builder/spi-builder-workspace/.swiftpm/xcode
builtin-create-build-directory /Users/admin/builder/spi-builder-workspace/.derivedData/Build/Intermediates.noindex/EagerLinkingTBDs/Debug-appletvos
CreateBuildDirectory /Users/admin/builder/spi-builder-workspace/.derivedData/Build/Products/Debug-appletvos/PackageFrameworks
cd /Users/admin/builder/spi-builder-workspace/.swiftpm/xcode
builtin-create-build-directory /Users/admin/builder/spi-builder-workspace/.derivedData/Build/Products/Debug-appletvos/PackageFrameworks
WriteAuxiliaryFile /Users/admin/builder/spi-builder-workspace/.derivedData/Build/Intermediates.noindex/t.build/Debug-appletvos/t-t.build/t.modulemap (in target 't' from project 't')
cd /Users/admin/builder/spi-builder-workspace/.dependencies/checkouts/t
write-file /Users/admin/builder/spi-builder-workspace/.derivedData/Build/Intermediates.noindex/t.build/Debug-appletvos/t-t.build/t.modulemap
WriteAuxiliaryFile /Users/admin/builder/spi-builder-workspace/.derivedData/Build/Intermediates.noindex/t.build/Debug-appletvos/t-t.build/t.DependencyMetadataFileList (in target 't' from project 't')
cd /Users/admin/builder/spi-builder-workspace/.dependencies/checkouts/t
write-file /Users/admin/builder/spi-builder-workspace/.derivedData/Build/Intermediates.noindex/t.build/Debug-appletvos/t-t.build/t.DependencyMetadataFileList
WriteAuxiliaryFile /Users/admin/builder/spi-builder-workspace/.derivedData/Build/Intermediates.noindex/t.build/Debug-appletvos/t-t.build/t.DependencyStaticMetadataFileList (in target 't' from project 't')
cd /Users/admin/builder/spi-builder-workspace/.dependencies/checkouts/t
write-file /Users/admin/builder/spi-builder-workspace/.derivedData/Build/Intermediates.noindex/t.build/Debug-appletvos/t-t.build/t.DependencyStaticMetadataFileList
WriteAuxiliaryFile /Users/admin/builder/spi-builder-workspace/.derivedData/Build/Intermediates.noindex/t.build/Debug-appletvos/t-t.build/Objects-normal/arm64/t.LinkFileList (in target 't' from project 't')
cd /Users/admin/builder/spi-builder-workspace/.dependencies/checkouts/t
write-file /Users/admin/builder/spi-builder-workspace/.derivedData/Build/Intermediates.noindex/t.build/Debug-appletvos/t-t.build/Objects-normal/arm64/t.LinkFileList
WriteAuxiliaryFile /Users/admin/builder/spi-builder-workspace/.derivedData/Build/Intermediates.noindex/t.build/Debug-appletvos/t-t.build/Objects-normal/arm64/t-OutputFileMap.json (in target 't' from project 't')
cd /Users/admin/builder/spi-builder-workspace/.dependencies/checkouts/t
write-file /Users/admin/builder/spi-builder-workspace/.derivedData/Build/Intermediates.noindex/t.build/Debug-appletvos/t-t.build/Objects-normal/arm64/t-OutputFileMap.json
WriteAuxiliaryFile /Users/admin/builder/spi-builder-workspace/.derivedData/Build/Intermediates.noindex/t.build/Debug-appletvos/t-t.build/Objects-normal/arm64/t_const_extract_protocols.json (in target 't' from project 't')
cd /Users/admin/builder/spi-builder-workspace/.dependencies/checkouts/t
write-file /Users/admin/builder/spi-builder-workspace/.derivedData/Build/Intermediates.noindex/t.build/Debug-appletvos/t-t.build/Objects-normal/arm64/t_const_extract_protocols.json
WriteAuxiliaryFile /Users/admin/builder/spi-builder-workspace/.derivedData/Build/Intermediates.noindex/t.build/Debug-appletvos/t-t.build/Objects-normal/arm64/t.SwiftConstValuesFileList (in target 't' from project 't')
cd /Users/admin/builder/spi-builder-workspace/.dependencies/checkouts/t
write-file /Users/admin/builder/spi-builder-workspace/.derivedData/Build/Intermediates.noindex/t.build/Debug-appletvos/t-t.build/Objects-normal/arm64/t.SwiftConstValuesFileList
WriteAuxiliaryFile /Users/admin/builder/spi-builder-workspace/.derivedData/Build/Intermediates.noindex/t.build/Debug-appletvos/t-t.build/Objects-normal/arm64/t.SwiftFileList (in target 't' from project 't')
cd /Users/admin/builder/spi-builder-workspace/.dependencies/checkouts/t
write-file /Users/admin/builder/spi-builder-workspace/.derivedData/Build/Intermediates.noindex/t.build/Debug-appletvos/t-t.build/Objects-normal/arm64/t.SwiftFileList
WriteAuxiliaryFile /Users/admin/builder/spi-builder-workspace/.derivedData/Build/Intermediates.noindex/o.build/Debug-appletvos/o-t.build/o.modulemap (in target 'o' from project 'o')
cd /Users/admin/builder/spi-builder-workspace/.dependencies/checkouts/o
write-file /Users/admin/builder/spi-builder-workspace/.derivedData/Build/Intermediates.noindex/o.build/Debug-appletvos/o-t.build/o.modulemap
WriteAuxiliaryFile /Users/admin/builder/spi-builder-workspace/.derivedData/Build/Intermediates.noindex/o.build/Debug-appletvos/o-t.build/o.DependencyStaticMetadataFileList (in target 'o' from project 'o')
cd /Users/admin/builder/spi-builder-workspace/.dependencies/checkouts/o
write-file /Users/admin/builder/spi-builder-workspace/.derivedData/Build/Intermediates.noindex/o.build/Debug-appletvos/o-t.build/o.DependencyStaticMetadataFileList
WriteAuxiliaryFile /Users/admin/builder/spi-builder-workspace/.derivedData/Build/Intermediates.noindex/o.build/Debug-appletvos/o-t.build/o.DependencyMetadataFileList (in target 'o' from project 'o')
cd /Users/admin/builder/spi-builder-workspace/.dependencies/checkouts/o
write-file /Users/admin/builder/spi-builder-workspace/.derivedData/Build/Intermediates.noindex/o.build/Debug-appletvos/o-t.build/o.DependencyMetadataFileList
WriteAuxiliaryFile /Users/admin/builder/spi-builder-workspace/.derivedData/Build/Intermediates.noindex/o.build/Debug-appletvos/o-t.build/Objects-normal/arm64/o.SwiftConstValuesFileList (in target 'o' from project 'o')
cd /Users/admin/builder/spi-builder-workspace/.dependencies/checkouts/o
write-file /Users/admin/builder/spi-builder-workspace/.derivedData/Build/Intermediates.noindex/o.build/Debug-appletvos/o-t.build/Objects-normal/arm64/o.SwiftConstValuesFileList
WriteAuxiliaryFile /Users/admin/builder/spi-builder-workspace/.derivedData/Build/Intermediates.noindex/o.build/Debug-appletvos/o-t.build/Objects-normal/arm64/o.SwiftFileList (in target 'o' from project 'o')
cd /Users/admin/builder/spi-builder-workspace/.dependencies/checkouts/o
write-file /Users/admin/builder/spi-builder-workspace/.derivedData/Build/Intermediates.noindex/o.build/Debug-appletvos/o-t.build/Objects-normal/arm64/o.SwiftFileList
WriteAuxiliaryFile /Users/admin/builder/spi-builder-workspace/.derivedData/Build/Intermediates.noindex/o.build/Debug-appletvos/o-t.build/Objects-normal/arm64/o_const_extract_protocols.json (in target 'o' from project 'o')
cd /Users/admin/builder/spi-builder-workspace/.dependencies/checkouts/o
write-file /Users/admin/builder/spi-builder-workspace/.derivedData/Build/Intermediates.noindex/o.build/Debug-appletvos/o-t.build/Objects-normal/arm64/o_const_extract_protocols.json
Copy /Users/admin/builder/spi-builder-workspace/.derivedData/Build/Intermediates.noindex/GeneratedModuleMaps-appletvos/t.modulemap /Users/admin/builder/spi-builder-workspace/.derivedData/Build/Intermediates.noindex/t.build/Debug-appletvos/t-t.build/t.modulemap (in target 't' from project 't')
cd /Users/admin/builder/spi-builder-workspace/.dependencies/checkouts/t
builtin-copy -exclude .DS_Store -exclude CVS -exclude .svn -exclude .git -exclude .hg -resolve-src-symlinks /Users/admin/builder/spi-builder-workspace/.derivedData/Build/Intermediates.noindex/t.build/Debug-appletvos/t-t.build/t.modulemap /Users/admin/builder/spi-builder-workspace/.derivedData/Build/Intermediates.noindex/GeneratedModuleMaps-appletvos
WriteAuxiliaryFile /Users/admin/builder/spi-builder-workspace/.derivedData/Build/Intermediates.noindex/o.build/Debug-appletvos/o-t.build/Objects-normal/arm64/o.LinkFileList (in target 'o' from project 'o')
cd /Users/admin/builder/spi-builder-workspace/.dependencies/checkouts/o
write-file /Users/admin/builder/spi-builder-workspace/.derivedData/Build/Intermediates.noindex/o.build/Debug-appletvos/o-t.build/Objects-normal/arm64/o.LinkFileList
WriteAuxiliaryFile /Users/admin/builder/spi-builder-workspace/.derivedData/Build/Intermediates.noindex/o.build/Debug-appletvos/o-t.build/Objects-normal/arm64/o-OutputFileMap.json (in target 'o' from project 'o')
cd /Users/admin/builder/spi-builder-workspace/.dependencies/checkouts/o
write-file /Users/admin/builder/spi-builder-workspace/.derivedData/Build/Intermediates.noindex/o.build/Debug-appletvos/o-t.build/Objects-normal/arm64/o-OutputFileMap.json
Copy /Users/admin/builder/spi-builder-workspace/.derivedData/Build/Intermediates.noindex/GeneratedModuleMaps-appletvos/o.modulemap /Users/admin/builder/spi-builder-workspace/.derivedData/Build/Intermediates.noindex/o.build/Debug-appletvos/o-t.build/o.modulemap (in target 'o' from project 'o')
cd /Users/admin/builder/spi-builder-workspace/.dependencies/checkouts/o
builtin-copy -exclude .DS_Store -exclude CVS -exclude .svn -exclude .git -exclude .hg -resolve-src-symlinks /Users/admin/builder/spi-builder-workspace/.derivedData/Build/Intermediates.noindex/o.build/Debug-appletvos/o-t.build/o.modulemap /Users/admin/builder/spi-builder-workspace/.derivedData/Build/Intermediates.noindex/GeneratedModuleMaps-appletvos
WriteAuxiliaryFile /Users/admin/builder/spi-builder-workspace/.derivedData/Build/Intermediates.noindex/c.build/Debug-appletvos/c-t.build/c.modulemap (in target 'c' from project 'c')
cd /Users/admin/builder/spi-builder-workspace/.dependencies/checkouts/c
write-file /Users/admin/builder/spi-builder-workspace/.derivedData/Build/Intermediates.noindex/c.build/Debug-appletvos/c-t.build/c.modulemap
WriteAuxiliaryFile /Users/admin/builder/spi-builder-workspace/.derivedData/Build/Intermediates.noindex/c.build/Debug-appletvos/c-t.build/c.DependencyStaticMetadataFileList (in target 'c' from project 'c')
cd /Users/admin/builder/spi-builder-workspace/.dependencies/checkouts/c
write-file /Users/admin/builder/spi-builder-workspace/.derivedData/Build/Intermediates.noindex/c.build/Debug-appletvos/c-t.build/c.DependencyStaticMetadataFileList
WriteAuxiliaryFile /Users/admin/builder/spi-builder-workspace/.derivedData/Build/Intermediates.noindex/c.build/Debug-appletvos/c-t.build/c.DependencyMetadataFileList (in target 'c' from project 'c')
cd /Users/admin/builder/spi-builder-workspace/.dependencies/checkouts/c
write-file /Users/admin/builder/spi-builder-workspace/.derivedData/Build/Intermediates.noindex/c.build/Debug-appletvos/c-t.build/c.DependencyMetadataFileList
WriteAuxiliaryFile /Users/admin/builder/spi-builder-workspace/.derivedData/Build/Intermediates.noindex/c.build/Debug-appletvos/c-t.build/Objects-normal/arm64/c_const_extract_protocols.json (in target 'c' from project 'c')
cd /Users/admin/builder/spi-builder-workspace/.dependencies/checkouts/c
write-file /Users/admin/builder/spi-builder-workspace/.derivedData/Build/Intermediates.noindex/c.build/Debug-appletvos/c-t.build/Objects-normal/arm64/c_const_extract_protocols.json
WriteAuxiliaryFile /Users/admin/builder/spi-builder-workspace/.derivedData/Build/Intermediates.noindex/c.build/Debug-appletvos/c-t.build/Objects-normal/arm64/c.SwiftFileList (in target 'c' from project 'c')
cd /Users/admin/builder/spi-builder-workspace/.dependencies/checkouts/c
write-file /Users/admin/builder/spi-builder-workspace/.derivedData/Build/Intermediates.noindex/c.build/Debug-appletvos/c-t.build/Objects-normal/arm64/c.SwiftFileList
WriteAuxiliaryFile /Users/admin/builder/spi-builder-workspace/.derivedData/Build/Intermediates.noindex/c.build/Debug-appletvos/c-t.build/Objects-normal/arm64/c.SwiftConstValuesFileList (in target 'c' from project 'c')
cd /Users/admin/builder/spi-builder-workspace/.dependencies/checkouts/c
write-file /Users/admin/builder/spi-builder-workspace/.derivedData/Build/Intermediates.noindex/c.build/Debug-appletvos/c-t.build/Objects-normal/arm64/c.SwiftConstValuesFileList
WriteAuxiliaryFile /Users/admin/builder/spi-builder-workspace/.derivedData/Build/Intermediates.noindex/c.build/Debug-appletvos/c-t.build/Objects-normal/arm64/c.LinkFileList (in target 'c' from project 'c')
cd /Users/admin/builder/spi-builder-workspace/.dependencies/checkouts/c
write-file /Users/admin/builder/spi-builder-workspace/.derivedData/Build/Intermediates.noindex/c.build/Debug-appletvos/c-t.build/Objects-normal/arm64/c.LinkFileList
WriteAuxiliaryFile /Users/admin/builder/spi-builder-workspace/.derivedData/Build/Intermediates.noindex/c.build/Debug-appletvos/c-t.build/Objects-normal/arm64/c-OutputFileMap.json (in target 'c' from project 'c')
cd /Users/admin/builder/spi-builder-workspace/.dependencies/checkouts/c
write-file /Users/admin/builder/spi-builder-workspace/.derivedData/Build/Intermediates.noindex/c.build/Debug-appletvos/c-t.build/Objects-normal/arm64/c-OutputFileMap.json
Copy /Users/admin/builder/spi-builder-workspace/.derivedData/Build/Intermediates.noindex/GeneratedModuleMaps-appletvos/c.modulemap /Users/admin/builder/spi-builder-workspace/.derivedData/Build/Intermediates.noindex/c.build/Debug-appletvos/c-t.build/c.modulemap (in target 'c' from project 'c')
cd /Users/admin/builder/spi-builder-workspace/.dependencies/checkouts/c
builtin-copy -exclude .DS_Store -exclude CVS -exclude .svn -exclude .git -exclude .hg -resolve-src-symlinks /Users/admin/builder/spi-builder-workspace/.derivedData/Build/Intermediates.noindex/c.build/Debug-appletvos/c-t.build/c.modulemap /Users/admin/builder/spi-builder-workspace/.derivedData/Build/Intermediates.noindex/GeneratedModuleMaps-appletvos
WriteAuxiliaryFile /Users/admin/builder/spi-builder-workspace/.derivedData/Build/Intermediates.noindex/FLet.build/Debug-appletvos/FLet-t.build/Objects-normal/arm64/FLet.SwiftFileList (in target 'FLet' from project 'FLet')
cd /Users/admin/builder/spi-builder-workspace
write-file /Users/admin/builder/spi-builder-workspace/.derivedData/Build/Intermediates.noindex/FLet.build/Debug-appletvos/FLet-t.build/Objects-normal/arm64/FLet.SwiftFileList
WriteAuxiliaryFile /Users/admin/builder/spi-builder-workspace/.derivedData/Build/Intermediates.noindex/FLet.build/Debug-appletvos/FLet-t.build/Objects-normal/arm64/FLet_const_extract_protocols.json (in target 'FLet' from project 'FLet')
cd /Users/admin/builder/spi-builder-workspace
write-file /Users/admin/builder/spi-builder-workspace/.derivedData/Build/Intermediates.noindex/FLet.build/Debug-appletvos/FLet-t.build/Objects-normal/arm64/FLet_const_extract_protocols.json
WriteAuxiliaryFile /Users/admin/builder/spi-builder-workspace/.derivedData/Build/Intermediates.noindex/FLet.build/Debug-appletvos/FLet-t.build/Objects-normal/arm64/FLet.LinkFileList (in target 'FLet' from project 'FLet')
cd /Users/admin/builder/spi-builder-workspace
write-file /Users/admin/builder/spi-builder-workspace/.derivedData/Build/Intermediates.noindex/FLet.build/Debug-appletvos/FLet-t.build/Objects-normal/arm64/FLet.LinkFileList
WriteAuxiliaryFile /Users/admin/builder/spi-builder-workspace/.derivedData/Build/Intermediates.noindex/FLet.build/Debug-appletvos/FLet-t.build/Objects-normal/arm64/FLet.SwiftConstValuesFileList (in target 'FLet' from project 'FLet')
cd /Users/admin/builder/spi-builder-workspace
write-file /Users/admin/builder/spi-builder-workspace/.derivedData/Build/Intermediates.noindex/FLet.build/Debug-appletvos/FLet-t.build/Objects-normal/arm64/FLet.SwiftConstValuesFileList
WriteAuxiliaryFile /Users/admin/builder/spi-builder-workspace/.derivedData/Build/Intermediates.noindex/FLet.build/Debug-appletvos/FLet-t.build/Objects-normal/arm64/FLet-OutputFileMap.json (in target 'FLet' from project 'FLet')
cd /Users/admin/builder/spi-builder-workspace
write-file /Users/admin/builder/spi-builder-workspace/.derivedData/Build/Intermediates.noindex/FLet.build/Debug-appletvos/FLet-t.build/Objects-normal/arm64/FLet-OutputFileMap.json
WriteAuxiliaryFile /Users/admin/builder/spi-builder-workspace/.derivedData/Build/Intermediates.noindex/FLet.build/Debug-appletvos/FLet-t.build/FLet.modulemap (in target 'FLet' from project 'FLet')
cd /Users/admin/builder/spi-builder-workspace
write-file /Users/admin/builder/spi-builder-workspace/.derivedData/Build/Intermediates.noindex/FLet.build/Debug-appletvos/FLet-t.build/FLet.modulemap
WriteAuxiliaryFile /Users/admin/builder/spi-builder-workspace/.derivedData/Build/Intermediates.noindex/FLet.build/Debug-appletvos/FLet-t.build/FLet.DependencyStaticMetadataFileList (in target 'FLet' from project 'FLet')
cd /Users/admin/builder/spi-builder-workspace
write-file /Users/admin/builder/spi-builder-workspace/.derivedData/Build/Intermediates.noindex/FLet.build/Debug-appletvos/FLet-t.build/FLet.DependencyStaticMetadataFileList
WriteAuxiliaryFile /Users/admin/builder/spi-builder-workspace/.derivedData/Build/Intermediates.noindex/FLet.build/Debug-appletvos/FLet-t.build/FLet.DependencyMetadataFileList (in target 'FLet' from project 'FLet')
cd /Users/admin/builder/spi-builder-workspace
write-file /Users/admin/builder/spi-builder-workspace/.derivedData/Build/Intermediates.noindex/FLet.build/Debug-appletvos/FLet-t.build/FLet.DependencyMetadataFileList
Copy /Users/admin/builder/spi-builder-workspace/.derivedData/Build/Intermediates.noindex/GeneratedModuleMaps-appletvos/FLet.modulemap /Users/admin/builder/spi-builder-workspace/.derivedData/Build/Intermediates.noindex/FLet.build/Debug-appletvos/FLet-t.build/FLet.modulemap (in target 'FLet' from project 'FLet')
cd /Users/admin/builder/spi-builder-workspace
builtin-copy -exclude .DS_Store -exclude CVS -exclude .svn -exclude .git -exclude .hg -resolve-src-symlinks /Users/admin/builder/spi-builder-workspace/.derivedData/Build/Intermediates.noindex/FLet.build/Debug-appletvos/FLet-t.build/FLet.modulemap /Users/admin/builder/spi-builder-workspace/.derivedData/Build/Intermediates.noindex/GeneratedModuleMaps-appletvos
SwiftDriver t normal arm64 com.apple.xcode.tools.swift.compiler (in target 't' from project 't')
cd /Users/admin/builder/spi-builder-workspace/.swiftpm/xcode
builtin-SwiftDriver -- /Applications/Xcode-27.0.0-Release.Candidate.app/Contents/Developer/Toolchains/XcodeDefault.xctoolchain/usr/bin/swiftc -parse-as-library -module-name t -Onone @/Users/admin/builder/spi-builder-workspace/.derivedData/Build/Intermediates.noindex/t.build/Debug-appletvos/t-t.build/Objects-normal/arm64/t.SwiftFileList -DSWIFT_PACKAGE -DDEBUG -DSWIFT_MODULE_RESOURCE_BUNDLE_UNAVAILABLE -DXcode -plugin-path /Applications/Xcode-27.0.0-Release.Candidate.app/Contents/Developer/Toolchains/XcodeDefault.xctoolchain/usr/lib/swift/host/plugins/testing -enable-experimental-feature DebugDescriptionMacro -sdk /Applications/Xcode-27.0.0-Release.Candidate.app/Contents/Developer/Platforms/AppleTVOS.platform/Developer/SDKs/AppleTVOS27.0.sdk -target arm64-apple-tvos15.0 -g -module-cache-path /Users/admin/builder/spi-builder-workspace/.derivedData/ModuleCache.noindex -Xfrontend -serialize-debugging-options -profile-coverage-mapping -profile-generate -enable-testing -suppress-warnings -index-store-path /Users/admin/builder/spi-builder-workspace/.derivedData/Index.noindex/DataStore -Xcc -D_LIBCPP_HARDENING_MODE\=_LIBCPP_HARDENING_MODE_DEBUG -swift-version 5 -I /Users/admin/builder/spi-builder-workspace/.derivedData/Build/Products/Debug-appletvos -Isystem /Applications/Xcode-27.0.0-Release.Candidate.app/Contents/Developer/Platforms/AppleTVOS.platform/Developer/usr/lib -F /Users/admin/builder/spi-builder-workspace/.derivedData/Build/Products/Debug-appletvos -F /Applications/Xcode-27.0.0-Release.Candidate.app/Contents/Developer/Platforms/AppleTVOS.platform/Developer/Library/Frameworks -F /Applications/Xcode-27.0.0-Release.Candidate.app/Contents/Developer/Platforms/AppleTVOS.platform/Developer/SDKs/AppleTVOS27.0.sdk/Developer/Library/Frameworks -c -j10 -enable-batch-mode -incremental -Xcc -ivfsstatcache -Xcc /Users/admin/builder/spi-builder-workspace/.derivedData/SDKStatCaches.noindex/appletvos27.0-24J360-e829b21a6f8c9b70876ba0858053c044b32bfd8d43560033f8d89884cdb90028.sdkstatcache -output-file-map /Users/admin/builder/spi-builder-workspace/.derivedData/Build/Intermediates.noindex/t.build/Debug-appletvos/t-t.build/Objects-normal/arm64/t-OutputFileMap.json -save-temps -no-color-diagnostics -explicit-module-build -module-cache-path /Users/admin/builder/spi-builder-workspace/.derivedData/Build/Intermediates.noindex/SwiftExplicitPrecompiledModules -clang-scanner-module-cache-path /Users/admin/builder/spi-builder-workspace/.derivedData/ModuleCache.noindex -sdk-module-cache-path /Users/admin/builder/spi-builder-workspace/.derivedData/SDKExplicitPrecompiledModules -emit-dependencies -emit-module -emit-module-path /Users/admin/builder/spi-builder-workspace/.derivedData/Build/Intermediates.noindex/t.build/Debug-appletvos/t-t.build/Objects-normal/arm64/t.swiftmodule -serialize-diagnostics -dependency-scan-serialize-diagnostics-path /Users/admin/builder/spi-builder-workspace/.derivedData/Build/Intermediates.noindex/t.build/Debug-appletvos/t-t.build/Objects-normal/arm64/t-dependency-scan.dia -validate-clang-modules-once -clang-build-session-file /Users/admin/builder/spi-builder-workspace/.derivedData/ModuleCache.noindex/Session.modulevalidation -Xcc -fmodules-prune-interval\=86400 -Xcc -fmodules-prune-after\=345600 -emit-const-values -const-gather-protocols-list /Users/admin/builder/spi-builder-workspace/.derivedData/Build/Intermediates.noindex/t.build/Debug-appletvos/t-t.build/Objects-normal/arm64/t_const_extract_protocols.json -Xcc -I/Users/admin/builder/spi-builder-workspace/.derivedData/Build/Products/Debug-appletvos/include -Xcc -I/Users/admin/builder/spi-builder-workspace/.derivedData/Build/Intermediates.noindex/t.build/Debug-appletvos/t-t.build/DerivedSources-normal/arm64 -Xcc -I/Users/admin/builder/spi-builder-workspace/.derivedData/Build/Intermediates.noindex/t.build/Debug-appletvos/t-t.build/DerivedSources/arm64 -Xcc -I/Users/admin/builder/spi-builder-workspace/.derivedData/Build/Intermediates.noindex/t.build/Debug-appletvos/t-t.build/DerivedSources -Xcc -DSWIFT_PACKAGE -Xcc -DDEBUG\=1 -emit-objc-header -emit-objc-header-path /Users/admin/builder/spi-builder-workspace/.derivedData/Build/Intermediates.noindex/t.build/Debug-appletvos/t-t.build/Objects-normal/arm64/t-Swift.h -working-directory /Users/admin/builder/spi-builder-workspace/.swiftpm/xcode -experimental-emit-module-separately -disable-cmo
SwiftDriver o normal arm64 com.apple.xcode.tools.swift.compiler (in target 'o' from project 'o')
cd /Users/admin/builder/spi-builder-workspace/.swiftpm/xcode
builtin-SwiftDriver -- /Applications/Xcode-27.0.0-Release.Candidate.app/Contents/Developer/Toolchains/XcodeDefault.xctoolchain/usr/bin/swiftc -parse-as-library -module-name o -Onone @/Users/admin/builder/spi-builder-workspace/.derivedData/Build/Intermediates.noindex/o.build/Debug-appletvos/o-t.build/Objects-normal/arm64/o.SwiftFileList -DSWIFT_PACKAGE -DDEBUG -DSWIFT_MODULE_RESOURCE_BUNDLE_UNAVAILABLE -DXcode -plugin-path /Applications/Xcode-27.0.0-Release.Candidate.app/Contents/Developer/Toolchains/XcodeDefault.xctoolchain/usr/lib/swift/host/plugins/testing -enable-experimental-feature DebugDescriptionMacro -sdk /Applications/Xcode-27.0.0-Release.Candidate.app/Contents/Developer/Platforms/AppleTVOS.platform/Developer/SDKs/AppleTVOS27.0.sdk -target arm64-apple-tvos15.0 -g -module-cache-path /Users/admin/builder/spi-builder-workspace/.derivedData/ModuleCache.noindex -Xfrontend -serialize-debugging-options -profile-coverage-mapping -profile-generate -enable-testing -suppress-warnings -index-store-path /Users/admin/builder/spi-builder-workspace/.derivedData/Index.noindex/DataStore -Xcc -D_LIBCPP_HARDENING_MODE\=_LIBCPP_HARDENING_MODE_DEBUG -swift-version 5 -I /Users/admin/builder/spi-builder-workspace/.derivedData/Build/Products/Debug-appletvos -Isystem /Applications/Xcode-27.0.0-Release.Candidate.app/Contents/Developer/Platforms/AppleTVOS.platform/Developer/usr/lib -F /Users/admin/builder/spi-builder-workspace/.derivedData/Build/Products/Debug-appletvos -F /Applications/Xcode-27.0.0-Release.Candidate.app/Contents/Developer/Platforms/AppleTVOS.platform/Developer/Library/Frameworks -F /Applications/Xcode-27.0.0-Release.Candidate.app/Contents/Developer/Platforms/AppleTVOS.platform/Developer/SDKs/AppleTVOS27.0.sdk/Developer/Library/Frameworks -c -j10 -enable-batch-mode -incremental -Xcc -ivfsstatcache -Xcc /Users/admin/builder/spi-builder-workspace/.derivedData/SDKStatCaches.noindex/appletvos27.0-24J360-e829b21a6f8c9b70876ba0858053c044b32bfd8d43560033f8d89884cdb90028.sdkstatcache -output-file-map /Users/admin/builder/spi-builder-workspace/.derivedData/Build/Intermediates.noindex/o.build/Debug-appletvos/o-t.build/Objects-normal/arm64/o-OutputFileMap.json -save-temps -no-color-diagnostics -explicit-module-build -module-cache-path /Users/admin/builder/spi-builder-workspace/.derivedData/Build/Intermediates.noindex/SwiftExplicitPrecompiledModules -clang-scanner-module-cache-path /Users/admin/builder/spi-builder-workspace/.derivedData/ModuleCache.noindex -sdk-module-cache-path /Users/admin/builder/spi-builder-workspace/.derivedData/SDKExplicitPrecompiledModules -emit-dependencies -emit-module -emit-module-path /Users/admin/builder/spi-builder-workspace/.derivedData/Build/Intermediates.noindex/o.build/Debug-appletvos/o-t.build/Objects-normal/arm64/o.swiftmodule -serialize-diagnostics -dependency-scan-serialize-diagnostics-path /Users/admin/builder/spi-builder-workspace/.derivedData/Build/Intermediates.noindex/o.build/Debug-appletvos/o-t.build/Objects-normal/arm64/o-dependency-scan.dia -validate-clang-modules-once -clang-build-session-file /Users/admin/builder/spi-builder-workspace/.derivedData/ModuleCache.noindex/Session.modulevalidation -Xcc -fmodules-prune-interval\=86400 -Xcc -fmodules-prune-after\=345600 -emit-const-values -const-gather-protocols-list /Users/admin/builder/spi-builder-workspace/.derivedData/Build/Intermediates.noindex/o.build/Debug-appletvos/o-t.build/Objects-normal/arm64/o_const_extract_protocols.json -Xcc -I/Users/admin/builder/spi-builder-workspace/.derivedData/Build/Products/Debug-appletvos/include -Xcc -I/Users/admin/builder/spi-builder-workspace/.derivedData/Build/Intermediates.noindex/o.build/Debug-appletvos/o-t.build/DerivedSources-normal/arm64 -Xcc -I/Users/admin/builder/spi-builder-workspace/.derivedData/Build/Intermediates.noindex/o.build/Debug-appletvos/o-t.build/DerivedSources/arm64 -Xcc -I/Users/admin/builder/spi-builder-workspace/.derivedData/Build/Intermediates.noindex/o.build/Debug-appletvos/o-t.build/DerivedSources -Xcc -DSWIFT_PACKAGE -Xcc -DDEBUG\=1 -emit-objc-header -emit-objc-header-path /Users/admin/builder/spi-builder-workspace/.derivedData/Build/Intermediates.noindex/o.build/Debug-appletvos/o-t.build/Objects-normal/arm64/o-Swift.h -working-directory /Users/admin/builder/spi-builder-workspace/.swiftpm/xcode -experimental-emit-module-separately -disable-cmo
SwiftExplicitDependencyGeneratePcm arm64 /Users/admin/builder/spi-builder-workspace/.derivedData/SDKExplicitPrecompiledModules/_Builtin_float-8ZJAYZ85YBOAOP52Y9H6IUNP3.pcm
SwiftExplicitDependencyGeneratePcm arm64 /Users/admin/builder/spi-builder-workspace/.derivedData/SDKExplicitPrecompiledModules/_AvailabilityInternal-BV2EDDP0MI5QJDDPEEV4D9D3V.pcm
SwiftExplicitDependencyGeneratePcm arm64 /Users/admin/builder/spi-builder-workspace/.derivedData/SDKExplicitPrecompiledModules/ptrauth-8X2KEPL7CTRPS40TUB9APHPK6.pcm
SwiftExplicitDependencyGeneratePcm arm64 /Users/admin/builder/spi-builder-workspace/.derivedData/SDKExplicitPrecompiledModules/_SwiftConcurrencyShims-BY5PD8KF1L5KF6F4Q69HE3TJ4.pcm
SwiftExplicitDependencyGeneratePcm arm64 /Users/admin/builder/spi-builder-workspace/.derivedData/SDKExplicitPrecompiledModules/ptrcheck-2AZ6B5IBYD3RRRTFWN2ONASY3.pcm
SwiftExplicitDependencyGeneratePcm arm64 /Users/admin/builder/spi-builder-workspace/.derivedData/SDKExplicitPrecompiledModules/_Builtin_stddef-9ZJZ6FDEZNKTZU8YLPMFT9RAQ.pcm
SwiftExplicitDependencyGeneratePcm arm64 /Users/admin/builder/spi-builder-workspace/.derivedData/SDKExplicitPrecompiledModules/_Builtin_stdbool-AHRDH5EKLY6D04C5E42F3VCQI.pcm
SwiftExplicitDependencyGeneratePcm arm64 /Users/admin/builder/spi-builder-workspace/.derivedData/SDKExplicitPrecompiledModules/_Builtin_stdarg-BO2OCAUYVAXDRVQWQ8ISKGNUQ.pcm
SwiftExplicitDependencyGeneratePcm arm64 /Users/admin/builder/spi-builder-workspace/.derivedData/SDKExplicitPrecompiledModules/SwiftShims-8N4EXJ4RUJTR8K9OO3CMOH1EP.pcm
SwiftExplicitDependencyGeneratePcm arm64 /Users/admin/builder/spi-builder-workspace/.derivedData/SDKExplicitPrecompiledModules/_DarwinFoundation1-JOTYMOA1YZCIJ2NON6FQ848O.pcm
SwiftExplicitDependencyGeneratePcm arm64 /Users/admin/builder/spi-builder-workspace/.derivedData/SDKExplicitPrecompiledModules/_DarwinFoundation2-AOGAN1O02NKXRJN5V73AV3V3M.pcm
SwiftExplicitDependencyGeneratePcm arm64 /Users/admin/builder/spi-builder-workspace/.derivedData/SDKExplicitPrecompiledModules/_Builtin_limits-7JU2HP127LIT1X9E2V3D8WZ1.pcm
SwiftExplicitDependencyGeneratePcm arm64 /Users/admin/builder/spi-builder-workspace/.derivedData/SDKExplicitPrecompiledModules/sys_types-8GCAV1YMG5UUGHUID3CA20TCH.pcm
SwiftExplicitDependencyGeneratePcm arm64 /Users/admin/builder/spi-builder-workspace/.derivedData/SDKExplicitPrecompiledModules/_Builtin_stdint-6NFTB6IBKS143IVPGT1EKB7HO.pcm
SwiftExplicitDependencyGeneratePcm arm64 /Users/admin/builder/spi-builder-workspace/.derivedData/SDKExplicitPrecompiledModules/string_h-6EVHP7A717OUS5DMC78F79HWO.pcm
SwiftExplicitDependencyGeneratePcm arm64 /Users/admin/builder/spi-builder-workspace/.derivedData/SDKExplicitPrecompiledModules/_DarwinFoundation3-8SR3855WDFHQPR6G9GHOI2C07.pcm
SwiftExplicitDependencyGeneratePcm arm64 /Users/admin/builder/spi-builder-workspace/.derivedData/SDKExplicitPrecompiledModules/_Builtin_inttypes-6X1IQ3QK9KEVKXOK9Y79EW7J3.pcm
SwiftExplicitDependencyGeneratePcm arm64 /Users/admin/builder/spi-builder-workspace/.derivedData/SDKExplicitPrecompiledModules/Darwin-DBSQAVBBPC3D2OMU5ZI2RXMST.pcm
SwiftExplicitDependencyGeneratePcm arm64 /Users/admin/builder/spi-builder-workspace/.derivedData/SDKExplicitPrecompiledModules/ObjectiveC-5250FDCE56N8508OR6XUYDKZM.pcm
SwiftExplicitDependencyGeneratePcm arm64 /Users/admin/builder/spi-builder-workspace/.derivedData/SDKExplicitPrecompiledModules/os_object-E2DGZ0SX0TULQHULZRPO6OKNW.pcm
SwiftExplicitDependencyGeneratePcm arm64 /Users/admin/builder/spi-builder-workspace/.derivedData/SDKExplicitPrecompiledModules/os_workgroup-DBUFF7811DKMX7VPBOJPGGF1U.pcm
SwiftExplicitDependencyGeneratePcm arm64 /Users/admin/builder/spi-builder-workspace/.derivedData/SDKExplicitPrecompiledModules/Dispatch-1QL58A0V50C39KVAIC6C38SHL.pcm
SwiftExplicitDependencyGeneratePcm arm64 /Users/admin/builder/spi-builder-workspace/.derivedData/SDKExplicitPrecompiledModules/CoreFoundation-7TPJ7ENDC4L1A1ESHYI9TXS0D.pcm
SwiftExplicitDependencyGeneratePcm arm64 /Users/admin/builder/spi-builder-workspace/.derivedData/SDKExplicitPrecompiledModules/XPC-6O2DJFT3QUJ7QKTD3SNUB6PCR.pcm
SwiftExplicitDependencyGeneratePcm arm64 /Users/admin/builder/spi-builder-workspace/.derivedData/SDKExplicitPrecompiledModules/CFNetwork-2CUR2VK9S3S3WPFXPNXNUWYGN.pcm
SwiftExplicitDependencyGeneratePcm arm64 /Users/admin/builder/spi-builder-workspace/.derivedData/SDKExplicitPrecompiledModules/Security-8VMXEKVDA3MHUH9AOTP905DID.pcm
SwiftExplicitDependencyGeneratePcm arm64 /Users/admin/builder/spi-builder-workspace/.derivedData/SDKExplicitPrecompiledModules/Foundation-BSSIP64DIGUKMAYJOG1WPQ78X.pcm
SwiftEmitModule normal arm64 Emitting\ module\ for\ t (in target 't' from project 't')
SwiftCompile normal arm64 (in target 't' from project 't')
cd /Users/admin/builder/spi-builder-workspace/.swiftpm/xcode
SwiftExplicitDependencyGeneratePcm arm64 /Users/admin/builder/spi-builder-workspace/.derivedData/SDKExplicitPrecompiledModules/UserNotifications-E9ZW5TH066WIJWH9080RC5NG4.pcm
SwiftCompile normal arm64 Compiling\ t+Factories.swift /Users/admin/builder/spi-builder-workspace/.dependencies/checkouts/t/Sources/t/Factories/t+Factories.swift (in target 't' from project 't')
SwiftCompile normal arm64 /Users/admin/builder/spi-builder-workspace/.dependencies/checkouts/t/Sources/t/Factories/t+Factories.swift (in target 't' from project 't')
cd /Users/admin/builder/spi-builder-workspace/.swiftpm/xcode
builtin-SwiftPerFileCompile t+Factories.swift
SwiftCompile normal arm64 Compiling\ t+Assertion.swift /Users/admin/builder/spi-builder-workspace/.dependencies/checkouts/t/Sources/t/Assertion/t+Assertion.swift (in target 't' from project 't')
SwiftCompile normal arm64 /Users/admin/builder/spi-builder-workspace/.dependencies/checkouts/t/Sources/t/Assertion/t+Assertion.swift (in target 't' from project 't')
cd /Users/admin/builder/spi-builder-workspace/.swiftpm/xcode
builtin-SwiftPerFileCompile t+Assertion.swift
SwiftCompile normal arm64 Compiling\ t+Structure.swift /Users/admin/builder/spi-builder-workspace/.dependencies/checkouts/t/Sources/t/Structure/t+Structure.swift (in target 't' from project 't')
SwiftCompile normal arm64 /Users/admin/builder/spi-builder-workspace/.dependencies/checkouts/t/Sources/t/Structure/t+Structure.swift (in target 't' from project 't')
cd /Users/admin/builder/spi-builder-workspace/.swiftpm/xcode
builtin-SwiftPerFileCompile t+Structure.swift
SwiftCompile normal arm64 Compiling\ t+Logging.swift /Users/admin/builder/spi-builder-workspace/.dependencies/checkouts/t/Sources/t/Logging/t+Logging.swift (in target 't' from project 't')
SwiftCompile normal arm64 /Users/admin/builder/spi-builder-workspace/.dependencies/checkouts/t/Sources/t/Logging/t+Logging.swift (in target 't' from project 't')
cd /Users/admin/builder/spi-builder-workspace/.swiftpm/xcode
builtin-SwiftPerFileCompile t+Logging.swift
SwiftCompile normal arm64 Compiling\ t.swift /Users/admin/builder/spi-builder-workspace/.dependencies/checkouts/t/Sources/t/t.swift (in target 't' from project 't')
SwiftCompile normal arm64 /Users/admin/builder/spi-builder-workspace/.dependencies/checkouts/t/Sources/t/t.swift (in target 't' from project 't')
cd /Users/admin/builder/spi-builder-workspace/.swiftpm/xcode
builtin-SwiftPerFileCompile t.swift
SwiftEmitModule normal arm64 Emitting\ module\ for\ o (in target 'o' from project 'o')
/Users/admin/builder/spi-builder-workspace/.dependencies/checkouts/o/Sources/o/Notifications/NotificationDelegate.swift:34:30: error: 'UNNotificationResponse' is unavailable in tvOS
32 | func userNotificationCenter(
33 | _ center: UNUserNotificationCenter,
34 | didReceive response: UNNotificationResponse,
| `- error: 'UNNotificationResponse' is unavailable in tvOS
35 | withCompletionHandler completionHandler: @escaping () -> Void
36 | ) {
/Applications/Xcode-27.0.0-Release.Candidate.app/Contents/Developer/Platforms/AppleTVOS.platform/Developer/SDKs/AppleTVOS27.0.sdk/System/Library/Frameworks/UserNotifications.framework/Headers/UNNotificationResponse.h:18:12: note: 'UNNotificationResponse' has been explicitly marked unavailable here
16 |
17 | API_AVAILABLE(macos(10.14), ios(10.0), watchos(3.0)) API_UNAVAILABLE(tvos)
18 | @interface UNNotificationResponse : NSObject <NSCopying, NSSecureCoding>
| `- note: 'UNNotificationResponse' has been explicitly marked unavailable here
19 |
20 | // The notification to which the user responded.
/Users/admin/builder/spi-builder-workspace/.dependencies/checkouts/o/Sources/o/Notifications/NotificationPost.swift:29:16: error: 'UNNotificationSound' is unavailable in tvOS
27 | body: String,
28 | badge: Int = 0,
29 | sound: UNNotificationSound = .default,
| `- error: 'UNNotificationSound' is unavailable in tvOS
30 | attachments: [UNNotificationAttachment] = [],
31 | trigger: UNNotificationTrigger?,
/Applications/Xcode-27.0.0-Release.Candidate.app/Contents/Developer/Platforms/AppleTVOS.platform/Developer/SDKs/AppleTVOS27.0.sdk/System/Library/Frameworks/UserNotifications.framework/Headers/UNNotificationSound.h:15:12: note: 'UNNotificationSound' has been explicitly marked unavailable here
13 |
14 | API_AVAILABLE(macos(10.14), ios(10.0), watchos(3.0)) API_UNAVAILABLE(tvos)
15 | @interface UNNotificationSound : NSObject <NSCopying, NSSecureCoding>
| `- note: 'UNNotificationSound' has been explicitly marked unavailable here
16 |
17 | // The default sound used for notifications.
/Users/admin/builder/spi-builder-workspace/.dependencies/checkouts/o/Sources/o/Notifications/NotificationPost.swift:30:23: error: 'UNNotificationAttachment' is unavailable in tvOS
28 | badge: Int = 0,
29 | sound: UNNotificationSound = .default,
30 | attachments: [UNNotificationAttachment] = [],
| `- error: 'UNNotificationAttachment' is unavailable in tvOS
31 | trigger: UNNotificationTrigger?,
32 | withCompletionHandler completionHandler: ((Error?) -> Void)? = nil
/Applications/Xcode-27.0.0-Release.Candidate.app/Contents/Developer/Platforms/AppleTVOS.platform/Developer/SDKs/AppleTVOS27.0.sdk/System/Library/Frameworks/UserNotifications.framework/Headers/UNNotificationAttachment.h:13:12: note: 'UNNotificationAttachment' has been explicitly marked unavailable here
11 |
12 | API_AVAILABLE(macos(10.14), ios(10.0), watchos(3.0)) API_UNAVAILABLE(tvos)
13 | @interface UNNotificationAttachment : NSObject <NSCopying, NSSecureCoding>
| `- note: 'UNNotificationAttachment' has been explicitly marked unavailable here
14 |
15 | // The identifier of this attachment
/Users/admin/builder/spi-builder-workspace/.dependencies/checkouts/o/Sources/o/Notifications/NotificationUpdate.swift:30:16: error: 'UNNotificationSound' is unavailable in tvOS
28 | body: String,
29 | badge: Int = 0,
30 | sound: UNNotificationSound = .default,
| `- error: 'UNNotificationSound' is unavailable in tvOS
31 | attachments: [UNNotificationAttachment] = [],
32 | trigger: UNNotificationTrigger?,
/Applications/Xcode-27.0.0-Release.Candidate.app/Contents/Developer/Platforms/AppleTVOS.platform/Developer/SDKs/AppleTVOS27.0.sdk/System/Library/Frameworks/UserNotifications.framework/Headers/UNNotificationSound.h:15:12: note: 'UNNotificationSound' has been explicitly marked unavailable here
13 |
14 | API_AVAILABLE(macos(10.14), ios(10.0), watchos(3.0)) API_UNAVAILABLE(tvos)
15 | @interface UNNotificationSound : NSObject <NSCopying, NSSecureCoding>
| `- note: 'UNNotificationSound' has been explicitly marked unavailable here
16 |
17 | // The default sound used for notifications.
/Users/admin/builder/spi-builder-workspace/.dependencies/checkouts/o/Sources/o/Notifications/NotificationUpdate.swift:31:23: error: 'UNNotificationAttachment' is unavailable in tvOS
29 | badge: Int = 0,
30 | sound: UNNotificationSound = .default,
31 | attachments: [UNNotificationAttachment] = [],
| `- error: 'UNNotificationAttachment' is unavailable in tvOS
32 | trigger: UNNotificationTrigger?,
33 | withCompletionHandler completionHandler: ((Error?) -> Void)? = nil
/Applications/Xcode-27.0.0-Release.Candidate.app/Contents/Developer/Platforms/AppleTVOS.platform/Developer/SDKs/AppleTVOS27.0.sdk/System/Library/Frameworks/UserNotifications.framework/Headers/UNNotificationAttachment.h:13:12: note: 'UNNotificationAttachment' has been explicitly marked unavailable here
11 |
12 | API_AVAILABLE(macos(10.14), ios(10.0), watchos(3.0)) API_UNAVAILABLE(tvos)
13 | @interface UNNotificationAttachment : NSObject <NSCopying, NSSecureCoding>
| `- note: 'UNNotificationAttachment' has been explicitly marked unavailable here
14 |
15 | // The identifier of this attachment
Failed frontend command:
/Applications/Xcode-27.0.0-Release.Candidate.app/Contents/Developer/Toolchains/XcodeDefault.xctoolchain/usr/bin/swift-frontend -frontend -emit-module -experimental-skip-non-inlinable-function-bodies-without-types /Users/admin/builder/spi-builder-workspace/.dependencies/checkouts/o/Sources/o/Console/o+console.swift /Users/admin/builder/spi-builder-workspace/.dependencies/checkouts/o/Sources/o/File/o+file.swift /Users/admin/builder/spi-builder-workspace/.dependencies/checkouts/o/Sources/o/Notifications/NotificationAuthorization.swift /Users/admin/builder/spi-builder-workspace/.dependencies/checkouts/o/Sources/o/Notifications/NotificationDelegate.swift /Users/admin/builder/spi-builder-workspace/.dependencies/checkouts/o/Sources/o/Notifications/NotificationDelete.swift /Users/admin/builder/spi-builder-workspace/.dependencies/checkouts/o/Sources/o/Notifications/NotificationGet.swift /Users/admin/builder/spi-builder-workspace/.dependencies/checkouts/o/Sources/o/Notifications/NotificationPost.swift /Users/admin/builder/spi-builder-workspace/.dependencies/checkouts/o/Sources/o/Notifications/NotificationUpdate.swift /Users/admin/builder/spi-builder-workspace/.dependencies/checkouts/o/Sources/o/Notifications/o+notification.swift /Users/admin/builder/spi-builder-workspace/.dependencies/checkouts/o/Sources/o/URL/o+url.swift /Users/admin/builder/spi-builder-workspace/.dependencies/checkouts/o/Sources/o/o.swift -target arm64-apple-tvos15.0 -module-can-import-version UserNotifications 1.0.0 1.0.0 -disable-cross-import-overlay-search -swift-module-cross-import UserNotifications /Applications/Xcode-27.0.0-Release.Candidate.app/Contents/Developer/Platforms/AppleTVOS.platform/Developer/SDKs/AppleTVOS.sdk/System/Library/Frameworks/UserNotifications.framework/Modules/UserNotifications.swiftcrossimport/AppIntents.swiftoverlay -load-resolved-plugin /Applications/Xcode-27.0.0-Release.Candidate.app/Contents/Developer/Platforms/AppleTVOS.platform/Developer/usr/lib/swift/host/plugins/libFoundationMacros.dylib\#/Applications/Xcode-27.0.0-Release.Candidate.app/Contents/Developer/Platforms/AppleTVOS.platform/Developer/usr/bin/swift-plugin-server\#FoundationMacros -load-resolved-plugin /Applications/Xcode-27.0.0-Release.Candidate.app/Contents/Developer/Platforms/AppleTVOS.platform/Developer/usr/lib/swift/host/plugins/libObservationMacros.dylib\#/Applications/Xcode-27.0.0-Release.Candidate.app/Contents/Developer/Platforms/AppleTVOS.platform/Developer/usr/bin/swift-plugin-server\#ObservationMacros -load-resolved-plugin /Applications/Xcode-27.0.0-Release.Candidate.app/Contents/Developer/Platforms/AppleTVOS.platform/Developer/usr/lib/swift/host/plugins/libSwiftMacros.dylib\#/Applications/Xcode-27.0.0-Release.Candidate.app/Contents/Developer/Platforms/AppleTVOS.platform/Developer/usr/bin/swift-plugin-server\#SwiftMacros -disable-implicit-swift-modules -Xcc -fno-implicit-modules -Xcc -fno-implicit-module-maps -explicit-swift-module-map-file /Users/admin/builder/spi-builder-workspace/.derivedData/Build/Intermediates.noindex/o.build/Debug-appletvos/o-t.build/Objects-normal/arm64/o-dependencies-1.json -Xllvm -aarch64-use-tbi -enable-objc-interop -stack-check -sdk /Applications/Xcode-27.0.0-Release.Candidate.app/Contents/Developer/Platforms/AppleTVOS.platform/Developer/SDKs/AppleTVOS27.0.sdk -I /Users/admin/builder/spi-builder-workspace/.derivedData/Build/Products/Debug-appletvos -Isystem /Applications/Xcode-27.0.0-Release.Candidate.app/Contents/Developer/Platforms/AppleTVOS.platform/Developer/usr/lib -F /Users/admin/builder/spi-builder-workspace/.derivedData/Build/Products/Debug-appletvos -F /Applications/Xcode-27.0.0-Release.Candidate.app/Contents/Developer/Platforms/AppleTVOS.platform/Developer/Library/Frameworks -F /Applications/Xcode-27.0.0-Release.Candidate.app/Contents/Developer/Platforms/AppleTVOS.platform/Developer/SDKs/AppleTVOS27.0.sdk/Developer/Library/Frameworks -module-cache-path /Users/admin/builder/spi-builder-workspace/.derivedData/Build/Intermediates.noindex/SwiftExplicitPrecompiledModules -no-color-diagnostics -Xcc -fno-color-diagnostics -enable-testing -g -debug-info-format\=dwarf -dwarf-version\=4 -suppress-warnings -profile-generate -profile-coverage-mapping -swift-version 5 -Onone -D SWIFT_PACKAGE -D DEBUG -D SWIFT_MODULE_RESOURCE_BUNDLE_UNAVAILABLE -D Xcode -serialize-debugging-options -enable-experimental-feature DebugDescriptionMacro -empty-abi-descriptor -validate-clang-modules-once -clang-build-session-file /Users/admin/builder/spi-builder-workspace/.derivedData/ModuleCache.noindex/Session.modulevalidation -Xcc -working-directory -Xcc /Users/admin/builder/spi-builder-workspace/.swiftpm/xcode -enable-anonymous-context-mangled-names -file-compilation-dir /Users/admin/builder/spi-builder-workspace/.swiftpm/xcode -Xcc -D_LIBCPP_HARDENING_MODE\=_LIBCPP_HARDENING_MODE_DEBUG -Xcc -ivfsstatcache -Xcc /Users/admin/builder/spi-builder-workspace/.derivedData/SDKStatCaches.noindex/appletvos27.0-24J360-e829b21a6f8c9b70876ba0858053c044b32bfd8d43560033f8d89884cdb90028.sdkstatcache -Xcc -fmodules-prune-interval\=86400 -Xcc -fmodules-prune-after\=345600 -Xcc -I/Users/admin/builder/spi-builder-workspace/.derivedData/Build/Products/Debug-appletvos/include -Xcc -I/Users/admin/builder/spi-builder-workspace/.derivedData/Build/Intermediates.noindex/o.build/Debug-appletvos/o-t.build/DerivedSources-normal/arm64 -Xcc -I/Users/admin/builder/spi-builder-workspace/.derivedData/Build/Intermediates.noindex/o.build/Debug-appletvos/o-t.build/DerivedSources/arm64 -Xcc -I/Users/admin/builder/spi-builder-workspace/.derivedData/Build/Intermediates.noindex/o.build/Debug-appletvos/o-t.build/DerivedSources -Xcc -DSWIFT_PACKAGE -Xcc -DDEBUG\=1 -no-auto-bridging-header-chaining -module-name o -const-gather-protocols-file /Users/admin/builder/spi-builder-workspace/.derivedData/Build/Intermediates.noindex/o.build/Debug-appletvos/o-t.build/Objects-normal/arm64/o_const_extract_protocols.json -disable-clang-spi -clang-target arm64-apple-tvos27.0 -target-sdk-version 27.0 -target-sdk-name appletvos27.0 -in-process-plugin-server-path /Applications/Xcode-27.0.0-Release.Candidate.app/Contents/Developer/Toolchains/XcodeDefault.xctoolchain/usr/lib/swift/host/libSwiftInProcPluginServer.dylib -emit-module-doc-path /Users/admin/builder/spi-builder-workspace/.derivedData/Build/Intermediates.noindex/o.build/Debug-appletvos/o-t.build/Objects-normal/arm64/o.swiftdoc -emit-module-source-info-path /Users/admin/builder/spi-builder-workspace/.derivedData/Build/Intermediates.noindex/o.build/Debug-appletvos/o-t.build/Objects-normal/arm64/o.swiftsourceinfo -emit-objc-header-path /Users/admin/builder/spi-builder-workspace/.derivedData/Build/Intermediates.noindex/o.build/Debug-appletvos/o-t.build/Objects-normal/arm64/o-Swift.h -serialize-diagnostics-path /Users/admin/builder/spi-builder-workspace/.derivedData/Build/Intermediates.noindex/o.build/Debug-appletvos/o-t.build/Objects-normal/arm64/o-primary-emit-module.dia -emit-dependencies-path /Users/admin/builder/spi-builder-workspace/.derivedData/Build/Intermediates.noindex/o.build/Debug-appletvos/o-t.build/Objects-normal/arm64/o-primary-emit-module.d -parse-as-library -o /Users/admin/builder/spi-builder-workspace/.derivedData/Build/Intermediates.noindex/o.build/Debug-appletvos/o-t.build/Objects-normal/arm64/o.swiftmodule -emit-abi-descriptor-path /Users/admin/builder/spi-builder-workspace/.derivedData/Build/Intermediates.noindex/o.build/Debug-appletvos/o-t.build/Objects-normal/arm64/o.abi.json
SwiftCompile normal arm64 (in target 'o' from project 'o')
cd /Users/admin/builder/spi-builder-workspace/.swiftpm/xcode
SwiftCompile normal arm64 Compiling\ NotificationPost.swift /Users/admin/builder/spi-builder-workspace/.dependencies/checkouts/o/Sources/o/Notifications/NotificationPost.swift (in target 'o' from project 'o')
/Users/admin/builder/spi-builder-workspace/.dependencies/checkouts/o/Sources/o/Notifications/NotificationPost.swift:29:16: error: 'UNNotificationSound' is unavailable in tvOS
27 | body: String,
28 | badge: Int = 0,
29 | sound: UNNotificationSound = .default,
| `- error: 'UNNotificationSound' is unavailable in tvOS
30 | attachments: [UNNotificationAttachment] = [],
31 | trigger: UNNotificationTrigger?,
/Applications/Xcode-27.0.0-Release.Candidate.app/Contents/Developer/Platforms/AppleTVOS.platform/Developer/SDKs/AppleTVOS27.0.sdk/System/Library/Frameworks/UserNotifications.framework/Headers/UNNotificationSound.h:15:12: note: 'UNNotificationSound' has been explicitly marked unavailable here
13 |
14 | API_AVAILABLE(macos(10.14), ios(10.0), watchos(3.0)) API_UNAVAILABLE(tvos)
15 | @interface UNNotificationSound : NSObject <NSCopying, NSSecureCoding>
| `- note: 'UNNotificationSound' has been explicitly marked unavailable here
16 |
17 | // The default sound used for notifications.
/Users/admin/builder/spi-builder-workspace/.dependencies/checkouts/o/Sources/o/Notifications/NotificationPost.swift:30:23: error: 'UNNotificationAttachment' is unavailable in tvOS
28 | badge: Int = 0,
29 | sound: UNNotificationSound = .default,
30 | attachments: [UNNotificationAttachment] = [],
| `- error: 'UNNotificationAttachment' is unavailable in tvOS
31 | trigger: UNNotificationTrigger?,
32 | withCompletionHandler completionHandler: ((Error?) -> Void)? = nil
/Applications/Xcode-27.0.0-Release.Candidate.app/Contents/Developer/Platforms/AppleTVOS.platform/Developer/SDKs/AppleTVOS27.0.sdk/System/Library/Frameworks/UserNotifications.framework/Headers/UNNotificationAttachment.h:13:12: note: 'UNNotificationAttachment' has been explicitly marked unavailable here
11 |
12 | API_AVAILABLE(macos(10.14), ios(10.0), watchos(3.0)) API_UNAVAILABLE(tvos)
13 | @interface UNNotificationAttachment : NSObject <NSCopying, NSSecureCoding>
| `- note: 'UNNotificationAttachment' has been explicitly marked unavailable here
14 |
15 | // The identifier of this attachment
/Users/admin/builder/spi-builder-workspace/.dependencies/checkouts/o/Sources/o/Notifications/NotificationPost.swift:36:17: error: 'threadIdentifier' is unavailable in tvOS
34 | let content = UNMutableNotificationContent()
35 |
36 | content.threadIdentifier = threadIdentifier
| `- error: 'threadIdentifier' is unavailable in tvOS
37 | content.categoryIdentifier = categoryIdentifier
38 |
/Applications/Xcode-27.0.0-Release.Candidate.app/Contents/Developer/Platforms/AppleTVOS.platform/Developer/SDKs/AppleTVOS27.0.sdk/System/Library/Frameworks/UserNotifications.framework/Headers/UNNotificationContent.h:122:61: note: 'threadIdentifier' has been explicitly marked unavailable here
120 |
121 | // The unique identifier for the thread or conversation related to this notification request. It will be used to visually group notifications together.
122 | @property (NS_NONATOMIC_IOSONLY, readwrite, copy) NSString *threadIdentifier API_UNAVAILABLE(tvos);
| `- note: 'threadIdentifier' has been explicitly marked unavailable here
123 |
124 | // The title of the notification. Use -[NSString localizedUserNotificationStringForKey:arguments:] to provide a string that will be localized at the time that the notification is presented.
/Users/admin/builder/spi-builder-workspace/.dependencies/checkouts/o/Sources/o/Notifications/NotificationPost.swift:37:17: error: 'categoryIdentifier' is unavailable in tvOS
35 |
36 | content.threadIdentifier = threadIdentifier
37 | content.categoryIdentifier = categoryIdentifier
| `- error: 'categoryIdentifier' is unavailable in tvOS
38 |
39 | content.title = title
/Applications/Xcode-27.0.0-Release.Candidate.app/Contents/Developer/Platforms/AppleTVOS.platform/Developer/SDKs/AppleTVOS27.0.sdk/System/Library/Frameworks/UserNotifications.framework/Headers/UNNotificationContent.h:110:61: note: 'categoryIdentifier' has been explicitly marked unavailable here
108 |
109 | // The identifier for a registered UNNotificationCategory that will be used to determine the appropriate actions to display for the notification.
110 | @property (NS_NONATOMIC_IOSONLY, readwrite, copy) NSString *categoryIdentifier API_UNAVAILABLE(tvos);
| `- note: 'categoryIdentifier' has been explicitly marked unavailable here
111 |
112 | // The launch image that will be used when the app is opened from the notification.
/Users/admin/builder/spi-builder-workspace/.dependencies/checkouts/o/Sources/o/Notifications/NotificationPost.swift:39:17: error: 'title' is unavailable in tvOS
37 | content.categoryIdentifier = categoryIdentifier
38 |
39 | content.title = title
| `- error: 'title' is unavailable in tvOS
40 | content.subtitle = subtitle
41 | content.body = body
/Applications/Xcode-27.0.0-Release.Candidate.app/Contents/Developer/Platforms/AppleTVOS.platform/Developer/SDKs/AppleTVOS27.0.sdk/System/Library/Frameworks/UserNotifications.framework/Headers/UNNotificationContent.h:125:61: note: 'title' has been explicitly marked unavailable here
123 |
124 | // The title of the notification. Use -[NSString localizedUserNotificationStringForKey:arguments:] to provide a string that will be localized at the time that the notification is presented.
125 | @property (NS_NONATOMIC_IOSONLY, readwrite, copy) NSString *title API_UNAVAILABLE(tvos);
| `- note: 'title' has been explicitly marked unavailable here
126 |
127 | // Apps can set the userInfo for locally scheduled notification requests. The contents of the push payload will be set as the userInfo for remote notifications.
/Users/admin/builder/spi-builder-workspace/.dependencies/checkouts/o/Sources/o/Notifications/NotificationPost.swift:40:17: error: 'subtitle' is unavailable in tvOS
38 |
39 | content.title = title
40 | content.subtitle = subtitle
| `- error: 'subtitle' is unavailable in tvOS
41 | content.body = body
42 |
/Applications/Xcode-27.0.0-Release.Candidate.app/Contents/Developer/Platforms/AppleTVOS.platform/Developer/SDKs/AppleTVOS27.0.sdk/System/Library/Frameworks/UserNotifications.framework/Headers/UNNotificationContent.h:119:61: note: 'subtitle' has been explicitly marked unavailable here
117 |
118 | // The subtitle of the notification. Use -[NSString localizedUserNotificationStringForKey:arguments:] to provide a string that will be localized at the time that the notification is presented.
119 | @property (NS_NONATOMIC_IOSONLY, readwrite, copy) NSString *subtitle API_UNAVAILABLE(tvos);
| `- note: 'subtitle' has been explicitly marked unavailable here
120 |
121 | // The unique identifier for the thread or conversation related to this notification request. It will be used to visually group notifications together.
/Users/admin/builder/spi-builder-workspace/.dependencies/checkouts/o/Sources/o/Notifications/NotificationPost.swift:41:17: error: 'body' is unavailable in tvOS
39 | content.title = title
40 | content.subtitle = subtitle
41 | content.body = body
| `- error: 'body' is unavailable in tvOS
42 |
43 | content.badge = NSNumber(value: badge)
/Applications/Xcode-27.0.0-Release.Candidate.app/Contents/Developer/Platforms/AppleTVOS.platform/Developer/SDKs/AppleTVOS27.0.sdk/System/Library/Frameworks/UserNotifications.framework/Headers/UNNotificationContent.h:107:61: note: 'body' has been explicitly marked unavailable here
105 |
106 | // The body of the notification. Use -[NSString localizedUserNotificationStringForKey:arguments:] to provide a string that will be localized at the time that the notification is presented.
107 | @property (NS_NONATOMIC_IOSONLY, readwrite, copy) NSString *body API_UNAVAILABLE(tvos);
| `- note: 'body' has been explicitly marked unavailable here
108 |
109 | // The identifier for a registered UNNotificationCategory that will be used to determine the appropriate actions to display for the notification.
/Users/admin/builder/spi-builder-workspace/.dependencies/checkouts/o/Sources/o/Notifications/NotificationPost.swift:44:17: error: 'sound' is unavailable in tvOS
42 |
43 | content.badge = NSNumber(value: badge)
44 | content.sound = sound
| `- error: 'sound' is unavailable in tvOS
45 | content.attachments = attachments
46 |
/Applications/Xcode-27.0.0-Release.Candidate.app/Contents/Developer/Platforms/AppleTVOS.platform/Developer/SDKs/AppleTVOS27.0.sdk/System/Library/Frameworks/UserNotifications.framework/Headers/UNNotificationContent.h:116:82: note: 'sound' has been explicitly marked unavailable here
114 |
115 | // The sound that will be played for the notification.
116 | @property (NS_NONATOMIC_IOSONLY, readwrite, copy, nullable) UNNotificationSound *sound API_UNAVAILABLE(tvos);
| `- note: 'sound' has been explicitly marked unavailable here
117 |
118 | // The subtitle of the notification. Use -[NSString localizedUserNotificationStringForKey:arguments:] to provide a string that will be localized at the time that the notification is presented.
SwiftCompile normal arm64 /Users/admin/builder/spi-builder-workspace/.dependencies/checkouts/o/Sources/o/Notifications/NotificationPost.swift (in target 'o' from project 'o')
cd /Users/admin/builder/spi-builder-workspace/.swiftpm/xcode
builtin-SwiftPerFileCompile NotificationPost.swift
SwiftCompile normal arm64 Compiling\ NotificationGet.swift /Users/admin/builder/spi-builder-workspace/.dependencies/checkouts/o/Sources/o/Notifications/NotificationGet.swift (in target 'o' from project 'o')
SwiftCompile normal arm64 /Users/admin/builder/spi-builder-workspace/.dependencies/checkouts/o/Sources/o/Notifications/NotificationGet.swift (in target 'o' from project 'o')
cd /Users/admin/builder/spi-builder-workspace/.swiftpm/xcode
builtin-SwiftPerFileCompile NotificationGet.swift
SwiftCompile normal arm64 Compiling\ o+notification.swift /Users/admin/builder/spi-builder-workspace/.dependencies/checkouts/o/Sources/o/Notifications/o+notification.swift (in target 'o' from project 'o')
SwiftCompile normal arm64 /Users/admin/builder/spi-builder-workspace/.dependencies/checkouts/o/Sources/o/Notifications/o+notification.swift (in target 'o' from project 'o')
cd /Users/admin/builder/spi-builder-workspace/.swiftpm/xcode
builtin-SwiftPerFileCompile o+notification.swift
SwiftCompile normal arm64 Compiling\ o+console.swift,\ o+file.swift /Users/admin/builder/spi-builder-workspace/.dependencies/checkouts/o/Sources/o/Console/o+console.swift /Users/admin/builder/spi-builder-workspace/.dependencies/checkouts/o/Sources/o/File/o+file.swift (in target 'o' from project 'o')
SwiftCompile normal arm64 /Users/admin/builder/spi-builder-workspace/.dependencies/checkouts/o/Sources/o/Console/o+console.swift (in target 'o' from project 'o')
cd /Users/admin/builder/spi-builder-workspace/.swiftpm/xcode
builtin-SwiftPerFileCompile o+console.swift
SwiftCompile normal arm64 /Users/admin/builder/spi-builder-workspace/.dependencies/checkouts/o/Sources/o/File/o+file.swift (in target 'o' from project 'o')
cd /Users/admin/builder/spi-builder-workspace/.swiftpm/xcode
builtin-SwiftPerFileCompile o+file.swift
SwiftDriverJobDiscovery normal arm64 Emitting module for t (in target 't' from project 't')
SwiftDriver\ Compilation\ Requirements t normal arm64 com.apple.xcode.tools.swift.compiler (in target 't' from project 't')
cd /Users/admin/builder/spi-builder-workspace/.swiftpm/xcode
builtin-Swift-Compilation-Requirements -- /Applications/Xcode-27.0.0-Release.Candidate.app/Contents/Developer/Toolchains/XcodeDefault.xctoolchain/usr/bin/swiftc -parse-as-library -module-name t -Onone @/Users/admin/builder/spi-builder-workspace/.derivedData/Build/Intermediates.noindex/t.build/Debug-appletvos/t-t.build/Objects-normal/arm64/t.SwiftFileList -DSWIFT_PACKAGE -DDEBUG -DSWIFT_MODULE_RESOURCE_BUNDLE_UNAVAILABLE -DXcode -plugin-path /Applications/Xcode-27.0.0-Release.Candidate.app/Contents/Developer/Toolchains/XcodeDefault.xctoolchain/usr/lib/swift/host/plugins/testing -enable-experimental-feature DebugDescriptionMacro -sdk /Applications/Xcode-27.0.0-Release.Candidate.app/Contents/Developer/Platforms/AppleTVOS.platform/Developer/SDKs/AppleTVOS27.0.sdk -target arm64-apple-tvos15.0 -g -module-cache-path /Users/admin/builder/spi-builder-workspace/.derivedData/ModuleCache.noindex -Xfrontend -serialize-debugging-options -profile-coverage-mapping -profile-generate -enable-testing -suppress-warnings -index-store-path /Users/admin/builder/spi-builder-workspace/.derivedData/Index.noindex/DataStore -Xcc -D_LIBCPP_HARDENING_MODE\=_LIBCPP_HARDENING_MODE_DEBUG -swift-version 5 -I /Users/admin/builder/spi-builder-workspace/.derivedData/Build/Products/Debug-appletvos -Isystem /Applications/Xcode-27.0.0-Release.Candidate.app/Contents/Developer/Platforms/AppleTVOS.platform/Developer/usr/lib -F /Users/admin/builder/spi-builder-workspace/.derivedData/Build/Products/Debug-appletvos -F /Applications/Xcode-27.0.0-Release.Candidate.app/Contents/Developer/Platforms/AppleTVOS.platform/Developer/Library/Frameworks -F /Applications/Xcode-27.0.0-Release.Candidate.app/Contents/Developer/Platforms/AppleTVOS.platform/Developer/SDKs/AppleTVOS27.0.sdk/Developer/Library/Frameworks -c -j10 -enable-batch-mode -incremental -Xcc -ivfsstatcache -Xcc /Users/admin/builder/spi-builder-workspace/.derivedData/SDKStatCaches.noindex/appletvos27.0-24J360-e829b21a6f8c9b70876ba0858053c044b32bfd8d43560033f8d89884cdb90028.sdkstatcache -output-file-map /Users/admin/builder/spi-builder-workspace/.derivedData/Build/Intermediates.noindex/t.build/Debug-appletvos/t-t.build/Objects-normal/arm64/t-OutputFileMap.json -save-temps -no-color-diagnostics -explicit-module-build -module-cache-path /Users/admin/builder/spi-builder-workspace/.derivedData/Build/Intermediates.noindex/SwiftExplicitPrecompiledModules -clang-scanner-module-cache-path /Users/admin/builder/spi-builder-workspace/.derivedData/ModuleCache.noindex -sdk-module-cache-path /Users/admin/builder/spi-builder-workspace/.derivedData/SDKExplicitPrecompiledModules -emit-dependencies -emit-module -emit-module-path /Users/admin/builder/spi-builder-workspace/.derivedData/Build/Intermediates.noindex/t.build/Debug-appletvos/t-t.build/Objects-normal/arm64/t.swiftmodule -serialize-diagnostics -dependency-scan-serialize-diagnostics-path /Users/admin/builder/spi-builder-workspace/.derivedData/Build/Intermediates.noindex/t.build/Debug-appletvos/t-t.build/Objects-normal/arm64/t-dependency-scan.dia -validate-clang-modules-once -clang-build-session-file /Users/admin/builder/spi-builder-workspace/.derivedData/ModuleCache.noindex/Session.modulevalidation -Xcc -fmodules-prune-interval\=86400 -Xcc -fmodules-prune-after\=345600 -emit-const-values -const-gather-protocols-list /Users/admin/builder/spi-builder-workspace/.derivedData/Build/Intermediates.noindex/t.build/Debug-appletvos/t-t.build/Objects-normal/arm64/t_const_extract_protocols.json -Xcc -I/Users/admin/builder/spi-builder-workspace/.derivedData/Build/Products/Debug-appletvos/include -Xcc -I/Users/admin/builder/spi-builder-workspace/.derivedData/Build/Intermediates.noindex/t.build/Debug-appletvos/t-t.build/DerivedSources-normal/arm64 -Xcc -I/Users/admin/builder/spi-builder-workspace/.derivedData/Build/Intermediates.noindex/t.build/Debug-appletvos/t-t.build/DerivedSources/arm64 -Xcc -I/Users/admin/builder/spi-builder-workspace/.derivedData/Build/Intermediates.noindex/t.build/Debug-appletvos/t-t.build/DerivedSources -Xcc -DSWIFT_PACKAGE -Xcc -DDEBUG\=1 -emit-objc-header -emit-objc-header-path /Users/admin/builder/spi-builder-workspace/.derivedData/Build/Intermediates.noindex/t.build/Debug-appletvos/t-t.build/Objects-normal/arm64/t-Swift.h -working-directory /Users/admin/builder/spi-builder-workspace/.swiftpm/xcode -experimental-emit-module-separately -disable-cmo
PruneExplicitPrecompiledModules /Users/admin/builder/spi-builder-workspace/.derivedData/Build/Intermediates.noindex/SwiftExplicitPrecompiledModules
PruneExplicitPrecompiledModules /Users/admin/builder/spi-builder-workspace/.derivedData/SDKExplicitPrecompiledModules
PruneExplicitPrecompiledModules /Users/admin/builder/spi-builder-workspace/.derivedData/Build/Intermediates.noindex/ExplicitPrecompiledModules
2026-09-18 09:00:46.903 xcodebuild[761:4684] [MT] IDERunDestination: Supported platforms for the buildables in the current scheme is empty.
** BUILD FAILED **
The following build commands failed:
SwiftEmitModule normal arm64 Emitting\ module\ for\ o (in target 'o' from project 'o')
SwiftCompile normal arm64 (in target 'o' from project 'o')
Building workspace FLet with scheme FLet
(3 failures)
Command line invocation:
/Applications/Xcode-27.0.0-Release.Candidate.app/Contents/Developer/usr/bin/xcodebuild -IDEClonedSourcePackagesDirPathOverride=/Users/admin/builder/spi-builder-workspace/.dependencies -resolvePackageDependencies
Resolve Package Graph
Resolved source packages:
FLet: /Users/admin/builder/spi-builder-workspace
t: https://github.com/0xOpenBytes/t @ 0.2.0
c: https://github.com/0xOpenBytes/c @ 1.2.0
o: https://github.com/0xOpenBytes/o @ 0.3.0
resolved source packages: FLet, t, c, o
2026-09-18 09:00:52.311 xcodebuild[839:5092] [MT] IDERunDestination: Supported platforms for the buildables in the current scheme is empty.
{
"dependencies" : [
{
"identity" : "t",
"requirement" : {
"range" : [
{
"lower_bound" : "0.2.0",
"upper_bound" : "1.0.0"
}
]
},
"type" : "sourceControl",
"url" : "https://github.com/0xOpenBytes/t"
},
{
"identity" : "c",
"requirement" : {
"range" : [
{
"lower_bound" : "1.0.0",
"upper_bound" : "2.0.0"
}
]
},
"type" : "sourceControl",
"url" : "https://github.com/0xOpenBytes/c"
},
{
"identity" : "o",
"requirement" : {
"range" : [
{
"lower_bound" : "0.2.1",
"upper_bound" : "1.0.0"
}
]
},
"type" : "sourceControl",
"url" : "https://github.com/0xOpenBytes/o"
}
],
"manifest_display_name" : "FLet",
"name" : "FLet",
"path" : "/Users/admin/builder/spi-builder-workspace",
"platforms" : [
{
"name" : "ios",
"version" : "14.0"
},
{
"name" : "macos",
"version" : "11.0"
},
{
"name" : "watchos",
"version" : "7.0"
}
],
"products" : [
{
"name" : "FLet",
"targets" : [
"FLet"
],
"type" : {
"library" : [
"automatic"
]
}
}
],
"targets" : [
{
"c99name" : "FLetTests",
"module_type" : "SwiftTarget",
"name" : "FLetTests",
"path" : "Tests/FLetTests",
"sources" : [
"FLetTests.swift"
],
"target_dependencies" : [
"FLet"
],
"type" : "test"
},
{
"c99name" : "FLet",
"module_type" : "SwiftTarget",
"name" : "FLet",
"path" : "Sources/FLet",
"product_dependencies" : [
"t",
"c",
"o"
],
"product_memberships" : [
"FLet"
],
"sources" : [
"FLet.swift"
],
"type" : "library"
}
],
"tools_version" : "5.5"
}
{
"workspace" : {
"name" : "FLet",
"schemes" : [
"FLet",
"t"
]
}
}
2026-09-18 09:00:53.602 xcodebuild[847:5158] [MT] IDERunDestination: Supported platforms for the buildables in the current scheme is empty.
{
"workspace" : {
"name" : "FLet",
"schemes" : [
"FLet",
"t"
]
}
}
2026-09-18 09:00:54.647 xcodebuild[849:5189] [MT] IDERunDestination: Supported platforms for the buildables in the current scheme is empty.
Running build ...
env DEVELOPER_DIR=/Applications/Xcode-27.0.0-Release.Candidate.app xcrun xcodebuild -IDEClonedSourcePackagesDirPathOverride=$PWD/.dependencies -skipMacroValidation -skipPackagePluginValidation -derivedDataPath $PWD/.derivedData build -scheme FLet -destination generic/platform=tvOS
Command line invocation:
/Applications/Xcode-27.0.0-Release.Candidate.app/Contents/Developer/usr/bin/xcodebuild -IDEClonedSourcePackagesDirPathOverride=/Users/admin/builder/spi-builder-workspace/.dependencies -skipMacroValidation -skipPackagePluginValidation -derivedDataPath /Users/admin/builder/spi-builder-workspace/.derivedData build -scheme FLet -destination generic/platform=tvOS
Resolve Package Graph
Resolved source packages:
c: https://github.com/0xOpenBytes/c @ 1.2.0
o: https://github.com/0xOpenBytes/o @ 0.3.0
FLet: /Users/admin/builder/spi-builder-workspace
t: https://github.com/0xOpenBytes/t @ 0.2.0
ComputePackagePrebuildTargetDependencyGraph
Prepare packages
CreateBuildRequest
SendProjectDescription
CreateBuildOperation
ComputeTargetDependencyGraph
note: Building targets in dependency order
note: Target dependency graph (8 targets)
Target 'FLet-product' in project 'FLet'
➜ Explicit dependency on target 'FLet' in project 'FLet'
➜ Explicit dependency on target 't-product' in project 't'
➜ Explicit dependency on target 'c-product' in project 'c'
➜ Explicit dependency on target 'o-product' in project 'o'
Target 'FLet' in project 'FLet'
➜ Explicit dependency on target 't-product' in project 't'
➜ Explicit dependency on target 'c-product' in project 'c'
➜ Explicit dependency on target 'o-product' in project 'o'
Target 'o-product' in project 'o'
➜ Explicit dependency on target 'o' in project 'o'
Target 'o' in project 'o' (no dependencies)
Target 'c-product' in project 'c'
➜ Explicit dependency on target 'c' in project 'c'
➜ Explicit dependency on target 't-product' in project 't'
Target 'c' in project 'c'
➜ Explicit dependency on target 't-product' in project 't'
Target 't-product' in project 't'
➜ Explicit dependency on target 't' in project 't'
Target 't' in project 't' (no dependencies)
GatherProvisioningInputs
CreateBuildDescription
ClangStatCache /Applications/Xcode-27.0.0-Release.Candidate.app/Contents/Developer/Toolchains/XcodeDefault.xctoolchain/usr/bin/clang-stat-cache /Applications/Xcode-27.0.0-Release.Candidate.app/Contents/Developer/Platforms/AppleTVOS.platform/Developer/SDKs/AppleTVOS27.0.sdk /Users/admin/builder/spi-builder-workspace/.derivedData/SDKStatCaches.noindex/appletvos27.0-24J360-e829b21a6f8c9b70876ba0858053c044b32bfd8d43560033f8d89884cdb90028.sdkstatcache
cd /Users/admin/builder/spi-builder-workspace/.swiftpm/xcode
/Applications/Xcode-27.0.0-Release.Candidate.app/Contents/Developer/Toolchains/XcodeDefault.xctoolchain/usr/bin/clang-stat-cache /Applications/Xcode-27.0.0-Release.Candidate.app/Contents/Developer/Platforms/AppleTVOS.platform/Developer/SDKs/AppleTVOS27.0.sdk -o /Users/admin/builder/spi-builder-workspace/.derivedData/SDKStatCaches.noindex/appletvos27.0-24J360-e829b21a6f8c9b70876ba0858053c044b32bfd8d43560033f8d89884cdb90028.sdkstatcache
SwiftDriver t normal arm64 com.apple.xcode.tools.swift.compiler (in target 't' from project 't')
cd /Users/admin/builder/spi-builder-workspace/.swiftpm/xcode
builtin-SwiftDriver -- /Applications/Xcode-27.0.0-Release.Candidate.app/Contents/Developer/Toolchains/XcodeDefault.xctoolchain/usr/bin/swiftc -parse-as-library -module-name t -Onone @/Users/admin/builder/spi-builder-workspace/.derivedData/Build/Intermediates.noindex/t.build/Debug-appletvos/t-t.build/Objects-normal/arm64/t.SwiftFileList -DSWIFT_PACKAGE -DDEBUG -DSWIFT_MODULE_RESOURCE_BUNDLE_UNAVAILABLE -DXcode -plugin-path /Applications/Xcode-27.0.0-Release.Candidate.app/Contents/Developer/Toolchains/XcodeDefault.xctoolchain/usr/lib/swift/host/plugins/testing -enable-experimental-feature DebugDescriptionMacro -sdk /Applications/Xcode-27.0.0-Release.Candidate.app/Contents/Developer/Platforms/AppleTVOS.platform/Developer/SDKs/AppleTVOS27.0.sdk -target arm64-apple-tvos15.0 -g -module-cache-path /Users/admin/builder/spi-builder-workspace/.derivedData/ModuleCache.noindex -Xfrontend -serialize-debugging-options -profile-coverage-mapping -profile-generate -enable-testing -suppress-warnings -index-store-path /Users/admin/builder/spi-builder-workspace/.derivedData/Index.noindex/DataStore -Xcc -D_LIBCPP_HARDENING_MODE\=_LIBCPP_HARDENING_MODE_DEBUG -swift-version 5 -I /Users/admin/builder/spi-builder-workspace/.derivedData/Build/Products/Debug-appletvos -Isystem /Applications/Xcode-27.0.0-Release.Candidate.app/Contents/Developer/Platforms/AppleTVOS.platform/Developer/usr/lib -F /Users/admin/builder/spi-builder-workspace/.derivedData/Build/Products/Debug-appletvos -F /Applications/Xcode-27.0.0-Release.Candidate.app/Contents/Developer/Platforms/AppleTVOS.platform/Developer/Library/Frameworks -F /Applications/Xcode-27.0.0-Release.Candidate.app/Contents/Developer/Platforms/AppleTVOS.platform/Developer/SDKs/AppleTVOS27.0.sdk/Developer/Library/Frameworks -c -j10 -enable-batch-mode -incremental -Xcc -ivfsstatcache -Xcc /Users/admin/builder/spi-builder-workspace/.derivedData/SDKStatCaches.noindex/appletvos27.0-24J360-e829b21a6f8c9b70876ba0858053c044b32bfd8d43560033f8d89884cdb90028.sdkstatcache -output-file-map /Users/admin/builder/spi-builder-workspace/.derivedData/Build/Intermediates.noindex/t.build/Debug-appletvos/t-t.build/Objects-normal/arm64/t-OutputFileMap.json -save-temps -no-color-diagnostics -explicit-module-build -module-cache-path /Users/admin/builder/spi-builder-workspace/.derivedData/Build/Intermediates.noindex/SwiftExplicitPrecompiledModules -clang-scanner-module-cache-path /Users/admin/builder/spi-builder-workspace/.derivedData/ModuleCache.noindex -sdk-module-cache-path /Users/admin/builder/spi-builder-workspace/.derivedData/SDKExplicitPrecompiledModules -emit-dependencies -emit-module -emit-module-path /Users/admin/builder/spi-builder-workspace/.derivedData/Build/Intermediates.noindex/t.build/Debug-appletvos/t-t.build/Objects-normal/arm64/t.swiftmodule -serialize-diagnostics -dependency-scan-serialize-diagnostics-path /Users/admin/builder/spi-builder-workspace/.derivedData/Build/Intermediates.noindex/t.build/Debug-appletvos/t-t.build/Objects-normal/arm64/t-dependency-scan.dia -validate-clang-modules-once -clang-build-session-file /Users/admin/builder/spi-builder-workspace/.derivedData/ModuleCache.noindex/Session.modulevalidation -Xcc -fmodules-prune-interval\=86400 -Xcc -fmodules-prune-after\=345600 -emit-const-values -const-gather-protocols-list /Users/admin/builder/spi-builder-workspace/.derivedData/Build/Intermediates.noindex/t.build/Debug-appletvos/t-t.build/Objects-normal/arm64/t_const_extract_protocols.json -Xcc -I/Users/admin/builder/spi-builder-workspace/.derivedData/Build/Products/Debug-appletvos/include -Xcc -I/Users/admin/builder/spi-builder-workspace/.derivedData/Build/Intermediates.noindex/t.build/Debug-appletvos/t-t.build/DerivedSources-normal/arm64 -Xcc -I/Users/admin/builder/spi-builder-workspace/.derivedData/Build/Intermediates.noindex/t.build/Debug-appletvos/t-t.build/DerivedSources/arm64 -Xcc -I/Users/admin/builder/spi-builder-workspace/.derivedData/Build/Intermediates.noindex/t.build/Debug-appletvos/t-t.build/DerivedSources -Xcc -DSWIFT_PACKAGE -Xcc -DDEBUG\=1 -emit-objc-header -emit-objc-header-path /Users/admin/builder/spi-builder-workspace/.derivedData/Build/Intermediates.noindex/t.build/Debug-appletvos/t-t.build/Objects-normal/arm64/t-Swift.h -working-directory /Users/admin/builder/spi-builder-workspace/.swiftpm/xcode -experimental-emit-module-separately -disable-cmo
SwiftDriver o normal arm64 com.apple.xcode.tools.swift.compiler (in target 'o' from project 'o')
cd /Users/admin/builder/spi-builder-workspace/.swiftpm/xcode
builtin-SwiftDriver -- /Applications/Xcode-27.0.0-Release.Candidate.app/Contents/Developer/Toolchains/XcodeDefault.xctoolchain/usr/bin/swiftc -parse-as-library -module-name o -Onone @/Users/admin/builder/spi-builder-workspace/.derivedData/Build/Intermediates.noindex/o.build/Debug-appletvos/o-t.build/Objects-normal/arm64/o.SwiftFileList -DSWIFT_PACKAGE -DDEBUG -DSWIFT_MODULE_RESOURCE_BUNDLE_UNAVAILABLE -DXcode -plugin-path /Applications/Xcode-27.0.0-Release.Candidate.app/Contents/Developer/Toolchains/XcodeDefault.xctoolchain/usr/lib/swift/host/plugins/testing -enable-experimental-feature DebugDescriptionMacro -sdk /Applications/Xcode-27.0.0-Release.Candidate.app/Contents/Developer/Platforms/AppleTVOS.platform/Developer/SDKs/AppleTVOS27.0.sdk -target arm64-apple-tvos15.0 -g -module-cache-path /Users/admin/builder/spi-builder-workspace/.derivedData/ModuleCache.noindex -Xfrontend -serialize-debugging-options -profile-coverage-mapping -profile-generate -enable-testing -suppress-warnings -index-store-path /Users/admin/builder/spi-builder-workspace/.derivedData/Index.noindex/DataStore -Xcc -D_LIBCPP_HARDENING_MODE\=_LIBCPP_HARDENING_MODE_DEBUG -swift-version 5 -I /Users/admin/builder/spi-builder-workspace/.derivedData/Build/Products/Debug-appletvos -Isystem /Applications/Xcode-27.0.0-Release.Candidate.app/Contents/Developer/Platforms/AppleTVOS.platform/Developer/usr/lib -F /Users/admin/builder/spi-builder-workspace/.derivedData/Build/Products/Debug-appletvos -F /Applications/Xcode-27.0.0-Release.Candidate.app/Contents/Developer/Platforms/AppleTVOS.platform/Developer/Library/Frameworks -F /Applications/Xcode-27.0.0-Release.Candidate.app/Contents/Developer/Platforms/AppleTVOS.platform/Developer/SDKs/AppleTVOS27.0.sdk/Developer/Library/Frameworks -c -j10 -enable-batch-mode -incremental -Xcc -ivfsstatcache -Xcc /Users/admin/builder/spi-builder-workspace/.derivedData/SDKStatCaches.noindex/appletvos27.0-24J360-e829b21a6f8c9b70876ba0858053c044b32bfd8d43560033f8d89884cdb90028.sdkstatcache -output-file-map /Users/admin/builder/spi-builder-workspace/.derivedData/Build/Intermediates.noindex/o.build/Debug-appletvos/o-t.build/Objects-normal/arm64/o-OutputFileMap.json -save-temps -no-color-diagnostics -explicit-module-build -module-cache-path /Users/admin/builder/spi-builder-workspace/.derivedData/Build/Intermediates.noindex/SwiftExplicitPrecompiledModules -clang-scanner-module-cache-path /Users/admin/builder/spi-builder-workspace/.derivedData/ModuleCache.noindex -sdk-module-cache-path /Users/admin/builder/spi-builder-workspace/.derivedData/SDKExplicitPrecompiledModules -emit-dependencies -emit-module -emit-module-path /Users/admin/builder/spi-builder-workspace/.derivedData/Build/Intermediates.noindex/o.build/Debug-appletvos/o-t.build/Objects-normal/arm64/o.swiftmodule -serialize-diagnostics -dependency-scan-serialize-diagnostics-path /Users/admin/builder/spi-builder-workspace/.derivedData/Build/Intermediates.noindex/o.build/Debug-appletvos/o-t.build/Objects-normal/arm64/o-dependency-scan.dia -validate-clang-modules-once -clang-build-session-file /Users/admin/builder/spi-builder-workspace/.derivedData/ModuleCache.noindex/Session.modulevalidation -Xcc -fmodules-prune-interval\=86400 -Xcc -fmodules-prune-after\=345600 -emit-const-values -const-gather-protocols-list /Users/admin/builder/spi-builder-workspace/.derivedData/Build/Intermediates.noindex/o.build/Debug-appletvos/o-t.build/Objects-normal/arm64/o_const_extract_protocols.json -Xcc -I/Users/admin/builder/spi-builder-workspace/.derivedData/Build/Products/Debug-appletvos/include -Xcc -I/Users/admin/builder/spi-builder-workspace/.derivedData/Build/Intermediates.noindex/o.build/Debug-appletvos/o-t.build/DerivedSources-normal/arm64 -Xcc -I/Users/admin/builder/spi-builder-workspace/.derivedData/Build/Intermediates.noindex/o.build/Debug-appletvos/o-t.build/DerivedSources/arm64 -Xcc -I/Users/admin/builder/spi-builder-workspace/.derivedData/Build/Intermediates.noindex/o.build/Debug-appletvos/o-t.build/DerivedSources -Xcc -DSWIFT_PACKAGE -Xcc -DDEBUG\=1 -emit-objc-header -emit-objc-header-path /Users/admin/builder/spi-builder-workspace/.derivedData/Build/Intermediates.noindex/o.build/Debug-appletvos/o-t.build/Objects-normal/arm64/o-Swift.h -working-directory /Users/admin/builder/spi-builder-workspace/.swiftpm/xcode -experimental-emit-module-separately -disable-cmo
SwiftCompile normal arm64 Compiling\ NotificationDelegate.swift /Users/admin/builder/spi-builder-workspace/.dependencies/checkouts/o/Sources/o/Notifications/NotificationDelegate.swift (in target 'o' from project 'o')
SwiftCompile normal arm64 /Users/admin/builder/spi-builder-workspace/.dependencies/checkouts/o/Sources/o/Notifications/NotificationDelegate.swift (in target 'o' from project 'o')
cd /Users/admin/builder/spi-builder-workspace/.swiftpm/xcode
builtin-SwiftPerFileCompile NotificationDelegate.swift
SwiftCompile normal arm64 Compiling\ NotificationAuthorization.swift /Users/admin/builder/spi-builder-workspace/.dependencies/checkouts/o/Sources/o/Notifications/NotificationAuthorization.swift (in target 'o' from project 'o')
SwiftCompile normal arm64 /Users/admin/builder/spi-builder-workspace/.dependencies/checkouts/o/Sources/o/Notifications/NotificationAuthorization.swift (in target 'o' from project 'o')
cd /Users/admin/builder/spi-builder-workspace/.swiftpm/xcode
builtin-SwiftPerFileCompile NotificationAuthorization.swift
SwiftCompile normal arm64 Compiling\ NotificationGet.swift /Users/admin/builder/spi-builder-workspace/.dependencies/checkouts/o/Sources/o/Notifications/NotificationGet.swift (in target 'o' from project 'o')
SwiftCompile normal arm64 /Users/admin/builder/spi-builder-workspace/.dependencies/checkouts/o/Sources/o/Notifications/NotificationGet.swift (in target 'o' from project 'o')
cd /Users/admin/builder/spi-builder-workspace/.swiftpm/xcode
builtin-SwiftPerFileCompile NotificationGet.swift
SwiftEmitModule normal arm64 Emitting\ module\ for\ t (in target 't' from project 't')
SwiftCompile normal arm64 (in target 't' from project 't')
cd /Users/admin/builder/spi-builder-workspace/.swiftpm/xcode
SwiftCompile normal arm64 Compiling\ o+console.swift,\ o+file.swift /Users/admin/builder/spi-builder-workspace/.dependencies/checkouts/o/Sources/o/Console/o+console.swift /Users/admin/builder/spi-builder-workspace/.dependencies/checkouts/o/Sources/o/File/o+file.swift (in target 'o' from project 'o')
SwiftCompile normal arm64 /Users/admin/builder/spi-builder-workspace/.dependencies/checkouts/o/Sources/o/Console/o+console.swift (in target 'o' from project 'o')
cd /Users/admin/builder/spi-builder-workspace/.swiftpm/xcode
builtin-SwiftPerFileCompile o+console.swift
SwiftCompile normal arm64 /Users/admin/builder/spi-builder-workspace/.dependencies/checkouts/o/Sources/o/File/o+file.swift (in target 'o' from project 'o')
cd /Users/admin/builder/spi-builder-workspace/.swiftpm/xcode
builtin-SwiftPerFileCompile o+file.swift
SwiftEmitModule normal arm64 Emitting\ module\ for\ o (in target 'o' from project 'o')
/Users/admin/builder/spi-builder-workspace/.dependencies/checkouts/o/Sources/o/Notifications/NotificationDelegate.swift:34:30: error: 'UNNotificationResponse' is unavailable in tvOS
32 | func userNotificationCenter(
33 | _ center: UNUserNotificationCenter,
34 | didReceive response: UNNotificationResponse,
| `- error: 'UNNotificationResponse' is unavailable in tvOS
35 | withCompletionHandler completionHandler: @escaping () -> Void
36 | ) {
/Applications/Xcode-27.0.0-Release.Candidate.app/Contents/Developer/Platforms/AppleTVOS.platform/Developer/SDKs/AppleTVOS27.0.sdk/System/Library/Frameworks/UserNotifications.framework/Headers/UNNotificationResponse.h:18:12: note: 'UNNotificationResponse' has been explicitly marked unavailable here
16 |
17 | API_AVAILABLE(macos(10.14), ios(10.0), watchos(3.0)) API_UNAVAILABLE(tvos)
18 | @interface UNNotificationResponse : NSObject <NSCopying, NSSecureCoding>
| `- note: 'UNNotificationResponse' has been explicitly marked unavailable here
19 |
20 | // The notification to which the user responded.
/Users/admin/builder/spi-builder-workspace/.dependencies/checkouts/o/Sources/o/Notifications/NotificationPost.swift:29:16: error: 'UNNotificationSound' is unavailable in tvOS
27 | body: String,
28 | badge: Int = 0,
29 | sound: UNNotificationSound = .default,
| `- error: 'UNNotificationSound' is unavailable in tvOS
30 | attachments: [UNNotificationAttachment] = [],
31 | trigger: UNNotificationTrigger?,
/Applications/Xcode-27.0.0-Release.Candidate.app/Contents/Developer/Platforms/AppleTVOS.platform/Developer/SDKs/AppleTVOS27.0.sdk/System/Library/Frameworks/UserNotifications.framework/Headers/UNNotificationSound.h:15:12: note: 'UNNotificationSound' has been explicitly marked unavailable here
13 |
14 | API_AVAILABLE(macos(10.14), ios(10.0), watchos(3.0)) API_UNAVAILABLE(tvos)
15 | @interface UNNotificationSound : NSObject <NSCopying, NSSecureCoding>
| `- note: 'UNNotificationSound' has been explicitly marked unavailable here
16 |
17 | // The default sound used for notifications.
/Users/admin/builder/spi-builder-workspace/.dependencies/checkouts/o/Sources/o/Notifications/NotificationPost.swift:30:23: error: 'UNNotificationAttachment' is unavailable in tvOS
28 | badge: Int = 0,
29 | sound: UNNotificationSound = .default,
30 | attachments: [UNNotificationAttachment] = [],
| `- error: 'UNNotificationAttachment' is unavailable in tvOS
31 | trigger: UNNotificationTrigger?,
32 | withCompletionHandler completionHandler: ((Error?) -> Void)? = nil
/Applications/Xcode-27.0.0-Release.Candidate.app/Contents/Developer/Platforms/AppleTVOS.platform/Developer/SDKs/AppleTVOS27.0.sdk/System/Library/Frameworks/UserNotifications.framework/Headers/UNNotificationAttachment.h:13:12: note: 'UNNotificationAttachment' has been explicitly marked unavailable here
11 |
12 | API_AVAILABLE(macos(10.14), ios(10.0), watchos(3.0)) API_UNAVAILABLE(tvos)
13 | @interface UNNotificationAttachment : NSObject <NSCopying, NSSecureCoding>
| `- note: 'UNNotificationAttachment' has been explicitly marked unavailable here
14 |
15 | // The identifier of this attachment
/Users/admin/builder/spi-builder-workspace/.dependencies/checkouts/o/Sources/o/Notifications/NotificationUpdate.swift:30:16: error: 'UNNotificationSound' is unavailable in tvOS
28 | body: String,
29 | badge: Int = 0,
30 | sound: UNNotificationSound = .default,
| `- error: 'UNNotificationSound' is unavailable in tvOS
31 | attachments: [UNNotificationAttachment] = [],
32 | trigger: UNNotificationTrigger?,
/Applications/Xcode-27.0.0-Release.Candidate.app/Contents/Developer/Platforms/AppleTVOS.platform/Developer/SDKs/AppleTVOS27.0.sdk/System/Library/Frameworks/UserNotifications.framework/Headers/UNNotificationSound.h:15:12: note: 'UNNotificationSound' has been explicitly marked unavailable here
13 |
14 | API_AVAILABLE(macos(10.14), ios(10.0), watchos(3.0)) API_UNAVAILABLE(tvos)
15 | @interface UNNotificationSound : NSObject <NSCopying, NSSecureCoding>
| `- note: 'UNNotificationSound' has been explicitly marked unavailable here
16 |
17 | // The default sound used for notifications.
/Users/admin/builder/spi-builder-workspace/.dependencies/checkouts/o/Sources/o/Notifications/NotificationUpdate.swift:31:23: error: 'UNNotificationAttachment' is unavailable in tvOS
29 | badge: Int = 0,
30 | sound: UNNotificationSound = .default,
31 | attachments: [UNNotificationAttachment] = [],
| `- error: 'UNNotificationAttachment' is unavailable in tvOS
32 | trigger: UNNotificationTrigger?,
33 | withCompletionHandler completionHandler: ((Error?) -> Void)? = nil
/Applications/Xcode-27.0.0-Release.Candidate.app/Contents/Developer/Platforms/AppleTVOS.platform/Developer/SDKs/AppleTVOS27.0.sdk/System/Library/Frameworks/UserNotifications.framework/Headers/UNNotificationAttachment.h:13:12: note: 'UNNotificationAttachment' has been explicitly marked unavailable here
11 |
12 | API_AVAILABLE(macos(10.14), ios(10.0), watchos(3.0)) API_UNAVAILABLE(tvos)
13 | @interface UNNotificationAttachment : NSObject <NSCopying, NSSecureCoding>
| `- note: 'UNNotificationAttachment' has been explicitly marked unavailable here
14 |
15 | // The identifier of this attachment
Failed frontend command:
/Applications/Xcode-27.0.0-Release.Candidate.app/Contents/Developer/Toolchains/XcodeDefault.xctoolchain/usr/bin/swift-frontend -frontend -emit-module -experimental-skip-non-inlinable-function-bodies-without-types /Users/admin/builder/spi-builder-workspace/.dependencies/checkouts/o/Sources/o/Console/o+console.swift /Users/admin/builder/spi-builder-workspace/.dependencies/checkouts/o/Sources/o/File/o+file.swift /Users/admin/builder/spi-builder-workspace/.dependencies/checkouts/o/Sources/o/Notifications/NotificationAuthorization.swift /Users/admin/builder/spi-builder-workspace/.dependencies/checkouts/o/Sources/o/Notifications/NotificationDelegate.swift /Users/admin/builder/spi-builder-workspace/.dependencies/checkouts/o/Sources/o/Notifications/NotificationDelete.swift /Users/admin/builder/spi-builder-workspace/.dependencies/checkouts/o/Sources/o/Notifications/NotificationGet.swift /Users/admin/builder/spi-builder-workspace/.dependencies/checkouts/o/Sources/o/Notifications/NotificationPost.swift /Users/admin/builder/spi-builder-workspace/.dependencies/checkouts/o/Sources/o/Notifications/NotificationUpdate.swift /Users/admin/builder/spi-builder-workspace/.dependencies/checkouts/o/Sources/o/Notifications/o+notification.swift /Users/admin/builder/spi-builder-workspace/.dependencies/checkouts/o/Sources/o/URL/o+url.swift /Users/admin/builder/spi-builder-workspace/.dependencies/checkouts/o/Sources/o/o.swift -target arm64-apple-tvos15.0 -module-can-import-version UserNotifications 1.0.0 1.0.0 -disable-cross-import-overlay-search -swift-module-cross-import UserNotifications /Applications/Xcode-27.0.0-Release.Candidate.app/Contents/Developer/Platforms/AppleTVOS.platform/Developer/SDKs/AppleTVOS.sdk/System/Library/Frameworks/UserNotifications.framework/Modules/UserNotifications.swiftcrossimport/AppIntents.swiftoverlay -load-resolved-plugin /Applications/Xcode-27.0.0-Release.Candidate.app/Contents/Developer/Platforms/AppleTVOS.platform/Developer/usr/lib/swift/host/plugins/libFoundationMacros.dylib\#/Applications/Xcode-27.0.0-Release.Candidate.app/Contents/Developer/Platforms/AppleTVOS.platform/Developer/usr/bin/swift-plugin-server\#FoundationMacros -load-resolved-plugin /Applications/Xcode-27.0.0-Release.Candidate.app/Contents/Developer/Platforms/AppleTVOS.platform/Developer/usr/lib/swift/host/plugins/libObservationMacros.dylib\#/Applications/Xcode-27.0.0-Release.Candidate.app/Contents/Developer/Platforms/AppleTVOS.platform/Developer/usr/bin/swift-plugin-server\#ObservationMacros -load-resolved-plugin /Applications/Xcode-27.0.0-Release.Candidate.app/Contents/Developer/Platforms/AppleTVOS.platform/Developer/usr/lib/swift/host/plugins/libSwiftMacros.dylib\#/Applications/Xcode-27.0.0-Release.Candidate.app/Contents/Developer/Platforms/AppleTVOS.platform/Developer/usr/bin/swift-plugin-server\#SwiftMacros -disable-implicit-swift-modules -Xcc -fno-implicit-modules -Xcc -fno-implicit-module-maps -explicit-swift-module-map-file /Users/admin/builder/spi-builder-workspace/.derivedData/Build/Intermediates.noindex/o.build/Debug-appletvos/o-t.build/Objects-normal/arm64/o-dependencies-1.json -Xllvm -aarch64-use-tbi -enable-objc-interop -stack-check -sdk /Applications/Xcode-27.0.0-Release.Candidate.app/Contents/Developer/Platforms/AppleTVOS.platform/Developer/SDKs/AppleTVOS27.0.sdk -I /Users/admin/builder/spi-builder-workspace/.derivedData/Build/Products/Debug-appletvos -Isystem /Applications/Xcode-27.0.0-Release.Candidate.app/Contents/Developer/Platforms/AppleTVOS.platform/Developer/usr/lib -F /Users/admin/builder/spi-builder-workspace/.derivedData/Build/Products/Debug-appletvos -F /Applications/Xcode-27.0.0-Release.Candidate.app/Contents/Developer/Platforms/AppleTVOS.platform/Developer/Library/Frameworks -F /Applications/Xcode-27.0.0-Release.Candidate.app/Contents/Developer/Platforms/AppleTVOS.platform/Developer/SDKs/AppleTVOS27.0.sdk/Developer/Library/Frameworks -module-cache-path /Users/admin/builder/spi-builder-workspace/.derivedData/Build/Intermediates.noindex/SwiftExplicitPrecompiledModules -no-color-diagnostics -Xcc -fno-color-diagnostics -enable-testing -g -debug-info-format\=dwarf -dwarf-version\=4 -suppress-warnings -profile-generate -profile-coverage-mapping -swift-version 5 -Onone -D SWIFT_PACKAGE -D DEBUG -D SWIFT_MODULE_RESOURCE_BUNDLE_UNAVAILABLE -D Xcode -serialize-debugging-options -enable-experimental-feature DebugDescriptionMacro -empty-abi-descriptor -validate-clang-modules-once -clang-build-session-file /Users/admin/builder/spi-builder-workspace/.derivedData/ModuleCache.noindex/Session.modulevalidation -Xcc -working-directory -Xcc /Users/admin/builder/spi-builder-workspace/.swiftpm/xcode -enable-anonymous-context-mangled-names -file-compilation-dir /Users/admin/builder/spi-builder-workspace/.swiftpm/xcode -Xcc -D_LIBCPP_HARDENING_MODE\=_LIBCPP_HARDENING_MODE_DEBUG -Xcc -ivfsstatcache -Xcc /Users/admin/builder/spi-builder-workspace/.derivedData/SDKStatCaches.noindex/appletvos27.0-24J360-e829b21a6f8c9b70876ba0858053c044b32bfd8d43560033f8d89884cdb90028.sdkstatcache -Xcc -fmodules-prune-interval\=86400 -Xcc -fmodules-prune-after\=345600 -Xcc -I/Users/admin/builder/spi-builder-workspace/.derivedData/Build/Products/Debug-appletvos/include -Xcc -I/Users/admin/builder/spi-builder-workspace/.derivedData/Build/Intermediates.noindex/o.build/Debug-appletvos/o-t.build/DerivedSources-normal/arm64 -Xcc -I/Users/admin/builder/spi-builder-workspace/.derivedData/Build/Intermediates.noindex/o.build/Debug-appletvos/o-t.build/DerivedSources/arm64 -Xcc -I/Users/admin/builder/spi-builder-workspace/.derivedData/Build/Intermediates.noindex/o.build/Debug-appletvos/o-t.build/DerivedSources -Xcc -DSWIFT_PACKAGE -Xcc -DDEBUG\=1 -no-auto-bridging-header-chaining -module-name o -const-gather-protocols-file /Users/admin/builder/spi-builder-workspace/.derivedData/Build/Intermediates.noindex/o.build/Debug-appletvos/o-t.build/Objects-normal/arm64/o_const_extract_protocols.json -disable-clang-spi -clang-target arm64-apple-tvos27.0 -target-sdk-version 27.0 -target-sdk-name appletvos27.0 -in-process-plugin-server-path /Applications/Xcode-27.0.0-Release.Candidate.app/Contents/Developer/Toolchains/XcodeDefault.xctoolchain/usr/lib/swift/host/libSwiftInProcPluginServer.dylib -emit-module-doc-path /Users/admin/builder/spi-builder-workspace/.derivedData/Build/Intermediates.noindex/o.build/Debug-appletvos/o-t.build/Objects-normal/arm64/o.swiftdoc -emit-module-source-info-path /Users/admin/builder/spi-builder-workspace/.derivedData/Build/Intermediates.noindex/o.build/Debug-appletvos/o-t.build/Objects-normal/arm64/o.swiftsourceinfo -emit-objc-header-path /Users/admin/builder/spi-builder-workspace/.derivedData/Build/Intermediates.noindex/o.build/Debug-appletvos/o-t.build/Objects-normal/arm64/o-Swift.h -serialize-diagnostics-path /Users/admin/builder/spi-builder-workspace/.derivedData/Build/Intermediates.noindex/o.build/Debug-appletvos/o-t.build/Objects-normal/arm64/o-primary-emit-module.dia -emit-dependencies-path /Users/admin/builder/spi-builder-workspace/.derivedData/Build/Intermediates.noindex/o.build/Debug-appletvos/o-t.build/Objects-normal/arm64/o-primary-emit-module.d -parse-as-library -o /Users/admin/builder/spi-builder-workspace/.derivedData/Build/Intermediates.noindex/o.build/Debug-appletvos/o-t.build/Objects-normal/arm64/o.swiftmodule -emit-abi-descriptor-path /Users/admin/builder/spi-builder-workspace/.derivedData/Build/Intermediates.noindex/o.build/Debug-appletvos/o-t.build/Objects-normal/arm64/o.abi.json
SwiftCompile normal arm64 (in target 'o' from project 'o')
cd /Users/admin/builder/spi-builder-workspace/.swiftpm/xcode
SwiftCompile normal arm64 Compiling\ t+Structure.swift /Users/admin/builder/spi-builder-workspace/.dependencies/checkouts/t/Sources/t/Structure/t+Structure.swift (in target 't' from project 't')
SwiftCompile normal arm64 /Users/admin/builder/spi-builder-workspace/.dependencies/checkouts/t/Sources/t/Structure/t+Structure.swift (in target 't' from project 't')
cd /Users/admin/builder/spi-builder-workspace/.swiftpm/xcode
builtin-SwiftPerFileCompile t+Structure.swift
SwiftCompile normal arm64 Compiling\ t+Factories.swift /Users/admin/builder/spi-builder-workspace/.dependencies/checkouts/t/Sources/t/Factories/t+Factories.swift (in target 't' from project 't')
SwiftCompile normal arm64 /Users/admin/builder/spi-builder-workspace/.dependencies/checkouts/t/Sources/t/Factories/t+Factories.swift (in target 't' from project 't')
cd /Users/admin/builder/spi-builder-workspace/.swiftpm/xcode
builtin-SwiftPerFileCompile t+Factories.swift
SwiftCompile normal arm64 Compiling\ t+Assertion.swift /Users/admin/builder/spi-builder-workspace/.dependencies/checkouts/t/Sources/t/Assertion/t+Assertion.swift (in target 't' from project 't')
SwiftCompile normal arm64 /Users/admin/builder/spi-builder-workspace/.dependencies/checkouts/t/Sources/t/Assertion/t+Assertion.swift (in target 't' from project 't')
cd /Users/admin/builder/spi-builder-workspace/.swiftpm/xcode
builtin-SwiftPerFileCompile t+Assertion.swift
SwiftCompile normal arm64 Compiling\ t+Logging.swift /Users/admin/builder/spi-builder-workspace/.dependencies/checkouts/t/Sources/t/Logging/t+Logging.swift (in target 't' from project 't')
SwiftCompile normal arm64 /Users/admin/builder/spi-builder-workspace/.dependencies/checkouts/t/Sources/t/Logging/t+Logging.swift (in target 't' from project 't')
cd /Users/admin/builder/spi-builder-workspace/.swiftpm/xcode
builtin-SwiftPerFileCompile t+Logging.swift
SwiftCompile normal arm64 Compiling\ t.swift /Users/admin/builder/spi-builder-workspace/.dependencies/checkouts/t/Sources/t/t.swift (in target 't' from project 't')
SwiftCompile normal arm64 /Users/admin/builder/spi-builder-workspace/.dependencies/checkouts/t/Sources/t/t.swift (in target 't' from project 't')
cd /Users/admin/builder/spi-builder-workspace/.swiftpm/xcode
builtin-SwiftPerFileCompile t.swift
SwiftDriverJobDiscovery normal arm64 Emitting module for t (in target 't' from project 't')
SwiftDriver\ Compilation\ Requirements t normal arm64 com.apple.xcode.tools.swift.compiler (in target 't' from project 't')
cd /Users/admin/builder/spi-builder-workspace/.swiftpm/xcode
builtin-Swift-Compilation-Requirements -- /Applications/Xcode-27.0.0-Release.Candidate.app/Contents/Developer/Toolchains/XcodeDefault.xctoolchain/usr/bin/swiftc -parse-as-library -module-name t -Onone @/Users/admin/builder/spi-builder-workspace/.derivedData/Build/Intermediates.noindex/t.build/Debug-appletvos/t-t.build/Objects-normal/arm64/t.SwiftFileList -DSWIFT_PACKAGE -DDEBUG -DSWIFT_MODULE_RESOURCE_BUNDLE_UNAVAILABLE -DXcode -plugin-path /Applications/Xcode-27.0.0-Release.Candidate.app/Contents/Developer/Toolchains/XcodeDefault.xctoolchain/usr/lib/swift/host/plugins/testing -enable-experimental-feature DebugDescriptionMacro -sdk /Applications/Xcode-27.0.0-Release.Candidate.app/Contents/Developer/Platforms/AppleTVOS.platform/Developer/SDKs/AppleTVOS27.0.sdk -target arm64-apple-tvos15.0 -g -module-cache-path /Users/admin/builder/spi-builder-workspace/.derivedData/ModuleCache.noindex -Xfrontend -serialize-debugging-options -profile-coverage-mapping -profile-generate -enable-testing -suppress-warnings -index-store-path /Users/admin/builder/spi-builder-workspace/.derivedData/Index.noindex/DataStore -Xcc -D_LIBCPP_HARDENING_MODE\=_LIBCPP_HARDENING_MODE_DEBUG -swift-version 5 -I /Users/admin/builder/spi-builder-workspace/.derivedData/Build/Products/Debug-appletvos -Isystem /Applications/Xcode-27.0.0-Release.Candidate.app/Contents/Developer/Platforms/AppleTVOS.platform/Developer/usr/lib -F /Users/admin/builder/spi-builder-workspace/.derivedData/Build/Products/Debug-appletvos -F /Applications/Xcode-27.0.0-Release.Candidate.app/Contents/Developer/Platforms/AppleTVOS.platform/Developer/Library/Frameworks -F /Applications/Xcode-27.0.0-Release.Candidate.app/Contents/Developer/Platforms/AppleTVOS.platform/Developer/SDKs/AppleTVOS27.0.sdk/Developer/Library/Frameworks -c -j10 -enable-batch-mode -incremental -Xcc -ivfsstatcache -Xcc /Users/admin/builder/spi-builder-workspace/.derivedData/SDKStatCaches.noindex/appletvos27.0-24J360-e829b21a6f8c9b70876ba0858053c044b32bfd8d43560033f8d89884cdb90028.sdkstatcache -output-file-map /Users/admin/builder/spi-builder-workspace/.derivedData/Build/Intermediates.noindex/t.build/Debug-appletvos/t-t.build/Objects-normal/arm64/t-OutputFileMap.json -save-temps -no-color-diagnostics -explicit-module-build -module-cache-path /Users/admin/builder/spi-builder-workspace/.derivedData/Build/Intermediates.noindex/SwiftExplicitPrecompiledModules -clang-scanner-module-cache-path /Users/admin/builder/spi-builder-workspace/.derivedData/ModuleCache.noindex -sdk-module-cache-path /Users/admin/builder/spi-builder-workspace/.derivedData/SDKExplicitPrecompiledModules -emit-dependencies -emit-module -emit-module-path /Users/admin/builder/spi-builder-workspace/.derivedData/Build/Intermediates.noindex/t.build/Debug-appletvos/t-t.build/Objects-normal/arm64/t.swiftmodule -serialize-diagnostics -dependency-scan-serialize-diagnostics-path /Users/admin/builder/spi-builder-workspace/.derivedData/Build/Intermediates.noindex/t.build/Debug-appletvos/t-t.build/Objects-normal/arm64/t-dependency-scan.dia -validate-clang-modules-once -clang-build-session-file /Users/admin/builder/spi-builder-workspace/.derivedData/ModuleCache.noindex/Session.modulevalidation -Xcc -fmodules-prune-interval\=86400 -Xcc -fmodules-prune-after\=345600 -emit-const-values -const-gather-protocols-list /Users/admin/builder/spi-builder-workspace/.derivedData/Build/Intermediates.noindex/t.build/Debug-appletvos/t-t.build/Objects-normal/arm64/t_const_extract_protocols.json -Xcc -I/Users/admin/builder/spi-builder-workspace/.derivedData/Build/Products/Debug-appletvos/include -Xcc -I/Users/admin/builder/spi-builder-workspace/.derivedData/Build/Intermediates.noindex/t.build/Debug-appletvos/t-t.build/DerivedSources-normal/arm64 -Xcc -I/Users/admin/builder/spi-builder-workspace/.derivedData/Build/Intermediates.noindex/t.build/Debug-appletvos/t-t.build/DerivedSources/arm64 -Xcc -I/Users/admin/builder/spi-builder-workspace/.derivedData/Build/Intermediates.noindex/t.build/Debug-appletvos/t-t.build/DerivedSources -Xcc -DSWIFT_PACKAGE -Xcc -DDEBUG\=1 -emit-objc-header -emit-objc-header-path /Users/admin/builder/spi-builder-workspace/.derivedData/Build/Intermediates.noindex/t.build/Debug-appletvos/t-t.build/Objects-normal/arm64/t-Swift.h -working-directory /Users/admin/builder/spi-builder-workspace/.swiftpm/xcode -experimental-emit-module-separately -disable-cmo
PruneExplicitPrecompiledModules /Users/admin/builder/spi-builder-workspace/.derivedData/SDKExplicitPrecompiledModules
PruneExplicitPrecompiledModules /Users/admin/builder/spi-builder-workspace/.derivedData/Build/Intermediates.noindex/SwiftExplicitPrecompiledModules
PruneExplicitPrecompiledModules /Users/admin/builder/spi-builder-workspace/.derivedData/Build/Intermediates.noindex/ExplicitPrecompiledModules
2026-09-18 09:00:55.651 xcodebuild[850:5218] [MT] IDERunDestination: Supported platforms for the buildables in the current scheme is empty.
** BUILD FAILED **
The following build commands failed:
SwiftEmitModule normal arm64 Emitting\ module\ for\ o (in target 'o' from project 'o')
SwiftCompile normal arm64 (in target 'o' from project 'o')
Building workspace FLet with scheme FLet
(3 failures)
BUILD FAILURE 6.4 tvOS