The Swift Package Index logo.Swift Package Index

Build Information

Failed to build configdirector-swift-sdk, reference v1.7.0 (dde638), with Swift 6.3 for Linux on 4 Oct 2026 06:03:45 UTC.

Build Command

bash -c docker run --pull=always --rm -v "checkouts-54344843-2":/host -w "$PWD" -e JAVA_HOME="/root/.sdkman/candidates/java/current" -e SPI_BUILD="1" -e SPI_PROCESSING="1" registry.gitlab.com/saguaro1/spi-images:basic-6.3-latest swift build --triple x86_64-unknown-linux-gnu 2>&1

Build Log

========================================
RunAll
========================================
Builder version: 5.1.1
Interrupt handler set up.
========================================
Checkout
========================================
Clone URL: https://github.com/ConfigDirector/configdirector-swift-sdk.git
Reference: v1.7.0
Initialized empty Git repository in /host/spi-builder-workspace/.git/
hint: Using 'master' as the name for the initial branch. This default branch name
hint: is subject to change. To configure the initial branch name to use in all
hint: of your new repositories, which will suppress this warning, call:
hint:
hint: 	git config --global init.defaultBranch <name>
hint:
hint: Names commonly chosen instead of 'master' are 'main', 'trunk' and
hint: 'development'. The just-created branch can be renamed via this command:
hint:
hint: 	git branch -m <name>
From https://github.com/ConfigDirector/configdirector-swift-sdk
 * tag               v1.7.0     -> FETCH_HEAD
HEAD is now at dde638c release: Prepare 1.7.0 release
Cloned https://github.com/ConfigDirector/configdirector-swift-sdk.git
Revision (git rev-parse @):
dde638ce195cdb29f1ece0a4b79b8632556c7626
SPI manifest file found: $PWD/.spi.yml
SUCCESS checkout https://github.com/ConfigDirector/configdirector-swift-sdk.git at v1.7.0
========================================
Build
========================================
Selected platform:         linux
Swift version:             6.3
Building package at path:  $PWD
https://github.com/ConfigDirector/configdirector-swift-sdk.git
Running build ...
bash -c docker run --pull=always --rm -v "checkouts-54344843-2":/host -w "$PWD" -e JAVA_HOME="/root/.sdkman/candidates/java/current" -e SPI_BUILD="1" -e SPI_PROCESSING="1" registry.gitlab.com/saguaro1/spi-images:basic-6.3-latest swift build --triple x86_64-unknown-linux-gnu 2>&1
basic-6.3-latest: Pulling from saguaro1/spi-images
Digest: sha256:c577f8f8f4df4f423827bf5e7d96027716bb7030ef75b2fd4a15f7fb0043ce6d
Status: Image is up to date for registry.gitlab.com/saguaro1/spi-images:basic-6.3-latest
Building for debugging...
[0/3] Write sources
[2/3] Write swift-version-24593BA9C3E375BF.txt
error: emit-module command failed with exit code 1 (use -v to see invocation)
[4/35] Emitting module ConfigDirector
/host/spi-builder-workspace/Sources/ConfigDirector/Internal/Telemetry/ValueID.swift:1:8: error: no such module 'CryptoKit'
 1 | import CryptoKit
   |        `- error: no such module 'CryptoKit'
 2 | import Foundation
 3 |
[5/39] Compiling ConfigDirector ConfigSet.swift
/host/spi-builder-workspace/Sources/ConfigDirector/Internal/Telemetry/ValueID.swift:1:8: error: no such module 'CryptoKit'
 1 | import CryptoKit
   |        `- error: no such module 'CryptoKit'
 2 | import Foundation
 3 |
[6/39] Compiling ConfigDirector ConfigStore.swift
/host/spi-builder-workspace/Sources/ConfigDirector/Internal/Telemetry/ValueID.swift:1:8: error: no such module 'CryptoKit'
 1 | import CryptoKit
   |        `- error: no such module 'CryptoKit'
 2 | import Foundation
 3 |
[7/39] Compiling ConfigDirector ConfigValueParser.swift
/host/spi-builder-workspace/Sources/ConfigDirector/Internal/Telemetry/ValueID.swift:1:8: error: no such module 'CryptoKit'
 1 | import CryptoKit
   |        `- error: no such module 'CryptoKit'
 2 | import Foundation
 3 |
[8/39] Compiling ConfigDirector Constants.swift
/host/spi-builder-workspace/Sources/ConfigDirector/Internal/Telemetry/ValueID.swift:1:8: error: no such module 'CryptoKit'
 1 | import CryptoKit
   |        `- error: no such module 'CryptoKit'
 2 | import Foundation
 3 |
[9/39] Compiling ConfigDirector EventSourceClient.swift
/host/spi-builder-workspace/Sources/ConfigDirector/Internal/Telemetry/ValueID.swift:1:8: error: no such module 'CryptoKit'
 1 | import CryptoKit
   |        `- error: no such module 'CryptoKit'
 2 | import Foundation
 3 |
[10/39] Compiling ConfigDirector TelemetryCollector.swift
/host/spi-builder-workspace/Sources/ConfigDirector/Internal/Telemetry/ValueID.swift:1:8: error: no such module 'CryptoKit'
 1 | import CryptoKit
   |        `- error: no such module 'CryptoKit'
 2 | import Foundation
 3 |
[11/39] Compiling ConfigDirector TelemetryEvents.swift
/host/spi-builder-workspace/Sources/ConfigDirector/Internal/Telemetry/ValueID.swift:1:8: error: no such module 'CryptoKit'
 1 | import CryptoKit
   |        `- error: no such module 'CryptoKit'
 2 | import Foundation
 3 |
[12/39] Compiling ConfigDirector ValueID.swift
/host/spi-builder-workspace/Sources/ConfigDirector/Internal/Telemetry/ValueID.swift:1:8: error: no such module 'CryptoKit'
 1 | import CryptoKit
   |        `- error: no such module 'CryptoKit'
 2 | import Foundation
 3 |
[13/39] Compiling ConfigDirector ConnectionGate.swift
/host/spi-builder-workspace/Sources/ConfigDirector/Internal/Telemetry/ValueID.swift:1:8: error: no such module 'CryptoKit'
 1 | import CryptoKit
   |        `- error: no such module 'CryptoKit'
 2 | import Foundation
 3 |
[14/39] Compiling ConfigDirector EventSourceParser.swift
/host/spi-builder-workspace/Sources/ConfigDirector/Internal/Telemetry/ValueID.swift:1:8: error: no such module 'CryptoKit'
 1 | import CryptoKit
   |        `- error: no such module 'CryptoKit'
 2 | import Foundation
 3 |
[15/39] Compiling ConfigDirector EventSourceTypes.swift
/host/spi-builder-workspace/Sources/ConfigDirector/Internal/Telemetry/ValueID.swift:1:8: error: no such module 'CryptoKit'
 1 | import CryptoKit
   |        `- error: no such module 'CryptoKit'
 2 | import Foundation
 3 |
[16/39] Compiling ConfigDirector AppLifecycleObserver.swift
/host/spi-builder-workspace/Sources/ConfigDirector/Internal/Telemetry/ValueID.swift:1:8: error: no such module 'CryptoKit'
 1 | import CryptoKit
   |        `- error: no such module 'CryptoKit'
 2 | import Foundation
 3 |
[17/39] Compiling ConfigDirector Locked.swift
/host/spi-builder-workspace/Sources/ConfigDirector/Internal/Telemetry/ValueID.swift:1:8: error: no such module 'CryptoKit'
 1 | import CryptoKit
   |        `- error: no such module 'CryptoKit'
 2 | import Foundation
 3 |
[18/39] Compiling ConfigDirector SerialAsyncQueue.swift
/host/spi-builder-workspace/Sources/ConfigDirector/Internal/Telemetry/ValueID.swift:1:8: error: no such module 'CryptoKit'
 1 | import CryptoKit
   |        `- error: no such module 'CryptoKit'
 2 | import Foundation
 3 |
[19/39] Compiling ConfigDirector TaskSleep.swift
/host/spi-builder-workspace/Sources/ConfigDirector/Internal/Telemetry/ValueID.swift:1:8: error: no such module 'CryptoKit'
 1 | import CryptoKit
   |        `- error: no such module 'CryptoKit'
 2 | import Foundation
 3 |
[20/39] Compiling ConfigDirector EventQueue.swift
/host/spi-builder-workspace/Sources/ConfigDirector/Internal/Telemetry/ValueID.swift:1:8: error: no such module 'CryptoKit'
 1 | import CryptoKit
   |        `- error: no such module 'CryptoKit'
 2 | import Foundation
 3 |
[21/39] Compiling ConfigDirector EventReporter.swift
/host/spi-builder-workspace/Sources/ConfigDirector/Internal/Telemetry/ValueID.swift:1:8: error: no such module 'CryptoKit'
 1 | import CryptoKit
   |        `- error: no such module 'CryptoKit'
 2 | import Foundation
 3 |
[22/39] Compiling ConfigDirector SDKIdentity.swift
/host/spi-builder-workspace/Sources/ConfigDirector/Internal/Telemetry/ValueID.swift:1:8: error: no such module 'CryptoKit'
 1 | import CryptoKit
   |        `- error: no such module 'CryptoKit'
 2 | import Foundation
 3 |
[23/39] Compiling ConfigDirector InMemoryConnection.swift
/host/spi-builder-workspace/Sources/ConfigDirector/Internal/Telemetry/ValueID.swift:1:8: error: no such module 'CryptoKit'
 1 | import CryptoKit
   |        `- error: no such module 'CryptoKit'
 2 | import Foundation
 3 |
[24/39] Compiling ConfigDirector InMemoryValue.swift
/host/spi-builder-workspace/Sources/ConfigDirector/Internal/Telemetry/ValueID.swift:1:8: error: no such module 'CryptoKit'
 1 | import CryptoKit
   |        `- error: no such module 'CryptoKit'
 2 | import Foundation
 3 |
[25/39] Compiling ConfigDirector RecordingURLProtocol.swift
/host/spi-builder-workspace/Sources/ConfigDirector/Internal/Telemetry/ValueID.swift:1:8: error: no such module 'CryptoKit'
 1 | import CryptoKit
   |        `- error: no such module 'CryptoKit'
 2 | import Foundation
 3 |
[26/39] Compiling ConfigDirector PollingTransport.swift
/host/spi-builder-workspace/Sources/ConfigDirector/Internal/Telemetry/ValueID.swift:1:8: error: no such module 'CryptoKit'
 1 | import CryptoKit
   |        `- error: no such module 'CryptoKit'
 2 | import Foundation
 3 |
[27/39] Compiling ConfigDirector StreamingTransport.swift
/host/spi-builder-workspace/Sources/ConfigDirector/Internal/Telemetry/ValueID.swift:1:8: error: no such module 'CryptoKit'
 1 | import CryptoKit
   |        `- error: no such module 'CryptoKit'
 2 | import Foundation
 3 |
[28/39] Compiling ConfigDirector Transport.swift
/host/spi-builder-workspace/Sources/ConfigDirector/Internal/Telemetry/ValueID.swift:1:8: error: no such module 'CryptoKit'
 1 | import CryptoKit
   |        `- error: no such module 'CryptoKit'
 2 | import Foundation
 3 |
[29/39] Compiling ConfigDirector Logger.swift
/host/spi-builder-workspace/Sources/ConfigDirector/Internal/Telemetry/ValueID.swift:1:8: error: no such module 'CryptoKit'
 1 | import CryptoKit
   |        `- error: no such module 'CryptoKit'
 2 | import Foundation
 3 |
[30/39] Compiling ConfigDirector ConfigEvaluation.swift
/host/spi-builder-workspace/Sources/ConfigDirector/Internal/Telemetry/ValueID.swift:1:8: error: no such module 'CryptoKit'
 1 | import CryptoKit
   |        `- error: no such module 'CryptoKit'
 2 | import Foundation
 3 |
[31/39] Compiling ConfigDirector ConfigValue.swift
/host/spi-builder-workspace/Sources/ConfigDirector/Internal/Telemetry/ValueID.swift:1:8: error: no such module 'CryptoKit'
 1 | import CryptoKit
   |        `- error: no such module 'CryptoKit'
 2 | import Foundation
 3 |
[32/39] Compiling ConfigDirector AppInfo.swift
/host/spi-builder-workspace/Sources/ConfigDirector/Internal/Telemetry/ValueID.swift:1:8: error: no such module 'CryptoKit'
 1 | import CryptoKit
   |        `- error: no such module 'CryptoKit'
 2 | import Foundation
 3 |
[33/39] Compiling ConfigDirector Broadcaster.swift
/host/spi-builder-workspace/Sources/ConfigDirector/Internal/Telemetry/ValueID.swift:1:8: error: no such module 'CryptoKit'
 1 | import CryptoKit
   |        `- error: no such module 'CryptoKit'
 2 | import Foundation
 3 |
[34/39] Compiling ConfigDirector ClientFactories.swift
/host/spi-builder-workspace/Sources/ConfigDirector/Internal/Telemetry/ValueID.swift:1:8: error: no such module 'CryptoKit'
 1 | import CryptoKit
   |        `- error: no such module 'CryptoKit'
 2 | import Foundation
 3 |
[35/39] Compiling ConfigDirector ClientEvent.swift
/host/spi-builder-workspace/Sources/ConfigDirector/Internal/Telemetry/ValueID.swift:1:8: error: no such module 'CryptoKit'
 1 | import CryptoKit
   |        `- error: no such module 'CryptoKit'
 2 | import Foundation
 3 |
[36/39] Compiling ConfigDirector ClientOptions.swift
/host/spi-builder-workspace/Sources/ConfigDirector/Internal/Telemetry/ValueID.swift:1:8: error: no such module 'CryptoKit'
 1 | import CryptoKit
   |        `- error: no such module 'CryptoKit'
 2 | import Foundation
 3 |
[37/39] Compiling ConfigDirector ConfigDirectorClient.swift
/host/spi-builder-workspace/Sources/ConfigDirector/Internal/Telemetry/ValueID.swift:1:8: error: no such module 'CryptoKit'
 1 | import CryptoKit
   |        `- error: no such module 'CryptoKit'
 2 | import Foundation
 3 |
[38/39] Compiling ConfigDirector ConfigDirectorContext.swift
/host/spi-builder-workspace/Sources/ConfigDirector/Internal/Telemetry/ValueID.swift:1:8: error: no such module 'CryptoKit'
 1 | import CryptoKit
   |        `- error: no such module 'CryptoKit'
 2 | import Foundation
 3 |
[39/39] Compiling ConfigDirector ConfigDirectorError.swift
/host/spi-builder-workspace/Sources/ConfigDirector/Internal/Telemetry/ValueID.swift:1:8: error: no such module 'CryptoKit'
 1 | import CryptoKit
   |        `- error: no such module 'CryptoKit'
 2 | import Foundation
 3 |
BUILD FAILURE 6.3 linux