Build Information
Failed to build Model3DView, reference main (de7995), with Swift 6.4 for watchOS using Xcode 27.0 on 19 Sep 2026 22:10:19 UTC.
Build Command
env DEVELOPER_DIR=/Applications/Xcode-27.0.0-Release.Candidate.app xcrun xcodebuild -IDEClonedSourcePackagesDirPathOverride=$PWD/.dependencies -skipMacroValidation -skipPackagePluginValidation -derivedDataPath $PWD/.derivedData build -scheme Model3DView -destination generic/platform=watchOSBuild Log
SwiftCompile normal arm64_32 (in target 'GLTFSceneKit' from project 'GLTFSceneKit')
cd /Users/admin/builder/spi-builder-workspace/.swiftpm/xcode
SwiftCompile normal arm64_32 Compiling\ GLTFTypes.swift,\ GLTFUnarchiver.swift,\ GLTFAccessor.swift,\ GLTFAccessorSparse.swift,\ GLTFAccessorSparseIndices.swift /Users/admin/builder/spi-builder-workspace/.dependencies/checkouts/GLTFSceneKit/Sources/GLTFSceneKit/GLTFTypes.swift /Users/admin/builder/spi-builder-workspace/.dependencies/checkouts/GLTFSceneKit/Sources/GLTFSceneKit/GLTFUnarchiver.swift /Users/admin/builder/spi-builder-workspace/.dependencies/checkouts/GLTFSceneKit/Sources/GLTFSceneKit/schema/GLTFAccessor.swift /Users/admin/builder/spi-builder-workspace/.dependencies/checkouts/GLTFSceneKit/Sources/GLTFSceneKit/schema/GLTFAccessorSparse.swift /Users/admin/builder/spi-builder-workspace/.dependencies/checkouts/GLTFSceneKit/Sources/GLTFSceneKit/schema/GLTFAccessorSparseIndices.swift (in target 'GLTFSceneKit' from project 'GLTFSceneKit')
/Users/admin/builder/spi-builder-workspace/.dependencies/checkouts/GLTFSceneKit/Sources/GLTFSceneKit/GLTFTypes.swift:26:21: error: cannot find 'GL_BYTE' in scope
24 | ]
25 |
26 | let GLTF_BYTE = Int(GL_BYTE)
| `- error: cannot find 'GL_BYTE' in scope
27 | let GLTF_UNSIGNED_BYTE = Int(GL_UNSIGNED_BYTE)
28 | let GLTF_SHORT = Int(GL_SHORT)
/Users/admin/builder/spi-builder-workspace/.dependencies/checkouts/GLTFSceneKit/Sources/GLTFSceneKit/GLTFTypes.swift:27:30: error: cannot find 'GL_UNSIGNED_BYTE' in scope
25 |
26 | let GLTF_BYTE = Int(GL_BYTE)
27 | let GLTF_UNSIGNED_BYTE = Int(GL_UNSIGNED_BYTE)
| `- error: cannot find 'GL_UNSIGNED_BYTE' in scope
28 | let GLTF_SHORT = Int(GL_SHORT)
29 | let GLTF_UNSIGNED_SHORT = Int(GL_UNSIGNED_SHORT)
/Users/admin/builder/spi-builder-workspace/.dependencies/checkouts/GLTFSceneKit/Sources/GLTFSceneKit/GLTFTypes.swift:28:22: error: cannot find 'GL_SHORT' in scope
26 | let GLTF_BYTE = Int(GL_BYTE)
27 | let GLTF_UNSIGNED_BYTE = Int(GL_UNSIGNED_BYTE)
28 | let GLTF_SHORT = Int(GL_SHORT)
| `- error: cannot find 'GL_SHORT' in scope
29 | let GLTF_UNSIGNED_SHORT = Int(GL_UNSIGNED_SHORT)
30 | let GLTF_UNSIGNED_INT = Int(GL_UNSIGNED_INT)
/Users/admin/builder/spi-builder-workspace/.dependencies/checkouts/GLTFSceneKit/Sources/GLTFSceneKit/GLTFTypes.swift:29:31: error: cannot find 'GL_UNSIGNED_SHORT' in scope
27 | let GLTF_UNSIGNED_BYTE = Int(GL_UNSIGNED_BYTE)
28 | let GLTF_SHORT = Int(GL_SHORT)
29 | let GLTF_UNSIGNED_SHORT = Int(GL_UNSIGNED_SHORT)
| `- error: cannot find 'GL_UNSIGNED_SHORT' in scope
30 | let GLTF_UNSIGNED_INT = Int(GL_UNSIGNED_INT)
31 | let GLTF_FLOAT = Int(GL_FLOAT)
/Users/admin/builder/spi-builder-workspace/.dependencies/checkouts/GLTFSceneKit/Sources/GLTFSceneKit/GLTFTypes.swift:30:29: error: cannot find 'GL_UNSIGNED_INT' in scope
28 | let GLTF_SHORT = Int(GL_SHORT)
29 | let GLTF_UNSIGNED_SHORT = Int(GL_UNSIGNED_SHORT)
30 | let GLTF_UNSIGNED_INT = Int(GL_UNSIGNED_INT)
| `- error: cannot find 'GL_UNSIGNED_INT' in scope
31 | let GLTF_FLOAT = Int(GL_FLOAT)
32 |
/Users/admin/builder/spi-builder-workspace/.dependencies/checkouts/GLTFSceneKit/Sources/GLTFSceneKit/GLTFTypes.swift:31:22: error: cannot find 'GL_FLOAT' in scope
29 | let GLTF_UNSIGNED_SHORT = Int(GL_UNSIGNED_SHORT)
30 | let GLTF_UNSIGNED_INT = Int(GL_UNSIGNED_INT)
31 | let GLTF_FLOAT = Int(GL_FLOAT)
| `- error: cannot find 'GL_FLOAT' in scope
32 |
33 | let GLTF_ARRAY_BUFFER = Int(GL_ARRAY_BUFFER)
/Users/admin/builder/spi-builder-workspace/.dependencies/checkouts/GLTFSceneKit/Sources/GLTFSceneKit/GLTFTypes.swift:33:29: error: cannot find 'GL_ARRAY_BUFFER' in scope
31 | let GLTF_FLOAT = Int(GL_FLOAT)
32 |
33 | let GLTF_ARRAY_BUFFER = Int(GL_ARRAY_BUFFER)
| `- error: cannot find 'GL_ARRAY_BUFFER' in scope
34 | let GLTF_ELEMENT_ARRAY_BUFFER = Int(GL_ELEMENT_ARRAY_BUFFER)
35 |
/Users/admin/builder/spi-builder-workspace/.dependencies/checkouts/GLTFSceneKit/Sources/GLTFSceneKit/GLTFTypes.swift:34:37: error: cannot find 'GL_ELEMENT_ARRAY_BUFFER' in scope
32 |
33 | let GLTF_ARRAY_BUFFER = Int(GL_ARRAY_BUFFER)
34 | let GLTF_ELEMENT_ARRAY_BUFFER = Int(GL_ELEMENT_ARRAY_BUFFER)
| `- error: cannot find 'GL_ELEMENT_ARRAY_BUFFER' in scope
35 |
36 | let GLTF_POINTS = Int(GL_POINTS)
/Users/admin/builder/spi-builder-workspace/.dependencies/checkouts/GLTFSceneKit/Sources/GLTFSceneKit/GLTFTypes.swift:36:23: error: cannot find 'GL_POINTS' in scope
34 | let GLTF_ELEMENT_ARRAY_BUFFER = Int(GL_ELEMENT_ARRAY_BUFFER)
35 |
36 | let GLTF_POINTS = Int(GL_POINTS)
| `- error: cannot find 'GL_POINTS' in scope
37 | let GLTF_LINES = Int(GL_LINES)
38 | let GLTF_LINE_LOOP = Int(GL_LINE_LOOP)
/Users/admin/builder/spi-builder-workspace/.dependencies/checkouts/GLTFSceneKit/Sources/GLTFSceneKit/GLTFTypes.swift:37:22: error: cannot find 'GL_LINES' in scope
35 |
36 | let GLTF_POINTS = Int(GL_POINTS)
37 | let GLTF_LINES = Int(GL_LINES)
| `- error: cannot find 'GL_LINES' in scope
38 | let GLTF_LINE_LOOP = Int(GL_LINE_LOOP)
39 | let GLTF_LINE_STRIP = Int(GL_LINE_STRIP)
/Users/admin/builder/spi-builder-workspace/.dependencies/checkouts/GLTFSceneKit/Sources/GLTFSceneKit/GLTFTypes.swift:38:26: error: cannot find 'GL_LINE_LOOP' in scope
36 | let GLTF_POINTS = Int(GL_POINTS)
37 | let GLTF_LINES = Int(GL_LINES)
38 | let GLTF_LINE_LOOP = Int(GL_LINE_LOOP)
| `- error: cannot find 'GL_LINE_LOOP' in scope
39 | let GLTF_LINE_STRIP = Int(GL_LINE_STRIP)
40 | let GLTF_TRIANGLES = Int(GL_TRIANGLES)
/Users/admin/builder/spi-builder-workspace/.dependencies/checkouts/GLTFSceneKit/Sources/GLTFSceneKit/GLTFTypes.swift:39:27: error: cannot find 'GL_LINE_STRIP' in scope
37 | let GLTF_LINES = Int(GL_LINES)
38 | let GLTF_LINE_LOOP = Int(GL_LINE_LOOP)
39 | let GLTF_LINE_STRIP = Int(GL_LINE_STRIP)
| `- error: cannot find 'GL_LINE_STRIP' in scope
40 | let GLTF_TRIANGLES = Int(GL_TRIANGLES)
41 | let GLTF_TRIANGLE_STRIP = Int(GL_TRIANGLE_STRIP)
/Users/admin/builder/spi-builder-workspace/.dependencies/checkouts/GLTFSceneKit/Sources/GLTFSceneKit/GLTFTypes.swift:40:26: error: cannot find 'GL_TRIANGLES' in scope
38 | let GLTF_LINE_LOOP = Int(GL_LINE_LOOP)
39 | let GLTF_LINE_STRIP = Int(GL_LINE_STRIP)
40 | let GLTF_TRIANGLES = Int(GL_TRIANGLES)
| `- error: cannot find 'GL_TRIANGLES' in scope
41 | let GLTF_TRIANGLE_STRIP = Int(GL_TRIANGLE_STRIP)
42 | let GLTF_TRIANGLE_FAN = Int(GL_TRIANGLE_FAN)
/Users/admin/builder/spi-builder-workspace/.dependencies/checkouts/GLTFSceneKit/Sources/GLTFSceneKit/GLTFTypes.swift:41:31: error: cannot find 'GL_TRIANGLE_STRIP' in scope
39 | let GLTF_LINE_STRIP = Int(GL_LINE_STRIP)
40 | let GLTF_TRIANGLES = Int(GL_TRIANGLES)
41 | let GLTF_TRIANGLE_STRIP = Int(GL_TRIANGLE_STRIP)
| `- error: cannot find 'GL_TRIANGLE_STRIP' in scope
42 | let GLTF_TRIANGLE_FAN = Int(GL_TRIANGLE_FAN)
43 |
/Users/admin/builder/spi-builder-workspace/.dependencies/checkouts/GLTFSceneKit/Sources/GLTFSceneKit/GLTFTypes.swift:42:29: error: cannot find 'GL_TRIANGLE_FAN' in scope
40 | let GLTF_TRIANGLES = Int(GL_TRIANGLES)
41 | let GLTF_TRIANGLE_STRIP = Int(GL_TRIANGLE_STRIP)
42 | let GLTF_TRIANGLE_FAN = Int(GL_TRIANGLE_FAN)
| `- error: cannot find 'GL_TRIANGLE_FAN' in scope
43 |
44 | let GLTF_NEAREST = Int(GL_NEAREST)
/Users/admin/builder/spi-builder-workspace/.dependencies/checkouts/GLTFSceneKit/Sources/GLTFSceneKit/GLTFTypes.swift:44:24: error: cannot find 'GL_NEAREST' in scope
42 | let GLTF_TRIANGLE_FAN = Int(GL_TRIANGLE_FAN)
43 |
44 | let GLTF_NEAREST = Int(GL_NEAREST)
| `- error: cannot find 'GL_NEAREST' in scope
45 | let GLTF_LINEAR = Int(GL_LINEAR)
46 | let GLTF_NEAREST_MIPMAP_NEAREST = Int(GL_NEAREST_MIPMAP_NEAREST)
/Users/admin/builder/spi-builder-workspace/.dependencies/checkouts/GLTFSceneKit/Sources/GLTFSceneKit/GLTFTypes.swift:45:23: error: cannot find 'GL_LINEAR' in scope
43 |
44 | let GLTF_NEAREST = Int(GL_NEAREST)
45 | let GLTF_LINEAR = Int(GL_LINEAR)
| `- error: cannot find 'GL_LINEAR' in scope
46 | let GLTF_NEAREST_MIPMAP_NEAREST = Int(GL_NEAREST_MIPMAP_NEAREST)
47 | let GLTF_LINEAR_MIPMAP_NEAREST = Int(GL_LINEAR_MIPMAP_NEAREST)
/Users/admin/builder/spi-builder-workspace/.dependencies/checkouts/GLTFSceneKit/Sources/GLTFSceneKit/GLTFTypes.swift:46:39: error: cannot find 'GL_NEAREST_MIPMAP_NEAREST' in scope
44 | let GLTF_NEAREST = Int(GL_NEAREST)
45 | let GLTF_LINEAR = Int(GL_LINEAR)
46 | let GLTF_NEAREST_MIPMAP_NEAREST = Int(GL_NEAREST_MIPMAP_NEAREST)
| `- error: cannot find 'GL_NEAREST_MIPMAP_NEAREST' in scope
47 | let GLTF_LINEAR_MIPMAP_NEAREST = Int(GL_LINEAR_MIPMAP_NEAREST)
48 | let GLTF_NEAREST_MIPMAP_LINEAR = Int(GL_NEAREST_MIPMAP_LINEAR)
/Users/admin/builder/spi-builder-workspace/.dependencies/checkouts/GLTFSceneKit/Sources/GLTFSceneKit/GLTFTypes.swift:47:38: error: cannot find 'GL_LINEAR_MIPMAP_NEAREST' in scope
45 | let GLTF_LINEAR = Int(GL_LINEAR)
46 | let GLTF_NEAREST_MIPMAP_NEAREST = Int(GL_NEAREST_MIPMAP_NEAREST)
47 | let GLTF_LINEAR_MIPMAP_NEAREST = Int(GL_LINEAR_MIPMAP_NEAREST)
| `- error: cannot find 'GL_LINEAR_MIPMAP_NEAREST' in scope
48 | let GLTF_NEAREST_MIPMAP_LINEAR = Int(GL_NEAREST_MIPMAP_LINEAR)
49 | let GLTF_LINEAR_MIPMAP_LINEAR = Int(GL_LINEAR_MIPMAP_LINEAR)
/Users/admin/builder/spi-builder-workspace/.dependencies/checkouts/GLTFSceneKit/Sources/GLTFSceneKit/GLTFTypes.swift:48:38: error: cannot find 'GL_NEAREST_MIPMAP_LINEAR' in scope
46 | let GLTF_NEAREST_MIPMAP_NEAREST = Int(GL_NEAREST_MIPMAP_NEAREST)
47 | let GLTF_LINEAR_MIPMAP_NEAREST = Int(GL_LINEAR_MIPMAP_NEAREST)
48 | let GLTF_NEAREST_MIPMAP_LINEAR = Int(GL_NEAREST_MIPMAP_LINEAR)
| `- error: cannot find 'GL_NEAREST_MIPMAP_LINEAR' in scope
49 | let GLTF_LINEAR_MIPMAP_LINEAR = Int(GL_LINEAR_MIPMAP_LINEAR)
50 |
SwiftCompile normal arm64_32 /Users/admin/builder/spi-builder-workspace/.dependencies/checkouts/GLTFSceneKit/Sources/GLTFSceneKit/GLTFTypes.swift (in target 'GLTFSceneKit' from project 'GLTFSceneKit')
cd /Users/admin/builder/spi-builder-workspace/.swiftpm/xcode
builtin-SwiftPerFileCompile GLTFTypes.swift
SwiftCompile normal arm64_32 /Users/admin/builder/spi-builder-workspace/.dependencies/checkouts/GLTFSceneKit/Sources/GLTFSceneKit/GLTFUnarchiver.swift (in target 'GLTFSceneKit' from project 'GLTFSceneKit')
cd /Users/admin/builder/spi-builder-workspace/.swiftpm/xcode
builtin-SwiftPerFileCompile GLTFUnarchiver.swift
SwiftCompile normal arm64_32 /Users/admin/builder/spi-builder-workspace/.dependencies/checkouts/GLTFSceneKit/Sources/GLTFSceneKit/schema/GLTFAccessor.swift (in target 'GLTFSceneKit' from project 'GLTFSceneKit')
cd /Users/admin/builder/spi-builder-workspace/.swiftpm/xcode
builtin-SwiftPerFileCompile GLTFAccessor.swift
SwiftCompile normal arm64_32 /Users/admin/builder/spi-builder-workspace/.dependencies/checkouts/GLTFSceneKit/Sources/GLTFSceneKit/schema/GLTFAccessorSparse.swift (in target 'GLTFSceneKit' from project 'GLTFSceneKit')
cd /Users/admin/builder/spi-builder-workspace/.swiftpm/xcode
builtin-SwiftPerFileCompile GLTFAccessorSparse.swift
SwiftCompile normal arm64_32 /Users/admin/builder/spi-builder-workspace/.dependencies/checkouts/GLTFSceneKit/Sources/GLTFSceneKit/schema/GLTFAccessorSparseIndices.swift (in target 'GLTFSceneKit' from project 'GLTFSceneKit')
cd /Users/admin/builder/spi-builder-workspace/.swiftpm/xcode
builtin-SwiftPerFileCompile GLTFAccessorSparseIndices.swift
/Users/admin/builder/spi-builder-workspace/.dependencies/checkouts/GLTFSceneKit/Sources/GLTFSceneKit/GLTFTypes.swift:49:37: error: cannot find 'GL_LINEAR_MIPMAP_LINEAR' in scope
47 | let GLTF_LINEAR_MIPMAP_NEAREST = Int(GL_LINEAR_MIPMAP_NEAREST)
48 | let GLTF_NEAREST_MIPMAP_LINEAR = Int(GL_NEAREST_MIPMAP_LINEAR)
49 | let GLTF_LINEAR_MIPMAP_LINEAR = Int(GL_LINEAR_MIPMAP_LINEAR)
| `- error: cannot find 'GL_LINEAR_MIPMAP_LINEAR' in scope
50 |
51 | let GLTF_CLAMP_TO_EDGE = Int(GL_CLAMP_TO_EDGE)
/Users/admin/builder/spi-builder-workspace/.dependencies/checkouts/GLTFSceneKit/Sources/GLTFSceneKit/GLTFTypes.swift:51:30: error: cannot find 'GL_CLAMP_TO_EDGE' in scope
49 | let GLTF_LINEAR_MIPMAP_LINEAR = Int(GL_LINEAR_MIPMAP_LINEAR)
50 |
51 | let GLTF_CLAMP_TO_EDGE = Int(GL_CLAMP_TO_EDGE)
| `- error: cannot find 'GL_CLAMP_TO_EDGE' in scope
52 | let GLTF_MIRRORED_REPEAT = Int(GL_MIRRORED_REPEAT)
53 | let GLTF_REPEAT = Int(GL_REPEAT)
/Users/admin/builder/spi-builder-workspace/.dependencies/checkouts/GLTFSceneKit/Sources/GLTFSceneKit/GLTFTypes.swift:52:32: error: cannot find 'GL_MIRRORED_REPEAT' in scope
50 |
51 | let GLTF_CLAMP_TO_EDGE = Int(GL_CLAMP_TO_EDGE)
52 | let GLTF_MIRRORED_REPEAT = Int(GL_MIRRORED_REPEAT)
| `- error: cannot find 'GL_MIRRORED_REPEAT' in scope
53 | let GLTF_REPEAT = Int(GL_REPEAT)
54 |
/Users/admin/builder/spi-builder-workspace/.dependencies/checkouts/GLTFSceneKit/Sources/GLTFSceneKit/GLTFTypes.swift:53:23: error: cannot find 'GL_REPEAT' in scope
51 | let GLTF_CLAMP_TO_EDGE = Int(GL_CLAMP_TO_EDGE)
52 | let GLTF_MIRRORED_REPEAT = Int(GL_MIRRORED_REPEAT)
53 | let GLTF_REPEAT = Int(GL_REPEAT)
| `- error: cannot find 'GL_REPEAT' in scope
54 |
55 | let usesFloatComponentsMap: [Int: Bool] = [
/Users/admin/builder/spi-builder-workspace/.dependencies/checkouts/GLTFSceneKit/Sources/GLTFSceneKit/GLTFTypes.swift:112:23: error: cannot find type 'UIImage' in scope
110 | typealias Color = NSColor
111 | #elseif os(iOS) || os(tvOS) || os(watchOS)
112 | typealias Image = UIImage
| `- error: cannot find type 'UIImage' in scope
113 | typealias Color = UIColor
114 | #endif
/Users/admin/builder/spi-builder-workspace/.dependencies/checkouts/GLTFSceneKit/Sources/GLTFSceneKit/GLTFTypes.swift:113:23: error: cannot find type 'UIColor' in scope
111 | #elseif os(iOS) || os(tvOS) || os(watchOS)
112 | typealias Image = UIImage
113 | typealias Color = UIColor
| `- error: cannot find type 'UIColor' in scope
114 | #endif
115 |
/Users/admin/builder/spi-builder-workspace/.dependencies/checkouts/GLTFSceneKit/Sources/GLTFSceneKit/GLTFUnarchiver.swift:30:39: error: 'CAAnimation' is unavailable in watchOS
28 | internal var nodes: [SCNNode?] = []
29 | internal var skins: [SCNSkinner?] = []
30 | internal var animationChannels: [[CAAnimation?]?] = []
| `- error: 'CAAnimation' is unavailable in watchOS
31 | internal var animationSamplers: [[CAAnimation?]?] = []
32 | internal var meshes: [SCNNode?] = []
/Applications/Xcode-27.0.0-Release.Candidate.app/Contents/Developer/Platforms/WatchOS.platform/Developer/SDKs/WatchOS27.0.sdk/System/Library/Frameworks/QuartzCore.framework/Headers/CAAnimation.h:25:12: note: 'CAAnimation' has been explicitly marked unavailable here
23 |
24 | API_AVAILABLE(macos(10.5), ios(2.0), tvos(9.0)) API_UNAVAILABLE(watchos)
25 | @interface CAAnimation : NSObject
| `- note: 'CAAnimation' has been explicitly marked unavailable here
26 | <NSSecureCoding, NSCopying, CAMediaTiming, CAAction>
27 | {
/Users/admin/builder/spi-builder-workspace/.dependencies/checkouts/GLTFSceneKit/Sources/GLTFSceneKit/GLTFUnarchiver.swift:31:39: error: 'CAAnimation' is unavailable in watchOS
29 | internal var skins: [SCNSkinner?] = []
30 | internal var animationChannels: [[CAAnimation?]?] = []
31 | internal var animationSamplers: [[CAAnimation?]?] = []
| `- error: 'CAAnimation' is unavailable in watchOS
32 | internal var meshes: [SCNNode?] = []
33 | internal var accessors: [Any?] = []
/Applications/Xcode-27.0.0-Release.Candidate.app/Contents/Developer/Platforms/WatchOS.platform/Developer/SDKs/WatchOS27.0.sdk/System/Library/Frameworks/QuartzCore.framework/Headers/CAAnimation.h:25:12: note: 'CAAnimation' has been explicitly marked unavailable here
23 |
24 | API_AVAILABLE(macos(10.5), ios(2.0), tvos(9.0)) API_UNAVAILABLE(watchos)
25 | @interface CAAnimation : NSObject
| `- note: 'CAAnimation' has been explicitly marked unavailable here
26 | <NSSecureCoding, NSCopying, CAMediaTiming, CAAction>
27 | {
/Users/admin/builder/spi-builder-workspace/.dependencies/checkouts/GLTFSceneKit/Sources/GLTFSceneKit/GLTFUnarchiver.swift:1214:96: error: 'CAAnimationGroup' is unavailable in watchOS
1212 | }
1213 |
1214 | private func loadAnimationSampler(index: Int, sampler: Int, flipW: Bool = false) throws -> CAAnimationGroup {
| `- error: 'CAAnimationGroup' is unavailable in watchOS
1215 | guard index < self.animationSamplers.count else {
1216 | throw GLTFUnarchiveError.DataInconsistent("loadAnimationSampler: out of index: \(index) < \(self.animationSamplers.count)")
/Applications/Xcode-27.0.0-Release.Candidate.app/Contents/Developer/Platforms/WatchOS.platform/Developer/SDKs/WatchOS27.0.sdk/System/Library/Frameworks/QuartzCore.framework/Headers/CAAnimation.h:383:12: note: 'CAAnimationGroup' has been explicitly marked unavailable here
381 |
382 | API_AVAILABLE(macos(10.5), ios(2.0), tvos(9.0)) API_UNAVAILABLE(watchos)
383 | @interface CAAnimationGroup : CAAnimation
| `- note: 'CAAnimationGroup' has been explicitly marked unavailable here
384 |
385 | /* An array of CAAnimation objects. Each member of the array will run
/Users/admin/builder/spi-builder-workspace/.dependencies/checkouts/GLTFSceneKit/Sources/GLTFSceneKit/GLTFUnarchiver.swift:1266:99: error: 'CAAnimationGroup' is unavailable in watchOS
1264 | }
1265 |
1266 | private func loadWeightAnimationsSampler(index: Int, sampler: Int, paths: [String]) throws -> CAAnimationGroup {
| `- error: 'CAAnimationGroup' is unavailable in watchOS
1267 | guard index < self.animationSamplers.count else {
1268 | throw GLTFUnarchiveError.DataInconsistent("loadWeightAnimationsSampler: out of index: \(index) < \(self.animationSamplers.count)")
/Applications/Xcode-27.0.0-Release.Candidate.app/Contents/Developer/Platforms/WatchOS.platform/Developer/SDKs/WatchOS27.0.sdk/System/Library/Frameworks/QuartzCore.framework/Headers/CAAnimation.h:383:12: note: 'CAAnimationGroup' has been explicitly marked unavailable here
381 |
382 | API_AVAILABLE(macos(10.5), ios(2.0), tvos(9.0)) API_UNAVAILABLE(watchos)
383 | @interface CAAnimationGroup : CAAnimation
| `- note: 'CAAnimationGroup' has been explicitly marked unavailable here
384 |
385 | /* An array of CAAnimation objects. Each member of the array will run
/Users/admin/builder/spi-builder-workspace/.dependencies/checkouts/GLTFSceneKit/Sources/GLTFSceneKit/GLTFUnarchiver.swift:1331:92: error: 'CAAnimation' is unavailable in watchOS
1329 |
1330 | //private func loadAnimation(index: Int, channel: Int) throws -> SCNAnimation {
1331 | private func loadAnimation(index: Int, channel: Int, weightPaths: [String]?) throws -> CAAnimation {
| `- error: 'CAAnimation' is unavailable in watchOS
1332 | guard index < self.animationChannels.count else {
1333 | throw GLTFUnarchiveError.DataInconsistent("loadAnimation: out of index: \(index) < \(self.animationChannels.count)")
/Applications/Xcode-27.0.0-Release.Candidate.app/Contents/Developer/Platforms/WatchOS.platform/Developer/SDKs/WatchOS27.0.sdk/System/Library/Frameworks/QuartzCore.framework/Headers/CAAnimation.h:25:12: note: 'CAAnimation' has been explicitly marked unavailable here
23 |
24 | API_AVAILABLE(macos(10.5), ios(2.0), tvos(9.0)) API_UNAVAILABLE(watchos)
25 | @interface CAAnimation : NSObject
| `- note: 'CAAnimation' has been explicitly marked unavailable here
26 | <NSSecureCoding, NSCopying, CAMediaTiming, CAAction>
27 | {
/Users/admin/builder/spi-builder-workspace/.dependencies/checkouts/GLTFSceneKit/Sources/GLTFSceneKit/GLTFUnarchiver.swift:138:40: error: 'CAAnimation' is unavailable in watchOS
136 | //if #available(OSX 10.13, *) {
137 | // self.animationChannels = [[SCNAnimation?]?](repeating: nil, count: animations.count)
138 | self.animationChannels = [[CAAnimation?]?](repeating: nil, count: animations.count)
| `- error: 'CAAnimation' is unavailable in watchOS
139 | self.animationSamplers = [[CAAnimation?]?](repeating: nil, count: animations.count)
140 | //} else {
/Applications/Xcode-27.0.0-Release.Candidate.app/Contents/Developer/Platforms/WatchOS.platform/Developer/SDKs/WatchOS27.0.sdk/System/Library/Frameworks/QuartzCore.framework/Headers/CAAnimation.h:25:12: note: 'CAAnimation' has been explicitly marked unavailable here
23 |
24 | API_AVAILABLE(macos(10.5), ios(2.0), tvos(9.0)) API_UNAVAILABLE(watchos)
25 | @interface CAAnimation : NSObject
| `- note: 'CAAnimation' has been explicitly marked unavailable here
26 | <NSSecureCoding, NSCopying, CAMediaTiming, CAAction>
27 | {
SwiftCompile normal arm64_32 Compiling\ GLTFMaterialNormalTextureInfo.swift,\ GLTFMaterialOcclusionTextureInfo.swift,\ GLTFMaterialPbrMetallicRoughness.swift,\ GLTFMesh.swift,\ GLTFMeshPrimitive.swift /Users/admin/builder/spi-builder-workspace/.dependencies/checkouts/GLTFSceneKit/Sources/GLTFSceneKit/schema/GLTFMaterialNormalTextureInfo.swift /Users/admin/builder/spi-builder-workspace/.dependencies/checkouts/GLTFSceneKit/Sources/GLTFSceneKit/schema/GLTFMaterialOcclusionTextureInfo.swift /Users/admin/builder/spi-builder-workspace/.dependencies/checkouts/GLTFSceneKit/Sources/GLTFSceneKit/schema/GLTFMaterialPbrMetallicRoughness.swift /Users/admin/builder/spi-builder-workspace/.dependencies/checkouts/GLTFSceneKit/Sources/GLTFSceneKit/schema/GLTFMesh.swift /Users/admin/builder/spi-builder-workspace/.dependencies/checkouts/GLTFSceneKit/Sources/GLTFSceneKit/schema/GLTFMeshPrimitive.swift (in target 'GLTFSceneKit' from project 'GLTFSceneKit')
SwiftCompile normal arm64_32 /Users/admin/builder/spi-builder-workspace/.dependencies/checkouts/GLTFSceneKit/Sources/GLTFSceneKit/schema/GLTFMaterialNormalTextureInfo.swift (in target 'GLTFSceneKit' from project 'GLTFSceneKit')
cd /Users/admin/builder/spi-builder-workspace/.swiftpm/xcode
builtin-SwiftPerFileCompile GLTFMaterialNormalTextureInfo.swift
SwiftCompile normal arm64_32 /Users/admin/builder/spi-builder-workspace/.dependencies/checkouts/GLTFSceneKit/Sources/GLTFSceneKit/schema/GLTFMaterialOcclusionTextureInfo.swift (in target 'GLTFSceneKit' from project 'GLTFSceneKit')
cd /Users/admin/builder/spi-builder-workspace/.swiftpm/xcode
builtin-SwiftPerFileCompile GLTFMaterialOcclusionTextureInfo.swift
SwiftCompile normal arm64_32 /Users/admin/builder/spi-builder-workspace/.dependencies/checkouts/GLTFSceneKit/Sources/GLTFSceneKit/schema/GLTFMaterialPbrMetallicRoughness.swift (in target 'GLTFSceneKit' from project 'GLTFSceneKit')
cd /Users/admin/builder/spi-builder-workspace/.swiftpm/xcode
builtin-SwiftPerFileCompile GLTFMaterialPbrMetallicRoughness.swift
SwiftCompile normal arm64_32 /Users/admin/builder/spi-builder-workspace/.dependencies/checkouts/GLTFSceneKit/Sources/GLTFSceneKit/schema/GLTFMesh.swift (in target 'GLTFSceneKit' from project 'GLTFSceneKit')
cd /Users/admin/builder/spi-builder-workspace/.swiftpm/xcode
builtin-SwiftPerFileCompile GLTFMesh.swift
SwiftCompile normal arm64_32 /Users/admin/builder/spi-builder-workspace/.dependencies/checkouts/GLTFSceneKit/Sources/GLTFSceneKit/schema/GLTFMeshPrimitive.swift (in target 'GLTFSceneKit' from project 'GLTFSceneKit')
cd /Users/admin/builder/spi-builder-workspace/.swiftpm/xcode
builtin-SwiftPerFileCompile GLTFMeshPrimitive.swift
SwiftCompile normal arm64_32 Compiling\ GLTFAsset.swift,\ GLTFBuffer.swift,\ GLTFBufferView.swift,\ GLTFCamera.swift,\ GLTFCameraOrthographic.swift /Users/admin/builder/spi-builder-workspace/.dependencies/checkouts/GLTFSceneKit/Sources/GLTFSceneKit/schema/GLTFAsset.swift /Users/admin/builder/spi-builder-workspace/.dependencies/checkouts/GLTFSceneKit/Sources/GLTFSceneKit/schema/GLTFBuffer.swift /Users/admin/builder/spi-builder-workspace/.dependencies/checkouts/GLTFSceneKit/Sources/GLTFSceneKit/schema/GLTFBufferView.swift /Users/admin/builder/spi-builder-workspace/.dependencies/checkouts/GLTFSceneKit/Sources/GLTFSceneKit/schema/GLTFCamera.swift /Users/admin/builder/spi-builder-workspace/.dependencies/checkouts/GLTFSceneKit/Sources/GLTFSceneKit/schema/GLTFCameraOrthographic.swift (in target 'GLTFSceneKit' from project 'GLTFSceneKit')
SwiftCompile normal arm64_32 /Users/admin/builder/spi-builder-workspace/.dependencies/checkouts/GLTFSceneKit/Sources/GLTFSceneKit/schema/GLTFAsset.swift (in target 'GLTFSceneKit' from project 'GLTFSceneKit')
cd /Users/admin/builder/spi-builder-workspace/.swiftpm/xcode
builtin-SwiftPerFileCompile GLTFAsset.swift
SwiftCompile normal arm64_32 /Users/admin/builder/spi-builder-workspace/.dependencies/checkouts/GLTFSceneKit/Sources/GLTFSceneKit/schema/GLTFBuffer.swift (in target 'GLTFSceneKit' from project 'GLTFSceneKit')
cd /Users/admin/builder/spi-builder-workspace/.swiftpm/xcode
builtin-SwiftPerFileCompile GLTFBuffer.swift
SwiftCompile normal arm64_32 /Users/admin/builder/spi-builder-workspace/.dependencies/checkouts/GLTFSceneKit/Sources/GLTFSceneKit/schema/GLTFBufferView.swift (in target 'GLTFSceneKit' from project 'GLTFSceneKit')
cd /Users/admin/builder/spi-builder-workspace/.swiftpm/xcode
builtin-SwiftPerFileCompile GLTFBufferView.swift
SwiftCompile normal arm64_32 /Users/admin/builder/spi-builder-workspace/.dependencies/checkouts/GLTFSceneKit/Sources/GLTFSceneKit/schema/GLTFCamera.swift (in target 'GLTFSceneKit' from project 'GLTFSceneKit')
cd /Users/admin/builder/spi-builder-workspace/.swiftpm/xcode
builtin-SwiftPerFileCompile GLTFCamera.swift
SwiftCompile normal arm64_32 /Users/admin/builder/spi-builder-workspace/.dependencies/checkouts/GLTFSceneKit/Sources/GLTFSceneKit/schema/GLTFCameraOrthographic.swift (in target 'GLTFSceneKit' from project 'GLTFSceneKit')
cd /Users/admin/builder/spi-builder-workspace/.swiftpm/xcode
builtin-SwiftPerFileCompile GLTFCameraOrthographic.swift
SwiftExplicitDependencyGeneratePcm arm64_32 /Users/admin/builder/spi-builder-workspace/.derivedData/SDKExplicitPrecompiledModules/WatchKit-FHF6WTKLC2APGK3LA2XJ6516.pcm
SwiftEmitModule normal arm64 Emitting\ module\ for\ GLTFSceneKit (in target 'GLTFSceneKit' from project 'GLTFSceneKit')
/Users/admin/builder/spi-builder-workspace/.dependencies/checkouts/GLTFSceneKit/Sources/GLTFSceneKit/GLTFTypes.swift:112:23: error: cannot find type 'UIImage' in scope
110 | typealias Color = NSColor
111 | #elseif os(iOS) || os(tvOS) || os(watchOS)
112 | typealias Image = UIImage
| `- error: cannot find type 'UIImage' in scope
113 | typealias Color = UIColor
114 | #endif
/Users/admin/builder/spi-builder-workspace/.dependencies/checkouts/GLTFSceneKit/Sources/GLTFSceneKit/GLTFTypes.swift:26:21: error: cannot find 'GL_BYTE' in scope
24 | ]
25 |
26 | let GLTF_BYTE = Int(GL_BYTE)
| `- error: cannot find 'GL_BYTE' in scope
27 | let GLTF_UNSIGNED_BYTE = Int(GL_UNSIGNED_BYTE)
28 | let GLTF_SHORT = Int(GL_SHORT)
/Users/admin/builder/spi-builder-workspace/.dependencies/checkouts/GLTFSceneKit/Sources/GLTFSceneKit/GLTFTypes.swift:27:30: error: cannot find 'GL_UNSIGNED_BYTE' in scope
25 |
26 | let GLTF_BYTE = Int(GL_BYTE)
27 | let GLTF_UNSIGNED_BYTE = Int(GL_UNSIGNED_BYTE)
| `- error: cannot find 'GL_UNSIGNED_BYTE' in scope
28 | let GLTF_SHORT = Int(GL_SHORT)
29 | let GLTF_UNSIGNED_SHORT = Int(GL_UNSIGNED_SHORT)
/Users/admin/builder/spi-builder-workspace/.dependencies/checkouts/GLTFSceneKit/Sources/GLTFSceneKit/GLTFTypes.swift:28:22: error: cannot find 'GL_SHORT' in scope
26 | let GLTF_BYTE = Int(GL_BYTE)
27 | let GLTF_UNSIGNED_BYTE = Int(GL_UNSIGNED_BYTE)
28 | let GLTF_SHORT = Int(GL_SHORT)
| `- error: cannot find 'GL_SHORT' in scope
29 | let GLTF_UNSIGNED_SHORT = Int(GL_UNSIGNED_SHORT)
30 | let GLTF_UNSIGNED_INT = Int(GL_UNSIGNED_INT)
/Users/admin/builder/spi-builder-workspace/.dependencies/checkouts/GLTFSceneKit/Sources/GLTFSceneKit/GLTFTypes.swift:29:31: error: cannot find 'GL_UNSIGNED_SHORT' in scope
27 | let GLTF_UNSIGNED_BYTE = Int(GL_UNSIGNED_BYTE)
28 | let GLTF_SHORT = Int(GL_SHORT)
29 | let GLTF_UNSIGNED_SHORT = Int(GL_UNSIGNED_SHORT)
| `- error: cannot find 'GL_UNSIGNED_SHORT' in scope
30 | let GLTF_UNSIGNED_INT = Int(GL_UNSIGNED_INT)
31 | let GLTF_FLOAT = Int(GL_FLOAT)
/Users/admin/builder/spi-builder-workspace/.dependencies/checkouts/GLTFSceneKit/Sources/GLTFSceneKit/GLTFTypes.swift:30:29: error: cannot find 'GL_UNSIGNED_INT' in scope
28 | let GLTF_SHORT = Int(GL_SHORT)
29 | let GLTF_UNSIGNED_SHORT = Int(GL_UNSIGNED_SHORT)
30 | let GLTF_UNSIGNED_INT = Int(GL_UNSIGNED_INT)
| `- error: cannot find 'GL_UNSIGNED_INT' in scope
31 | let GLTF_FLOAT = Int(GL_FLOAT)
32 |
/Users/admin/builder/spi-builder-workspace/.dependencies/checkouts/GLTFSceneKit/Sources/GLTFSceneKit/GLTFTypes.swift:31:22: error: cannot find 'GL_FLOAT' in scope
29 | let GLTF_UNSIGNED_SHORT = Int(GL_UNSIGNED_SHORT)
30 | let GLTF_UNSIGNED_INT = Int(GL_UNSIGNED_INT)
31 | let GLTF_FLOAT = Int(GL_FLOAT)
| `- error: cannot find 'GL_FLOAT' in scope
32 |
33 | let GLTF_ARRAY_BUFFER = Int(GL_ARRAY_BUFFER)
/Users/admin/builder/spi-builder-workspace/.dependencies/checkouts/GLTFSceneKit/Sources/GLTFSceneKit/GLTFTypes.swift:33:29: error: cannot find 'GL_ARRAY_BUFFER' in scope
31 | let GLTF_FLOAT = Int(GL_FLOAT)
32 |
33 | let GLTF_ARRAY_BUFFER = Int(GL_ARRAY_BUFFER)
| `- error: cannot find 'GL_ARRAY_BUFFER' in scope
34 | let GLTF_ELEMENT_ARRAY_BUFFER = Int(GL_ELEMENT_ARRAY_BUFFER)
35 |
/Users/admin/builder/spi-builder-workspace/.dependencies/checkouts/GLTFSceneKit/Sources/GLTFSceneKit/GLTFTypes.swift:34:37: error: cannot find 'GL_ELEMENT_ARRAY_BUFFER' in scope
32 |
33 | let GLTF_ARRAY_BUFFER = Int(GL_ARRAY_BUFFER)
34 | let GLTF_ELEMENT_ARRAY_BUFFER = Int(GL_ELEMENT_ARRAY_BUFFER)
| `- error: cannot find 'GL_ELEMENT_ARRAY_BUFFER' in scope
35 |
36 | let GLTF_POINTS = Int(GL_POINTS)
/Users/admin/builder/spi-builder-workspace/.dependencies/checkouts/GLTFSceneKit/Sources/GLTFSceneKit/GLTFTypes.swift:36:23: error: cannot find 'GL_POINTS' in scope
34 | let GLTF_ELEMENT_ARRAY_BUFFER = Int(GL_ELEMENT_ARRAY_BUFFER)
35 |
36 | let GLTF_POINTS = Int(GL_POINTS)
| `- error: cannot find 'GL_POINTS' in scope
37 | let GLTF_LINES = Int(GL_LINES)
38 | let GLTF_LINE_LOOP = Int(GL_LINE_LOOP)
/Users/admin/builder/spi-builder-workspace/.dependencies/checkouts/GLTFSceneKit/Sources/GLTFSceneKit/GLTFTypes.swift:37:22: error: cannot find 'GL_LINES' in scope
35 |
36 | let GLTF_POINTS = Int(GL_POINTS)
37 | let GLTF_LINES = Int(GL_LINES)
| `- error: cannot find 'GL_LINES' in scope
38 | let GLTF_LINE_LOOP = Int(GL_LINE_LOOP)
39 | let GLTF_LINE_STRIP = Int(GL_LINE_STRIP)
/Users/admin/builder/spi-builder-workspace/.dependencies/checkouts/GLTFSceneKit/Sources/GLTFSceneKit/GLTFTypes.swift:38:26: error: cannot find 'GL_LINE_LOOP' in scope
36 | let GLTF_POINTS = Int(GL_POINTS)
37 | let GLTF_LINES = Int(GL_LINES)
38 | let GLTF_LINE_LOOP = Int(GL_LINE_LOOP)
| `- error: cannot find 'GL_LINE_LOOP' in scope
39 | let GLTF_LINE_STRIP = Int(GL_LINE_STRIP)
40 | let GLTF_TRIANGLES = Int(GL_TRIANGLES)
/Users/admin/builder/spi-builder-workspace/.dependencies/checkouts/GLTFSceneKit/Sources/GLTFSceneKit/GLTFTypes.swift:39:27: error: cannot find 'GL_LINE_STRIP' in scope
37 | let GLTF_LINES = Int(GL_LINES)
38 | let GLTF_LINE_LOOP = Int(GL_LINE_LOOP)
39 | let GLTF_LINE_STRIP = Int(GL_LINE_STRIP)
| `- error: cannot find 'GL_LINE_STRIP' in scope
40 | let GLTF_TRIANGLES = Int(GL_TRIANGLES)
41 | let GLTF_TRIANGLE_STRIP = Int(GL_TRIANGLE_STRIP)
/Users/admin/builder/spi-builder-workspace/.dependencies/checkouts/GLTFSceneKit/Sources/GLTFSceneKit/GLTFTypes.swift:40:26: error: cannot find 'GL_TRIANGLES' in scope
38 | let GLTF_LINE_LOOP = Int(GL_LINE_LOOP)
39 | let GLTF_LINE_STRIP = Int(GL_LINE_STRIP)
40 | let GLTF_TRIANGLES = Int(GL_TRIANGLES)
| `- error: cannot find 'GL_TRIANGLES' in scope
41 | let GLTF_TRIANGLE_STRIP = Int(GL_TRIANGLE_STRIP)
42 | let GLTF_TRIANGLE_FAN = Int(GL_TRIANGLE_FAN)
/Users/admin/builder/spi-builder-workspace/.dependencies/checkouts/GLTFSceneKit/Sources/GLTFSceneKit/GLTFTypes.swift:41:31: error: cannot find 'GL_TRIANGLE_STRIP' in scope
39 | let GLTF_LINE_STRIP = Int(GL_LINE_STRIP)
40 | let GLTF_TRIANGLES = Int(GL_TRIANGLES)
41 | let GLTF_TRIANGLE_STRIP = Int(GL_TRIANGLE_STRIP)
| `- error: cannot find 'GL_TRIANGLE_STRIP' in scope
42 | let GLTF_TRIANGLE_FAN = Int(GL_TRIANGLE_FAN)
43 |
/Users/admin/builder/spi-builder-workspace/.dependencies/checkouts/GLTFSceneKit/Sources/GLTFSceneKit/GLTFTypes.swift:42:29: error: cannot find 'GL_TRIANGLE_FAN' in scope
40 | let GLTF_TRIANGLES = Int(GL_TRIANGLES)
41 | let GLTF_TRIANGLE_STRIP = Int(GL_TRIANGLE_STRIP)
42 | let GLTF_TRIANGLE_FAN = Int(GL_TRIANGLE_FAN)
| `- error: cannot find 'GL_TRIANGLE_FAN' in scope
43 |
44 | let GLTF_NEAREST = Int(GL_NEAREST)
/Users/admin/builder/spi-builder-workspace/.dependencies/checkouts/GLTFSceneKit/Sources/GLTFSceneKit/GLTFTypes.swift:44:24: error: cannot find 'GL_NEAREST' in scope
42 | let GLTF_TRIANGLE_FAN = Int(GL_TRIANGLE_FAN)
43 |
44 | let GLTF_NEAREST = Int(GL_NEAREST)
| `- error: cannot find 'GL_NEAREST' in scope
45 | let GLTF_LINEAR = Int(GL_LINEAR)
46 | let GLTF_NEAREST_MIPMAP_NEAREST = Int(GL_NEAREST_MIPMAP_NEAREST)
/Users/admin/builder/spi-builder-workspace/.dependencies/checkouts/GLTFSceneKit/Sources/GLTFSceneKit/GLTFTypes.swift:45:23: error: cannot find 'GL_LINEAR' in scope
43 |
44 | let GLTF_NEAREST = Int(GL_NEAREST)
45 | let GLTF_LINEAR = Int(GL_LINEAR)
| `- error: cannot find 'GL_LINEAR' in scope
46 | let GLTF_NEAREST_MIPMAP_NEAREST = Int(GL_NEAREST_MIPMAP_NEAREST)
47 | let GLTF_LINEAR_MIPMAP_NEAREST = Int(GL_LINEAR_MIPMAP_NEAREST)
/Users/admin/builder/spi-builder-workspace/.dependencies/checkouts/GLTFSceneKit/Sources/GLTFSceneKit/GLTFTypes.swift:46:39: error: cannot find 'GL_NEAREST_MIPMAP_NEAREST' in scope
44 | let GLTF_NEAREST = Int(GL_NEAREST)
45 | let GLTF_LINEAR = Int(GL_LINEAR)
46 | let GLTF_NEAREST_MIPMAP_NEAREST = Int(GL_NEAREST_MIPMAP_NEAREST)
| `- error: cannot find 'GL_NEAREST_MIPMAP_NEAREST' in scope
47 | let GLTF_LINEAR_MIPMAP_NEAREST = Int(GL_LINEAR_MIPMAP_NEAREST)
48 | let GLTF_NEAREST_MIPMAP_LINEAR = Int(GL_NEAREST_MIPMAP_LINEAR)
/Users/admin/builder/spi-builder-workspace/.dependencies/checkouts/GLTFSceneKit/Sources/GLTFSceneKit/GLTFTypes.swift:47:38: error: cannot find 'GL_LINEAR_MIPMAP_NEAREST' in scope
45 | let GLTF_LINEAR = Int(GL_LINEAR)
46 | let GLTF_NEAREST_MIPMAP_NEAREST = Int(GL_NEAREST_MIPMAP_NEAREST)
47 | let GLTF_LINEAR_MIPMAP_NEAREST = Int(GL_LINEAR_MIPMAP_NEAREST)
| `- error: cannot find 'GL_LINEAR_MIPMAP_NEAREST' in scope
48 | let GLTF_NEAREST_MIPMAP_LINEAR = Int(GL_NEAREST_MIPMAP_LINEAR)
49 | let GLTF_LINEAR_MIPMAP_LINEAR = Int(GL_LINEAR_MIPMAP_LINEAR)
/Users/admin/builder/spi-builder-workspace/.dependencies/checkouts/GLTFSceneKit/Sources/GLTFSceneKit/GLTFTypes.swift:48:38: error: cannot find 'GL_NEAREST_MIPMAP_LINEAR' in scope
46 | let GLTF_NEAREST_MIPMAP_NEAREST = Int(GL_NEAREST_MIPMAP_NEAREST)
47 | let GLTF_LINEAR_MIPMAP_NEAREST = Int(GL_LINEAR_MIPMAP_NEAREST)
48 | let GLTF_NEAREST_MIPMAP_LINEAR = Int(GL_NEAREST_MIPMAP_LINEAR)
| `- error: cannot find 'GL_NEAREST_MIPMAP_LINEAR' in scope
49 | let GLTF_LINEAR_MIPMAP_LINEAR = Int(GL_LINEAR_MIPMAP_LINEAR)
50 |
/Users/admin/builder/spi-builder-workspace/.dependencies/checkouts/GLTFSceneKit/Sources/GLTFSceneKit/GLTFTypes.swift:49:37: error: cannot find 'GL_LINEAR_MIPMAP_LINEAR' in scope
47 | let GLTF_LINEAR_MIPMAP_NEAREST = Int(GL_LINEAR_MIPMAP_NEAREST)
48 | let GLTF_NEAREST_MIPMAP_LINEAR = Int(GL_NEAREST_MIPMAP_LINEAR)
49 | let GLTF_LINEAR_MIPMAP_LINEAR = Int(GL_LINEAR_MIPMAP_LINEAR)
| `- error: cannot find 'GL_LINEAR_MIPMAP_LINEAR' in scope
50 |
51 | let GLTF_CLAMP_TO_EDGE = Int(GL_CLAMP_TO_EDGE)
/Users/admin/builder/spi-builder-workspace/.dependencies/checkouts/GLTFSceneKit/Sources/GLTFSceneKit/GLTFTypes.swift:51:30: error: cannot find 'GL_CLAMP_TO_EDGE' in scope
49 | let GLTF_LINEAR_MIPMAP_LINEAR = Int(GL_LINEAR_MIPMAP_LINEAR)
50 |
51 | let GLTF_CLAMP_TO_EDGE = Int(GL_CLAMP_TO_EDGE)
| `- error: cannot find 'GL_CLAMP_TO_EDGE' in scope
52 | let GLTF_MIRRORED_REPEAT = Int(GL_MIRRORED_REPEAT)
53 | let GLTF_REPEAT = Int(GL_REPEAT)
/Users/admin/builder/spi-builder-workspace/.dependencies/checkouts/GLTFSceneKit/Sources/GLTFSceneKit/GLTFTypes.swift:52:32: error: cannot find 'GL_MIRRORED_REPEAT' in scope
50 |
51 | let GLTF_CLAMP_TO_EDGE = Int(GL_CLAMP_TO_EDGE)
52 | let GLTF_MIRRORED_REPEAT = Int(GL_MIRRORED_REPEAT)
| `- error: cannot find 'GL_MIRRORED_REPEAT' in scope
53 | let GLTF_REPEAT = Int(GL_REPEAT)
54 |
/Users/admin/builder/spi-builder-workspace/.dependencies/checkouts/GLTFSceneKit/Sources/GLTFSceneKit/GLTFTypes.swift:53:23: error: cannot find 'GL_REPEAT' in scope
51 | let GLTF_CLAMP_TO_EDGE = Int(GL_CLAMP_TO_EDGE)
52 | let GLTF_MIRRORED_REPEAT = Int(GL_MIRRORED_REPEAT)
53 | let GLTF_REPEAT = Int(GL_REPEAT)
| `- error: cannot find 'GL_REPEAT' in scope
54 |
55 | let usesFloatComponentsMap: [Int: Bool] = [
/Users/admin/builder/spi-builder-workspace/.dependencies/checkouts/GLTFSceneKit/Sources/GLTFSceneKit/GLTFTypes.swift:113:23: error: cannot find type 'UIColor' in scope
111 | #elseif os(iOS) || os(tvOS) || os(watchOS)
112 | typealias Image = UIImage
113 | typealias Color = UIColor
| `- error: cannot find type 'UIColor' in scope
114 | #endif
115 |
/Users/admin/builder/spi-builder-workspace/.dependencies/checkouts/GLTFSceneKit/Sources/GLTFSceneKit/GLTFUnarchiver.swift:30:39: error: 'CAAnimation' is unavailable in watchOS
28 | internal var nodes: [SCNNode?] = []
29 | internal var skins: [SCNSkinner?] = []
30 | internal var animationChannels: [[CAAnimation?]?] = []
| `- error: 'CAAnimation' is unavailable in watchOS
31 | internal var animationSamplers: [[CAAnimation?]?] = []
32 | internal var meshes: [SCNNode?] = []
/Applications/Xcode-27.0.0-Release.Candidate.app/Contents/Developer/Platforms/WatchOS.platform/Developer/SDKs/WatchOS27.0.sdk/System/Library/Frameworks/QuartzCore.framework/Headers/CAAnimation.h:25:12: note: 'CAAnimation' has been explicitly marked unavailable here
23 |
24 | API_AVAILABLE(macos(10.5), ios(2.0), tvos(9.0)) API_UNAVAILABLE(watchos)
25 | @interface CAAnimation : NSObject
| `- note: 'CAAnimation' has been explicitly marked unavailable here
26 | <NSSecureCoding, NSCopying, CAMediaTiming, CAAction>
27 | {
/Users/admin/builder/spi-builder-workspace/.dependencies/checkouts/GLTFSceneKit/Sources/GLTFSceneKit/GLTFUnarchiver.swift:31:39: error: 'CAAnimation' is unavailable in watchOS
29 | internal var skins: [SCNSkinner?] = []
30 | internal var animationChannels: [[CAAnimation?]?] = []
31 | internal var animationSamplers: [[CAAnimation?]?] = []
| `- error: 'CAAnimation' is unavailable in watchOS
32 | internal var meshes: [SCNNode?] = []
33 | internal var accessors: [Any?] = []
/Applications/Xcode-27.0.0-Release.Candidate.app/Contents/Developer/Platforms/WatchOS.platform/Developer/SDKs/WatchOS27.0.sdk/System/Library/Frameworks/QuartzCore.framework/Headers/CAAnimation.h:25:12: note: 'CAAnimation' has been explicitly marked unavailable here
23 |
24 | API_AVAILABLE(macos(10.5), ios(2.0), tvos(9.0)) API_UNAVAILABLE(watchos)
25 | @interface CAAnimation : NSObject
| `- note: 'CAAnimation' has been explicitly marked unavailable here
26 | <NSSecureCoding, NSCopying, CAMediaTiming, CAAction>
27 | {
/Users/admin/builder/spi-builder-workspace/.dependencies/checkouts/GLTFSceneKit/Sources/GLTFSceneKit/GLTFUnarchiver.swift:1214:96: error: 'CAAnimationGroup' is unavailable in watchOS
1212 | }
1213 |
1214 | private func loadAnimationSampler(index: Int, sampler: Int, flipW: Bool = false) throws -> CAAnimationGroup {
| `- error: 'CAAnimationGroup' is unavailable in watchOS
1215 | guard index < self.animationSamplers.count else {
1216 | throw GLTFUnarchiveError.DataInconsistent("loadAnimationSampler: out of index: \(index) < \(self.animationSamplers.count)")
/Applications/Xcode-27.0.0-Release.Candidate.app/Contents/Developer/Platforms/WatchOS.platform/Developer/SDKs/WatchOS27.0.sdk/System/Library/Frameworks/QuartzCore.framework/Headers/CAAnimation.h:383:12: note: 'CAAnimationGroup' has been explicitly marked unavailable here
381 |
382 | API_AVAILABLE(macos(10.5), ios(2.0), tvos(9.0)) API_UNAVAILABLE(watchos)
383 | @interface CAAnimationGroup : CAAnimation
| `- note: 'CAAnimationGroup' has been explicitly marked unavailable here
384 |
385 | /* An array of CAAnimation objects. Each member of the array will run
/Users/admin/builder/spi-builder-workspace/.dependencies/checkouts/GLTFSceneKit/Sources/GLTFSceneKit/GLTFUnarchiver.swift:1266:99: error: 'CAAnimationGroup' is unavailable in watchOS
1264 | }
1265 |
1266 | private func loadWeightAnimationsSampler(index: Int, sampler: Int, paths: [String]) throws -> CAAnimationGroup {
| `- error: 'CAAnimationGroup' is unavailable in watchOS
1267 | guard index < self.animationSamplers.count else {
1268 | throw GLTFUnarchiveError.DataInconsistent("loadWeightAnimationsSampler: out of index: \(index) < \(self.animationSamplers.count)")
/Applications/Xcode-27.0.0-Release.Candidate.app/Contents/Developer/Platforms/WatchOS.platform/Developer/SDKs/WatchOS27.0.sdk/System/Library/Frameworks/QuartzCore.framework/Headers/CAAnimation.h:383:12: note: 'CAAnimationGroup' has been explicitly marked unavailable here
381 |
382 | API_AVAILABLE(macos(10.5), ios(2.0), tvos(9.0)) API_UNAVAILABLE(watchos)
383 | @interface CAAnimationGroup : CAAnimation
| `- note: 'CAAnimationGroup' has been explicitly marked unavailable here
384 |
385 | /* An array of CAAnimation objects. Each member of the array will run
SwiftCompile normal arm64 (in target 'GLTFSceneKit' from project 'GLTFSceneKit')
cd /Users/admin/builder/spi-builder-workspace/.swiftpm/xcode
SwiftCompile normal arm64 Compiling\ GLTFCameraPerspective.swift,\ GLTFExtension.swift,\ GLTFExtras.swift,\ GLTFExtrasTargetNames.swift,\ GLTFGlTF.swift /Users/admin/builder/spi-builder-workspace/.dependencies/checkouts/GLTFSceneKit/Sources/GLTFSceneKit/schema/GLTFCameraPerspective.swift /Users/admin/builder/spi-builder-workspace/.dependencies/checkouts/GLTFSceneKit/Sources/GLTFSceneKit/schema/GLTFExtension.swift /Users/admin/builder/spi-builder-workspace/.dependencies/checkouts/GLTFSceneKit/Sources/GLTFSceneKit/schema/GLTFExtras.swift /Users/admin/builder/spi-builder-workspace/.dependencies/checkouts/GLTFSceneKit/Sources/GLTFSceneKit/schema/GLTFExtrasTargetNames.swift /Users/admin/builder/spi-builder-workspace/.dependencies/checkouts/GLTFSceneKit/Sources/GLTFSceneKit/schema/GLTFGlTF.swift (in target 'GLTFSceneKit' from project 'GLTFSceneKit')
SwiftCompile normal arm64 /Users/admin/builder/spi-builder-workspace/.dependencies/checkouts/GLTFSceneKit/Sources/GLTFSceneKit/schema/GLTFCameraPerspective.swift (in target 'GLTFSceneKit' from project 'GLTFSceneKit')
cd /Users/admin/builder/spi-builder-workspace/.swiftpm/xcode
builtin-SwiftPerFileCompile GLTFCameraPerspective.swift
SwiftCompile normal arm64 /Users/admin/builder/spi-builder-workspace/.dependencies/checkouts/GLTFSceneKit/Sources/GLTFSceneKit/schema/GLTFExtension.swift (in target 'GLTFSceneKit' from project 'GLTFSceneKit')
cd /Users/admin/builder/spi-builder-workspace/.swiftpm/xcode
builtin-SwiftPerFileCompile GLTFExtension.swift
SwiftCompile normal arm64 /Users/admin/builder/spi-builder-workspace/.dependencies/checkouts/GLTFSceneKit/Sources/GLTFSceneKit/schema/GLTFExtras.swift (in target 'GLTFSceneKit' from project 'GLTFSceneKit')
cd /Users/admin/builder/spi-builder-workspace/.swiftpm/xcode
builtin-SwiftPerFileCompile GLTFExtras.swift
SwiftCompile normal arm64 /Users/admin/builder/spi-builder-workspace/.dependencies/checkouts/GLTFSceneKit/Sources/GLTFSceneKit/schema/GLTFExtrasTargetNames.swift (in target 'GLTFSceneKit' from project 'GLTFSceneKit')
cd /Users/admin/builder/spi-builder-workspace/.swiftpm/xcode
builtin-SwiftPerFileCompile GLTFExtrasTargetNames.swift
SwiftCompile normal arm64 /Users/admin/builder/spi-builder-workspace/.dependencies/checkouts/GLTFSceneKit/Sources/GLTFSceneKit/schema/GLTFGlTF.swift (in target 'GLTFSceneKit' from project 'GLTFSceneKit')
cd /Users/admin/builder/spi-builder-workspace/.swiftpm/xcode
builtin-SwiftPerFileCompile GLTFGlTF.swift
SwiftExplicitDependencyGeneratePcm arm64 /Users/admin/builder/spi-builder-workspace/.derivedData/SDKExplicitPrecompiledModules/WatchKit-3VT3K8YON6FJ6OWSUFJMFMP8J.pcm
SwiftExplicitDependencyGeneratePcm arm64_32 /Users/admin/builder/spi-builder-workspace/.derivedData/SDKExplicitPrecompiledModules/SwiftUI-9AYG9OCT5VOJK7V4MX1WYR86T.pcm
PruneExplicitPrecompiledModules /Users/admin/builder/spi-builder-workspace/.derivedData/Build/Intermediates.noindex/SwiftExplicitPrecompiledModules
PruneExplicitPrecompiledModules /Users/admin/builder/spi-builder-workspace/.derivedData/Build/Intermediates.noindex/ExplicitPrecompiledModules
PruneExplicitPrecompiledModules /Users/admin/builder/spi-builder-workspace/.derivedData/SDKExplicitPrecompiledModules
2026-09-19 18:10:08.389 xcodebuild[756:4534] [MT] IDERunDestination: Supported platforms for the buildables in the current scheme is empty.
** BUILD FAILED **
The following build commands failed:
SwiftEmitModule normal arm64_32 Emitting\ module\ for\ GLTFSceneKit (in target 'GLTFSceneKit' from project 'GLTFSceneKit')
SwiftCompile normal arm64_32 (in target 'GLTFSceneKit' from project 'GLTFSceneKit')
Building workspace Model3DView with scheme Model3DView
(3 failures)
Command line invocation:
/Applications/Xcode-27.0.0-Release.Candidate.app/Contents/Developer/usr/bin/xcodebuild -IDEClonedSourcePackagesDirPathOverride=/Users/admin/builder/spi-builder-workspace/.dependencies -resolvePackageDependencies
Resolve Package Graph
Resolved source packages:
DisplayLink: https://github.com/timdonnelly/DisplayLink @ 0.2.0
Model3DView: /Users/admin/builder/spi-builder-workspace
GLTFSceneKit: https://github.com/frzi/GLTFSceneKit @ 0.4.1
resolved source packages: DisplayLink, Model3DView, GLTFSceneKit
2026-09-19 18:10:15.261 xcodebuild[918:5305] [MT] IDERunDestination: Supported platforms for the buildables in the current scheme is empty.
{
"dependencies" : [
{
"identity" : "gltfscenekit",
"requirement" : {
"range" : [
{
"lower_bound" : "0.3.1",
"upper_bound" : "1.0.0"
}
]
},
"type" : "sourceControl",
"url" : "https://github.com/frzi/GLTFSceneKit"
},
{
"identity" : "displaylink",
"requirement" : {
"range" : [
{
"lower_bound" : "0.2.0",
"upper_bound" : "1.0.0"
}
]
},
"type" : "sourceControl",
"url" : "https://github.com/timdonnelly/DisplayLink"
}
],
"manifest_display_name" : "Model3DView",
"name" : "Model3DView",
"path" : "/Users/admin/builder/spi-builder-workspace",
"platforms" : [
{
"name" : "macos",
"version" : "11.0"
},
{
"name" : "ios",
"version" : "14.0"
},
{
"name" : "tvos",
"version" : "14.0"
}
],
"products" : [
{
"name" : "Model3DView",
"targets" : [
"Model3DView"
],
"type" : {
"library" : [
"automatic"
]
}
}
],
"targets" : [
{
"c99name" : "Model3DViewTests",
"module_type" : "SwiftTarget",
"name" : "Model3DViewTests",
"path" : "Tests/Model3DViewTests",
"sources" : [
"Model3DViewTests.swift"
],
"target_dependencies" : [
"Model3DView"
],
"type" : "test"
},
{
"c99name" : "Model3DView",
"module_type" : "SwiftTarget",
"name" : "Model3DView",
"path" : "Sources/Model3DView",
"product_dependencies" : [
"GLTFSceneKit",
"DisplayLink"
],
"product_memberships" : [
"Model3DView"
],
"sources" : [
"Camera/CameraControls.swift",
"Camera/Cameras.swift",
"EnvironmentValues.swift",
"Model3DView.swift",
"Transform3D.swift",
"Types.swift",
"Utils/Euler.swift",
"Utils/Math.swift",
"Utils/ResourcesCache.swift",
"View+Modifiers.swift"
],
"type" : "library"
}
],
"tools_version" : "5.5"
}
{
"workspace" : {
"name" : "Model3DView",
"schemes" : [
"Model3DView"
]
}
}
2026-09-19 18:10:16.570 xcodebuild[926:5374] [MT] IDERunDestination: Supported platforms for the buildables in the current scheme is empty.
Running build ...
env DEVELOPER_DIR=/Applications/Xcode-27.0.0-Release.Candidate.app xcrun xcodebuild -IDEClonedSourcePackagesDirPathOverride=$PWD/.dependencies -skipMacroValidation -skipPackagePluginValidation -derivedDataPath $PWD/.derivedData build -scheme Model3DView -destination generic/platform=watchOS
Command line invocation:
/Applications/Xcode-27.0.0-Release.Candidate.app/Contents/Developer/usr/bin/xcodebuild -IDEClonedSourcePackagesDirPathOverride=/Users/admin/builder/spi-builder-workspace/.dependencies -skipMacroValidation -skipPackagePluginValidation -derivedDataPath /Users/admin/builder/spi-builder-workspace/.derivedData build -scheme Model3DView -destination generic/platform=watchOS
Resolve Package Graph
Resolved source packages:
DisplayLink: https://github.com/timdonnelly/DisplayLink @ 0.2.0
Model3DView: /Users/admin/builder/spi-builder-workspace
GLTFSceneKit: https://github.com/frzi/GLTFSceneKit @ 0.4.1
ComputePackagePrebuildTargetDependencyGraph
Prepare packages
CreateBuildRequest
SendProjectDescription
CreateBuildOperation
ComputeTargetDependencyGraph
note: Building targets in dependency order
note: Target dependency graph (7 targets)
Target 'Model3DView-product' in project 'Model3DView'
➜ Explicit dependency on target 'Model3DView' in project 'Model3DView'
➜ Explicit dependency on target 'GLTFSceneKit-product' in project 'GLTFSceneKit'
➜ Explicit dependency on target 'DisplayLink-product' in project 'DisplayLink'
Target 'Model3DView' in project 'Model3DView'
➜ Explicit dependency on target 'GLTFSceneKit-product' in project 'GLTFSceneKit'
➜ Explicit dependency on target 'DisplayLink-product' in project 'DisplayLink'
Target 'DisplayLink-product' in project 'DisplayLink'
➜ Explicit dependency on target 'DisplayLink' in project 'DisplayLink'
Target 'DisplayLink' in project 'DisplayLink' (no dependencies)
Target 'GLTFSceneKit-product' in project 'GLTFSceneKit'
➜ Explicit dependency on target 'GLTFSceneKit' in project 'GLTFSceneKit'
➜ Explicit dependency on target 'GLTFSceneKit_GLTFSceneKit' in project 'GLTFSceneKit'
Target 'GLTFSceneKit' in project 'GLTFSceneKit'
➜ Explicit dependency on target 'GLTFSceneKit_GLTFSceneKit' in project 'GLTFSceneKit'
Target 'GLTFSceneKit_GLTFSceneKit' in project 'GLTFSceneKit' (no dependencies)
GatherProvisioningInputs
CreateBuildDescription
ClangStatCache /Applications/Xcode-27.0.0-Release.Candidate.app/Contents/Developer/Toolchains/XcodeDefault.xctoolchain/usr/bin/clang-stat-cache /Applications/Xcode-27.0.0-Release.Candidate.app/Contents/Developer/Platforms/WatchOS.platform/Developer/SDKs/WatchOS27.0.sdk /Users/admin/builder/spi-builder-workspace/.derivedData/SDKStatCaches.noindex/watchos27.0-24R360-e829b21a6f8c9b70876ba0858053c04477534ef55a1706bf4c1112bbb242f0a2.sdkstatcache
cd /Users/admin/builder/spi-builder-workspace/.swiftpm/xcode
/Applications/Xcode-27.0.0-Release.Candidate.app/Contents/Developer/Toolchains/XcodeDefault.xctoolchain/usr/bin/clang-stat-cache /Applications/Xcode-27.0.0-Release.Candidate.app/Contents/Developer/Platforms/WatchOS.platform/Developer/SDKs/WatchOS27.0.sdk -o /Users/admin/builder/spi-builder-workspace/.derivedData/SDKStatCaches.noindex/watchos27.0-24R360-e829b21a6f8c9b70876ba0858053c04477534ef55a1706bf4c1112bbb242f0a2.sdkstatcache
SwiftDriver DisplayLink normal arm64 com.apple.xcode.tools.swift.compiler (in target 'DisplayLink' from project 'DisplayLink')
cd /Users/admin/builder/spi-builder-workspace/.swiftpm/xcode
builtin-SwiftDriver -- /Applications/Xcode-27.0.0-Release.Candidate.app/Contents/Developer/Toolchains/XcodeDefault.xctoolchain/usr/bin/swiftc -parse-as-library -module-name DisplayLink -Onone @/Users/admin/builder/spi-builder-workspace/.derivedData/Build/Intermediates.noindex/DisplayLink.build/Debug-watchos/DisplayLink-t.build/Objects-normal/arm64/DisplayLink.SwiftFileList -DSWIFT_PACKAGE -DDEBUG -DSWIFT_MODULE_RESOURCE_BUNDLE_UNAVAILABLE -DXcode -plugin-path /Applications/Xcode-27.0.0-Release.Candidate.app/Contents/Developer/Toolchains/XcodeDefault.xctoolchain/usr/lib/swift/host/plugins/testing -enable-experimental-feature DebugDescriptionMacro -sdk /Applications/Xcode-27.0.0-Release.Candidate.app/Contents/Developer/Platforms/WatchOS.platform/Developer/SDKs/WatchOS27.0.sdk -target arm64-apple-watchos9.0 -g -module-cache-path /Users/admin/builder/spi-builder-workspace/.derivedData/ModuleCache.noindex -Xfrontend -serialize-debugging-options -profile-coverage-mapping -profile-generate -enable-testing -suppress-warnings -index-store-path /Users/admin/builder/spi-builder-workspace/.derivedData/Index.noindex/DataStore -Xcc -D_LIBCPP_HARDENING_MODE\=_LIBCPP_HARDENING_MODE_DEBUG -swift-version 5 -I /Users/admin/builder/spi-builder-workspace/.derivedData/Build/Products/Debug-watchos -Isystem /Applications/Xcode-27.0.0-Release.Candidate.app/Contents/Developer/Platforms/WatchOS.platform/Developer/usr/lib -F /Users/admin/builder/spi-builder-workspace/.derivedData/Build/Products/Debug-watchos -F /Applications/Xcode-27.0.0-Release.Candidate.app/Contents/Developer/Platforms/WatchOS.platform/Developer/Library/Frameworks -F /Applications/Xcode-27.0.0-Release.Candidate.app/Contents/Developer/Platforms/WatchOS.platform/Developer/SDKs/WatchOS27.0.sdk/Developer/Library/Frameworks -c -j10 -enable-batch-mode -incremental -Xcc -ivfsstatcache -Xcc /Users/admin/builder/spi-builder-workspace/.derivedData/SDKStatCaches.noindex/watchos27.0-24R360-e829b21a6f8c9b70876ba0858053c04477534ef55a1706bf4c1112bbb242f0a2.sdkstatcache -output-file-map /Users/admin/builder/spi-builder-workspace/.derivedData/Build/Intermediates.noindex/DisplayLink.build/Debug-watchos/DisplayLink-t.build/Objects-normal/arm64/DisplayLink-OutputFileMap.json -save-temps -no-color-diagnostics -explicit-module-build -module-cache-path /Users/admin/builder/spi-builder-workspace/.derivedData/Build/Intermediates.noindex/SwiftExplicitPrecompiledModules -clang-scanner-module-cache-path /Users/admin/builder/spi-builder-workspace/.derivedData/ModuleCache.noindex -sdk-module-cache-path /Users/admin/builder/spi-builder-workspace/.derivedData/SDKExplicitPrecompiledModules -emit-dependencies -emit-module -emit-module-path /Users/admin/builder/spi-builder-workspace/.derivedData/Build/Intermediates.noindex/DisplayLink.build/Debug-watchos/DisplayLink-t.build/Objects-normal/arm64/DisplayLink.swiftmodule -serialize-diagnostics -dependency-scan-serialize-diagnostics-path /Users/admin/builder/spi-builder-workspace/.derivedData/Build/Intermediates.noindex/DisplayLink.build/Debug-watchos/DisplayLink-t.build/Objects-normal/arm64/DisplayLink-dependency-scan.dia -validate-clang-modules-once -clang-build-session-file /Users/admin/builder/spi-builder-workspace/.derivedData/ModuleCache.noindex/Session.modulevalidation -Xcc -fmodules-prune-interval\=86400 -Xcc -fmodules-prune-after\=345600 -emit-const-values -const-gather-protocols-list /Users/admin/builder/spi-builder-workspace/.derivedData/Build/Intermediates.noindex/DisplayLink.build/Debug-watchos/DisplayLink-t.build/Objects-normal/arm64/DisplayLink_const_extract_protocols.json -Xcc -I/Users/admin/builder/spi-builder-workspace/.derivedData/Build/Products/Debug-watchos/include -Xcc -I/Users/admin/builder/spi-builder-workspace/.derivedData/Build/Intermediates.noindex/DisplayLink.build/Debug-watchos/DisplayLink-t.build/DerivedSources-normal/arm64 -Xcc -I/Users/admin/builder/spi-builder-workspace/.derivedData/Build/Intermediates.noindex/DisplayLink.build/Debug-watchos/DisplayLink-t.build/DerivedSources/arm64 -Xcc -I/Users/admin/builder/spi-builder-workspace/.derivedData/Build/Intermediates.noindex/DisplayLink.build/Debug-watchos/DisplayLink-t.build/DerivedSources -Xcc -DSWIFT_PACKAGE -Xcc -DDEBUG\=1 -emit-objc-header -emit-objc-header-path /Users/admin/builder/spi-builder-workspace/.derivedData/Build/Intermediates.noindex/DisplayLink.build/Debug-watchos/DisplayLink-t.build/Objects-normal/arm64/DisplayLink-Swift.h -working-directory /Users/admin/builder/spi-builder-workspace/.swiftpm/xcode -experimental-emit-module-separately -disable-cmo
SwiftDriver GLTFSceneKit normal arm64 com.apple.xcode.tools.swift.compiler (in target 'GLTFSceneKit' from project 'GLTFSceneKit')
cd /Users/admin/builder/spi-builder-workspace/.swiftpm/xcode
builtin-SwiftDriver -- /Applications/Xcode-27.0.0-Release.Candidate.app/Contents/Developer/Toolchains/XcodeDefault.xctoolchain/usr/bin/swiftc -parse-as-library -module-name GLTFSceneKit -Onone @/Users/admin/builder/spi-builder-workspace/.derivedData/Build/Intermediates.noindex/GLTFSceneKit.build/Debug-watchos/GLTFSceneKit-t.build/Objects-normal/arm64/GLTFSceneKit.SwiftFileList -DSWIFT_PACKAGE -DDEBUG -DSWIFT_MODULE_RESOURCE_BUNDLE_AVAILABLE -DXcode -plugin-path /Applications/Xcode-27.0.0-Release.Candidate.app/Contents/Developer/Toolchains/XcodeDefault.xctoolchain/usr/lib/swift/host/plugins/testing -enable-experimental-feature DebugDescriptionMacro -sdk /Applications/Xcode-27.0.0-Release.Candidate.app/Contents/Developer/Platforms/WatchOS.platform/Developer/SDKs/WatchOS27.0.sdk -target arm64-apple-watchos9.0 -g -module-cache-path /Users/admin/builder/spi-builder-workspace/.derivedData/ModuleCache.noindex -Xfrontend -serialize-debugging-options -profile-coverage-mapping -profile-generate -enable-testing -suppress-warnings -index-store-path /Users/admin/builder/spi-builder-workspace/.derivedData/Index.noindex/DataStore -Xcc -D_LIBCPP_HARDENING_MODE\=_LIBCPP_HARDENING_MODE_DEBUG -swift-version 5 -I /Users/admin/builder/spi-builder-workspace/.derivedData/Build/Products/Debug-watchos -Isystem /Applications/Xcode-27.0.0-Release.Candidate.app/Contents/Developer/Platforms/WatchOS.platform/Developer/usr/lib -F /Users/admin/builder/spi-builder-workspace/.derivedData/Build/Products/Debug-watchos -F /Applications/Xcode-27.0.0-Release.Candidate.app/Contents/Developer/Platforms/WatchOS.platform/Developer/Library/Frameworks -F /Applications/Xcode-27.0.0-Release.Candidate.app/Contents/Developer/Platforms/WatchOS.platform/Developer/SDKs/WatchOS27.0.sdk/Developer/Library/Frameworks -c -j10 -enable-batch-mode -incremental -Xcc -ivfsstatcache -Xcc /Users/admin/builder/spi-builder-workspace/.derivedData/SDKStatCaches.noindex/watchos27.0-24R360-e829b21a6f8c9b70876ba0858053c04477534ef55a1706bf4c1112bbb242f0a2.sdkstatcache -output-file-map /Users/admin/builder/spi-builder-workspace/.derivedData/Build/Intermediates.noindex/GLTFSceneKit.build/Debug-watchos/GLTFSceneKit-t.build/Objects-normal/arm64/GLTFSceneKit-OutputFileMap.json -save-temps -no-color-diagnostics -explicit-module-build -module-cache-path /Users/admin/builder/spi-builder-workspace/.derivedData/Build/Intermediates.noindex/SwiftExplicitPrecompiledModules -clang-scanner-module-cache-path /Users/admin/builder/spi-builder-workspace/.derivedData/ModuleCache.noindex -sdk-module-cache-path /Users/admin/builder/spi-builder-workspace/.derivedData/SDKExplicitPrecompiledModules -emit-dependencies -emit-module -emit-module-path /Users/admin/builder/spi-builder-workspace/.derivedData/Build/Intermediates.noindex/GLTFSceneKit.build/Debug-watchos/GLTFSceneKit-t.build/Objects-normal/arm64/GLTFSceneKit.swiftmodule -serialize-diagnostics -dependency-scan-serialize-diagnostics-path /Users/admin/builder/spi-builder-workspace/.derivedData/Build/Intermediates.noindex/GLTFSceneKit.build/Debug-watchos/GLTFSceneKit-t.build/Objects-normal/arm64/GLTFSceneKit-dependency-scan.dia -validate-clang-modules-once -clang-build-session-file /Users/admin/builder/spi-builder-workspace/.derivedData/ModuleCache.noindex/Session.modulevalidation -Xcc -fmodules-prune-interval\=86400 -Xcc -fmodules-prune-after\=345600 -emit-const-values -const-gather-protocols-list /Users/admin/builder/spi-builder-workspace/.derivedData/Build/Intermediates.noindex/GLTFSceneKit.build/Debug-watchos/GLTFSceneKit-t.build/Objects-normal/arm64/GLTFSceneKit_const_extract_protocols.json -Xcc -I/Users/admin/builder/spi-builder-workspace/.derivedData/Build/Products/Debug-watchos/include -Xcc -I/Users/admin/builder/spi-builder-workspace/.derivedData/Build/Intermediates.noindex/GLTFSceneKit.build/Debug-watchos/GLTFSceneKit-t.build/DerivedSources-normal/arm64 -Xcc -I/Users/admin/builder/spi-builder-workspace/.derivedData/Build/Intermediates.noindex/GLTFSceneKit.build/Debug-watchos/GLTFSceneKit-t.build/DerivedSources/arm64 -Xcc -I/Users/admin/builder/spi-builder-workspace/.derivedData/Build/Intermediates.noindex/GLTFSceneKit.build/Debug-watchos/GLTFSceneKit-t.build/DerivedSources -Xcc -DSWIFT_PACKAGE -Xcc -DDEBUG\=1 -emit-objc-header -emit-objc-header-path /Users/admin/builder/spi-builder-workspace/.derivedData/Build/Intermediates.noindex/GLTFSceneKit.build/Debug-watchos/GLTFSceneKit-t.build/Objects-normal/arm64/GLTFSceneKit-Swift.h -working-directory /Users/admin/builder/spi-builder-workspace/.swiftpm/xcode -experimental-emit-module-separately -disable-cmo
SwiftDriver GLTFSceneKit normal arm64_32 com.apple.xcode.tools.swift.compiler (in target 'GLTFSceneKit' from project 'GLTFSceneKit')
cd /Users/admin/builder/spi-builder-workspace/.swiftpm/xcode
builtin-SwiftDriver -- /Applications/Xcode-27.0.0-Release.Candidate.app/Contents/Developer/Toolchains/XcodeDefault.xctoolchain/usr/bin/swiftc -parse-as-library -module-name GLTFSceneKit -Onone @/Users/admin/builder/spi-builder-workspace/.derivedData/Build/Intermediates.noindex/GLTFSceneKit.build/Debug-watchos/GLTFSceneKit-t.build/Objects-normal/arm64_32/GLTFSceneKit.SwiftFileList -DSWIFT_PACKAGE -DDEBUG -DSWIFT_MODULE_RESOURCE_BUNDLE_AVAILABLE -DXcode -plugin-path /Applications/Xcode-27.0.0-Release.Candidate.app/Contents/Developer/Toolchains/XcodeDefault.xctoolchain/usr/lib/swift/host/plugins/testing -enable-experimental-feature DebugDescriptionMacro -sdk /Applications/Xcode-27.0.0-Release.Candidate.app/Contents/Developer/Platforms/WatchOS.platform/Developer/SDKs/WatchOS27.0.sdk -target arm64_32-apple-watchos9.0 -g -module-cache-path /Users/admin/builder/spi-builder-workspace/.derivedData/ModuleCache.noindex -Xfrontend -serialize-debugging-options -profile-coverage-mapping -profile-generate -enable-testing -suppress-warnings -index-store-path /Users/admin/builder/spi-builder-workspace/.derivedData/Index.noindex/DataStore -Xcc -D_LIBCPP_HARDENING_MODE\=_LIBCPP_HARDENING_MODE_DEBUG -swift-version 5 -I /Users/admin/builder/spi-builder-workspace/.derivedData/Build/Products/Debug-watchos -Isystem /Applications/Xcode-27.0.0-Release.Candidate.app/Contents/Developer/Platforms/WatchOS.platform/Developer/usr/lib -F /Users/admin/builder/spi-builder-workspace/.derivedData/Build/Products/Debug-watchos -F /Applications/Xcode-27.0.0-Release.Candidate.app/Contents/Developer/Platforms/WatchOS.platform/Developer/Library/Frameworks -F /Applications/Xcode-27.0.0-Release.Candidate.app/Contents/Developer/Platforms/WatchOS.platform/Developer/SDKs/WatchOS27.0.sdk/Developer/Library/Frameworks -c -j10 -enable-batch-mode -incremental -Xcc -ivfsstatcache -Xcc /Users/admin/builder/spi-builder-workspace/.derivedData/SDKStatCaches.noindex/watchos27.0-24R360-e829b21a6f8c9b70876ba0858053c04477534ef55a1706bf4c1112bbb242f0a2.sdkstatcache -output-file-map /Users/admin/builder/spi-builder-workspace/.derivedData/Build/Intermediates.noindex/GLTFSceneKit.build/Debug-watchos/GLTFSceneKit-t.build/Objects-normal/arm64_32/GLTFSceneKit-OutputFileMap.json -save-temps -no-color-diagnostics -explicit-module-build -module-cache-path /Users/admin/builder/spi-builder-workspace/.derivedData/Build/Intermediates.noindex/SwiftExplicitPrecompiledModules -clang-scanner-module-cache-path /Users/admin/builder/spi-builder-workspace/.derivedData/ModuleCache.noindex -sdk-module-cache-path /Users/admin/builder/spi-builder-workspace/.derivedData/SDKExplicitPrecompiledModules -emit-dependencies -emit-module -emit-module-path /Users/admin/builder/spi-builder-workspace/.derivedData/Build/Intermediates.noindex/GLTFSceneKit.build/Debug-watchos/GLTFSceneKit-t.build/Objects-normal/arm64_32/GLTFSceneKit.swiftmodule -serialize-diagnostics -dependency-scan-serialize-diagnostics-path /Users/admin/builder/spi-builder-workspace/.derivedData/Build/Intermediates.noindex/GLTFSceneKit.build/Debug-watchos/GLTFSceneKit-t.build/Objects-normal/arm64_32/GLTFSceneKit-dependency-scan.dia -validate-clang-modules-once -clang-build-session-file /Users/admin/builder/spi-builder-workspace/.derivedData/ModuleCache.noindex/Session.modulevalidation -Xcc -fmodules-prune-interval\=86400 -Xcc -fmodules-prune-after\=345600 -emit-const-values -const-gather-protocols-list /Users/admin/builder/spi-builder-workspace/.derivedData/Build/Intermediates.noindex/GLTFSceneKit.build/Debug-watchos/GLTFSceneKit-t.build/Objects-normal/arm64_32/GLTFSceneKit_const_extract_protocols.json -Xcc -I/Users/admin/builder/spi-builder-workspace/.derivedData/Build/Products/Debug-watchos/include -Xcc -I/Users/admin/builder/spi-builder-workspace/.derivedData/Build/Intermediates.noindex/GLTFSceneKit.build/Debug-watchos/GLTFSceneKit-t.build/DerivedSources-normal/arm64_32 -Xcc -I/Users/admin/builder/spi-builder-workspace/.derivedData/Build/Intermediates.noindex/GLTFSceneKit.build/Debug-watchos/GLTFSceneKit-t.build/DerivedSources/arm64_32 -Xcc -I/Users/admin/builder/spi-builder-workspace/.derivedData/Build/Intermediates.noindex/GLTFSceneKit.build/Debug-watchos/GLTFSceneKit-t.build/DerivedSources -Xcc -DSWIFT_PACKAGE -Xcc -DDEBUG\=1 -emit-objc-header -emit-objc-header-path /Users/admin/builder/spi-builder-workspace/.derivedData/Build/Intermediates.noindex/GLTFSceneKit.build/Debug-watchos/GLTFSceneKit-t.build/Objects-normal/arm64_32/GLTFSceneKit-Swift.h -working-directory /Users/admin/builder/spi-builder-workspace/.swiftpm/xcode -experimental-emit-module-separately -disable-cmo
SwiftDriver DisplayLink normal arm64_32 com.apple.xcode.tools.swift.compiler (in target 'DisplayLink' from project 'DisplayLink')
cd /Users/admin/builder/spi-builder-workspace/.swiftpm/xcode
builtin-SwiftDriver -- /Applications/Xcode-27.0.0-Release.Candidate.app/Contents/Developer/Toolchains/XcodeDefault.xctoolchain/usr/bin/swiftc -parse-as-library -module-name DisplayLink -Onone @/Users/admin/builder/spi-builder-workspace/.derivedData/Build/Intermediates.noindex/DisplayLink.build/Debug-watchos/DisplayLink-t.build/Objects-normal/arm64_32/DisplayLink.SwiftFileList -DSWIFT_PACKAGE -DDEBUG -DSWIFT_MODULE_RESOURCE_BUNDLE_UNAVAILABLE -DXcode -plugin-path /Applications/Xcode-27.0.0-Release.Candidate.app/Contents/Developer/Toolchains/XcodeDefault.xctoolchain/usr/lib/swift/host/plugins/testing -enable-experimental-feature DebugDescriptionMacro -sdk /Applications/Xcode-27.0.0-Release.Candidate.app/Contents/Developer/Platforms/WatchOS.platform/Developer/SDKs/WatchOS27.0.sdk -target arm64_32-apple-watchos9.0 -g -module-cache-path /Users/admin/builder/spi-builder-workspace/.derivedData/ModuleCache.noindex -Xfrontend -serialize-debugging-options -profile-coverage-mapping -profile-generate -enable-testing -suppress-warnings -index-store-path /Users/admin/builder/spi-builder-workspace/.derivedData/Index.noindex/DataStore -Xcc -D_LIBCPP_HARDENING_MODE\=_LIBCPP_HARDENING_MODE_DEBUG -swift-version 5 -I /Users/admin/builder/spi-builder-workspace/.derivedData/Build/Products/Debug-watchos -Isystem /Applications/Xcode-27.0.0-Release.Candidate.app/Contents/Developer/Platforms/WatchOS.platform/Developer/usr/lib -F /Users/admin/builder/spi-builder-workspace/.derivedData/Build/Products/Debug-watchos -F /Applications/Xcode-27.0.0-Release.Candidate.app/Contents/Developer/Platforms/WatchOS.platform/Developer/Library/Frameworks -F /Applications/Xcode-27.0.0-Release.Candidate.app/Contents/Developer/Platforms/WatchOS.platform/Developer/SDKs/WatchOS27.0.sdk/Developer/Library/Frameworks -c -j10 -enable-batch-mode -incremental -Xcc -ivfsstatcache -Xcc /Users/admin/builder/spi-builder-workspace/.derivedData/SDKStatCaches.noindex/watchos27.0-24R360-e829b21a6f8c9b70876ba0858053c04477534ef55a1706bf4c1112bbb242f0a2.sdkstatcache -output-file-map /Users/admin/builder/spi-builder-workspace/.derivedData/Build/Intermediates.noindex/DisplayLink.build/Debug-watchos/DisplayLink-t.build/Objects-normal/arm64_32/DisplayLink-OutputFileMap.json -save-temps -no-color-diagnostics -explicit-module-build -module-cache-path /Users/admin/builder/spi-builder-workspace/.derivedData/Build/Intermediates.noindex/SwiftExplicitPrecompiledModules -clang-scanner-module-cache-path /Users/admin/builder/spi-builder-workspace/.derivedData/ModuleCache.noindex -sdk-module-cache-path /Users/admin/builder/spi-builder-workspace/.derivedData/SDKExplicitPrecompiledModules -emit-dependencies -emit-module -emit-module-path /Users/admin/builder/spi-builder-workspace/.derivedData/Build/Intermediates.noindex/DisplayLink.build/Debug-watchos/DisplayLink-t.build/Objects-normal/arm64_32/DisplayLink.swiftmodule -serialize-diagnostics -dependency-scan-serialize-diagnostics-path /Users/admin/builder/spi-builder-workspace/.derivedData/Build/Intermediates.noindex/DisplayLink.build/Debug-watchos/DisplayLink-t.build/Objects-normal/arm64_32/DisplayLink-dependency-scan.dia -validate-clang-modules-once -clang-build-session-file /Users/admin/builder/spi-builder-workspace/.derivedData/ModuleCache.noindex/Session.modulevalidation -Xcc -fmodules-prune-interval\=86400 -Xcc -fmodules-prune-after\=345600 -emit-const-values -const-gather-protocols-list /Users/admin/builder/spi-builder-workspace/.derivedData/Build/Intermediates.noindex/DisplayLink.build/Debug-watchos/DisplayLink-t.build/Objects-normal/arm64_32/DisplayLink_const_extract_protocols.json -Xcc -I/Users/admin/builder/spi-builder-workspace/.derivedData/Build/Products/Debug-watchos/include -Xcc -I/Users/admin/builder/spi-builder-workspace/.derivedData/Build/Intermediates.noindex/DisplayLink.build/Debug-watchos/DisplayLink-t.build/DerivedSources-normal/arm64_32 -Xcc -I/Users/admin/builder/spi-builder-workspace/.derivedData/Build/Intermediates.noindex/DisplayLink.build/Debug-watchos/DisplayLink-t.build/DerivedSources/arm64_32 -Xcc -I/Users/admin/builder/spi-builder-workspace/.derivedData/Build/Intermediates.noindex/DisplayLink.build/Debug-watchos/DisplayLink-t.build/DerivedSources -Xcc -DSWIFT_PACKAGE -Xcc -DDEBUG\=1 -emit-objc-header -emit-objc-header-path /Users/admin/builder/spi-builder-workspace/.derivedData/Build/Intermediates.noindex/DisplayLink.build/Debug-watchos/DisplayLink-t.build/Objects-normal/arm64_32/DisplayLink-Swift.h -working-directory /Users/admin/builder/spi-builder-workspace/.swiftpm/xcode -experimental-emit-module-separately -disable-cmo
SwiftExplicitDependencyGeneratePcm arm64_32 /Users/admin/builder/spi-builder-workspace/.derivedData/SDKExplicitPrecompiledModules/SwiftUI-9AYG9OCT5VOJK7V4MX1WYR86T.pcm
SwiftExplicitDependencyGeneratePcm arm64 /Users/admin/builder/spi-builder-workspace/.derivedData/SDKExplicitPrecompiledModules/SwiftUI-APXDH8ULYLM6FD17YRA73TULO.pcm
SwiftCompile normal arm64 Compiling\ GLTFTypes.swift,\ GLTFUnarchiver.swift,\ GLTFAccessor.swift,\ GLTFAccessorSparse.swift,\ GLTFAccessorSparseIndices.swift /Users/admin/builder/spi-builder-workspace/.dependencies/checkouts/GLTFSceneKit/Sources/GLTFSceneKit/GLTFTypes.swift /Users/admin/builder/spi-builder-workspace/.dependencies/checkouts/GLTFSceneKit/Sources/GLTFSceneKit/GLTFUnarchiver.swift /Users/admin/builder/spi-builder-workspace/.dependencies/checkouts/GLTFSceneKit/Sources/GLTFSceneKit/schema/GLTFAccessor.swift /Users/admin/builder/spi-builder-workspace/.dependencies/checkouts/GLTFSceneKit/Sources/GLTFSceneKit/schema/GLTFAccessorSparse.swift /Users/admin/builder/spi-builder-workspace/.dependencies/checkouts/GLTFSceneKit/Sources/GLTFSceneKit/schema/GLTFAccessorSparseIndices.swift (in target 'GLTFSceneKit' from project 'GLTFSceneKit')
/Users/admin/builder/spi-builder-workspace/.dependencies/checkouts/GLTFSceneKit/Sources/GLTFSceneKit/GLTFTypes.swift:26:21: error: cannot find 'GL_BYTE' in scope
24 | ]
25 |
26 | let GLTF_BYTE = Int(GL_BYTE)
| `- error: cannot find 'GL_BYTE' in scope
27 | let GLTF_UNSIGNED_BYTE = Int(GL_UNSIGNED_BYTE)
28 | let GLTF_SHORT = Int(GL_SHORT)
/Users/admin/builder/spi-builder-workspace/.dependencies/checkouts/GLTFSceneKit/Sources/GLTFSceneKit/GLTFTypes.swift:27:30: error: cannot find 'GL_UNSIGNED_BYTE' in scope
25 |
26 | let GLTF_BYTE = Int(GL_BYTE)
27 | let GLTF_UNSIGNED_BYTE = Int(GL_UNSIGNED_BYTE)
| `- error: cannot find 'GL_UNSIGNED_BYTE' in scope
28 | let GLTF_SHORT = Int(GL_SHORT)
29 | let GLTF_UNSIGNED_SHORT = Int(GL_UNSIGNED_SHORT)
/Users/admin/builder/spi-builder-workspace/.dependencies/checkouts/GLTFSceneKit/Sources/GLTFSceneKit/GLTFTypes.swift:28:22: error: cannot find 'GL_SHORT' in scope
26 | let GLTF_BYTE = Int(GL_BYTE)
27 | let GLTF_UNSIGNED_BYTE = Int(GL_UNSIGNED_BYTE)
28 | let GLTF_SHORT = Int(GL_SHORT)
| `- error: cannot find 'GL_SHORT' in scope
29 | let GLTF_UNSIGNED_SHORT = Int(GL_UNSIGNED_SHORT)
30 | let GLTF_UNSIGNED_INT = Int(GL_UNSIGNED_INT)
/Users/admin/builder/spi-builder-workspace/.dependencies/checkouts/GLTFSceneKit/Sources/GLTFSceneKit/GLTFTypes.swift:29:31: error: cannot find 'GL_UNSIGNED_SHORT' in scope
27 | let GLTF_UNSIGNED_BYTE = Int(GL_UNSIGNED_BYTE)
28 | let GLTF_SHORT = Int(GL_SHORT)
29 | let GLTF_UNSIGNED_SHORT = Int(GL_UNSIGNED_SHORT)
| `- error: cannot find 'GL_UNSIGNED_SHORT' in scope
30 | let GLTF_UNSIGNED_INT = Int(GL_UNSIGNED_INT)
31 | let GLTF_FLOAT = Int(GL_FLOAT)
/Users/admin/builder/spi-builder-workspace/.dependencies/checkouts/GLTFSceneKit/Sources/GLTFSceneKit/GLTFTypes.swift:30:29: error: cannot find 'GL_UNSIGNED_INT' in scope
28 | let GLTF_SHORT = Int(GL_SHORT)
29 | let GLTF_UNSIGNED_SHORT = Int(GL_UNSIGNED_SHORT)
30 | let GLTF_UNSIGNED_INT = Int(GL_UNSIGNED_INT)
| `- error: cannot find 'GL_UNSIGNED_INT' in scope
31 | let GLTF_FLOAT = Int(GL_FLOAT)
32 |
/Users/admin/builder/spi-builder-workspace/.dependencies/checkouts/GLTFSceneKit/Sources/GLTFSceneKit/GLTFTypes.swift:31:22: error: cannot find 'GL_FLOAT' in scope
29 | let GLTF_UNSIGNED_SHORT = Int(GL_UNSIGNED_SHORT)
30 | let GLTF_UNSIGNED_INT = Int(GL_UNSIGNED_INT)
31 | let GLTF_FLOAT = Int(GL_FLOAT)
| `- error: cannot find 'GL_FLOAT' in scope
32 |
33 | let GLTF_ARRAY_BUFFER = Int(GL_ARRAY_BUFFER)
/Users/admin/builder/spi-builder-workspace/.dependencies/checkouts/GLTFSceneKit/Sources/GLTFSceneKit/GLTFTypes.swift:33:29: error: cannot find 'GL_ARRAY_BUFFER' in scope
31 | let GLTF_FLOAT = Int(GL_FLOAT)
32 |
33 | let GLTF_ARRAY_BUFFER = Int(GL_ARRAY_BUFFER)
| `- error: cannot find 'GL_ARRAY_BUFFER' in scope
34 | let GLTF_ELEMENT_ARRAY_BUFFER = Int(GL_ELEMENT_ARRAY_BUFFER)
35 |
/Users/admin/builder/spi-builder-workspace/.dependencies/checkouts/GLTFSceneKit/Sources/GLTFSceneKit/GLTFTypes.swift:34:37: error: cannot find 'GL_ELEMENT_ARRAY_BUFFER' in scope
32 |
33 | let GLTF_ARRAY_BUFFER = Int(GL_ARRAY_BUFFER)
34 | let GLTF_ELEMENT_ARRAY_BUFFER = Int(GL_ELEMENT_ARRAY_BUFFER)
| `- error: cannot find 'GL_ELEMENT_ARRAY_BUFFER' in scope
35 |
36 | let GLTF_POINTS = Int(GL_POINTS)
/Users/admin/builder/spi-builder-workspace/.dependencies/checkouts/GLTFSceneKit/Sources/GLTFSceneKit/GLTFTypes.swift:36:23: error: cannot find 'GL_POINTS' in scope
34 | let GLTF_ELEMENT_ARRAY_BUFFER = Int(GL_ELEMENT_ARRAY_BUFFER)
35 |
36 | let GLTF_POINTS = Int(GL_POINTS)
| `- error: cannot find 'GL_POINTS' in scope
37 | let GLTF_LINES = Int(GL_LINES)
38 | let GLTF_LINE_LOOP = Int(GL_LINE_LOOP)
/Users/admin/builder/spi-builder-workspace/.dependencies/checkouts/GLTFSceneKit/Sources/GLTFSceneKit/GLTFTypes.swift:37:22: error: cannot find 'GL_LINES' in scope
35 |
36 | let GLTF_POINTS = Int(GL_POINTS)
37 | let GLTF_LINES = Int(GL_LINES)
| `- error: cannot find 'GL_LINES' in scope
38 | let GLTF_LINE_LOOP = Int(GL_LINE_LOOP)
39 | let GLTF_LINE_STRIP = Int(GL_LINE_STRIP)
/Users/admin/builder/spi-builder-workspace/.dependencies/checkouts/GLTFSceneKit/Sources/GLTFSceneKit/GLTFTypes.swift:38:26: error: cannot find 'GL_LINE_LOOP' in scope
36 | let GLTF_POINTS = Int(GL_POINTS)
37 | let GLTF_LINES = Int(GL_LINES)
38 | let GLTF_LINE_LOOP = Int(GL_LINE_LOOP)
| `- error: cannot find 'GL_LINE_LOOP' in scope
39 | let GLTF_LINE_STRIP = Int(GL_LINE_STRIP)
40 | let GLTF_TRIANGLES = Int(GL_TRIANGLES)
/Users/admin/builder/spi-builder-workspace/.dependencies/checkouts/GLTFSceneKit/Sources/GLTFSceneKit/GLTFTypes.swift:39:27: error: cannot find 'GL_LINE_STRIP' in scope
37 | let GLTF_LINES = Int(GL_LINES)
38 | let GLTF_LINE_LOOP = Int(GL_LINE_LOOP)
39 | let GLTF_LINE_STRIP = Int(GL_LINE_STRIP)
| `- error: cannot find 'GL_LINE_STRIP' in scope
40 | let GLTF_TRIANGLES = Int(GL_TRIANGLES)
41 | let GLTF_TRIANGLE_STRIP = Int(GL_TRIANGLE_STRIP)
/Users/admin/builder/spi-builder-workspace/.dependencies/checkouts/GLTFSceneKit/Sources/GLTFSceneKit/GLTFTypes.swift:40:26: error: cannot find 'GL_TRIANGLES' in scope
38 | let GLTF_LINE_LOOP = Int(GL_LINE_LOOP)
39 | let GLTF_LINE_STRIP = Int(GL_LINE_STRIP)
40 | let GLTF_TRIANGLES = Int(GL_TRIANGLES)
| `- error: cannot find 'GL_TRIANGLES' in scope
41 | let GLTF_TRIANGLE_STRIP = Int(GL_TRIANGLE_STRIP)
42 | let GLTF_TRIANGLE_FAN = Int(GL_TRIANGLE_FAN)
/Users/admin/builder/spi-builder-workspace/.dependencies/checkouts/GLTFSceneKit/Sources/GLTFSceneKit/GLTFTypes.swift:41:31: error: cannot find 'GL_TRIANGLE_STRIP' in scope
39 | let GLTF_LINE_STRIP = Int(GL_LINE_STRIP)
40 | let GLTF_TRIANGLES = Int(GL_TRIANGLES)
41 | let GLTF_TRIANGLE_STRIP = Int(GL_TRIANGLE_STRIP)
| `- error: cannot find 'GL_TRIANGLE_STRIP' in scope
42 | let GLTF_TRIANGLE_FAN = Int(GL_TRIANGLE_FAN)
43 |
/Users/admin/builder/spi-builder-workspace/.dependencies/checkouts/GLTFSceneKit/Sources/GLTFSceneKit/GLTFTypes.swift:42:29: error: cannot find 'GL_TRIANGLE_FAN' in scope
40 | let GLTF_TRIANGLES = Int(GL_TRIANGLES)
41 | let GLTF_TRIANGLE_STRIP = Int(GL_TRIANGLE_STRIP)
42 | let GLTF_TRIANGLE_FAN = Int(GL_TRIANGLE_FAN)
| `- error: cannot find 'GL_TRIANGLE_FAN' in scope
43 |
44 | let GLTF_NEAREST = Int(GL_NEAREST)
/Users/admin/builder/spi-builder-workspace/.dependencies/checkouts/GLTFSceneKit/Sources/GLTFSceneKit/GLTFTypes.swift:44:24: error: cannot find 'GL_NEAREST' in scope
42 | let GLTF_TRIANGLE_FAN = Int(GL_TRIANGLE_FAN)
43 |
44 | let GLTF_NEAREST = Int(GL_NEAREST)
| `- error: cannot find 'GL_NEAREST' in scope
45 | let GLTF_LINEAR = Int(GL_LINEAR)
46 | let GLTF_NEAREST_MIPMAP_NEAREST = Int(GL_NEAREST_MIPMAP_NEAREST)
/Users/admin/builder/spi-builder-workspace/.dependencies/checkouts/GLTFSceneKit/Sources/GLTFSceneKit/GLTFTypes.swift:45:23: error: cannot find 'GL_LINEAR' in scope
43 |
44 | let GLTF_NEAREST = Int(GL_NEAREST)
45 | let GLTF_LINEAR = Int(GL_LINEAR)
| `- error: cannot find 'GL_LINEAR' in scope
46 | let GLTF_NEAREST_MIPMAP_NEAREST = Int(GL_NEAREST_MIPMAP_NEAREST)
47 | let GLTF_LINEAR_MIPMAP_NEAREST = Int(GL_LINEAR_MIPMAP_NEAREST)
/Users/admin/builder/spi-builder-workspace/.dependencies/checkouts/GLTFSceneKit/Sources/GLTFSceneKit/GLTFTypes.swift:46:39: error: cannot find 'GL_NEAREST_MIPMAP_NEAREST' in scope
44 | let GLTF_NEAREST = Int(GL_NEAREST)
45 | let GLTF_LINEAR = Int(GL_LINEAR)
46 | let GLTF_NEAREST_MIPMAP_NEAREST = Int(GL_NEAREST_MIPMAP_NEAREST)
| `- error: cannot find 'GL_NEAREST_MIPMAP_NEAREST' in scope
47 | let GLTF_LINEAR_MIPMAP_NEAREST = Int(GL_LINEAR_MIPMAP_NEAREST)
48 | let GLTF_NEAREST_MIPMAP_LINEAR = Int(GL_NEAREST_MIPMAP_LINEAR)
/Users/admin/builder/spi-builder-workspace/.dependencies/checkouts/GLTFSceneKit/Sources/GLTFSceneKit/GLTFTypes.swift:47:38: error: cannot find 'GL_LINEAR_MIPMAP_NEAREST' in scope
45 | let GLTF_LINEAR = Int(GL_LINEAR)
46 | let GLTF_NEAREST_MIPMAP_NEAREST = Int(GL_NEAREST_MIPMAP_NEAREST)
47 | let GLTF_LINEAR_MIPMAP_NEAREST = Int(GL_LINEAR_MIPMAP_NEAREST)
| `- error: cannot find 'GL_LINEAR_MIPMAP_NEAREST' in scope
48 | let GLTF_NEAREST_MIPMAP_LINEAR = Int(GL_NEAREST_MIPMAP_LINEAR)
49 | let GLTF_LINEAR_MIPMAP_LINEAR = Int(GL_LINEAR_MIPMAP_LINEAR)
/Users/admin/builder/spi-builder-workspace/.dependencies/checkouts/GLTFSceneKit/Sources/GLTFSceneKit/GLTFTypes.swift:48:38: error: cannot find 'GL_NEAREST_MIPMAP_LINEAR' in scope
46 | let GLTF_NEAREST_MIPMAP_NEAREST = Int(GL_NEAREST_MIPMAP_NEAREST)
47 | let GLTF_LINEAR_MIPMAP_NEAREST = Int(GL_LINEAR_MIPMAP_NEAREST)
48 | let GLTF_NEAREST_MIPMAP_LINEAR = Int(GL_NEAREST_MIPMAP_LINEAR)
| `- error: cannot find 'GL_NEAREST_MIPMAP_LINEAR' in scope
49 | let GLTF_LINEAR_MIPMAP_LINEAR = Int(GL_LINEAR_MIPMAP_LINEAR)
50 |
/Users/admin/builder/spi-builder-workspace/.dependencies/checkouts/GLTFSceneKit/Sources/GLTFSceneKit/GLTFTypes.swift:49:37: error: cannot find 'GL_LINEAR_MIPMAP_LINEAR' in scope
47 | let GLTF_LINEAR_MIPMAP_NEAREST = Int(GL_LINEAR_MIPMAP_NEAREST)
48 | let GLTF_NEAREST_MIPMAP_LINEAR = Int(GL_NEAREST_MIPMAP_LINEAR)
49 | let GLTF_LINEAR_MIPMAP_LINEAR = Int(GL_LINEAR_MIPMAP_LINEAR)
| `- error: cannot find 'GL_LINEAR_MIPMAP_LINEAR' in scope
50 |
51 | let GLTF_CLAMP_TO_EDGE = Int(GL_CLAMP_TO_EDGE)
/Users/admin/builder/spi-builder-workspace/.dependencies/checkouts/GLTFSceneKit/Sources/GLTFSceneKit/GLTFTypes.swift:51:30: error: cannot find 'GL_CLAMP_TO_EDGE' in scope
49 | let GLTF_LINEAR_MIPMAP_LINEAR = Int(GL_LINEAR_MIPMAP_LINEAR)
50 |
51 | let GLTF_CLAMP_TO_EDGE = Int(GL_CLAMP_TO_EDGE)
| `- error: cannot find 'GL_CLAMP_TO_EDGE' in scope
52 | let GLTF_MIRRORED_REPEAT = Int(GL_MIRRORED_REPEAT)
53 | let GLTF_REPEAT = Int(GL_REPEAT)
/Users/admin/builder/spi-builder-workspace/.dependencies/checkouts/GLTFSceneKit/Sources/GLTFSceneKit/GLTFTypes.swift:52:32: error: cannot find 'GL_MIRRORED_REPEAT' in scope
50 |
51 | let GLTF_CLAMP_TO_EDGE = Int(GL_CLAMP_TO_EDGE)
52 | let GLTF_MIRRORED_REPEAT = Int(GL_MIRRORED_REPEAT)
| `- error: cannot find 'GL_MIRRORED_REPEAT' in scope
53 | let GLTF_REPEAT = Int(GL_REPEAT)
54 |
/Users/admin/builder/spi-builder-workspace/.dependencies/checkouts/GLTFSceneKit/Sources/GLTFSceneKit/GLTFTypes.swift:53:23: error: cannot find 'GL_REPEAT' in scope
51 | let GLTF_CLAMP_TO_EDGE = Int(GL_CLAMP_TO_EDGE)
52 | let GLTF_MIRRORED_REPEAT = Int(GL_MIRRORED_REPEAT)
53 | let GLTF_REPEAT = Int(GL_REPEAT)
| `- error: cannot find 'GL_REPEAT' in scope
54 |
55 | let usesFloatComponentsMap: [Int: Bool] = [
/Users/admin/builder/spi-builder-workspace/.dependencies/checkouts/GLTFSceneKit/Sources/GLTFSceneKit/GLTFTypes.swift:112:23: error: cannot find type 'UIImage' in scope
110 | typealias Color = NSColor
111 | #elseif os(iOS) || os(tvOS) || os(watchOS)
112 | typealias Image = UIImage
| `- error: cannot find type 'UIImage' in scope
113 | typealias Color = UIColor
114 | #endif
/Users/admin/builder/spi-builder-workspace/.dependencies/checkouts/GLTFSceneKit/Sources/GLTFSceneKit/GLTFTypes.swift:113:23: error: cannot find type 'UIColor' in scope
111 | #elseif os(iOS) || os(tvOS) || os(watchOS)
112 | typealias Image = UIImage
113 | typealias Color = UIColor
| `- error: cannot find type 'UIColor' in scope
114 | #endif
115 |
/Users/admin/builder/spi-builder-workspace/.dependencies/checkouts/GLTFSceneKit/Sources/GLTFSceneKit/GLTFUnarchiver.swift:30:39: error: 'CAAnimation' is unavailable in watchOS
28 | internal var nodes: [SCNNode?] = []
29 | internal var skins: [SCNSkinner?] = []
30 | internal var animationChannels: [[CAAnimation?]?] = []
| `- error: 'CAAnimation' is unavailable in watchOS
31 | internal var animationSamplers: [[CAAnimation?]?] = []
32 | internal var meshes: [SCNNode?] = []
/Applications/Xcode-27.0.0-Release.Candidate.app/Contents/Developer/Platforms/WatchOS.platform/Developer/SDKs/WatchOS27.0.sdk/System/Library/Frameworks/QuartzCore.framework/Headers/CAAnimation.h:25:12: note: 'CAAnimation' has been explicitly marked unavailable here
23 |
24 | API_AVAILABLE(macos(10.5), ios(2.0), tvos(9.0)) API_UNAVAILABLE(watchos)
25 | @interface CAAnimation : NSObject
| `- note: 'CAAnimation' has been explicitly marked unavailable here
26 | <NSSecureCoding, NSCopying, CAMediaTiming, CAAction>
27 | {
/Users/admin/builder/spi-builder-workspace/.dependencies/checkouts/GLTFSceneKit/Sources/GLTFSceneKit/GLTFUnarchiver.swift:31:39: error: 'CAAnimation' is unavailable in watchOS
29 | internal var skins: [SCNSkinner?] = []
30 | internal var animationChannels: [[CAAnimation?]?] = []
31 | internal var animationSamplers: [[CAAnimation?]?] = []
| `- error: 'CAAnimation' is unavailable in watchOS
32 | internal var meshes: [SCNNode?] = []
33 | internal var accessors: [Any?] = []
/Applications/Xcode-27.0.0-Release.Candidate.app/Contents/Developer/Platforms/WatchOS.platform/Developer/SDKs/WatchOS27.0.sdk/System/Library/Frameworks/QuartzCore.framework/Headers/CAAnimation.h:25:12: note: 'CAAnimation' has been explicitly marked unavailable here
23 |
24 | API_AVAILABLE(macos(10.5), ios(2.0), tvos(9.0)) API_UNAVAILABLE(watchos)
25 | @interface CAAnimation : NSObject
| `- note: 'CAAnimation' has been explicitly marked unavailable here
26 | <NSSecureCoding, NSCopying, CAMediaTiming, CAAction>
27 | {
/Users/admin/builder/spi-builder-workspace/.dependencies/checkouts/GLTFSceneKit/Sources/GLTFSceneKit/GLTFUnarchiver.swift:1214:96: error: 'CAAnimationGroup' is unavailable in watchOS
1212 | }
1213 |
1214 | private func loadAnimationSampler(index: Int, sampler: Int, flipW: Bool = false) throws -> CAAnimationGroup {
| `- error: 'CAAnimationGroup' is unavailable in watchOS
1215 | guard index < self.animationSamplers.count else {
1216 | throw GLTFUnarchiveError.DataInconsistent("loadAnimationSampler: out of index: \(index) < \(self.animationSamplers.count)")
/Applications/Xcode-27.0.0-Release.Candidate.app/Contents/Developer/Platforms/WatchOS.platform/Developer/SDKs/WatchOS27.0.sdk/System/Library/Frameworks/QuartzCore.framework/Headers/CAAnimation.h:383:12: note: 'CAAnimationGroup' has been explicitly marked unavailable here
381 |
382 | API_AVAILABLE(macos(10.5), ios(2.0), tvos(9.0)) API_UNAVAILABLE(watchos)
383 | @interface CAAnimationGroup : CAAnimation
| `- note: 'CAAnimationGroup' has been explicitly marked unavailable here
384 |
385 | /* An array of CAAnimation objects. Each member of the array will run
/Users/admin/builder/spi-builder-workspace/.dependencies/checkouts/GLTFSceneKit/Sources/GLTFSceneKit/GLTFUnarchiver.swift:1266:99: error: 'CAAnimationGroup' is unavailable in watchOS
1264 | }
1265 |
1266 | private func loadWeightAnimationsSampler(index: Int, sampler: Int, paths: [String]) throws -> CAAnimationGroup {
| `- error: 'CAAnimationGroup' is unavailable in watchOS
1267 | guard index < self.animationSamplers.count else {
1268 | throw GLTFUnarchiveError.DataInconsistent("loadWeightAnimationsSampler: out of index: \(index) < \(self.animationSamplers.count)")
/Applications/Xcode-27.0.0-Release.Candidate.app/Contents/Developer/Platforms/WatchOS.platform/Developer/SDKs/WatchOS27.0.sdk/System/Library/Frameworks/QuartzCore.framework/Headers/CAAnimation.h:383:12: note: 'CAAnimationGroup' has been explicitly marked unavailable here
381 |
382 | API_AVAILABLE(macos(10.5), ios(2.0), tvos(9.0)) API_UNAVAILABLE(watchos)
383 | @interface CAAnimationGroup : CAAnimation
| `- note: 'CAAnimationGroup' has been explicitly marked unavailable here
384 |
385 | /* An array of CAAnimation objects. Each member of the array will run
/Users/admin/builder/spi-builder-workspace/.dependencies/checkouts/GLTFSceneKit/Sources/GLTFSceneKit/GLTFUnarchiver.swift:1331:92: error: 'CAAnimation' is unavailable in watchOS
1329 |
1330 | //private func loadAnimation(index: Int, channel: Int) throws -> SCNAnimation {
1331 | private func loadAnimation(index: Int, channel: Int, weightPaths: [String]?) throws -> CAAnimation {
| `- error: 'CAAnimation' is unavailable in watchOS
1332 | guard index < self.animationChannels.count else {
1333 | throw GLTFUnarchiveError.DataInconsistent("loadAnimation: out of index: \(index) < \(self.animationChannels.count)")
/Applications/Xcode-27.0.0-Release.Candidate.app/Contents/Developer/Platforms/WatchOS.platform/Developer/SDKs/WatchOS27.0.sdk/System/Library/Frameworks/QuartzCore.framework/Headers/CAAnimation.h:25:12: note: 'CAAnimation' has been explicitly marked unavailable here
23 |
24 | API_AVAILABLE(macos(10.5), ios(2.0), tvos(9.0)) API_UNAVAILABLE(watchos)
25 | @interface CAAnimation : NSObject
| `- note: 'CAAnimation' has been explicitly marked unavailable here
26 | <NSSecureCoding, NSCopying, CAMediaTiming, CAAction>
27 | {
SwiftCompile normal arm64 /Users/admin/builder/spi-builder-workspace/.dependencies/checkouts/GLTFSceneKit/Sources/GLTFSceneKit/GLTFTypes.swift (in target 'GLTFSceneKit' from project 'GLTFSceneKit')
cd /Users/admin/builder/spi-builder-workspace/.swiftpm/xcode
builtin-SwiftPerFileCompile GLTFTypes.swift
SwiftCompile normal arm64 /Users/admin/builder/spi-builder-workspace/.dependencies/checkouts/GLTFSceneKit/Sources/GLTFSceneKit/GLTFUnarchiver.swift (in target 'GLTFSceneKit' from project 'GLTFSceneKit')
cd /Users/admin/builder/spi-builder-workspace/.swiftpm/xcode
builtin-SwiftPerFileCompile GLTFUnarchiver.swift
SwiftCompile normal arm64 /Users/admin/builder/spi-builder-workspace/.dependencies/checkouts/GLTFSceneKit/Sources/GLTFSceneKit/schema/GLTFAccessor.swift (in target 'GLTFSceneKit' from project 'GLTFSceneKit')
cd /Users/admin/builder/spi-builder-workspace/.swiftpm/xcode
builtin-SwiftPerFileCompile GLTFAccessor.swift
SwiftCompile normal arm64 /Users/admin/builder/spi-builder-workspace/.dependencies/checkouts/GLTFSceneKit/Sources/GLTFSceneKit/schema/GLTFAccessorSparse.swift (in target 'GLTFSceneKit' from project 'GLTFSceneKit')
cd /Users/admin/builder/spi-builder-workspace/.swiftpm/xcode
builtin-SwiftPerFileCompile GLTFAccessorSparse.swift
SwiftCompile normal arm64 /Users/admin/builder/spi-builder-workspace/.dependencies/checkouts/GLTFSceneKit/Sources/GLTFSceneKit/schema/GLTFAccessorSparseIndices.swift (in target 'GLTFSceneKit' from project 'GLTFSceneKit')
cd /Users/admin/builder/spi-builder-workspace/.swiftpm/xcode
builtin-SwiftPerFileCompile GLTFAccessorSparseIndices.swift
/Users/admin/builder/spi-builder-workspace/.dependencies/checkouts/GLTFSceneKit/Sources/GLTFSceneKit/GLTFUnarchiver.swift:138:40: error: 'CAAnimation' is unavailable in watchOS
136 | //if #available(OSX 10.13, *) {
137 | // self.animationChannels = [[SCNAnimation?]?](repeating: nil, count: animations.count)
138 | self.animationChannels = [[CAAnimation?]?](repeating: nil, count: animations.count)
| `- error: 'CAAnimation' is unavailable in watchOS
139 | self.animationSamplers = [[CAAnimation?]?](repeating: nil, count: animations.count)
140 | //} else {
/Applications/Xcode-27.0.0-Release.Candidate.app/Contents/Developer/Platforms/WatchOS.platform/Developer/SDKs/WatchOS27.0.sdk/System/Library/Frameworks/QuartzCore.framework/Headers/CAAnimation.h:25:12: note: 'CAAnimation' has been explicitly marked unavailable here
23 |
24 | API_AVAILABLE(macos(10.5), ios(2.0), tvos(9.0)) API_UNAVAILABLE(watchos)
25 | @interface CAAnimation : NSObject
| `- note: 'CAAnimation' has been explicitly marked unavailable here
26 | <NSSecureCoding, NSCopying, CAMediaTiming, CAAction>
27 | {
SwiftCompile normal arm64 Compiling\ resource_bundle_accessor.swift,\ GLTFErrors.swift,\ GLTFFunctions.swift,\ GLTFSceneKit+BundleFinder.swift,\ GLTFSceneSource.swift /Users/admin/builder/spi-builder-workspace/.derivedData/Build/Intermediates.noindex/GLTFSceneKit.build/Debug-watchos/GLTFSceneKit-t.build/DerivedSources/resource_bundle_accessor.swift /Users/admin/builder/spi-builder-workspace/.dependencies/checkouts/GLTFSceneKit/Sources/GLTFSceneKit/GLTFErrors.swift /Users/admin/builder/spi-builder-workspace/.dependencies/checkouts/GLTFSceneKit/Sources/GLTFSceneKit/GLTFFunctions.swift /Users/admin/builder/spi-builder-workspace/.dependencies/checkouts/GLTFSceneKit/Sources/GLTFSceneKit/GLTFSceneKit+BundleFinder.swift /Users/admin/builder/spi-builder-workspace/.dependencies/checkouts/GLTFSceneKit/Sources/GLTFSceneKit/GLTFSceneSource.swift (in target 'GLTFSceneKit' from project 'GLTFSceneKit')
SwiftCompile normal arm64 /Users/admin/builder/spi-builder-workspace/.derivedData/Build/Intermediates.noindex/GLTFSceneKit.build/Debug-watchos/GLTFSceneKit-t.build/DerivedSources/resource_bundle_accessor.swift (in target 'GLTFSceneKit' from project 'GLTFSceneKit')
cd /Users/admin/builder/spi-builder-workspace/.swiftpm/xcode
builtin-SwiftPerFileCompile resource_bundle_accessor.swift
SwiftCompile normal arm64 /Users/admin/builder/spi-builder-workspace/.dependencies/checkouts/GLTFSceneKit/Sources/GLTFSceneKit/GLTFErrors.swift (in target 'GLTFSceneKit' from project 'GLTFSceneKit')
cd /Users/admin/builder/spi-builder-workspace/.swiftpm/xcode
builtin-SwiftPerFileCompile GLTFErrors.swift
SwiftCompile normal arm64 /Users/admin/builder/spi-builder-workspace/.dependencies/checkouts/GLTFSceneKit/Sources/GLTFSceneKit/GLTFFunctions.swift (in target 'GLTFSceneKit' from project 'GLTFSceneKit')
cd /Users/admin/builder/spi-builder-workspace/.swiftpm/xcode
builtin-SwiftPerFileCompile GLTFFunctions.swift
SwiftCompile normal arm64 /Users/admin/builder/spi-builder-workspace/.dependencies/checkouts/GLTFSceneKit/Sources/GLTFSceneKit/GLTFSceneKit+BundleFinder.swift (in target 'GLTFSceneKit' from project 'GLTFSceneKit')
cd /Users/admin/builder/spi-builder-workspace/.swiftpm/xcode
builtin-SwiftPerFileCompile GLTFSceneKit+BundleFinder.swift
SwiftCompile normal arm64 /Users/admin/builder/spi-builder-workspace/.dependencies/checkouts/GLTFSceneKit/Sources/GLTFSceneKit/GLTFSceneSource.swift (in target 'GLTFSceneKit' from project 'GLTFSceneKit')
cd /Users/admin/builder/spi-builder-workspace/.swiftpm/xcode
builtin-SwiftPerFileCompile GLTFSceneSource.swift
SwiftCompile normal arm64 Compiling\ GLTFCameraPerspective.swift,\ GLTFExtension.swift,\ GLTFExtras.swift,\ GLTFExtrasTargetNames.swift,\ GLTFGlTF.swift /Users/admin/builder/spi-builder-workspace/.dependencies/checkouts/GLTFSceneKit/Sources/GLTFSceneKit/schema/GLTFCameraPerspective.swift /Users/admin/builder/spi-builder-workspace/.dependencies/checkouts/GLTFSceneKit/Sources/GLTFSceneKit/schema/GLTFExtension.swift /Users/admin/builder/spi-builder-workspace/.dependencies/checkouts/GLTFSceneKit/Sources/GLTFSceneKit/schema/GLTFExtras.swift /Users/admin/builder/spi-builder-workspace/.dependencies/checkouts/GLTFSceneKit/Sources/GLTFSceneKit/schema/GLTFExtrasTargetNames.swift /Users/admin/builder/spi-builder-workspace/.dependencies/checkouts/GLTFSceneKit/Sources/GLTFSceneKit/schema/GLTFGlTF.swift (in target 'GLTFSceneKit' from project 'GLTFSceneKit')
SwiftCompile normal arm64 /Users/admin/builder/spi-builder-workspace/.dependencies/checkouts/GLTFSceneKit/Sources/GLTFSceneKit/schema/GLTFCameraPerspective.swift (in target 'GLTFSceneKit' from project 'GLTFSceneKit')
cd /Users/admin/builder/spi-builder-workspace/.swiftpm/xcode
builtin-SwiftPerFileCompile GLTFCameraPerspective.swift
SwiftCompile normal arm64 /Users/admin/builder/spi-builder-workspace/.dependencies/checkouts/GLTFSceneKit/Sources/GLTFSceneKit/schema/GLTFExtension.swift (in target 'GLTFSceneKit' from project 'GLTFSceneKit')
cd /Users/admin/builder/spi-builder-workspace/.swiftpm/xcode
builtin-SwiftPerFileCompile GLTFExtension.swift
SwiftCompile normal arm64 /Users/admin/builder/spi-builder-workspace/.dependencies/checkouts/GLTFSceneKit/Sources/GLTFSceneKit/schema/GLTFExtras.swift (in target 'GLTFSceneKit' from project 'GLTFSceneKit')
cd /Users/admin/builder/spi-builder-workspace/.swiftpm/xcode
builtin-SwiftPerFileCompile GLTFExtras.swift
SwiftCompile normal arm64 /Users/admin/builder/spi-builder-workspace/.dependencies/checkouts/GLTFSceneKit/Sources/GLTFSceneKit/schema/GLTFExtrasTargetNames.swift (in target 'GLTFSceneKit' from project 'GLTFSceneKit')
cd /Users/admin/builder/spi-builder-workspace/.swiftpm/xcode
builtin-SwiftPerFileCompile GLTFExtrasTargetNames.swift
SwiftCompile normal arm64 /Users/admin/builder/spi-builder-workspace/.dependencies/checkouts/GLTFSceneKit/Sources/GLTFSceneKit/schema/GLTFGlTF.swift (in target 'GLTFSceneKit' from project 'GLTFSceneKit')
cd /Users/admin/builder/spi-builder-workspace/.swiftpm/xcode
builtin-SwiftPerFileCompile GLTFGlTF.swift
SwiftCompile normal arm64 Compiling\ GLTFNode.swift,\ GLTFSampler.swift,\ GLTFScene.swift,\ GLTFSkin.swift,\ GLTFTexture.swift /Users/admin/builder/spi-builder-workspace/.dependencies/checkouts/GLTFSceneKit/Sources/GLTFSceneKit/schema/GLTFNode.swift /Users/admin/builder/spi-builder-workspace/.dependencies/checkouts/GLTFSceneKit/Sources/GLTFSceneKit/schema/GLTFSampler.swift /Users/admin/builder/spi-builder-workspace/.dependencies/checkouts/GLTFSceneKit/Sources/GLTFSceneKit/schema/GLTFScene.swift /Users/admin/builder/spi-builder-workspace/.dependencies/checkouts/GLTFSceneKit/Sources/GLTFSceneKit/schema/GLTFSkin.swift /Users/admin/builder/spi-builder-workspace/.dependencies/checkouts/GLTFSceneKit/Sources/GLTFSceneKit/schema/GLTFTexture.swift (in target 'GLTFSceneKit' from project 'GLTFSceneKit')
SwiftCompile normal arm64 /Users/admin/builder/spi-builder-workspace/.dependencies/checkouts/GLTFSceneKit/Sources/GLTFSceneKit/schema/GLTFNode.swift (in target 'GLTFSceneKit' from project 'GLTFSceneKit')
cd /Users/admin/builder/spi-builder-workspace/.swiftpm/xcode
builtin-SwiftPerFileCompile GLTFNode.swift
SwiftCompile normal arm64 /Users/admin/builder/spi-builder-workspace/.dependencies/checkouts/GLTFSceneKit/Sources/GLTFSceneKit/schema/GLTFSampler.swift (in target 'GLTFSceneKit' from project 'GLTFSceneKit')
cd /Users/admin/builder/spi-builder-workspace/.swiftpm/xcode
builtin-SwiftPerFileCompile GLTFSampler.swift
SwiftCompile normal arm64 /Users/admin/builder/spi-builder-workspace/.dependencies/checkouts/GLTFSceneKit/Sources/GLTFSceneKit/schema/GLTFScene.swift (in target 'GLTFSceneKit' from project 'GLTFSceneKit')
cd /Users/admin/builder/spi-builder-workspace/.swiftpm/xcode
builtin-SwiftPerFileCompile GLTFScene.swift
SwiftCompile normal arm64 /Users/admin/builder/spi-builder-workspace/.dependencies/checkouts/GLTFSceneKit/Sources/GLTFSceneKit/schema/GLTFSkin.swift (in target 'GLTFSceneKit' from project 'GLTFSceneKit')
cd /Users/admin/builder/spi-builder-workspace/.swiftpm/xcode
builtin-SwiftPerFileCompile GLTFSkin.swift
SwiftCompile normal arm64 /Users/admin/builder/spi-builder-workspace/.dependencies/checkouts/GLTFSceneKit/Sources/GLTFSceneKit/schema/GLTFTexture.swift (in target 'GLTFSceneKit' from project 'GLTFSceneKit')
cd /Users/admin/builder/spi-builder-workspace/.swiftpm/xcode
builtin-SwiftPerFileCompile GLTFTexture.swift
SwiftEmitModule normal arm64 Emitting\ module\ for\ GLTFSceneKit (in target 'GLTFSceneKit' from project 'GLTFSceneKit')
/Users/admin/builder/spi-builder-workspace/.dependencies/checkouts/GLTFSceneKit/Sources/GLTFSceneKit/GLTFTypes.swift:112:23: error: cannot find type 'UIImage' in scope
110 | typealias Color = NSColor
111 | #elseif os(iOS) || os(tvOS) || os(watchOS)
112 | typealias Image = UIImage
| `- error: cannot find type 'UIImage' in scope
113 | typealias Color = UIColor
114 | #endif
/Users/admin/builder/spi-builder-workspace/.dependencies/checkouts/GLTFSceneKit/Sources/GLTFSceneKit/GLTFTypes.swift:26:21: error: cannot find 'GL_BYTE' in scope
24 | ]
25 |
26 | let GLTF_BYTE = Int(GL_BYTE)
| `- error: cannot find 'GL_BYTE' in scope
27 | let GLTF_UNSIGNED_BYTE = Int(GL_UNSIGNED_BYTE)
28 | let GLTF_SHORT = Int(GL_SHORT)
/Users/admin/builder/spi-builder-workspace/.dependencies/checkouts/GLTFSceneKit/Sources/GLTFSceneKit/GLTFTypes.swift:27:30: error: cannot find 'GL_UNSIGNED_BYTE' in scope
25 |
26 | let GLTF_BYTE = Int(GL_BYTE)
27 | let GLTF_UNSIGNED_BYTE = Int(GL_UNSIGNED_BYTE)
| `- error: cannot find 'GL_UNSIGNED_BYTE' in scope
28 | let GLTF_SHORT = Int(GL_SHORT)
29 | let GLTF_UNSIGNED_SHORT = Int(GL_UNSIGNED_SHORT)
/Users/admin/builder/spi-builder-workspace/.dependencies/checkouts/GLTFSceneKit/Sources/GLTFSceneKit/GLTFTypes.swift:28:22: error: cannot find 'GL_SHORT' in scope
26 | let GLTF_BYTE = Int(GL_BYTE)
27 | let GLTF_UNSIGNED_BYTE = Int(GL_UNSIGNED_BYTE)
28 | let GLTF_SHORT = Int(GL_SHORT)
| `- error: cannot find 'GL_SHORT' in scope
29 | let GLTF_UNSIGNED_SHORT = Int(GL_UNSIGNED_SHORT)
30 | let GLTF_UNSIGNED_INT = Int(GL_UNSIGNED_INT)
/Users/admin/builder/spi-builder-workspace/.dependencies/checkouts/GLTFSceneKit/Sources/GLTFSceneKit/GLTFTypes.swift:29:31: error: cannot find 'GL_UNSIGNED_SHORT' in scope
27 | let GLTF_UNSIGNED_BYTE = Int(GL_UNSIGNED_BYTE)
28 | let GLTF_SHORT = Int(GL_SHORT)
29 | let GLTF_UNSIGNED_SHORT = Int(GL_UNSIGNED_SHORT)
| `- error: cannot find 'GL_UNSIGNED_SHORT' in scope
30 | let GLTF_UNSIGNED_INT = Int(GL_UNSIGNED_INT)
31 | let GLTF_FLOAT = Int(GL_FLOAT)
/Users/admin/builder/spi-builder-workspace/.dependencies/checkouts/GLTFSceneKit/Sources/GLTFSceneKit/GLTFTypes.swift:30:29: error: cannot find 'GL_UNSIGNED_INT' in scope
28 | let GLTF_SHORT = Int(GL_SHORT)
29 | let GLTF_UNSIGNED_SHORT = Int(GL_UNSIGNED_SHORT)
30 | let GLTF_UNSIGNED_INT = Int(GL_UNSIGNED_INT)
| `- error: cannot find 'GL_UNSIGNED_INT' in scope
31 | let GLTF_FLOAT = Int(GL_FLOAT)
32 |
/Users/admin/builder/spi-builder-workspace/.dependencies/checkouts/GLTFSceneKit/Sources/GLTFSceneKit/GLTFTypes.swift:31:22: error: cannot find 'GL_FLOAT' in scope
29 | let GLTF_UNSIGNED_SHORT = Int(GL_UNSIGNED_SHORT)
30 | let GLTF_UNSIGNED_INT = Int(GL_UNSIGNED_INT)
31 | let GLTF_FLOAT = Int(GL_FLOAT)
| `- error: cannot find 'GL_FLOAT' in scope
32 |
33 | let GLTF_ARRAY_BUFFER = Int(GL_ARRAY_BUFFER)
/Users/admin/builder/spi-builder-workspace/.dependencies/checkouts/GLTFSceneKit/Sources/GLTFSceneKit/GLTFTypes.swift:33:29: error: cannot find 'GL_ARRAY_BUFFER' in scope
31 | let GLTF_FLOAT = Int(GL_FLOAT)
32 |
33 | let GLTF_ARRAY_BUFFER = Int(GL_ARRAY_BUFFER)
| `- error: cannot find 'GL_ARRAY_BUFFER' in scope
34 | let GLTF_ELEMENT_ARRAY_BUFFER = Int(GL_ELEMENT_ARRAY_BUFFER)
35 |
/Users/admin/builder/spi-builder-workspace/.dependencies/checkouts/GLTFSceneKit/Sources/GLTFSceneKit/GLTFTypes.swift:34:37: error: cannot find 'GL_ELEMENT_ARRAY_BUFFER' in scope
32 |
33 | let GLTF_ARRAY_BUFFER = Int(GL_ARRAY_BUFFER)
34 | let GLTF_ELEMENT_ARRAY_BUFFER = Int(GL_ELEMENT_ARRAY_BUFFER)
| `- error: cannot find 'GL_ELEMENT_ARRAY_BUFFER' in scope
35 |
36 | let GLTF_POINTS = Int(GL_POINTS)
/Users/admin/builder/spi-builder-workspace/.dependencies/checkouts/GLTFSceneKit/Sources/GLTFSceneKit/GLTFTypes.swift:36:23: error: cannot find 'GL_POINTS' in scope
34 | let GLTF_ELEMENT_ARRAY_BUFFER = Int(GL_ELEMENT_ARRAY_BUFFER)
35 |
36 | let GLTF_POINTS = Int(GL_POINTS)
| `- error: cannot find 'GL_POINTS' in scope
37 | let GLTF_LINES = Int(GL_LINES)
38 | let GLTF_LINE_LOOP = Int(GL_LINE_LOOP)
/Users/admin/builder/spi-builder-workspace/.dependencies/checkouts/GLTFSceneKit/Sources/GLTFSceneKit/GLTFTypes.swift:37:22: error: cannot find 'GL_LINES' in scope
35 |
36 | let GLTF_POINTS = Int(GL_POINTS)
37 | let GLTF_LINES = Int(GL_LINES)
| `- error: cannot find 'GL_LINES' in scope
38 | let GLTF_LINE_LOOP = Int(GL_LINE_LOOP)
39 | let GLTF_LINE_STRIP = Int(GL_LINE_STRIP)
/Users/admin/builder/spi-builder-workspace/.dependencies/checkouts/GLTFSceneKit/Sources/GLTFSceneKit/GLTFTypes.swift:38:26: error: cannot find 'GL_LINE_LOOP' in scope
36 | let GLTF_POINTS = Int(GL_POINTS)
37 | let GLTF_LINES = Int(GL_LINES)
38 | let GLTF_LINE_LOOP = Int(GL_LINE_LOOP)
| `- error: cannot find 'GL_LINE_LOOP' in scope
39 | let GLTF_LINE_STRIP = Int(GL_LINE_STRIP)
40 | let GLTF_TRIANGLES = Int(GL_TRIANGLES)
/Users/admin/builder/spi-builder-workspace/.dependencies/checkouts/GLTFSceneKit/Sources/GLTFSceneKit/GLTFTypes.swift:39:27: error: cannot find 'GL_LINE_STRIP' in scope
37 | let GLTF_LINES = Int(GL_LINES)
38 | let GLTF_LINE_LOOP = Int(GL_LINE_LOOP)
39 | let GLTF_LINE_STRIP = Int(GL_LINE_STRIP)
| `- error: cannot find 'GL_LINE_STRIP' in scope
40 | let GLTF_TRIANGLES = Int(GL_TRIANGLES)
41 | let GLTF_TRIANGLE_STRIP = Int(GL_TRIANGLE_STRIP)
/Users/admin/builder/spi-builder-workspace/.dependencies/checkouts/GLTFSceneKit/Sources/GLTFSceneKit/GLTFTypes.swift:40:26: error: cannot find 'GL_TRIANGLES' in scope
38 | let GLTF_LINE_LOOP = Int(GL_LINE_LOOP)
39 | let GLTF_LINE_STRIP = Int(GL_LINE_STRIP)
40 | let GLTF_TRIANGLES = Int(GL_TRIANGLES)
| `- error: cannot find 'GL_TRIANGLES' in scope
41 | let GLTF_TRIANGLE_STRIP = Int(GL_TRIANGLE_STRIP)
42 | let GLTF_TRIANGLE_FAN = Int(GL_TRIANGLE_FAN)
/Users/admin/builder/spi-builder-workspace/.dependencies/checkouts/GLTFSceneKit/Sources/GLTFSceneKit/GLTFTypes.swift:41:31: error: cannot find 'GL_TRIANGLE_STRIP' in scope
39 | let GLTF_LINE_STRIP = Int(GL_LINE_STRIP)
40 | let GLTF_TRIANGLES = Int(GL_TRIANGLES)
41 | let GLTF_TRIANGLE_STRIP = Int(GL_TRIANGLE_STRIP)
| `- error: cannot find 'GL_TRIANGLE_STRIP' in scope
42 | let GLTF_TRIANGLE_FAN = Int(GL_TRIANGLE_FAN)
43 |
/Users/admin/builder/spi-builder-workspace/.dependencies/checkouts/GLTFSceneKit/Sources/GLTFSceneKit/GLTFTypes.swift:42:29: error: cannot find 'GL_TRIANGLE_FAN' in scope
40 | let GLTF_TRIANGLES = Int(GL_TRIANGLES)
41 | let GLTF_TRIANGLE_STRIP = Int(GL_TRIANGLE_STRIP)
42 | let GLTF_TRIANGLE_FAN = Int(GL_TRIANGLE_FAN)
| `- error: cannot find 'GL_TRIANGLE_FAN' in scope
43 |
44 | let GLTF_NEAREST = Int(GL_NEAREST)
/Users/admin/builder/spi-builder-workspace/.dependencies/checkouts/GLTFSceneKit/Sources/GLTFSceneKit/GLTFTypes.swift:44:24: error: cannot find 'GL_NEAREST' in scope
42 | let GLTF_TRIANGLE_FAN = Int(GL_TRIANGLE_FAN)
43 |
44 | let GLTF_NEAREST = Int(GL_NEAREST)
| `- error: cannot find 'GL_NEAREST' in scope
45 | let GLTF_LINEAR = Int(GL_LINEAR)
46 | let GLTF_NEAREST_MIPMAP_NEAREST = Int(GL_NEAREST_MIPMAP_NEAREST)
/Users/admin/builder/spi-builder-workspace/.dependencies/checkouts/GLTFSceneKit/Sources/GLTFSceneKit/GLTFTypes.swift:45:23: error: cannot find 'GL_LINEAR' in scope
43 |
44 | let GLTF_NEAREST = Int(GL_NEAREST)
45 | let GLTF_LINEAR = Int(GL_LINEAR)
| `- error: cannot find 'GL_LINEAR' in scope
46 | let GLTF_NEAREST_MIPMAP_NEAREST = Int(GL_NEAREST_MIPMAP_NEAREST)
47 | let GLTF_LINEAR_MIPMAP_NEAREST = Int(GL_LINEAR_MIPMAP_NEAREST)
/Users/admin/builder/spi-builder-workspace/.dependencies/checkouts/GLTFSceneKit/Sources/GLTFSceneKit/GLTFTypes.swift:46:39: error: cannot find 'GL_NEAREST_MIPMAP_NEAREST' in scope
44 | let GLTF_NEAREST = Int(GL_NEAREST)
45 | let GLTF_LINEAR = Int(GL_LINEAR)
46 | let GLTF_NEAREST_MIPMAP_NEAREST = Int(GL_NEAREST_MIPMAP_NEAREST)
| `- error: cannot find 'GL_NEAREST_MIPMAP_NEAREST' in scope
47 | let GLTF_LINEAR_MIPMAP_NEAREST = Int(GL_LINEAR_MIPMAP_NEAREST)
48 | let GLTF_NEAREST_MIPMAP_LINEAR = Int(GL_NEAREST_MIPMAP_LINEAR)
/Users/admin/builder/spi-builder-workspace/.dependencies/checkouts/GLTFSceneKit/Sources/GLTFSceneKit/GLTFTypes.swift:47:38: error: cannot find 'GL_LINEAR_MIPMAP_NEAREST' in scope
45 | let GLTF_LINEAR = Int(GL_LINEAR)
46 | let GLTF_NEAREST_MIPMAP_NEAREST = Int(GL_NEAREST_MIPMAP_NEAREST)
47 | let GLTF_LINEAR_MIPMAP_NEAREST = Int(GL_LINEAR_MIPMAP_NEAREST)
| `- error: cannot find 'GL_LINEAR_MIPMAP_NEAREST' in scope
48 | let GLTF_NEAREST_MIPMAP_LINEAR = Int(GL_NEAREST_MIPMAP_LINEAR)
49 | let GLTF_LINEAR_MIPMAP_LINEAR = Int(GL_LINEAR_MIPMAP_LINEAR)
/Users/admin/builder/spi-builder-workspace/.dependencies/checkouts/GLTFSceneKit/Sources/GLTFSceneKit/GLTFTypes.swift:48:38: error: cannot find 'GL_NEAREST_MIPMAP_LINEAR' in scope
46 | let GLTF_NEAREST_MIPMAP_NEAREST = Int(GL_NEAREST_MIPMAP_NEAREST)
47 | let GLTF_LINEAR_MIPMAP_NEAREST = Int(GL_LINEAR_MIPMAP_NEAREST)
48 | let GLTF_NEAREST_MIPMAP_LINEAR = Int(GL_NEAREST_MIPMAP_LINEAR)
| `- error: cannot find 'GL_NEAREST_MIPMAP_LINEAR' in scope
49 | let GLTF_LINEAR_MIPMAP_LINEAR = Int(GL_LINEAR_MIPMAP_LINEAR)
50 |
/Users/admin/builder/spi-builder-workspace/.dependencies/checkouts/GLTFSceneKit/Sources/GLTFSceneKit/GLTFTypes.swift:49:37: error: cannot find 'GL_LINEAR_MIPMAP_LINEAR' in scope
47 | let GLTF_LINEAR_MIPMAP_NEAREST = Int(GL_LINEAR_MIPMAP_NEAREST)
48 | let GLTF_NEAREST_MIPMAP_LINEAR = Int(GL_NEAREST_MIPMAP_LINEAR)
49 | let GLTF_LINEAR_MIPMAP_LINEAR = Int(GL_LINEAR_MIPMAP_LINEAR)
| `- error: cannot find 'GL_LINEAR_MIPMAP_LINEAR' in scope
50 |
51 | let GLTF_CLAMP_TO_EDGE = Int(GL_CLAMP_TO_EDGE)
/Users/admin/builder/spi-builder-workspace/.dependencies/checkouts/GLTFSceneKit/Sources/GLTFSceneKit/GLTFTypes.swift:51:30: error: cannot find 'GL_CLAMP_TO_EDGE' in scope
49 | let GLTF_LINEAR_MIPMAP_LINEAR = Int(GL_LINEAR_MIPMAP_LINEAR)
50 |
51 | let GLTF_CLAMP_TO_EDGE = Int(GL_CLAMP_TO_EDGE)
| `- error: cannot find 'GL_CLAMP_TO_EDGE' in scope
52 | let GLTF_MIRRORED_REPEAT = Int(GL_MIRRORED_REPEAT)
53 | let GLTF_REPEAT = Int(GL_REPEAT)
/Users/admin/builder/spi-builder-workspace/.dependencies/checkouts/GLTFSceneKit/Sources/GLTFSceneKit/GLTFTypes.swift:52:32: error: cannot find 'GL_MIRRORED_REPEAT' in scope
50 |
51 | let GLTF_CLAMP_TO_EDGE = Int(GL_CLAMP_TO_EDGE)
52 | let GLTF_MIRRORED_REPEAT = Int(GL_MIRRORED_REPEAT)
| `- error: cannot find 'GL_MIRRORED_REPEAT' in scope
53 | let GLTF_REPEAT = Int(GL_REPEAT)
54 |
/Users/admin/builder/spi-builder-workspace/.dependencies/checkouts/GLTFSceneKit/Sources/GLTFSceneKit/GLTFTypes.swift:53:23: error: cannot find 'GL_REPEAT' in scope
51 | let GLTF_CLAMP_TO_EDGE = Int(GL_CLAMP_TO_EDGE)
52 | let GLTF_MIRRORED_REPEAT = Int(GL_MIRRORED_REPEAT)
53 | let GLTF_REPEAT = Int(GL_REPEAT)
| `- error: cannot find 'GL_REPEAT' in scope
54 |
55 | let usesFloatComponentsMap: [Int: Bool] = [
/Users/admin/builder/spi-builder-workspace/.dependencies/checkouts/GLTFSceneKit/Sources/GLTFSceneKit/GLTFTypes.swift:113:23: error: cannot find type 'UIColor' in scope
111 | #elseif os(iOS) || os(tvOS) || os(watchOS)
112 | typealias Image = UIImage
113 | typealias Color = UIColor
| `- error: cannot find type 'UIColor' in scope
114 | #endif
115 |
/Users/admin/builder/spi-builder-workspace/.dependencies/checkouts/GLTFSceneKit/Sources/GLTFSceneKit/GLTFUnarchiver.swift:30:39: error: 'CAAnimation' is unavailable in watchOS
28 | internal var nodes: [SCNNode?] = []
29 | internal var skins: [SCNSkinner?] = []
30 | internal var animationChannels: [[CAAnimation?]?] = []
| `- error: 'CAAnimation' is unavailable in watchOS
31 | internal var animationSamplers: [[CAAnimation?]?] = []
32 | internal var meshes: [SCNNode?] = []
/Applications/Xcode-27.0.0-Release.Candidate.app/Contents/Developer/Platforms/WatchOS.platform/Developer/SDKs/WatchOS27.0.sdk/System/Library/Frameworks/QuartzCore.framework/Headers/CAAnimation.h:25:12: note: 'CAAnimation' has been explicitly marked unavailable here
23 |
24 | API_AVAILABLE(macos(10.5), ios(2.0), tvos(9.0)) API_UNAVAILABLE(watchos)
25 | @interface CAAnimation : NSObject
| `- note: 'CAAnimation' has been explicitly marked unavailable here
26 | <NSSecureCoding, NSCopying, CAMediaTiming, CAAction>
27 | {
/Users/admin/builder/spi-builder-workspace/.dependencies/checkouts/GLTFSceneKit/Sources/GLTFSceneKit/GLTFUnarchiver.swift:31:39: error: 'CAAnimation' is unavailable in watchOS
29 | internal var skins: [SCNSkinner?] = []
30 | internal var animationChannels: [[CAAnimation?]?] = []
31 | internal var animationSamplers: [[CAAnimation?]?] = []
| `- error: 'CAAnimation' is unavailable in watchOS
32 | internal var meshes: [SCNNode?] = []
33 | internal var accessors: [Any?] = []
/Applications/Xcode-27.0.0-Release.Candidate.app/Contents/Developer/Platforms/WatchOS.platform/Developer/SDKs/WatchOS27.0.sdk/System/Library/Frameworks/QuartzCore.framework/Headers/CAAnimation.h:25:12: note: 'CAAnimation' has been explicitly marked unavailable here
23 |
24 | API_AVAILABLE(macos(10.5), ios(2.0), tvos(9.0)) API_UNAVAILABLE(watchos)
25 | @interface CAAnimation : NSObject
| `- note: 'CAAnimation' has been explicitly marked unavailable here
26 | <NSSecureCoding, NSCopying, CAMediaTiming, CAAction>
27 | {
/Users/admin/builder/spi-builder-workspace/.dependencies/checkouts/GLTFSceneKit/Sources/GLTFSceneKit/GLTFUnarchiver.swift:1214:96: error: 'CAAnimationGroup' is unavailable in watchOS
1212 | }
1213 |
1214 | private func loadAnimationSampler(index: Int, sampler: Int, flipW: Bool = false) throws -> CAAnimationGroup {
| `- error: 'CAAnimationGroup' is unavailable in watchOS
1215 | guard index < self.animationSamplers.count else {
1216 | throw GLTFUnarchiveError.DataInconsistent("loadAnimationSampler: out of index: \(index) < \(self.animationSamplers.count)")
/Applications/Xcode-27.0.0-Release.Candidate.app/Contents/Developer/Platforms/WatchOS.platform/Developer/SDKs/WatchOS27.0.sdk/System/Library/Frameworks/QuartzCore.framework/Headers/CAAnimation.h:383:12: note: 'CAAnimationGroup' has been explicitly marked unavailable here
381 |
382 | API_AVAILABLE(macos(10.5), ios(2.0), tvos(9.0)) API_UNAVAILABLE(watchos)
383 | @interface CAAnimationGroup : CAAnimation
| `- note: 'CAAnimationGroup' has been explicitly marked unavailable here
384 |
385 | /* An array of CAAnimation objects. Each member of the array will run
/Users/admin/builder/spi-builder-workspace/.dependencies/checkouts/GLTFSceneKit/Sources/GLTFSceneKit/GLTFUnarchiver.swift:1266:99: error: 'CAAnimationGroup' is unavailable in watchOS
1264 | }
1265 |
1266 | private func loadWeightAnimationsSampler(index: Int, sampler: Int, paths: [String]) throws -> CAAnimationGroup {
| `- error: 'CAAnimationGroup' is unavailable in watchOS
1267 | guard index < self.animationSamplers.count else {
1268 | throw GLTFUnarchiveError.DataInconsistent("loadWeightAnimationsSampler: out of index: \(index) < \(self.animationSamplers.count)")
/Applications/Xcode-27.0.0-Release.Candidate.app/Contents/Developer/Platforms/WatchOS.platform/Developer/SDKs/WatchOS27.0.sdk/System/Library/Frameworks/QuartzCore.framework/Headers/CAAnimation.h:383:12: note: 'CAAnimationGroup' has been explicitly marked unavailable here
381 |
382 | API_AVAILABLE(macos(10.5), ios(2.0), tvos(9.0)) API_UNAVAILABLE(watchos)
383 | @interface CAAnimationGroup : CAAnimation
| `- note: 'CAAnimationGroup' has been explicitly marked unavailable here
384 |
385 | /* An array of CAAnimation objects. Each member of the array will run
/Users/admin/builder/spi-builder-workspace/.dependencies/checkouts/GLTFSceneKit/Sources/GLTFSceneKit/GLTFUnarchiver.swift:1331:92: error: 'CAAnimation' is unavailable in watchOS
1329 |
1330 | //private func loadAnimation(index: Int, channel: Int) throws -> SCNAnimation {
1331 | private func loadAnimation(index: Int, channel: Int, weightPaths: [String]?) throws -> CAAnimation {
| `- error: 'CAAnimation' is unavailable in watchOS
1332 | guard index < self.animationChannels.count else {
1333 | throw GLTFUnarchiveError.DataInconsistent("loadAnimation: out of index: \(index) < \(self.animationChannels.count)")
/Applications/Xcode-27.0.0-Release.Candidate.app/Contents/Developer/Platforms/WatchOS.platform/Developer/SDKs/WatchOS27.0.sdk/System/Library/Frameworks/QuartzCore.framework/Headers/CAAnimation.h:25:12: note: 'CAAnimation' has been explicitly marked unavailable here
23 |
24 | API_AVAILABLE(macos(10.5), ios(2.0), tvos(9.0)) API_UNAVAILABLE(watchos)
25 | @interface CAAnimation : NSObject
| `- note: 'CAAnimation' has been explicitly marked unavailable here
26 | <NSSecureCoding, NSCopying, CAMediaTiming, CAAction>
27 | {
Failed frontend command:
/Applications/Xcode-27.0.0-Release.Candidate.app/Contents/Developer/Toolchains/XcodeDefault.xctoolchain/usr/bin/swift-frontend -frontend -emit-module -experimental-skip-non-inlinable-function-bodies-without-types /Users/admin/builder/spi-builder-workspace/.derivedData/Build/Intermediates.noindex/GLTFSceneKit.build/Debug-watchos/GLTFSceneKit-t.build/DerivedSources/resource_bundle_accessor.swift /Users/admin/builder/spi-builder-workspace/.dependencies/checkouts/GLTFSceneKit/Sources/GLTFSceneKit/GLTFErrors.swift /Users/admin/builder/spi-builder-workspace/.dependencies/checkouts/GLTFSceneKit/Sources/GLTFSceneKit/GLTFFunctions.swift /Users/admin/builder/spi-builder-workspace/.dependencies/checkouts/GLTFSceneKit/Sources/GLTFSceneKit/GLTFSceneKit+BundleFinder.swift /Users/admin/builder/spi-builder-workspace/.dependencies/checkouts/GLTFSceneKit/Sources/GLTFSceneKit/GLTFSceneSource.swift /Users/admin/builder/spi-builder-workspace/.dependencies/checkouts/GLTFSceneKit/Sources/GLTFSceneKit/GLTFTypes.swift /Users/admin/builder/spi-builder-workspace/.dependencies/checkouts/GLTFSceneKit/Sources/GLTFSceneKit/GLTFUnarchiver.swift /Users/admin/builder/spi-builder-workspace/.dependencies/checkouts/GLTFSceneKit/Sources/GLTFSceneKit/schema/GLTFAccessor.swift /Users/admin/builder/spi-builder-workspace/.dependencies/checkouts/GLTFSceneKit/Sources/GLTFSceneKit/schema/GLTFAccessorSparse.swift /Users/admin/builder/spi-builder-workspace/.dependencies/checkouts/GLTFSceneKit/Sources/GLTFSceneKit/schema/GLTFAccessorSparseIndices.swift /Users/admin/builder/spi-builder-workspace/.dependencies/checkouts/GLTFSceneKit/Sources/GLTFSceneKit/schema/GLTFAccessorSparseValues.swift /Users/admin/builder/spi-builder-workspace/.dependencies/checkouts/GLTFSceneKit/Sources/GLTFSceneKit/schema/GLTFAnimation.swift /Users/admin/builder/spi-builder-workspace/.dependencies/checkouts/GLTFSceneKit/Sources/GLTFSceneKit/schema/GLTFAnimationChannel.swift /Users/admin/builder/spi-builder-workspace/.dependencies/checkouts/GLTFSceneKit/Sources/GLTFSceneKit/schema/GLTFAnimationChannelTarget.swift /Users/admin/builder/spi-builder-workspace/.dependencies/checkouts/GLTFSceneKit/Sources/GLTFSceneKit/schema/GLTFAnimationSampler.swift /Users/admin/builder/spi-builder-workspace/.dependencies/checkouts/GLTFSceneKit/Sources/GLTFSceneKit/schema/GLTFAsset.swift /Users/admin/builder/spi-builder-workspace/.dependencies/checkouts/GLTFSceneKit/Sources/GLTFSceneKit/schema/GLTFBuffer.swift /Users/admin/builder/spi-builder-workspace/.dependencies/checkouts/GLTFSceneKit/Sources/GLTFSceneKit/schema/GLTFBufferView.swift /Users/admin/builder/spi-builder-workspace/.dependencies/checkouts/GLTFSceneKit/Sources/GLTFSceneKit/schema/GLTFCamera.swift /Users/admin/builder/spi-builder-workspace/.dependencies/checkouts/GLTFSceneKit/Sources/GLTFSceneKit/schema/GLTFCameraOrthographic.swift /Users/admin/builder/spi-builder-workspace/.dependencies/checkouts/GLTFSceneKit/Sources/GLTFSceneKit/schema/GLTFCameraPerspective.swift /Users/admin/builder/spi-builder-workspace/.dependencies/checkouts/GLTFSceneKit/Sources/GLTFSceneKit/schema/GLTFExtension.swift /Users/admin/builder/spi-builder-workspace/.dependencies/checkouts/GLTFSceneKit/Sources/GLTFSceneKit/schema/GLTFExtras.swift /Users/admin/builder/spi-builder-workspace/.dependencies/checkouts/GLTFSceneKit/Sources/GLTFSceneKit/schema/GLTFExtrasTargetNames.swift /Users/admin/builder/spi-builder-workspace/.dependencies/checkouts/GLTFSceneKit/Sources/GLTFSceneKit/schema/GLTFGlTF.swift /Users/admin/builder/spi-builder-workspace/.dependencies/checkouts/GLTFSceneKit/Sources/GLTFSceneKit/schema/GLTFGlTFChildOfRootProperty.swift /Users/admin/builder/spi-builder-workspace/.dependencies/checkouts/GLTFSceneKit/Sources/GLTFSceneKit/schema/GLTFGlTFProperty.swift /Users/admin/builder/spi-builder-workspace/.dependencies/checkouts/GLTFSceneKit/Sources/GLTFSceneKit/schema/GLTFGlTFid.swift /Users/admin/builder/spi-builder-workspace/.dependencies/checkouts/GLTFSceneKit/Sources/GLTFSceneKit/schema/GLTFImage.swift /Users/admin/builder/spi-builder-workspace/.dependencies/checkouts/GLTFSceneKit/Sources/GLTFSceneKit/schema/GLTFMaterial.swift /Users/admin/builder/spi-builder-workspace/.dependencies/checkouts/GLTFSceneKit/Sources/GLTFSceneKit/schema/GLTFMaterialNormalTextureInfo.swift /Users/admin/builder/spi-builder-workspace/.dependencies/checkouts/GLTFSceneKit/Sources/GLTFSceneKit/schema/GLTFMaterialOcclusionTextureInfo.swift /Users/admin/builder/spi-builder-workspace/.dependencies/checkouts/GLTFSceneKit/Sources/GLTFSceneKit/schema/GLTFMaterialPbrMetallicRoughness.swift /Users/admin/builder/spi-builder-workspace/.dependencies/checkouts/GLTFSceneKit/Sources/GLTFSceneKit/schema/GLTFMesh.swift /Users/admin/builder/spi-builder-workspace/.dependencies/checkouts/GLTFSceneKit/Sources/GLTFSceneKit/schema/GLTFMeshPrimitive.swift /Users/admin/builder/spi-builder-workspace/.dependencies/checkouts/GLTFSceneKit/Sources/GLTFSceneKit/schema/GLTFNode.swift /Users/admin/builder/spi-builder-workspace/.dependencies/checkouts/GLTFSceneKit/Sources/GLTFSceneKit/schema/GLTFSampler.swift /Users/admin/builder/spi-builder-workspace/.dependencies/checkouts/GLTFSceneKit/Sources/GLTFSceneKit/schema/GLTFScene.swift /Users/admin/builder/spi-builder-workspace/.dependencies/checkouts/GLTFSceneKit/Sources/GLTFSceneKit/schema/GLTFSkin.swift /Users/admin/builder/spi-builder-workspace/.dependencies/checkouts/GLTFSceneKit/Sources/GLTFSceneKit/schema/GLTFTexture.swift /Users/admin/builder/spi-builder-workspace/.dependencies/checkouts/GLTFSceneKit/Sources/GLTFSceneKit/schema/GLTFTextureInfo.swift /Users/admin/builder/spi-builder-workspace/.dependencies/checkouts/GLTFSceneKit/Sources/GLTFSceneKit/schema/extensions/ExtensionList.swift /Users/admin/builder/spi-builder-workspace/.dependencies/checkouts/GLTFSceneKit/Sources/GLTFSceneKit/schema/extensions/KHR_materials_common/GLTFKHRMaterialsCommon_GLTFKHRMaterialsCommon.swift /Users/admin/builder/spi-builder-workspace/.dependencies/checkouts/GLTFSceneKit/Sources/GLTFSceneKit/schema/extensions/KHR_materials_pbrSpecularGlossiness/GLTFKHRMaterialsPbrSpecularGlossiness_GLTFKHRMaterialsPbrSpecularGlossiness.swift /Users/admin/builder/spi-builder-workspace/.dependencies/checkouts/GLTFSceneKit/Sources/GLTFSceneKit/schema/extensions/VRM/GLTFVRM_VRM.swift /Users/admin/builder/spi-builder-workspace/.dependencies/checkouts/GLTFSceneKit/Sources/GLTFSceneKit/schema/extensions/VRM/GLTFVRM_VRMSpringBone.swift /Users/admin/builder/spi-builder-workspace/.dependencies/checkouts/GLTFSceneKit/Sources/GLTFSceneKit/schema/extensions/VRM/GLTFVRM_VRMSpringBoneLogic.swift /Users/admin/builder/spi-builder-workspace/.dependencies/checkouts/GLTFSceneKit/Sources/GLTFSceneKit/schema/extensions/VRM/GLTFVRM_VRMState.swift /Users/admin/builder/spi-builder-workspace/.dependencies/checkouts/GLTFSceneKit/Sources/GLTFSceneKit/schema/extensions/VRM/GLTFVRM_VRMTypes.swift -target arm64-apple-watchos9.0 -disable-cross-import-overlay-search -swift-module-cross-import SceneKit /Applications/Xcode-27.0.0-Release.Candidate.app/Contents/Developer/Platforms/WatchOS.platform/Developer/SDKs/WatchOS.sdk/System/Library/Frameworks/SceneKit.framework/Modules/SceneKit.swiftcrossimport/SwiftUI.swiftoverlay -swift-module-cross-import SpriteKit /Applications/Xcode-27.0.0-Release.Candidate.app/Contents/Developer/Platforms/WatchOS.platform/Developer/SDKs/WatchOS.sdk/System/Library/Frameworks/SpriteKit.framework/Modules/SpriteKit.swiftcrossimport/SwiftUI.swiftoverlay -load-resolved-plugin /Applications/Xcode-27.0.0-Release.Candidate.app/Contents/Developer/Platforms/WatchOS.platform/Developer/usr/lib/swift/host/plugins/libFoundationMacros.dylib\#/Applications/Xcode-27.0.0-Release.Candidate.app/Contents/Developer/Platforms/WatchOS.platform/Developer/usr/bin/swift-plugin-server\#FoundationMacros -load-resolved-plugin /Applications/Xcode-27.0.0-Release.Candidate.app/Contents/Developer/Platforms/WatchOS.platform/Developer/usr/lib/swift/host/plugins/libObservationMacros.dylib\#/Applications/Xcode-27.0.0-Release.Candidate.app/Contents/Developer/Platforms/WatchOS.platform/Developer/usr/bin/swift-plugin-server\#ObservationMacros -load-resolved-plugin /Applications/Xcode-27.0.0-Release.Candidate.app/Contents/Developer/Platforms/WatchOS.platform/Developer/usr/lib/swift/host/plugins/libSwiftMacros.dylib\#/Applications/Xcode-27.0.0-Release.Candidate.app/Contents/Developer/Platforms/WatchOS.platform/Developer/usr/bin/swift-plugin-server\#SwiftMacros -load-resolved-plugin /Applications/Xcode-27.0.0-Release.Candidate.app/Contents/Developer/Platforms/WatchOS.platform/Developer/usr/lib/swift/host/plugins/libSwiftUIMacros.dylib\#/Applications/Xcode-27.0.0-Release.Candidate.app/Contents/Developer/Platforms/WatchOS.platform/Developer/usr/bin/swift-plugin-server\#SwiftUIMacros -disable-implicit-swift-modules -Xcc -fno-implicit-modules -Xcc -fno-implicit-module-maps -explicit-swift-module-map-file /Users/admin/builder/spi-builder-workspace/.derivedData/Build/Intermediates.noindex/GLTFSceneKit.build/Debug-watchos/GLTFSceneKit-t.build/Objects-normal/arm64/GLTFSceneKit-dependencies-1.json -Xllvm -aarch64-use-tbi -enable-objc-interop -stack-check -sdk /Applications/Xcode-27.0.0-Release.Candidate.app/Contents/Developer/Platforms/WatchOS.platform/Developer/SDKs/WatchOS27.0.sdk -I /Users/admin/builder/spi-builder-workspace/.derivedData/Build/Products/Debug-watchos -Isystem /Applications/Xcode-27.0.0-Release.Candidate.app/Contents/Developer/Platforms/WatchOS.platform/Developer/usr/lib -F /Users/admin/builder/spi-builder-workspace/.derivedData/Build/Products/Debug-watchos -F /Applications/Xcode-27.0.0-Release.Candidate.app/Contents/Developer/Platforms/WatchOS.platform/Developer/Library/Frameworks -F /Applications/Xcode-27.0.0-Release.Candidate.app/Contents/Developer/Platforms/WatchOS.platform/Developer/SDKs/WatchOS27.0.sdk/Developer/Library/Frameworks -module-cache-path /Users/admin/builder/spi-builder-workspace/.derivedData/Build/Intermediates.noindex/SwiftExplicitPrecompiledModules -no-color-diagnostics -Xcc -fno-color-diagnostics -enable-testing -g -debug-info-format\=dwarf -dwarf-version\=4 -suppress-warnings -profile-generate -profile-coverage-mapping -swift-version 5 -Onone -D SWIFT_PACKAGE -D DEBUG -D SWIFT_MODULE_RESOURCE_BUNDLE_AVAILABLE -D Xcode -serialize-debugging-options -enable-experimental-feature DebugDescriptionMacro -empty-abi-descriptor -validate-clang-modules-once -clang-build-session-file /Users/admin/builder/spi-builder-workspace/.derivedData/ModuleCache.noindex/Session.modulevalidation -Xcc -working-directory -Xcc /Users/admin/builder/spi-builder-workspace/.swiftpm/xcode -enable-anonymous-context-mangled-names -file-compilation-dir /Users/admin/builder/spi-builder-workspace/.swiftpm/xcode -Xcc -D_LIBCPP_HARDENING_MODE\=_LIBCPP_HARDENING_MODE_DEBUG -Xcc -ivfsstatcache -Xcc /Users/admin/builder/spi-builder-workspace/.derivedData/SDKStatCaches.noindex/watchos27.0-24R360-e829b21a6f8c9b70876ba0858053c04477534ef55a1706bf4c1112bbb242f0a2.sdkstatcache -Xcc -fmodules-prune-interval\=86400 -Xcc -fmodules-prune-after\=345600 -Xcc -I/Users/admin/builder/spi-builder-workspace/.derivedData/Build/Products/Debug-watchos/include -Xcc -I/Users/admin/builder/spi-builder-workspace/.derivedData/Build/Intermediates.noindex/GLTFSceneKit.build/Debug-watchos/GLTFSceneKit-t.build/DerivedSources-normal/arm64 -Xcc -I/Users/admin/builder/spi-builder-workspace/.derivedData/Build/Intermediates.noindex/GLTFSceneKit.build/Debug-watchos/GLTFSceneKit-t.build/DerivedSources/arm64 -Xcc -I/Users/admin/builder/spi-builder-workspace/.derivedData/Build/Intermediates.noindex/GLTFSceneKit.build/Debug-watchos/GLTFSceneKit-t.build/DerivedSources -Xcc -DSWIFT_PACKAGE -Xcc -DDEBUG\=1 -no-auto-bridging-header-chaining -module-name GLTFSceneKit -const-gather-protocols-file /Users/admin/builder/spi-builder-workspace/.derivedData/Build/Intermediates.noindex/GLTFSceneKit.build/Debug-watchos/GLTFSceneKit-t.build/Objects-normal/arm64/GLTFSceneKit_const_extract_protocols.json -disable-clang-spi -clang-target arm64-apple-watchos27.0 -target-sdk-version 27.0 -target-sdk-name watchos27.0 -in-process-plugin-server-path /Applications/Xcode-27.0.0-Release.Candidate.app/Contents/Developer/Toolchains/XcodeDefault.xctoolchain/usr/lib/swift/host/libSwiftInProcPluginServer.dylib -emit-module-doc-path /Users/admin/builder/spi-builder-workspace/.derivedData/Build/Intermediates.noindex/GLTFSceneKit.build/Debug-watchos/GLTFSceneKit-t.build/Objects-normal/arm64/GLTFSceneKit.swiftdoc -emit-module-source-info-path /Users/admin/builder/spi-builder-workspace/.derivedData/Build/Intermediates.noindex/GLTFSceneKit.build/Debug-watchos/GLTFSceneKit-t.build/Objects-normal/arm64/GLTFSceneKit.swiftsourceinfo -emit-objc-header-path /Users/admin/builder/spi-builder-workspace/.derivedData/Build/Intermediates.noindex/GLTFSceneKit.build/Debug-watchos/GLTFSceneKit-t.build/Objects-normal/arm64/GLTFSceneKit-Swift.h -serialize-diagnostics-path /Users/admin/builder/spi-builder-workspace/.derivedData/Build/Intermediates.noindex/GLTFSceneKit.build/Debug-watchos/GLTFSceneKit-t.build/Objects-normal/arm64/GLTFSceneKit-primary-emit-module.dia -emit-dependencies-path /Users/admin/builder/spi-builder-workspace/.derivedData/Build/Intermediates.noindex/GLTFSceneKit.build/Debug-watchos/GLTFSceneKit-t.build/Objects-normal/arm64/GLTFSceneKit-primary-emit-module.d -parse-as-library -o /Users/admin/builder/spi-builder-workspace/.derivedData/Build/Intermediates.noindex/GLTFSceneKit.build/Debug-watchos/GLTFSceneKit-t.build/Objects-normal/arm64/GLTFSceneKit.swiftmodule -emit-abi-descriptor-path /Users/admin/builder/spi-builder-workspace/.derivedData/Build/Intermediates.noindex/GLTFSceneKit.build/Debug-watchos/GLTFSceneKit-t.build/Objects-normal/arm64/GLTFSceneKit.abi.json
SwiftCompile normal arm64 (in target 'GLTFSceneKit' from project 'GLTFSceneKit')
cd /Users/admin/builder/spi-builder-workspace/.swiftpm/xcode
SwiftCompile normal arm64 Compiling\ GLTFVRM_VRMSpringBone.swift,\ GLTFVRM_VRMSpringBoneLogic.swift,\ GLTFVRM_VRMState.swift,\ GLTFVRM_VRMTypes.swift /Users/admin/builder/spi-builder-workspace/.dependencies/checkouts/GLTFSceneKit/Sources/GLTFSceneKit/schema/extensions/VRM/GLTFVRM_VRMSpringBone.swift /Users/admin/builder/spi-builder-workspace/.dependencies/checkouts/GLTFSceneKit/Sources/GLTFSceneKit/schema/extensions/VRM/GLTFVRM_VRMSpringBoneLogic.swift /Users/admin/builder/spi-builder-workspace/.dependencies/checkouts/GLTFSceneKit/Sources/GLTFSceneKit/schema/extensions/VRM/GLTFVRM_VRMState.swift /Users/admin/builder/spi-builder-workspace/.dependencies/checkouts/GLTFSceneKit/Sources/GLTFSceneKit/schema/extensions/VRM/GLTFVRM_VRMTypes.swift (in target 'GLTFSceneKit' from project 'GLTFSceneKit')
SwiftCompile normal arm64 /Users/admin/builder/spi-builder-workspace/.dependencies/checkouts/GLTFSceneKit/Sources/GLTFSceneKit/schema/extensions/VRM/GLTFVRM_VRMSpringBone.swift (in target 'GLTFSceneKit' from project 'GLTFSceneKit')
cd /Users/admin/builder/spi-builder-workspace/.swiftpm/xcode
builtin-SwiftPerFileCompile GLTFVRM_VRMSpringBone.swift
SwiftCompile normal arm64 /Users/admin/builder/spi-builder-workspace/.dependencies/checkouts/GLTFSceneKit/Sources/GLTFSceneKit/schema/extensions/VRM/GLTFVRM_VRMSpringBoneLogic.swift (in target 'GLTFSceneKit' from project 'GLTFSceneKit')
cd /Users/admin/builder/spi-builder-workspace/.swiftpm/xcode
builtin-SwiftPerFileCompile GLTFVRM_VRMSpringBoneLogic.swift
SwiftCompile normal arm64 /Users/admin/builder/spi-builder-workspace/.dependencies/checkouts/GLTFSceneKit/Sources/GLTFSceneKit/schema/extensions/VRM/GLTFVRM_VRMState.swift (in target 'GLTFSceneKit' from project 'GLTFSceneKit')
cd /Users/admin/builder/spi-builder-workspace/.swiftpm/xcode
builtin-SwiftPerFileCompile GLTFVRM_VRMState.swift
SwiftCompile normal arm64 /Users/admin/builder/spi-builder-workspace/.dependencies/checkouts/GLTFSceneKit/Sources/GLTFSceneKit/schema/extensions/VRM/GLTFVRM_VRMTypes.swift (in target 'GLTFSceneKit' from project 'GLTFSceneKit')
cd /Users/admin/builder/spi-builder-workspace/.swiftpm/xcode
builtin-SwiftPerFileCompile GLTFVRM_VRMTypes.swift
SwiftCompile normal arm64 Compiling\ GLTFAsset.swift,\ GLTFBuffer.swift,\ GLTFBufferView.swift,\ GLTFCamera.swift,\ GLTFCameraOrthographic.swift /Users/admin/builder/spi-builder-workspace/.dependencies/checkouts/GLTFSceneKit/Sources/GLTFSceneKit/schema/GLTFAsset.swift /Users/admin/builder/spi-builder-workspace/.dependencies/checkouts/GLTFSceneKit/Sources/GLTFSceneKit/schema/GLTFBuffer.swift /Users/admin/builder/spi-builder-workspace/.dependencies/checkouts/GLTFSceneKit/Sources/GLTFSceneKit/schema/GLTFBufferView.swift /Users/admin/builder/spi-builder-workspace/.dependencies/checkouts/GLTFSceneKit/Sources/GLTFSceneKit/schema/GLTFCamera.swift /Users/admin/builder/spi-builder-workspace/.dependencies/checkouts/GLTFSceneKit/Sources/GLTFSceneKit/schema/GLTFCameraOrthographic.swift (in target 'GLTFSceneKit' from project 'GLTFSceneKit')
SwiftCompile normal arm64 /Users/admin/builder/spi-builder-workspace/.dependencies/checkouts/GLTFSceneKit/Sources/GLTFSceneKit/schema/GLTFAsset.swift (in target 'GLTFSceneKit' from project 'GLTFSceneKit')
cd /Users/admin/builder/spi-builder-workspace/.swiftpm/xcode
builtin-SwiftPerFileCompile GLTFAsset.swift
SwiftCompile normal arm64 /Users/admin/builder/spi-builder-workspace/.dependencies/checkouts/GLTFSceneKit/Sources/GLTFSceneKit/schema/GLTFBuffer.swift (in target 'GLTFSceneKit' from project 'GLTFSceneKit')
cd /Users/admin/builder/spi-builder-workspace/.swiftpm/xcode
builtin-SwiftPerFileCompile GLTFBuffer.swift
SwiftCompile normal arm64 /Users/admin/builder/spi-builder-workspace/.dependencies/checkouts/GLTFSceneKit/Sources/GLTFSceneKit/schema/GLTFBufferView.swift (in target 'GLTFSceneKit' from project 'GLTFSceneKit')
cd /Users/admin/builder/spi-builder-workspace/.swiftpm/xcode
builtin-SwiftPerFileCompile GLTFBufferView.swift
SwiftCompile normal arm64 /Users/admin/builder/spi-builder-workspace/.dependencies/checkouts/GLTFSceneKit/Sources/GLTFSceneKit/schema/GLTFCamera.swift (in target 'GLTFSceneKit' from project 'GLTFSceneKit')
cd /Users/admin/builder/spi-builder-workspace/.swiftpm/xcode
builtin-SwiftPerFileCompile GLTFCamera.swift
SwiftCompile normal arm64 /Users/admin/builder/spi-builder-workspace/.dependencies/checkouts/GLTFSceneKit/Sources/GLTFSceneKit/schema/GLTFCameraOrthographic.swift (in target 'GLTFSceneKit' from project 'GLTFSceneKit')
cd /Users/admin/builder/spi-builder-workspace/.swiftpm/xcode
builtin-SwiftPerFileCompile GLTFCameraOrthographic.swift
SwiftCompile normal arm64 Compiling\ GLTFAccessorSparseValues.swift,\ GLTFAnimation.swift,\ GLTFAnimationChannel.swift,\ GLTFAnimationChannelTarget.swift,\ GLTFAnimationSampler.swift /Users/admin/builder/spi-builder-workspace/.dependencies/checkouts/GLTFSceneKit/Sources/GLTFSceneKit/schema/GLTFAccessorSparseValues.swift /Users/admin/builder/spi-builder-workspace/.dependencies/checkouts/GLTFSceneKit/Sources/GLTFSceneKit/schema/GLTFAnimation.swift /Users/admin/builder/spi-builder-workspace/.dependencies/checkouts/GLTFSceneKit/Sources/GLTFSceneKit/schema/GLTFAnimationChannel.swift /Users/admin/builder/spi-builder-workspace/.dependencies/checkouts/GLTFSceneKit/Sources/GLTFSceneKit/schema/GLTFAnimationChannelTarget.swift /Users/admin/builder/spi-builder-workspace/.dependencies/checkouts/GLTFSceneKit/Sources/GLTFSceneKit/schema/GLTFAnimationSampler.swift (in target 'GLTFSceneKit' from project 'GLTFSceneKit')
SwiftCompile normal arm64 /Users/admin/builder/spi-builder-workspace/.dependencies/checkouts/GLTFSceneKit/Sources/GLTFSceneKit/schema/GLTFAccessorSparseValues.swift (in target 'GLTFSceneKit' from project 'GLTFSceneKit')
cd /Users/admin/builder/spi-builder-workspace/.swiftpm/xcode
builtin-SwiftPerFileCompile GLTFAccessorSparseValues.swift
SwiftCompile normal arm64 /Users/admin/builder/spi-builder-workspace/.dependencies/checkouts/GLTFSceneKit/Sources/GLTFSceneKit/schema/GLTFAnimation.swift (in target 'GLTFSceneKit' from project 'GLTFSceneKit')
cd /Users/admin/builder/spi-builder-workspace/.swiftpm/xcode
builtin-SwiftPerFileCompile GLTFAnimation.swift
SwiftCompile normal arm64 /Users/admin/builder/spi-builder-workspace/.dependencies/checkouts/GLTFSceneKit/Sources/GLTFSceneKit/schema/GLTFAnimationChannel.swift (in target 'GLTFSceneKit' from project 'GLTFSceneKit')
cd /Users/admin/builder/spi-builder-workspace/.swiftpm/xcode
builtin-SwiftPerFileCompile GLTFAnimationChannel.swift
SwiftCompile normal arm64 /Users/admin/builder/spi-builder-workspace/.dependencies/checkouts/GLTFSceneKit/Sources/GLTFSceneKit/schema/GLTFAnimationChannelTarget.swift (in target 'GLTFSceneKit' from project 'GLTFSceneKit')
cd /Users/admin/builder/spi-builder-workspace/.swiftpm/xcode
builtin-SwiftPerFileCompile GLTFAnimationChannelTarget.swift
SwiftCompile normal arm64 /Users/admin/builder/spi-builder-workspace/.dependencies/checkouts/GLTFSceneKit/Sources/GLTFSceneKit/schema/GLTFAnimationSampler.swift (in target 'GLTFSceneKit' from project 'GLTFSceneKit')
cd /Users/admin/builder/spi-builder-workspace/.swiftpm/xcode
builtin-SwiftPerFileCompile GLTFAnimationSampler.swift
SwiftEmitModule normal arm64_32 Emitting\ module\ for\ GLTFSceneKit (in target 'GLTFSceneKit' from project 'GLTFSceneKit')
/Users/admin/builder/spi-builder-workspace/.dependencies/checkouts/GLTFSceneKit/Sources/GLTFSceneKit/GLTFTypes.swift:112:23: error: cannot find type 'UIImage' in scope
110 | typealias Color = NSColor
111 | #elseif os(iOS) || os(tvOS) || os(watchOS)
112 | typealias Image = UIImage
| `- error: cannot find type 'UIImage' in scope
113 | typealias Color = UIColor
114 | #endif
/Users/admin/builder/spi-builder-workspace/.dependencies/checkouts/GLTFSceneKit/Sources/GLTFSceneKit/GLTFTypes.swift:26:21: error: cannot find 'GL_BYTE' in scope
24 | ]
25 |
26 | let GLTF_BYTE = Int(GL_BYTE)
| `- error: cannot find 'GL_BYTE' in scope
27 | let GLTF_UNSIGNED_BYTE = Int(GL_UNSIGNED_BYTE)
28 | let GLTF_SHORT = Int(GL_SHORT)
/Users/admin/builder/spi-builder-workspace/.dependencies/checkouts/GLTFSceneKit/Sources/GLTFSceneKit/GLTFTypes.swift:27:30: error: cannot find 'GL_UNSIGNED_BYTE' in scope
25 |
26 | let GLTF_BYTE = Int(GL_BYTE)
27 | let GLTF_UNSIGNED_BYTE = Int(GL_UNSIGNED_BYTE)
| `- error: cannot find 'GL_UNSIGNED_BYTE' in scope
28 | let GLTF_SHORT = Int(GL_SHORT)
29 | let GLTF_UNSIGNED_SHORT = Int(GL_UNSIGNED_SHORT)
/Users/admin/builder/spi-builder-workspace/.dependencies/checkouts/GLTFSceneKit/Sources/GLTFSceneKit/GLTFTypes.swift:28:22: error: cannot find 'GL_SHORT' in scope
26 | let GLTF_BYTE = Int(GL_BYTE)
27 | let GLTF_UNSIGNED_BYTE = Int(GL_UNSIGNED_BYTE)
28 | let GLTF_SHORT = Int(GL_SHORT)
| `- error: cannot find 'GL_SHORT' in scope
29 | let GLTF_UNSIGNED_SHORT = Int(GL_UNSIGNED_SHORT)
30 | let GLTF_UNSIGNED_INT = Int(GL_UNSIGNED_INT)
/Users/admin/builder/spi-builder-workspace/.dependencies/checkouts/GLTFSceneKit/Sources/GLTFSceneKit/GLTFTypes.swift:29:31: error: cannot find 'GL_UNSIGNED_SHORT' in scope
27 | let GLTF_UNSIGNED_BYTE = Int(GL_UNSIGNED_BYTE)
28 | let GLTF_SHORT = Int(GL_SHORT)
29 | let GLTF_UNSIGNED_SHORT = Int(GL_UNSIGNED_SHORT)
| `- error: cannot find 'GL_UNSIGNED_SHORT' in scope
30 | let GLTF_UNSIGNED_INT = Int(GL_UNSIGNED_INT)
31 | let GLTF_FLOAT = Int(GL_FLOAT)
/Users/admin/builder/spi-builder-workspace/.dependencies/checkouts/GLTFSceneKit/Sources/GLTFSceneKit/GLTFTypes.swift:30:29: error: cannot find 'GL_UNSIGNED_INT' in scope
28 | let GLTF_SHORT = Int(GL_SHORT)
29 | let GLTF_UNSIGNED_SHORT = Int(GL_UNSIGNED_SHORT)
30 | let GLTF_UNSIGNED_INT = Int(GL_UNSIGNED_INT)
| `- error: cannot find 'GL_UNSIGNED_INT' in scope
31 | let GLTF_FLOAT = Int(GL_FLOAT)
32 |
/Users/admin/builder/spi-builder-workspace/.dependencies/checkouts/GLTFSceneKit/Sources/GLTFSceneKit/GLTFTypes.swift:31:22: error: cannot find 'GL_FLOAT' in scope
29 | let GLTF_UNSIGNED_SHORT = Int(GL_UNSIGNED_SHORT)
30 | let GLTF_UNSIGNED_INT = Int(GL_UNSIGNED_INT)
31 | let GLTF_FLOAT = Int(GL_FLOAT)
| `- error: cannot find 'GL_FLOAT' in scope
32 |
33 | let GLTF_ARRAY_BUFFER = Int(GL_ARRAY_BUFFER)
/Users/admin/builder/spi-builder-workspace/.dependencies/checkouts/GLTFSceneKit/Sources/GLTFSceneKit/GLTFTypes.swift:33:29: error: cannot find 'GL_ARRAY_BUFFER' in scope
31 | let GLTF_FLOAT = Int(GL_FLOAT)
32 |
33 | let GLTF_ARRAY_BUFFER = Int(GL_ARRAY_BUFFER)
| `- error: cannot find 'GL_ARRAY_BUFFER' in scope
34 | let GLTF_ELEMENT_ARRAY_BUFFER = Int(GL_ELEMENT_ARRAY_BUFFER)
35 |
/Users/admin/builder/spi-builder-workspace/.dependencies/checkouts/GLTFSceneKit/Sources/GLTFSceneKit/GLTFTypes.swift:34:37: error: cannot find 'GL_ELEMENT_ARRAY_BUFFER' in scope
32 |
33 | let GLTF_ARRAY_BUFFER = Int(GL_ARRAY_BUFFER)
34 | let GLTF_ELEMENT_ARRAY_BUFFER = Int(GL_ELEMENT_ARRAY_BUFFER)
| `- error: cannot find 'GL_ELEMENT_ARRAY_BUFFER' in scope
35 |
36 | let GLTF_POINTS = Int(GL_POINTS)
/Users/admin/builder/spi-builder-workspace/.dependencies/checkouts/GLTFSceneKit/Sources/GLTFSceneKit/GLTFTypes.swift:36:23: error: cannot find 'GL_POINTS' in scope
34 | let GLTF_ELEMENT_ARRAY_BUFFER = Int(GL_ELEMENT_ARRAY_BUFFER)
35 |
36 | let GLTF_POINTS = Int(GL_POINTS)
| `- error: cannot find 'GL_POINTS' in scope
37 | let GLTF_LINES = Int(GL_LINES)
38 | let GLTF_LINE_LOOP = Int(GL_LINE_LOOP)
/Users/admin/builder/spi-builder-workspace/.dependencies/checkouts/GLTFSceneKit/Sources/GLTFSceneKit/GLTFTypes.swift:37:22: error: cannot find 'GL_LINES' in scope
35 |
36 | let GLTF_POINTS = Int(GL_POINTS)
37 | let GLTF_LINES = Int(GL_LINES)
| `- error: cannot find 'GL_LINES' in scope
38 | let GLTF_LINE_LOOP = Int(GL_LINE_LOOP)
39 | let GLTF_LINE_STRIP = Int(GL_LINE_STRIP)
/Users/admin/builder/spi-builder-workspace/.dependencies/checkouts/GLTFSceneKit/Sources/GLTFSceneKit/GLTFTypes.swift:38:26: error: cannot find 'GL_LINE_LOOP' in scope
36 | let GLTF_POINTS = Int(GL_POINTS)
37 | let GLTF_LINES = Int(GL_LINES)
38 | let GLTF_LINE_LOOP = Int(GL_LINE_LOOP)
| `- error: cannot find 'GL_LINE_LOOP' in scope
39 | let GLTF_LINE_STRIP = Int(GL_LINE_STRIP)
40 | let GLTF_TRIANGLES = Int(GL_TRIANGLES)
/Users/admin/builder/spi-builder-workspace/.dependencies/checkouts/GLTFSceneKit/Sources/GLTFSceneKit/GLTFTypes.swift:39:27: error: cannot find 'GL_LINE_STRIP' in scope
37 | let GLTF_LINES = Int(GL_LINES)
38 | let GLTF_LINE_LOOP = Int(GL_LINE_LOOP)
39 | let GLTF_LINE_STRIP = Int(GL_LINE_STRIP)
| `- error: cannot find 'GL_LINE_STRIP' in scope
40 | let GLTF_TRIANGLES = Int(GL_TRIANGLES)
41 | let GLTF_TRIANGLE_STRIP = Int(GL_TRIANGLE_STRIP)
/Users/admin/builder/spi-builder-workspace/.dependencies/checkouts/GLTFSceneKit/Sources/GLTFSceneKit/GLTFTypes.swift:40:26: error: cannot find 'GL_TRIANGLES' in scope
38 | let GLTF_LINE_LOOP = Int(GL_LINE_LOOP)
39 | let GLTF_LINE_STRIP = Int(GL_LINE_STRIP)
40 | let GLTF_TRIANGLES = Int(GL_TRIANGLES)
| `- error: cannot find 'GL_TRIANGLES' in scope
41 | let GLTF_TRIANGLE_STRIP = Int(GL_TRIANGLE_STRIP)
42 | let GLTF_TRIANGLE_FAN = Int(GL_TRIANGLE_FAN)
/Users/admin/builder/spi-builder-workspace/.dependencies/checkouts/GLTFSceneKit/Sources/GLTFSceneKit/GLTFTypes.swift:41:31: error: cannot find 'GL_TRIANGLE_STRIP' in scope
39 | let GLTF_LINE_STRIP = Int(GL_LINE_STRIP)
40 | let GLTF_TRIANGLES = Int(GL_TRIANGLES)
41 | let GLTF_TRIANGLE_STRIP = Int(GL_TRIANGLE_STRIP)
| `- error: cannot find 'GL_TRIANGLE_STRIP' in scope
42 | let GLTF_TRIANGLE_FAN = Int(GL_TRIANGLE_FAN)
43 |
/Users/admin/builder/spi-builder-workspace/.dependencies/checkouts/GLTFSceneKit/Sources/GLTFSceneKit/GLTFTypes.swift:42:29: error: cannot find 'GL_TRIANGLE_FAN' in scope
40 | let GLTF_TRIANGLES = Int(GL_TRIANGLES)
41 | let GLTF_TRIANGLE_STRIP = Int(GL_TRIANGLE_STRIP)
42 | let GLTF_TRIANGLE_FAN = Int(GL_TRIANGLE_FAN)
| `- error: cannot find 'GL_TRIANGLE_FAN' in scope
43 |
44 | let GLTF_NEAREST = Int(GL_NEAREST)
/Users/admin/builder/spi-builder-workspace/.dependencies/checkouts/GLTFSceneKit/Sources/GLTFSceneKit/GLTFTypes.swift:44:24: error: cannot find 'GL_NEAREST' in scope
42 | let GLTF_TRIANGLE_FAN = Int(GL_TRIANGLE_FAN)
43 |
44 | let GLTF_NEAREST = Int(GL_NEAREST)
| `- error: cannot find 'GL_NEAREST' in scope
45 | let GLTF_LINEAR = Int(GL_LINEAR)
46 | let GLTF_NEAREST_MIPMAP_NEAREST = Int(GL_NEAREST_MIPMAP_NEAREST)
/Users/admin/builder/spi-builder-workspace/.dependencies/checkouts/GLTFSceneKit/Sources/GLTFSceneKit/GLTFTypes.swift:45:23: error: cannot find 'GL_LINEAR' in scope
43 |
44 | let GLTF_NEAREST = Int(GL_NEAREST)
45 | let GLTF_LINEAR = Int(GL_LINEAR)
| `- error: cannot find 'GL_LINEAR' in scope
46 | let GLTF_NEAREST_MIPMAP_NEAREST = Int(GL_NEAREST_MIPMAP_NEAREST)
47 | let GLTF_LINEAR_MIPMAP_NEAREST = Int(GL_LINEAR_MIPMAP_NEAREST)
/Users/admin/builder/spi-builder-workspace/.dependencies/checkouts/GLTFSceneKit/Sources/GLTFSceneKit/GLTFTypes.swift:46:39: error: cannot find 'GL_NEAREST_MIPMAP_NEAREST' in scope
44 | let GLTF_NEAREST = Int(GL_NEAREST)
45 | let GLTF_LINEAR = Int(GL_LINEAR)
46 | let GLTF_NEAREST_MIPMAP_NEAREST = Int(GL_NEAREST_MIPMAP_NEAREST)
| `- error: cannot find 'GL_NEAREST_MIPMAP_NEAREST' in scope
47 | let GLTF_LINEAR_MIPMAP_NEAREST = Int(GL_LINEAR_MIPMAP_NEAREST)
48 | let GLTF_NEAREST_MIPMAP_LINEAR = Int(GL_NEAREST_MIPMAP_LINEAR)
/Users/admin/builder/spi-builder-workspace/.dependencies/checkouts/GLTFSceneKit/Sources/GLTFSceneKit/GLTFTypes.swift:47:38: error: cannot find 'GL_LINEAR_MIPMAP_NEAREST' in scope
45 | let GLTF_LINEAR = Int(GL_LINEAR)
46 | let GLTF_NEAREST_MIPMAP_NEAREST = Int(GL_NEAREST_MIPMAP_NEAREST)
47 | let GLTF_LINEAR_MIPMAP_NEAREST = Int(GL_LINEAR_MIPMAP_NEAREST)
| `- error: cannot find 'GL_LINEAR_MIPMAP_NEAREST' in scope
48 | let GLTF_NEAREST_MIPMAP_LINEAR = Int(GL_NEAREST_MIPMAP_LINEAR)
49 | let GLTF_LINEAR_MIPMAP_LINEAR = Int(GL_LINEAR_MIPMAP_LINEAR)
/Users/admin/builder/spi-builder-workspace/.dependencies/checkouts/GLTFSceneKit/Sources/GLTFSceneKit/GLTFTypes.swift:48:38: error: cannot find 'GL_NEAREST_MIPMAP_LINEAR' in scope
46 | let GLTF_NEAREST_MIPMAP_NEAREST = Int(GL_NEAREST_MIPMAP_NEAREST)
47 | let GLTF_LINEAR_MIPMAP_NEAREST = Int(GL_LINEAR_MIPMAP_NEAREST)
48 | let GLTF_NEAREST_MIPMAP_LINEAR = Int(GL_NEAREST_MIPMAP_LINEAR)
| `- error: cannot find 'GL_NEAREST_MIPMAP_LINEAR' in scope
49 | let GLTF_LINEAR_MIPMAP_LINEAR = Int(GL_LINEAR_MIPMAP_LINEAR)
50 |
/Users/admin/builder/spi-builder-workspace/.dependencies/checkouts/GLTFSceneKit/Sources/GLTFSceneKit/GLTFTypes.swift:49:37: error: cannot find 'GL_LINEAR_MIPMAP_LINEAR' in scope
47 | let GLTF_LINEAR_MIPMAP_NEAREST = Int(GL_LINEAR_MIPMAP_NEAREST)
48 | let GLTF_NEAREST_MIPMAP_LINEAR = Int(GL_NEAREST_MIPMAP_LINEAR)
49 | let GLTF_LINEAR_MIPMAP_LINEAR = Int(GL_LINEAR_MIPMAP_LINEAR)
| `- error: cannot find 'GL_LINEAR_MIPMAP_LINEAR' in scope
50 |
51 | let GLTF_CLAMP_TO_EDGE = Int(GL_CLAMP_TO_EDGE)
/Users/admin/builder/spi-builder-workspace/.dependencies/checkouts/GLTFSceneKit/Sources/GLTFSceneKit/GLTFTypes.swift:51:30: error: cannot find 'GL_CLAMP_TO_EDGE' in scope
49 | let GLTF_LINEAR_MIPMAP_LINEAR = Int(GL_LINEAR_MIPMAP_LINEAR)
50 |
51 | let GLTF_CLAMP_TO_EDGE = Int(GL_CLAMP_TO_EDGE)
| `- error: cannot find 'GL_CLAMP_TO_EDGE' in scope
52 | let GLTF_MIRRORED_REPEAT = Int(GL_MIRRORED_REPEAT)
53 | let GLTF_REPEAT = Int(GL_REPEAT)
/Users/admin/builder/spi-builder-workspace/.dependencies/checkouts/GLTFSceneKit/Sources/GLTFSceneKit/GLTFTypes.swift:52:32: error: cannot find 'GL_MIRRORED_REPEAT' in scope
50 |
51 | let GLTF_CLAMP_TO_EDGE = Int(GL_CLAMP_TO_EDGE)
52 | let GLTF_MIRRORED_REPEAT = Int(GL_MIRRORED_REPEAT)
| `- error: cannot find 'GL_MIRRORED_REPEAT' in scope
53 | let GLTF_REPEAT = Int(GL_REPEAT)
54 |
/Users/admin/builder/spi-builder-workspace/.dependencies/checkouts/GLTFSceneKit/Sources/GLTFSceneKit/GLTFTypes.swift:53:23: error: cannot find 'GL_REPEAT' in scope
51 | let GLTF_CLAMP_TO_EDGE = Int(GL_CLAMP_TO_EDGE)
52 | let GLTF_MIRRORED_REPEAT = Int(GL_MIRRORED_REPEAT)
53 | let GLTF_REPEAT = Int(GL_REPEAT)
| `- error: cannot find 'GL_REPEAT' in scope
54 |
55 | let usesFloatComponentsMap: [Int: Bool] = [
/Users/admin/builder/spi-builder-workspace/.dependencies/checkouts/GLTFSceneKit/Sources/GLTFSceneKit/GLTFTypes.swift:113:23: error: cannot find type 'UIColor' in scope
111 | #elseif os(iOS) || os(tvOS) || os(watchOS)
112 | typealias Image = UIImage
113 | typealias Color = UIColor
| `- error: cannot find type 'UIColor' in scope
114 | #endif
115 |
/Users/admin/builder/spi-builder-workspace/.dependencies/checkouts/GLTFSceneKit/Sources/GLTFSceneKit/GLTFUnarchiver.swift:30:39: error: 'CAAnimation' is unavailable in watchOS
28 | internal var nodes: [SCNNode?] = []
29 | internal var skins: [SCNSkinner?] = []
30 | internal var animationChannels: [[CAAnimation?]?] = []
| `- error: 'CAAnimation' is unavailable in watchOS
31 | internal var animationSamplers: [[CAAnimation?]?] = []
32 | internal var meshes: [SCNNode?] = []
/Applications/Xcode-27.0.0-Release.Candidate.app/Contents/Developer/Platforms/WatchOS.platform/Developer/SDKs/WatchOS27.0.sdk/System/Library/Frameworks/QuartzCore.framework/Headers/CAAnimation.h:25:12: note: 'CAAnimation' has been explicitly marked unavailable here
23 |
24 | API_AVAILABLE(macos(10.5), ios(2.0), tvos(9.0)) API_UNAVAILABLE(watchos)
25 | @interface CAAnimation : NSObject
| `- note: 'CAAnimation' has been explicitly marked unavailable here
26 | <NSSecureCoding, NSCopying, CAMediaTiming, CAAction>
27 | {
/Users/admin/builder/spi-builder-workspace/.dependencies/checkouts/GLTFSceneKit/Sources/GLTFSceneKit/GLTFUnarchiver.swift:31:39: error: 'CAAnimation' is unavailable in watchOS
29 | internal var skins: [SCNSkinner?] = []
30 | internal var animationChannels: [[CAAnimation?]?] = []
31 | internal var animationSamplers: [[CAAnimation?]?] = []
| `- error: 'CAAnimation' is unavailable in watchOS
32 | internal var meshes: [SCNNode?] = []
33 | internal var accessors: [Any?] = []
/Applications/Xcode-27.0.0-Release.Candidate.app/Contents/Developer/Platforms/WatchOS.platform/Developer/SDKs/WatchOS27.0.sdk/System/Library/Frameworks/QuartzCore.framework/Headers/CAAnimation.h:25:12: note: 'CAAnimation' has been explicitly marked unavailable here
23 |
24 | API_AVAILABLE(macos(10.5), ios(2.0), tvos(9.0)) API_UNAVAILABLE(watchos)
25 | @interface CAAnimation : NSObject
| `- note: 'CAAnimation' has been explicitly marked unavailable here
26 | <NSSecureCoding, NSCopying, CAMediaTiming, CAAction>
27 | {
/Users/admin/builder/spi-builder-workspace/.dependencies/checkouts/GLTFSceneKit/Sources/GLTFSceneKit/GLTFUnarchiver.swift:1214:96: error: 'CAAnimationGroup' is unavailable in watchOS
1212 | }
1213 |
1214 | private func loadAnimationSampler(index: Int, sampler: Int, flipW: Bool = false) throws -> CAAnimationGroup {
| `- error: 'CAAnimationGroup' is unavailable in watchOS
1215 | guard index < self.animationSamplers.count else {
1216 | throw GLTFUnarchiveError.DataInconsistent("loadAnimationSampler: out of index: \(index) < \(self.animationSamplers.count)")
/Applications/Xcode-27.0.0-Release.Candidate.app/Contents/Developer/Platforms/WatchOS.platform/Developer/SDKs/WatchOS27.0.sdk/System/Library/Frameworks/QuartzCore.framework/Headers/CAAnimation.h:383:12: note: 'CAAnimationGroup' has been explicitly marked unavailable here
381 |
382 | API_AVAILABLE(macos(10.5), ios(2.0), tvos(9.0)) API_UNAVAILABLE(watchos)
383 | @interface CAAnimationGroup : CAAnimation
| `- note: 'CAAnimationGroup' has been explicitly marked unavailable here
384 |
385 | /* An array of CAAnimation objects. Each member of the array will run
/Users/admin/builder/spi-builder-workspace/.dependencies/checkouts/GLTFSceneKit/Sources/GLTFSceneKit/GLTFUnarchiver.swift:1266:99: error: 'CAAnimationGroup' is unavailable in watchOS
1264 | }
1265 |
1266 | private func loadWeightAnimationsSampler(index: Int, sampler: Int, paths: [String]) throws -> CAAnimationGroup {
| `- error: 'CAAnimationGroup' is unavailable in watchOS
1267 | guard index < self.animationSamplers.count else {
1268 | throw GLTFUnarchiveError.DataInconsistent("loadWeightAnimationsSampler: out of index: \(index) < \(self.animationSamplers.count)")
/Applications/Xcode-27.0.0-Release.Candidate.app/Contents/Developer/Platforms/WatchOS.platform/Developer/SDKs/WatchOS27.0.sdk/System/Library/Frameworks/QuartzCore.framework/Headers/CAAnimation.h:383:12: note: 'CAAnimationGroup' has been explicitly marked unavailable here
381 |
382 | API_AVAILABLE(macos(10.5), ios(2.0), tvos(9.0)) API_UNAVAILABLE(watchos)
383 | @interface CAAnimationGroup : CAAnimation
| `- note: 'CAAnimationGroup' has been explicitly marked unavailable here
384 |
385 | /* An array of CAAnimation objects. Each member of the array will run
/Users/admin/builder/spi-builder-workspace/.dependencies/checkouts/GLTFSceneKit/Sources/GLTFSceneKit/GLTFUnarchiver.swift:1331:92: error: 'CAAnimation' is unavailable in watchOS
1329 |
1330 | //private func loadAnimation(index: Int, channel: Int) throws -> SCNAnimation {
1331 | private func loadAnimation(index: Int, channel: Int, weightPaths: [String]?) throws -> CAAnimation {
| `- error: 'CAAnimation' is unavailable in watchOS
1332 | guard index < self.animationChannels.count else {
1333 | throw GLTFUnarchiveError.DataInconsistent("loadAnimation: out of index: \(index) < \(self.animationChannels.count)")
/Applications/Xcode-27.0.0-Release.Candidate.app/Contents/Developer/Platforms/WatchOS.platform/Developer/SDKs/WatchOS27.0.sdk/System/Library/Frameworks/QuartzCore.framework/Headers/CAAnimation.h:25:12: note: 'CAAnimation' has been explicitly marked unavailable here
23 |
24 | API_AVAILABLE(macos(10.5), ios(2.0), tvos(9.0)) API_UNAVAILABLE(watchos)
25 | @interface CAAnimation : NSObject
| `- note: 'CAAnimation' has been explicitly marked unavailable here
26 | <NSSecureCoding, NSCopying, CAMediaTiming, CAAction>
27 | {
Failed frontend command:
/Applications/Xcode-27.0.0-Release.Candidate.app/Contents/Developer/Toolchains/XcodeDefault.xctoolchain/usr/bin/swift-frontend -frontend -emit-module -experimental-skip-non-inlinable-function-bodies-without-types /Users/admin/builder/spi-builder-workspace/.derivedData/Build/Intermediates.noindex/GLTFSceneKit.build/Debug-watchos/GLTFSceneKit-t.build/DerivedSources/resource_bundle_accessor.swift /Users/admin/builder/spi-builder-workspace/.dependencies/checkouts/GLTFSceneKit/Sources/GLTFSceneKit/GLTFErrors.swift /Users/admin/builder/spi-builder-workspace/.dependencies/checkouts/GLTFSceneKit/Sources/GLTFSceneKit/GLTFFunctions.swift /Users/admin/builder/spi-builder-workspace/.dependencies/checkouts/GLTFSceneKit/Sources/GLTFSceneKit/GLTFSceneKit+BundleFinder.swift /Users/admin/builder/spi-builder-workspace/.dependencies/checkouts/GLTFSceneKit/Sources/GLTFSceneKit/GLTFSceneSource.swift /Users/admin/builder/spi-builder-workspace/.dependencies/checkouts/GLTFSceneKit/Sources/GLTFSceneKit/GLTFTypes.swift /Users/admin/builder/spi-builder-workspace/.dependencies/checkouts/GLTFSceneKit/Sources/GLTFSceneKit/GLTFUnarchiver.swift /Users/admin/builder/spi-builder-workspace/.dependencies/checkouts/GLTFSceneKit/Sources/GLTFSceneKit/schema/GLTFAccessor.swift /Users/admin/builder/spi-builder-workspace/.dependencies/checkouts/GLTFSceneKit/Sources/GLTFSceneKit/schema/GLTFAccessorSparse.swift /Users/admin/builder/spi-builder-workspace/.dependencies/checkouts/GLTFSceneKit/Sources/GLTFSceneKit/schema/GLTFAccessorSparseIndices.swift /Users/admin/builder/spi-builder-workspace/.dependencies/checkouts/GLTFSceneKit/Sources/GLTFSceneKit/schema/GLTFAccessorSparseValues.swift /Users/admin/builder/spi-builder-workspace/.dependencies/checkouts/GLTFSceneKit/Sources/GLTFSceneKit/schema/GLTFAnimation.swift /Users/admin/builder/spi-builder-workspace/.dependencies/checkouts/GLTFSceneKit/Sources/GLTFSceneKit/schema/GLTFAnimationChannel.swift /Users/admin/builder/spi-builder-workspace/.dependencies/checkouts/GLTFSceneKit/Sources/GLTFSceneKit/schema/GLTFAnimationChannelTarget.swift /Users/admin/builder/spi-builder-workspace/.dependencies/checkouts/GLTFSceneKit/Sources/GLTFSceneKit/schema/GLTFAnimationSampler.swift /Users/admin/builder/spi-builder-workspace/.dependencies/checkouts/GLTFSceneKit/Sources/GLTFSceneKit/schema/GLTFAsset.swift /Users/admin/builder/spi-builder-workspace/.dependencies/checkouts/GLTFSceneKit/Sources/GLTFSceneKit/schema/GLTFBuffer.swift /Users/admin/builder/spi-builder-workspace/.dependencies/checkouts/GLTFSceneKit/Sources/GLTFSceneKit/schema/GLTFBufferView.swift /Users/admin/builder/spi-builder-workspace/.dependencies/checkouts/GLTFSceneKit/Sources/GLTFSceneKit/schema/GLTFCamera.swift /Users/admin/builder/spi-builder-workspace/.dependencies/checkouts/GLTFSceneKit/Sources/GLTFSceneKit/schema/GLTFCameraOrthographic.swift /Users/admin/builder/spi-builder-workspace/.dependencies/checkouts/GLTFSceneKit/Sources/GLTFSceneKit/schema/GLTFCameraPerspective.swift /Users/admin/builder/spi-builder-workspace/.dependencies/checkouts/GLTFSceneKit/Sources/GLTFSceneKit/schema/GLTFExtension.swift /Users/admin/builder/spi-builder-workspace/.dependencies/checkouts/GLTFSceneKit/Sources/GLTFSceneKit/schema/GLTFExtras.swift /Users/admin/builder/spi-builder-workspace/.dependencies/checkouts/GLTFSceneKit/Sources/GLTFSceneKit/schema/GLTFExtrasTargetNames.swift /Users/admin/builder/spi-builder-workspace/.dependencies/checkouts/GLTFSceneKit/Sources/GLTFSceneKit/schema/GLTFGlTF.swift /Users/admin/builder/spi-builder-workspace/.dependencies/checkouts/GLTFSceneKit/Sources/GLTFSceneKit/schema/GLTFGlTFChildOfRootProperty.swift /Users/admin/builder/spi-builder-workspace/.dependencies/checkouts/GLTFSceneKit/Sources/GLTFSceneKit/schema/GLTFGlTFProperty.swift /Users/admin/builder/spi-builder-workspace/.dependencies/checkouts/GLTFSceneKit/Sources/GLTFSceneKit/schema/GLTFGlTFid.swift /Users/admin/builder/spi-builder-workspace/.dependencies/checkouts/GLTFSceneKit/Sources/GLTFSceneKit/schema/GLTFImage.swift /Users/admin/builder/spi-builder-workspace/.dependencies/checkouts/GLTFSceneKit/Sources/GLTFSceneKit/schema/GLTFMaterial.swift /Users/admin/builder/spi-builder-workspace/.dependencies/checkouts/GLTFSceneKit/Sources/GLTFSceneKit/schema/GLTFMaterialNormalTextureInfo.swift /Users/admin/builder/spi-builder-workspace/.dependencies/checkouts/GLTFSceneKit/Sources/GLTFSceneKit/schema/GLTFMaterialOcclusionTextureInfo.swift /Users/admin/builder/spi-builder-workspace/.dependencies/checkouts/GLTFSceneKit/Sources/GLTFSceneKit/schema/GLTFMaterialPbrMetallicRoughness.swift /Users/admin/builder/spi-builder-workspace/.dependencies/checkouts/GLTFSceneKit/Sources/GLTFSceneKit/schema/GLTFMesh.swift /Users/admin/builder/spi-builder-workspace/.dependencies/checkouts/GLTFSceneKit/Sources/GLTFSceneKit/schema/GLTFMeshPrimitive.swift /Users/admin/builder/spi-builder-workspace/.dependencies/checkouts/GLTFSceneKit/Sources/GLTFSceneKit/schema/GLTFNode.swift /Users/admin/builder/spi-builder-workspace/.dependencies/checkouts/GLTFSceneKit/Sources/GLTFSceneKit/schema/GLTFSampler.swift /Users/admin/builder/spi-builder-workspace/.dependencies/checkouts/GLTFSceneKit/Sources/GLTFSceneKit/schema/GLTFScene.swift /Users/admin/builder/spi-builder-workspace/.dependencies/checkouts/GLTFSceneKit/Sources/GLTFSceneKit/schema/GLTFSkin.swift /Users/admin/builder/spi-builder-workspace/.dependencies/checkouts/GLTFSceneKit/Sources/GLTFSceneKit/schema/GLTFTexture.swift /Users/admin/builder/spi-builder-workspace/.dependencies/checkouts/GLTFSceneKit/Sources/GLTFSceneKit/schema/GLTFTextureInfo.swift /Users/admin/builder/spi-builder-workspace/.dependencies/checkouts/GLTFSceneKit/Sources/GLTFSceneKit/schema/extensions/ExtensionList.swift /Users/admin/builder/spi-builder-workspace/.dependencies/checkouts/GLTFSceneKit/Sources/GLTFSceneKit/schema/extensions/KHR_materials_common/GLTFKHRMaterialsCommon_GLTFKHRMaterialsCommon.swift /Users/admin/builder/spi-builder-workspace/.dependencies/checkouts/GLTFSceneKit/Sources/GLTFSceneKit/schema/extensions/KHR_materials_pbrSpecularGlossiness/GLTFKHRMaterialsPbrSpecularGlossiness_GLTFKHRMaterialsPbrSpecularGlossiness.swift /Users/admin/builder/spi-builder-workspace/.dependencies/checkouts/GLTFSceneKit/Sources/GLTFSceneKit/schema/extensions/VRM/GLTFVRM_VRM.swift /Users/admin/builder/spi-builder-workspace/.dependencies/checkouts/GLTFSceneKit/Sources/GLTFSceneKit/schema/extensions/VRM/GLTFVRM_VRMSpringBone.swift /Users/admin/builder/spi-builder-workspace/.dependencies/checkouts/GLTFSceneKit/Sources/GLTFSceneKit/schema/extensions/VRM/GLTFVRM_VRMSpringBoneLogic.swift /Users/admin/builder/spi-builder-workspace/.dependencies/checkouts/GLTFSceneKit/Sources/GLTFSceneKit/schema/extensions/VRM/GLTFVRM_VRMState.swift /Users/admin/builder/spi-builder-workspace/.dependencies/checkouts/GLTFSceneKit/Sources/GLTFSceneKit/schema/extensions/VRM/GLTFVRM_VRMTypes.swift -target arm64_32-apple-watchos9.0 -disable-cross-import-overlay-search -swift-module-cross-import SceneKit /Applications/Xcode-27.0.0-Release.Candidate.app/Contents/Developer/Platforms/WatchOS.platform/Developer/SDKs/WatchOS.sdk/System/Library/Frameworks/SceneKit.framework/Modules/SceneKit.swiftcrossimport/SwiftUI.swiftoverlay -swift-module-cross-import SpriteKit /Applications/Xcode-27.0.0-Release.Candidate.app/Contents/Developer/Platforms/WatchOS.platform/Developer/SDKs/WatchOS.sdk/System/Library/Frameworks/SpriteKit.framework/Modules/SpriteKit.swiftcrossimport/SwiftUI.swiftoverlay -load-resolved-plugin /Applications/Xcode-27.0.0-Release.Candidate.app/Contents/Developer/Platforms/WatchOS.platform/Developer/usr/lib/swift/host/plugins/libFoundationMacros.dylib\#/Applications/Xcode-27.0.0-Release.Candidate.app/Contents/Developer/Platforms/WatchOS.platform/Developer/usr/bin/swift-plugin-server\#FoundationMacros -load-resolved-plugin /Applications/Xcode-27.0.0-Release.Candidate.app/Contents/Developer/Platforms/WatchOS.platform/Developer/usr/lib/swift/host/plugins/libObservationMacros.dylib\#/Applications/Xcode-27.0.0-Release.Candidate.app/Contents/Developer/Platforms/WatchOS.platform/Developer/usr/bin/swift-plugin-server\#ObservationMacros -load-resolved-plugin /Applications/Xcode-27.0.0-Release.Candidate.app/Contents/Developer/Platforms/WatchOS.platform/Developer/usr/lib/swift/host/plugins/libSwiftMacros.dylib\#/Applications/Xcode-27.0.0-Release.Candidate.app/Contents/Developer/Platforms/WatchOS.platform/Developer/usr/bin/swift-plugin-server\#SwiftMacros -load-resolved-plugin /Applications/Xcode-27.0.0-Release.Candidate.app/Contents/Developer/Platforms/WatchOS.platform/Developer/usr/lib/swift/host/plugins/libSwiftUIMacros.dylib\#/Applications/Xcode-27.0.0-Release.Candidate.app/Contents/Developer/Platforms/WatchOS.platform/Developer/usr/bin/swift-plugin-server\#SwiftUIMacros -disable-implicit-swift-modules -Xcc -fno-implicit-modules -Xcc -fno-implicit-module-maps -explicit-swift-module-map-file /Users/admin/builder/spi-builder-workspace/.derivedData/Build/Intermediates.noindex/GLTFSceneKit.build/Debug-watchos/GLTFSceneKit-t.build/Objects-normal/arm64_32/GLTFSceneKit-dependencies-2.json -enable-objc-interop -sdk /Applications/Xcode-27.0.0-Release.Candidate.app/Contents/Developer/Platforms/WatchOS.platform/Developer/SDKs/WatchOS27.0.sdk -I /Users/admin/builder/spi-builder-workspace/.derivedData/Build/Products/Debug-watchos -Isystem /Applications/Xcode-27.0.0-Release.Candidate.app/Contents/Developer/Platforms/WatchOS.platform/Developer/usr/lib -F /Users/admin/builder/spi-builder-workspace/.derivedData/Build/Products/Debug-watchos -F /Applications/Xcode-27.0.0-Release.Candidate.app/Contents/Developer/Platforms/WatchOS.platform/Developer/Library/Frameworks -F /Applications/Xcode-27.0.0-Release.Candidate.app/Contents/Developer/Platforms/WatchOS.platform/Developer/SDKs/WatchOS27.0.sdk/Developer/Library/Frameworks -module-cache-path /Users/admin/builder/spi-builder-workspace/.derivedData/Build/Intermediates.noindex/SwiftExplicitPrecompiledModules -no-color-diagnostics -Xcc -fno-color-diagnostics -enable-testing -g -debug-info-format\=dwarf -dwarf-version\=4 -suppress-warnings -profile-generate -profile-coverage-mapping -swift-version 5 -Onone -D SWIFT_PACKAGE -D DEBUG -D SWIFT_MODULE_RESOURCE_BUNDLE_AVAILABLE -D Xcode -serialize-debugging-options -enable-experimental-feature DebugDescriptionMacro -empty-abi-descriptor -validate-clang-modules-once -clang-build-session-file /Users/admin/builder/spi-builder-workspace/.derivedData/ModuleCache.noindex/Session.modulevalidation -Xcc -working-directory -Xcc /Users/admin/builder/spi-builder-workspace/.swiftpm/xcode -enable-anonymous-context-mangled-names -file-compilation-dir /Users/admin/builder/spi-builder-workspace/.swiftpm/xcode -Xcc -D_LIBCPP_HARDENING_MODE\=_LIBCPP_HARDENING_MODE_DEBUG -Xcc -ivfsstatcache -Xcc /Users/admin/builder/spi-builder-workspace/.derivedData/SDKStatCaches.noindex/watchos27.0-24R360-e829b21a6f8c9b70876ba0858053c04477534ef55a1706bf4c1112bbb242f0a2.sdkstatcache -Xcc -fmodules-prune-interval\=86400 -Xcc -fmodules-prune-after\=345600 -Xcc -I/Users/admin/builder/spi-builder-workspace/.derivedData/Build/Products/Debug-watchos/include -Xcc -I/Users/admin/builder/spi-builder-workspace/.derivedData/Build/Intermediates.noindex/GLTFSceneKit.build/Debug-watchos/GLTFSceneKit-t.build/DerivedSources-normal/arm64_32 -Xcc -I/Users/admin/builder/spi-builder-workspace/.derivedData/Build/Intermediates.noindex/GLTFSceneKit.build/Debug-watchos/GLTFSceneKit-t.build/DerivedSources/arm64_32 -Xcc -I/Users/admin/builder/spi-builder-workspace/.derivedData/Build/Intermediates.noindex/GLTFSceneKit.build/Debug-watchos/GLTFSceneKit-t.build/DerivedSources -Xcc -DSWIFT_PACKAGE -Xcc -DDEBUG\=1 -no-auto-bridging-header-chaining -module-name GLTFSceneKit -const-gather-protocols-file /Users/admin/builder/spi-builder-workspace/.derivedData/Build/Intermediates.noindex/GLTFSceneKit.build/Debug-watchos/GLTFSceneKit-t.build/Objects-normal/arm64_32/GLTFSceneKit_const_extract_protocols.json -disable-clang-spi -clang-target arm64_32-apple-watchos27.0 -target-sdk-version 27.0 -target-sdk-name watchos27.0 -in-process-plugin-server-path /Applications/Xcode-27.0.0-Release.Candidate.app/Contents/Developer/Toolchains/XcodeDefault.xctoolchain/usr/lib/swift/host/libSwiftInProcPluginServer.dylib -emit-module-doc-path /Users/admin/builder/spi-builder-workspace/.derivedData/Build/Intermediates.noindex/GLTFSceneKit.build/Debug-watchos/GLTFSceneKit-t.build/Objects-normal/arm64_32/GLTFSceneKit.swiftdoc -emit-module-source-info-path /Users/admin/builder/spi-builder-workspace/.derivedData/Build/Intermediates.noindex/GLTFSceneKit.build/Debug-watchos/GLTFSceneKit-t.build/Objects-normal/arm64_32/GLTFSceneKit.swiftsourceinfo -emit-objc-header-path /Users/admin/builder/spi-builder-workspace/.derivedData/Build/Intermediates.noindex/GLTFSceneKit.build/Debug-watchos/GLTFSceneKit-t.build/Objects-normal/arm64_32/GLTFSceneKit-Swift.h -serialize-diagnostics-path /Users/admin/builder/spi-builder-workspace/.derivedData/Build/Intermediates.noindex/GLTFSceneKit.build/Debug-watchos/GLTFSceneKit-t.build/Objects-normal/arm64_32/GLTFSceneKit-primary-emit-module.dia -emit-dependencies-path /Users/admin/builder/spi-builder-workspace/.derivedData/Build/Intermediates.noindex/GLTFSceneKit.build/Debug-watchos/GLTFSceneKit-t.build/Objects-normal/arm64_32/GLTFSceneKit-primary-emit-module.d -parse-as-library -o /Users/admin/builder/spi-builder-workspace/.derivedData/Build/Intermediates.noindex/GLTFSceneKit.build/Debug-watchos/GLTFSceneKit-t.build/Objects-normal/arm64_32/GLTFSceneKit.swiftmodule -emit-abi-descriptor-path /Users/admin/builder/spi-builder-workspace/.derivedData/Build/Intermediates.noindex/GLTFSceneKit.build/Debug-watchos/GLTFSceneKit-t.build/Objects-normal/arm64_32/GLTFSceneKit.abi.json
SwiftCompile normal arm64_32 (in target 'GLTFSceneKit' from project 'GLTFSceneKit')
cd /Users/admin/builder/spi-builder-workspace/.swiftpm/xcode
SwiftEmitModule normal arm64_32 Emitting\ module\ for\ DisplayLink (in target 'DisplayLink' from project 'DisplayLink')
SwiftCompile normal arm64_32 (in target 'DisplayLink' from project 'DisplayLink')
cd /Users/admin/builder/spi-builder-workspace/.swiftpm/xcode
SwiftEmitModule normal arm64 Emitting\ module\ for\ DisplayLink (in target 'DisplayLink' from project 'DisplayLink')
SwiftCompile normal arm64 (in target 'DisplayLink' from project 'DisplayLink')
cd /Users/admin/builder/spi-builder-workspace/.swiftpm/xcode
SwiftDriverJobDiscovery normal arm64_32 Emitting module for DisplayLink (in target 'DisplayLink' from project 'DisplayLink')
SwiftDriver\ Compilation\ Requirements DisplayLink normal arm64_32 com.apple.xcode.tools.swift.compiler (in target 'DisplayLink' from project 'DisplayLink')
cd /Users/admin/builder/spi-builder-workspace/.swiftpm/xcode
builtin-Swift-Compilation-Requirements -- /Applications/Xcode-27.0.0-Release.Candidate.app/Contents/Developer/Toolchains/XcodeDefault.xctoolchain/usr/bin/swiftc -parse-as-library -module-name DisplayLink -Onone @/Users/admin/builder/spi-builder-workspace/.derivedData/Build/Intermediates.noindex/DisplayLink.build/Debug-watchos/DisplayLink-t.build/Objects-normal/arm64_32/DisplayLink.SwiftFileList -DSWIFT_PACKAGE -DDEBUG -DSWIFT_MODULE_RESOURCE_BUNDLE_UNAVAILABLE -DXcode -plugin-path /Applications/Xcode-27.0.0-Release.Candidate.app/Contents/Developer/Toolchains/XcodeDefault.xctoolchain/usr/lib/swift/host/plugins/testing -enable-experimental-feature DebugDescriptionMacro -sdk /Applications/Xcode-27.0.0-Release.Candidate.app/Contents/Developer/Platforms/WatchOS.platform/Developer/SDKs/WatchOS27.0.sdk -target arm64_32-apple-watchos9.0 -g -module-cache-path /Users/admin/builder/spi-builder-workspace/.derivedData/ModuleCache.noindex -Xfrontend -serialize-debugging-options -profile-coverage-mapping -profile-generate -enable-testing -suppress-warnings -index-store-path /Users/admin/builder/spi-builder-workspace/.derivedData/Index.noindex/DataStore -Xcc -D_LIBCPP_HARDENING_MODE\=_LIBCPP_HARDENING_MODE_DEBUG -swift-version 5 -I /Users/admin/builder/spi-builder-workspace/.derivedData/Build/Products/Debug-watchos -Isystem /Applications/Xcode-27.0.0-Release.Candidate.app/Contents/Developer/Platforms/WatchOS.platform/Developer/usr/lib -F /Users/admin/builder/spi-builder-workspace/.derivedData/Build/Products/Debug-watchos -F /Applications/Xcode-27.0.0-Release.Candidate.app/Contents/Developer/Platforms/WatchOS.platform/Developer/Library/Frameworks -F /Applications/Xcode-27.0.0-Release.Candidate.app/Contents/Developer/Platforms/WatchOS.platform/Developer/SDKs/WatchOS27.0.sdk/Developer/Library/Frameworks -c -j10 -enable-batch-mode -incremental -Xcc -ivfsstatcache -Xcc /Users/admin/builder/spi-builder-workspace/.derivedData/SDKStatCaches.noindex/watchos27.0-24R360-e829b21a6f8c9b70876ba0858053c04477534ef55a1706bf4c1112bbb242f0a2.sdkstatcache -output-file-map /Users/admin/builder/spi-builder-workspace/.derivedData/Build/Intermediates.noindex/DisplayLink.build/Debug-watchos/DisplayLink-t.build/Objects-normal/arm64_32/DisplayLink-OutputFileMap.json -save-temps -no-color-diagnostics -explicit-module-build -module-cache-path /Users/admin/builder/spi-builder-workspace/.derivedData/Build/Intermediates.noindex/SwiftExplicitPrecompiledModules -clang-scanner-module-cache-path /Users/admin/builder/spi-builder-workspace/.derivedData/ModuleCache.noindex -sdk-module-cache-path /Users/admin/builder/spi-builder-workspace/.derivedData/SDKExplicitPrecompiledModules -emit-dependencies -emit-module -emit-module-path /Users/admin/builder/spi-builder-workspace/.derivedData/Build/Intermediates.noindex/DisplayLink.build/Debug-watchos/DisplayLink-t.build/Objects-normal/arm64_32/DisplayLink.swiftmodule -serialize-diagnostics -dependency-scan-serialize-diagnostics-path /Users/admin/builder/spi-builder-workspace/.derivedData/Build/Intermediates.noindex/DisplayLink.build/Debug-watchos/DisplayLink-t.build/Objects-normal/arm64_32/DisplayLink-dependency-scan.dia -validate-clang-modules-once -clang-build-session-file /Users/admin/builder/spi-builder-workspace/.derivedData/ModuleCache.noindex/Session.modulevalidation -Xcc -fmodules-prune-interval\=86400 -Xcc -fmodules-prune-after\=345600 -emit-const-values -const-gather-protocols-list /Users/admin/builder/spi-builder-workspace/.derivedData/Build/Intermediates.noindex/DisplayLink.build/Debug-watchos/DisplayLink-t.build/Objects-normal/arm64_32/DisplayLink_const_extract_protocols.json -Xcc -I/Users/admin/builder/spi-builder-workspace/.derivedData/Build/Products/Debug-watchos/include -Xcc -I/Users/admin/builder/spi-builder-workspace/.derivedData/Build/Intermediates.noindex/DisplayLink.build/Debug-watchos/DisplayLink-t.build/DerivedSources-normal/arm64_32 -Xcc -I/Users/admin/builder/spi-builder-workspace/.derivedData/Build/Intermediates.noindex/DisplayLink.build/Debug-watchos/DisplayLink-t.build/DerivedSources/arm64_32 -Xcc -I/Users/admin/builder/spi-builder-workspace/.derivedData/Build/Intermediates.noindex/DisplayLink.build/Debug-watchos/DisplayLink-t.build/DerivedSources -Xcc -DSWIFT_PACKAGE -Xcc -DDEBUG\=1 -emit-objc-header -emit-objc-header-path /Users/admin/builder/spi-builder-workspace/.derivedData/Build/Intermediates.noindex/DisplayLink.build/Debug-watchos/DisplayLink-t.build/Objects-normal/arm64_32/DisplayLink-Swift.h -working-directory /Users/admin/builder/spi-builder-workspace/.swiftpm/xcode -experimental-emit-module-separately -disable-cmo
SwiftDriverJobDiscovery normal arm64 Emitting module for DisplayLink (in target 'DisplayLink' from project 'DisplayLink')
SwiftDriver\ Compilation\ Requirements DisplayLink normal arm64 com.apple.xcode.tools.swift.compiler (in target 'DisplayLink' from project 'DisplayLink')
cd /Users/admin/builder/spi-builder-workspace/.swiftpm/xcode
builtin-Swift-Compilation-Requirements -- /Applications/Xcode-27.0.0-Release.Candidate.app/Contents/Developer/Toolchains/XcodeDefault.xctoolchain/usr/bin/swiftc -parse-as-library -module-name DisplayLink -Onone @/Users/admin/builder/spi-builder-workspace/.derivedData/Build/Intermediates.noindex/DisplayLink.build/Debug-watchos/DisplayLink-t.build/Objects-normal/arm64/DisplayLink.SwiftFileList -DSWIFT_PACKAGE -DDEBUG -DSWIFT_MODULE_RESOURCE_BUNDLE_UNAVAILABLE -DXcode -plugin-path /Applications/Xcode-27.0.0-Release.Candidate.app/Contents/Developer/Toolchains/XcodeDefault.xctoolchain/usr/lib/swift/host/plugins/testing -enable-experimental-feature DebugDescriptionMacro -sdk /Applications/Xcode-27.0.0-Release.Candidate.app/Contents/Developer/Platforms/WatchOS.platform/Developer/SDKs/WatchOS27.0.sdk -target arm64-apple-watchos9.0 -g -module-cache-path /Users/admin/builder/spi-builder-workspace/.derivedData/ModuleCache.noindex -Xfrontend -serialize-debugging-options -profile-coverage-mapping -profile-generate -enable-testing -suppress-warnings -index-store-path /Users/admin/builder/spi-builder-workspace/.derivedData/Index.noindex/DataStore -Xcc -D_LIBCPP_HARDENING_MODE\=_LIBCPP_HARDENING_MODE_DEBUG -swift-version 5 -I /Users/admin/builder/spi-builder-workspace/.derivedData/Build/Products/Debug-watchos -Isystem /Applications/Xcode-27.0.0-Release.Candidate.app/Contents/Developer/Platforms/WatchOS.platform/Developer/usr/lib -F /Users/admin/builder/spi-builder-workspace/.derivedData/Build/Products/Debug-watchos -F /Applications/Xcode-27.0.0-Release.Candidate.app/Contents/Developer/Platforms/WatchOS.platform/Developer/Library/Frameworks -F /Applications/Xcode-27.0.0-Release.Candidate.app/Contents/Developer/Platforms/WatchOS.platform/Developer/SDKs/WatchOS27.0.sdk/Developer/Library/Frameworks -c -j10 -enable-batch-mode -incremental -Xcc -ivfsstatcache -Xcc /Users/admin/builder/spi-builder-workspace/.derivedData/SDKStatCaches.noindex/watchos27.0-24R360-e829b21a6f8c9b70876ba0858053c04477534ef55a1706bf4c1112bbb242f0a2.sdkstatcache -output-file-map /Users/admin/builder/spi-builder-workspace/.derivedData/Build/Intermediates.noindex/DisplayLink.build/Debug-watchos/DisplayLink-t.build/Objects-normal/arm64/DisplayLink-OutputFileMap.json -save-temps -no-color-diagnostics -explicit-module-build -module-cache-path /Users/admin/builder/spi-builder-workspace/.derivedData/Build/Intermediates.noindex/SwiftExplicitPrecompiledModules -clang-scanner-module-cache-path /Users/admin/builder/spi-builder-workspace/.derivedData/ModuleCache.noindex -sdk-module-cache-path /Users/admin/builder/spi-builder-workspace/.derivedData/SDKExplicitPrecompiledModules -emit-dependencies -emit-module -emit-module-path /Users/admin/builder/spi-builder-workspace/.derivedData/Build/Intermediates.noindex/DisplayLink.build/Debug-watchos/DisplayLink-t.build/Objects-normal/arm64/DisplayLink.swiftmodule -serialize-diagnostics -dependency-scan-serialize-diagnostics-path /Users/admin/builder/spi-builder-workspace/.derivedData/Build/Intermediates.noindex/DisplayLink.build/Debug-watchos/DisplayLink-t.build/Objects-normal/arm64/DisplayLink-dependency-scan.dia -validate-clang-modules-once -clang-build-session-file /Users/admin/builder/spi-builder-workspace/.derivedData/ModuleCache.noindex/Session.modulevalidation -Xcc -fmodules-prune-interval\=86400 -Xcc -fmodules-prune-after\=345600 -emit-const-values -const-gather-protocols-list /Users/admin/builder/spi-builder-workspace/.derivedData/Build/Intermediates.noindex/DisplayLink.build/Debug-watchos/DisplayLink-t.build/Objects-normal/arm64/DisplayLink_const_extract_protocols.json -Xcc -I/Users/admin/builder/spi-builder-workspace/.derivedData/Build/Products/Debug-watchos/include -Xcc -I/Users/admin/builder/spi-builder-workspace/.derivedData/Build/Intermediates.noindex/DisplayLink.build/Debug-watchos/DisplayLink-t.build/DerivedSources-normal/arm64 -Xcc -I/Users/admin/builder/spi-builder-workspace/.derivedData/Build/Intermediates.noindex/DisplayLink.build/Debug-watchos/DisplayLink-t.build/DerivedSources/arm64 -Xcc -I/Users/admin/builder/spi-builder-workspace/.derivedData/Build/Intermediates.noindex/DisplayLink.build/Debug-watchos/DisplayLink-t.build/DerivedSources -Xcc -DSWIFT_PACKAGE -Xcc -DDEBUG\=1 -emit-objc-header -emit-objc-header-path /Users/admin/builder/spi-builder-workspace/.derivedData/Build/Intermediates.noindex/DisplayLink.build/Debug-watchos/DisplayLink-t.build/Objects-normal/arm64/DisplayLink-Swift.h -working-directory /Users/admin/builder/spi-builder-workspace/.swiftpm/xcode -experimental-emit-module-separately -disable-cmo
SwiftCompile normal arm64_32 Compiling\ GLTFAsset.swift,\ GLTFBuffer.swift,\ GLTFBufferView.swift,\ GLTFCamera.swift,\ GLTFCameraOrthographic.swift /Users/admin/builder/spi-builder-workspace/.dependencies/checkouts/GLTFSceneKit/Sources/GLTFSceneKit/schema/GLTFAsset.swift /Users/admin/builder/spi-builder-workspace/.dependencies/checkouts/GLTFSceneKit/Sources/GLTFSceneKit/schema/GLTFBuffer.swift /Users/admin/builder/spi-builder-workspace/.dependencies/checkouts/GLTFSceneKit/Sources/GLTFSceneKit/schema/GLTFBufferView.swift /Users/admin/builder/spi-builder-workspace/.dependencies/checkouts/GLTFSceneKit/Sources/GLTFSceneKit/schema/GLTFCamera.swift /Users/admin/builder/spi-builder-workspace/.dependencies/checkouts/GLTFSceneKit/Sources/GLTFSceneKit/schema/GLTFCameraOrthographic.swift (in target 'GLTFSceneKit' from project 'GLTFSceneKit')
SwiftCompile normal arm64_32 /Users/admin/builder/spi-builder-workspace/.dependencies/checkouts/GLTFSceneKit/Sources/GLTFSceneKit/schema/GLTFAsset.swift (in target 'GLTFSceneKit' from project 'GLTFSceneKit')
cd /Users/admin/builder/spi-builder-workspace/.swiftpm/xcode
builtin-SwiftPerFileCompile GLTFAsset.swift
SwiftCompile normal arm64_32 /Users/admin/builder/spi-builder-workspace/.dependencies/checkouts/GLTFSceneKit/Sources/GLTFSceneKit/schema/GLTFBuffer.swift (in target 'GLTFSceneKit' from project 'GLTFSceneKit')
cd /Users/admin/builder/spi-builder-workspace/.swiftpm/xcode
builtin-SwiftPerFileCompile GLTFBuffer.swift
SwiftCompile normal arm64_32 /Users/admin/builder/spi-builder-workspace/.dependencies/checkouts/GLTFSceneKit/Sources/GLTFSceneKit/schema/GLTFBufferView.swift (in target 'GLTFSceneKit' from project 'GLTFSceneKit')
cd /Users/admin/builder/spi-builder-workspace/.swiftpm/xcode
builtin-SwiftPerFileCompile GLTFBufferView.swift
SwiftCompile normal arm64_32 /Users/admin/builder/spi-builder-workspace/.dependencies/checkouts/GLTFSceneKit/Sources/GLTFSceneKit/schema/GLTFCamera.swift (in target 'GLTFSceneKit' from project 'GLTFSceneKit')
cd /Users/admin/builder/spi-builder-workspace/.swiftpm/xcode
builtin-SwiftPerFileCompile GLTFCamera.swift
SwiftCompile normal arm64_32 /Users/admin/builder/spi-builder-workspace/.dependencies/checkouts/GLTFSceneKit/Sources/GLTFSceneKit/schema/GLTFCameraOrthographic.swift (in target 'GLTFSceneKit' from project 'GLTFSceneKit')
cd /Users/admin/builder/spi-builder-workspace/.swiftpm/xcode
builtin-SwiftPerFileCompile GLTFCameraOrthographic.swift
PruneExplicitPrecompiledModules /Users/admin/builder/spi-builder-workspace/.derivedData/Build/Intermediates.noindex/SwiftExplicitPrecompiledModules
PruneExplicitPrecompiledModules /Users/admin/builder/spi-builder-workspace/.derivedData/Build/Intermediates.noindex/ExplicitPrecompiledModules
PruneExplicitPrecompiledModules /Users/admin/builder/spi-builder-workspace/.derivedData/SDKExplicitPrecompiledModules
2026-09-19 18:10:17.612 xcodebuild[927:5398] [MT] IDERunDestination: Supported platforms for the buildables in the current scheme is empty.
** BUILD FAILED **
The following build commands failed:
SwiftEmitModule normal arm64 Emitting\ module\ for\ GLTFSceneKit (in target 'GLTFSceneKit' from project 'GLTFSceneKit')
SwiftCompile normal arm64 (in target 'GLTFSceneKit' from project 'GLTFSceneKit')
SwiftEmitModule normal arm64_32 Emitting\ module\ for\ GLTFSceneKit (in target 'GLTFSceneKit' from project 'GLTFSceneKit')
SwiftCompile normal arm64_32 (in target 'GLTFSceneKit' from project 'GLTFSceneKit')
Building workspace Model3DView with scheme Model3DView
(5 failures)
BUILD FAILURE 6.4 watchOS