Build Information
Failed to build Trap, reference 1.1.5 (bdd4b3), with Swift 6.4 for visionOS using Xcode 27.0 on 20 Sep 2026 20:27:19 UTC.
Build Command
env DEVELOPER_DIR=/Applications/Xcode-27.0.0-Release.Candidate.app xcrun xcodebuild -IDEClonedSourcePackagesDirPathOverride=$PWD/.dependencies -skipMacroValidation -skipPackagePluginValidation -derivedDataPath $PWD/.derivedData build -scheme Trap -destination generic/platform=xrOSBuild Log
========================================
RunAll
========================================
Builder version: 5.1.0
Interrupt handler set up.
========================================
Checkout
========================================
Clone URL: https://github.com/cursorinsight/ci-trap-ios.git
Reference: 1.1.5
Initialized empty Git repository in /Users/admin/builder/spi-builder-workspace/.git/
From https://github.com/cursorinsight/ci-trap-ios
* tag 1.1.5 -> FETCH_HEAD
HEAD is now at bdd4b3b chore: Increase version number
Cloned https://github.com/cursorinsight/ci-trap-ios.git
Revision (git rev-parse @):
bdd4b3b2b262d6a3bff2afc1e2eeff6a03b29f3b
SUCCESS checkout https://github.com/cursorinsight/ci-trap-ios.git at 1.1.5
========================================
Build
========================================
Selected platform: visionOS
Swift version: 6.4
Building package at path: $PWD
https://github.com/cursorinsight/ci-trap-ios.git
Command line invocation:
/Applications/Xcode-27.0.0-Release.Candidate.app/Contents/Developer/usr/bin/xcodebuild -IDEClonedSourcePackagesDirPathOverride=/Users/admin/builder/spi-builder-workspace/.dependencies -resolvePackageDependencies
Resolve Package Graph
Fetching from https://github.com/apple/swift-docc-plugin
Fetching from https://github.com/swiftlang/swift-docc-symbolkit
Creating working copy of package ‘swift-docc-plugin’
Checking out 1.5.0 of package ‘swift-docc-plugin’
Creating working copy of package ‘swift-docc-symbolkit’
Checking out 1.0.0 of package ‘swift-docc-symbolkit’
Resolve Package Graph
Resolved source packages:
Trap: /Users/admin/builder/spi-builder-workspace
SwiftDocCPlugin: https://github.com/apple/swift-docc-plugin @ 1.5.0
SymbolKit: https://github.com/swiftlang/swift-docc-symbolkit @ 1.0.0
resolved source packages: Trap, SwiftDocCPlugin, SymbolKit
2026-09-20 16:25:24.670 xcodebuild[529:3037] [MT] IDERunDestination: Supported platforms for the buildables in the current scheme is empty.
2026-09-20 16:25:24.832 xcodebuild[529:3037] [MT] IDERunDestination: Supported platforms for the buildables in the current scheme is empty.
2026-09-20 16:25:26.461 xcodebuild[529:3037] [MT] IDERunDestination: Supported platforms for the buildables in the current scheme is empty.
{
"dependencies" : [
{
"identity" : "swift-docc-plugin",
"requirement" : {
"range" : [
{
"lower_bound" : "1.3.0",
"upper_bound" : "2.0.0"
}
]
},
"type" : "sourceControl",
"url" : "https://github.com/apple/swift-docc-plugin"
}
],
"manifest_display_name" : "Trap",
"name" : "Trap",
"path" : "/Users/admin/builder/spi-builder-workspace",
"platforms" : [
{
"name" : "ios",
"version" : "13.0"
}
],
"products" : [
{
"name" : "Trap",
"targets" : [
"Trap"
],
"type" : {
"library" : [
"automatic"
]
}
}
],
"targets" : [
{
"c99name" : "TrapTests",
"module_type" : "SwiftTarget",
"name" : "TrapTests",
"path" : "Tests",
"sources" : [
"TrapTests/Datasource/BluetoothTest.swift",
"TrapTests/Datasource/GestureTests.swift",
"TrapTests/Datasource/LocationTest.swift",
"TrapTests/Datasource/SensorTests.swift",
"TrapTests/Datasource/WiFiTest.swift",
"TrapTests/Datastore/FileCacheTests.swift",
"TrapTests/Datastore/RingQueueTests.swift",
"TrapTests/Manager/ManagerTests.swift",
"TrapTests/Manager/ReporterTests.swift",
"TrapTests/Manager/StorageTests.swift",
"TrapTests/Mocks/CBCentralManager.swift",
"TrapTests/Mocks/CLLocationManager.swift",
"TrapTests/Mocks/CMMotionManager.swift",
"TrapTests/Mocks/MockCollector.swift",
"TrapTests/Mocks/MockStorage.swift",
"TrapTests/Mocks/MockTransport.swift",
"TrapTests/Mocks/NEHotspotHelper.swift",
"TrapTests/Mocks/NEHotspotNetwork.swift",
"TrapTests/Mocks/TrapDatasourceDelegate.swift",
"TrapTests/Mocks/UIEvent.swift",
"TrapTests/Mocks/UIHoverGestureRecognizer.swift",
"TrapTests/Mocks/UIPinchGestureRecognizer.swift",
"TrapTests/Mocks/UISwipeGestureRecognizer.swift",
"TrapTests/Mocks/UITapGestureRecognizer.swift",
"TrapTests/Mocks/UITouch.swift",
"TrapTests/Mocks/UIWindow.swift",
"TrapTests/Transport/CachedTests.swift",
"TrapTests/Transport/HttpTests.swift",
"TrapTests/Transport/WebSocketTests.swift"
],
"target_dependencies" : [
"Trap"
],
"type" : "test"
},
{
"c99name" : "Trap",
"module_type" : "SwiftTarget",
"name" : "Trap",
"path" : "Sources",
"product_memberships" : [
"Trap"
],
"sources" : [
"Trap/Config.swift",
"Trap/Constants.swift",
"Trap/Datasource/Bluetooth.swift",
"Trap/Datasource/Datasource.swift",
"Trap/Datasource/Gesture/Gesture.swift",
"Trap/Datasource/Gesture/Pinch.swift",
"Trap/Datasource/Gesture/Pointer.swift",
"Trap/Datasource/Gesture/Stylus.swift",
"Trap/Datasource/Gesture/Swipe.swift",
"Trap/Datasource/Gesture/Tap.swift",
"Trap/Datasource/Gesture/Touch.swift",
"Trap/Datasource/Gesture/TrapWindowEventDispatcher.swift",
"Trap/Datasource/Hardware/Battery.swift",
"Trap/Datasource/Location.swift",
"Trap/Datasource/Metadata.swift",
"Trap/Datasource/PreciseLocation.swift",
"Trap/Datasource/Sensor/Accelerometer.swift",
"Trap/Datasource/Sensor/Gravity.swift",
"Trap/Datasource/Sensor/Gyroscope.swift",
"Trap/Datasource/Sensor/Magnetometer.swift",
"Trap/Datasource/Sensor/Sensor.swift",
"Trap/Datasource/WiFi.swift",
"Trap/Datastore/ConcurrentRingQueue.swift",
"Trap/Datastore/FileCache.swift",
"Trap/Datastore/RingQueue.swift",
"Trap/Manager/Manager.swift",
"Trap/Manager/Reporter.swift",
"Trap/Manager/Storage.swift",
"Trap/Transport/Cached.swift",
"Trap/Transport/Http.swift",
"Trap/Transport/Transport.swift",
"Trap/Transport/Websocket.swift",
"Trap/Utils/DataCompression.swift",
"Trap/Utils/Time.swift"
],
"type" : "library"
}
],
"tools_version" : "5.2"
}
{
"workspace" : {
"name" : "Trap",
"schemes" : [
"Trap"
]
}
}
2026-09-20 16:26:29.024 xcodebuild[829:5135] [MT] IDERunDestination: Supported platforms for the buildables in the current scheme is empty.
2026-09-20 16:26:29.173 xcodebuild[829:5135] [MT] IDERunDestination: Supported platforms for the buildables in the current scheme is empty.
Running build ...
env DEVELOPER_DIR=/Applications/Xcode-27.0.0-Release.Candidate.app xcrun xcodebuild -IDEClonedSourcePackagesDirPathOverride=$PWD/.dependencies -skipMacroValidation -skipPackagePluginValidation -derivedDataPath $PWD/.derivedData build -scheme Trap -destination generic/platform=xrOS
Command line invocation:
/Applications/Xcode-27.0.0-Release.Candidate.app/Contents/Developer/usr/bin/xcodebuild -IDEClonedSourcePackagesDirPathOverride=/Users/admin/builder/spi-builder-workspace/.dependencies -skipMacroValidation -skipPackagePluginValidation -derivedDataPath /Users/admin/builder/spi-builder-workspace/.derivedData build -scheme Trap -destination generic/platform=xrOS
Resolve Package Graph
Resolve Package Graph
Resolved source packages:
SwiftDocCPlugin: https://github.com/apple/swift-docc-plugin @ 1.5.0
SymbolKit: https://github.com/swiftlang/swift-docc-symbolkit @ 1.0.0
Trap: /Users/admin/builder/spi-builder-workspace
ComputePackagePrebuildTargetDependencyGraph
Prepare packages
CreateBuildRequest
SendProjectDescription
CreateBuildOperation
ComputeTargetDependencyGraph
note: Building targets in dependency order
note: Target dependency graph (2 targets)
Target 'Trap-product' in project 'Trap'
➜ Explicit dependency on target 'Trap' in project 'Trap'
Target 'Trap' in project 'Trap' (no dependencies)
GatherProvisioningInputs
CreateBuildDescription
ExecuteExternalTool /Applications/Xcode-27.0.0-Release.Candidate.app/Contents/Developer/Toolchains/XcodeDefault.xctoolchain/usr/bin/clang -v -E -dM -isysroot /Applications/Xcode-27.0.0-Release.Candidate.app/Contents/Developer/Platforms/XROS.platform/Developer/SDKs/XROS27.0.sdk -x c -c /dev/null
ExecuteExternalTool /Applications/Xcode-27.0.0-Release.Candidate.app/Contents/Developer/Toolchains/XcodeDefault.xctoolchain/usr/bin/swiftc --version
ExecuteExternalTool /Applications/Xcode-27.0.0-Release.Candidate.app/Contents/Developer/Toolchains/XcodeDefault.xctoolchain/usr/bin/ld -version_details
Build description signature: f12ec99e3d2efa6c22877f93ace3abf3
Build description path: /Users/admin/builder/spi-builder-workspace/.derivedData/Build/Intermediates.noindex/XCBuildData/f12ec99e3d2efa6c22877f93ace3abf3.xcbuilddata
CreateBuildDirectory /Users/admin/builder/spi-builder-workspace/.derivedData/SDKExplicitPrecompiledModules
cd /Users/admin/builder/spi-builder-workspace/.swiftpm/xcode
builtin-create-build-directory /Users/admin/builder/spi-builder-workspace/.derivedData/SDKExplicitPrecompiledModules
CreateBuildDirectory /Users/admin/builder/spi-builder-workspace/.derivedData/ModuleCache.noindex
cd /Users/admin/builder/spi-builder-workspace/.swiftpm/xcode
builtin-create-build-directory /Users/admin/builder/spi-builder-workspace/.derivedData/ModuleCache.noindex
CreateBuildDirectory /Users/admin/builder/spi-builder-workspace/.derivedData/CompilationCache.noindex
cd /Users/admin/builder/spi-builder-workspace/.swiftpm/xcode
builtin-create-build-directory /Users/admin/builder/spi-builder-workspace/.derivedData/CompilationCache.noindex
ClangStatCache /Applications/Xcode-27.0.0-Release.Candidate.app/Contents/Developer/Toolchains/XcodeDefault.xctoolchain/usr/bin/clang-stat-cache /Applications/Xcode-27.0.0-Release.Candidate.app/Contents/Developer/Platforms/XROS.platform/Developer/SDKs/XROS27.0.sdk /Users/admin/builder/spi-builder-workspace/.derivedData/SDKStatCaches.noindex/xros27.0-24M361-e829b21a6f8c9b70876ba0858053c044735bd543db762f57723cac368afd1ce4.sdkstatcache
cd /Users/admin/builder/spi-builder-workspace/.swiftpm/xcode
/Applications/Xcode-27.0.0-Release.Candidate.app/Contents/Developer/Toolchains/XcodeDefault.xctoolchain/usr/bin/clang-stat-cache /Applications/Xcode-27.0.0-Release.Candidate.app/Contents/Developer/Platforms/XROS.platform/Developer/SDKs/XROS27.0.sdk -o /Users/admin/builder/spi-builder-workspace/.derivedData/SDKStatCaches.noindex/xros27.0-24M361-e829b21a6f8c9b70876ba0858053c044735bd543db762f57723cac368afd1ce4.sdkstatcache
CreateBuildDirectory /Users/admin/builder/spi-builder-workspace/.derivedData/Build/Intermediates.noindex
cd /Users/admin/builder/spi-builder-workspace/.swiftpm/xcode
builtin-create-build-directory /Users/admin/builder/spi-builder-workspace/.derivedData/Build/Intermediates.noindex
CreateBuildDirectory /Users/admin/builder/spi-builder-workspace/.derivedData/Build/Products
cd /Users/admin/builder/spi-builder-workspace/.swiftpm/xcode
builtin-create-build-directory /Users/admin/builder/spi-builder-workspace/.derivedData/Build/Products
CreateBuildDirectory /Users/admin/builder/spi-builder-workspace/.derivedData/Build/Intermediates.noindex/SwiftExplicitPrecompiledModules
cd /Users/admin/builder/spi-builder-workspace/.swiftpm/xcode
builtin-create-build-directory /Users/admin/builder/spi-builder-workspace/.derivedData/Build/Intermediates.noindex/SwiftExplicitPrecompiledModules
CreateBuildDirectory /Users/admin/builder/spi-builder-workspace/.derivedData/Build/Intermediates.noindex/PrecompiledHeaders
cd /Users/admin/builder/spi-builder-workspace/.swiftpm/xcode
builtin-create-build-directory /Users/admin/builder/spi-builder-workspace/.derivedData/Build/Intermediates.noindex/PrecompiledHeaders
CreateBuildDirectory /Users/admin/builder/spi-builder-workspace/.derivedData/Build/Intermediates.noindex/ExplicitPrecompiledModules
cd /Users/admin/builder/spi-builder-workspace/.swiftpm/xcode
builtin-create-build-directory /Users/admin/builder/spi-builder-workspace/.derivedData/Build/Intermediates.noindex/ExplicitPrecompiledModules
CreateBuildDirectory /Users/admin/builder/spi-builder-workspace/.derivedData/Build/Intermediates.noindex/EagerLinkingTBDs/Debug-xros
cd /Users/admin/builder/spi-builder-workspace/.swiftpm/xcode
builtin-create-build-directory /Users/admin/builder/spi-builder-workspace/.derivedData/Build/Intermediates.noindex/EagerLinkingTBDs/Debug-xros
CreateBuildDirectory /Users/admin/builder/spi-builder-workspace/.derivedData/Build/Products/Debug-xros
cd /Users/admin/builder/spi-builder-workspace/.swiftpm/xcode
builtin-create-build-directory /Users/admin/builder/spi-builder-workspace/.derivedData/Build/Products/Debug-xros
CreateBuildDirectory /Users/admin/builder/spi-builder-workspace/.derivedData/Build/Products/Debug-xros/PackageFrameworks
cd /Users/admin/builder/spi-builder-workspace/.swiftpm/xcode
builtin-create-build-directory /Users/admin/builder/spi-builder-workspace/.derivedData/Build/Products/Debug-xros/PackageFrameworks
WriteAuxiliaryFile /Users/admin/builder/spi-builder-workspace/.derivedData/Build/Intermediates.noindex/Trap.build/Debug-xros/Trap-t.build/Trap.modulemap (in target 'Trap' from project 'Trap')
cd /Users/admin/builder/spi-builder-workspace
write-file /Users/admin/builder/spi-builder-workspace/.derivedData/Build/Intermediates.noindex/Trap.build/Debug-xros/Trap-t.build/Trap.modulemap
WriteAuxiliaryFile /Users/admin/builder/spi-builder-workspace/.derivedData/Build/Intermediates.noindex/Trap.build/Debug-xros/Trap-t.build/Trap.DependencyMetadataFileList (in target 'Trap' from project 'Trap')
cd /Users/admin/builder/spi-builder-workspace
write-file /Users/admin/builder/spi-builder-workspace/.derivedData/Build/Intermediates.noindex/Trap.build/Debug-xros/Trap-t.build/Trap.DependencyMetadataFileList
WriteAuxiliaryFile /Users/admin/builder/spi-builder-workspace/.derivedData/Build/Intermediates.noindex/Trap.build/Debug-xros/Trap-t.build/Trap.DependencyStaticMetadataFileList (in target 'Trap' from project 'Trap')
cd /Users/admin/builder/spi-builder-workspace
write-file /Users/admin/builder/spi-builder-workspace/.derivedData/Build/Intermediates.noindex/Trap.build/Debug-xros/Trap-t.build/Trap.DependencyStaticMetadataFileList
WriteAuxiliaryFile /Users/admin/builder/spi-builder-workspace/.derivedData/Build/Intermediates.noindex/Trap.build/Debug-xros/Trap-t.build/Objects-normal/arm64/Trap.SwiftConstValuesFileList (in target 'Trap' from project 'Trap')
cd /Users/admin/builder/spi-builder-workspace
write-file /Users/admin/builder/spi-builder-workspace/.derivedData/Build/Intermediates.noindex/Trap.build/Debug-xros/Trap-t.build/Objects-normal/arm64/Trap.SwiftConstValuesFileList
WriteAuxiliaryFile /Users/admin/builder/spi-builder-workspace/.derivedData/Build/Intermediates.noindex/Trap.build/Debug-xros/Trap-t.build/Objects-normal/arm64/Trap.SwiftFileList (in target 'Trap' from project 'Trap')
cd /Users/admin/builder/spi-builder-workspace
write-file /Users/admin/builder/spi-builder-workspace/.derivedData/Build/Intermediates.noindex/Trap.build/Debug-xros/Trap-t.build/Objects-normal/arm64/Trap.SwiftFileList
WriteAuxiliaryFile /Users/admin/builder/spi-builder-workspace/.derivedData/Build/Intermediates.noindex/Trap.build/Debug-xros/Trap-t.build/Objects-normal/arm64/Trap-OutputFileMap.json (in target 'Trap' from project 'Trap')
cd /Users/admin/builder/spi-builder-workspace
write-file /Users/admin/builder/spi-builder-workspace/.derivedData/Build/Intermediates.noindex/Trap.build/Debug-xros/Trap-t.build/Objects-normal/arm64/Trap-OutputFileMap.json
WriteAuxiliaryFile /Users/admin/builder/spi-builder-workspace/.derivedData/Build/Intermediates.noindex/Trap.build/Debug-xros/Trap-t.build/Objects-normal/arm64/Trap.LinkFileList (in target 'Trap' from project 'Trap')
cd /Users/admin/builder/spi-builder-workspace
write-file /Users/admin/builder/spi-builder-workspace/.derivedData/Build/Intermediates.noindex/Trap.build/Debug-xros/Trap-t.build/Objects-normal/arm64/Trap.LinkFileList
WriteAuxiliaryFile /Users/admin/builder/spi-builder-workspace/.derivedData/Build/Intermediates.noindex/Trap.build/Debug-xros/Trap-t.build/Objects-normal/arm64/Trap_const_extract_protocols.json (in target 'Trap' from project 'Trap')
cd /Users/admin/builder/spi-builder-workspace
write-file /Users/admin/builder/spi-builder-workspace/.derivedData/Build/Intermediates.noindex/Trap.build/Debug-xros/Trap-t.build/Objects-normal/arm64/Trap_const_extract_protocols.json
Copy /Users/admin/builder/spi-builder-workspace/.derivedData/Build/Intermediates.noindex/GeneratedModuleMaps-xros/Trap.modulemap /Users/admin/builder/spi-builder-workspace/.derivedData/Build/Intermediates.noindex/Trap.build/Debug-xros/Trap-t.build/Trap.modulemap (in target 'Trap' from project 'Trap')
cd /Users/admin/builder/spi-builder-workspace
builtin-copy -exclude .DS_Store -exclude CVS -exclude .svn -exclude .git -exclude .hg -resolve-src-symlinks /Users/admin/builder/spi-builder-workspace/.derivedData/Build/Intermediates.noindex/Trap.build/Debug-xros/Trap-t.build/Trap.modulemap /Users/admin/builder/spi-builder-workspace/.derivedData/Build/Intermediates.noindex/GeneratedModuleMaps-xros
SwiftDriver Trap normal arm64 com.apple.xcode.tools.swift.compiler (in target 'Trap' from project 'Trap')
cd /Users/admin/builder/spi-builder-workspace/.swiftpm/xcode
builtin-SwiftDriver -- /Applications/Xcode-27.0.0-Release.Candidate.app/Contents/Developer/Toolchains/XcodeDefault.xctoolchain/usr/bin/swiftc -parse-as-library -module-name Trap -Onone @/Users/admin/builder/spi-builder-workspace/.derivedData/Build/Intermediates.noindex/Trap.build/Debug-xros/Trap-t.build/Objects-normal/arm64/Trap.SwiftFileList -DSWIFT_PACKAGE -DDEBUG -DSWIFT_MODULE_RESOURCE_BUNDLE_UNAVAILABLE -DXcode -plugin-path /Applications/Xcode-27.0.0-Release.Candidate.app/Contents/Developer/Toolchains/XcodeDefault.xctoolchain/usr/lib/swift/host/plugins/testing -enable-experimental-feature DebugDescriptionMacro -sdk /Applications/Xcode-27.0.0-Release.Candidate.app/Contents/Developer/Platforms/XROS.platform/Developer/SDKs/XROS27.0.sdk -target arm64-apple-xros1.0 -g -module-cache-path /Users/admin/builder/spi-builder-workspace/.derivedData/ModuleCache.noindex -Xfrontend -serialize-debugging-options -profile-coverage-mapping -profile-generate -enable-testing -index-store-path /Users/admin/builder/spi-builder-workspace/.derivedData/Index.noindex/DataStore -Xcc -D_LIBCPP_HARDENING_MODE\=_LIBCPP_HARDENING_MODE_DEBUG -swift-version 5 -I /Users/admin/builder/spi-builder-workspace/.derivedData/Build/Products/Debug-xros -Isystem /Applications/Xcode-27.0.0-Release.Candidate.app/Contents/Developer/Platforms/XROS.platform/Developer/usr/lib -F /Users/admin/builder/spi-builder-workspace/.derivedData/Build/Products/Debug-xros -F /Applications/Xcode-27.0.0-Release.Candidate.app/Contents/Developer/Platforms/XROS.platform/Developer/Library/Frameworks -F /Applications/Xcode-27.0.0-Release.Candidate.app/Contents/Developer/Platforms/XROS.platform/Developer/SDKs/XROS27.0.sdk/Developer/Library/Frameworks -c -j10 -enable-batch-mode -incremental -Xcc -ivfsstatcache -Xcc /Users/admin/builder/spi-builder-workspace/.derivedData/SDKStatCaches.noindex/xros27.0-24M361-e829b21a6f8c9b70876ba0858053c044735bd543db762f57723cac368afd1ce4.sdkstatcache -output-file-map /Users/admin/builder/spi-builder-workspace/.derivedData/Build/Intermediates.noindex/Trap.build/Debug-xros/Trap-t.build/Objects-normal/arm64/Trap-OutputFileMap.json -save-temps -no-color-diagnostics -explicit-module-build -module-cache-path /Users/admin/builder/spi-builder-workspace/.derivedData/Build/Intermediates.noindex/SwiftExplicitPrecompiledModules -clang-scanner-module-cache-path /Users/admin/builder/spi-builder-workspace/.derivedData/ModuleCache.noindex -sdk-module-cache-path /Users/admin/builder/spi-builder-workspace/.derivedData/SDKExplicitPrecompiledModules -emit-dependencies -emit-module -emit-module-path /Users/admin/builder/spi-builder-workspace/.derivedData/Build/Intermediates.noindex/Trap.build/Debug-xros/Trap-t.build/Objects-normal/arm64/Trap.swiftmodule -serialize-diagnostics -dependency-scan-serialize-diagnostics-path /Users/admin/builder/spi-builder-workspace/.derivedData/Build/Intermediates.noindex/Trap.build/Debug-xros/Trap-t.build/Objects-normal/arm64/Trap-dependency-scan.dia -validate-clang-modules-once -clang-build-session-file /Users/admin/builder/spi-builder-workspace/.derivedData/ModuleCache.noindex/Session.modulevalidation -Xcc -fmodules-prune-interval\=86400 -Xcc -fmodules-prune-after\=345600 -emit-const-values -const-gather-protocols-list /Users/admin/builder/spi-builder-workspace/.derivedData/Build/Intermediates.noindex/Trap.build/Debug-xros/Trap-t.build/Objects-normal/arm64/Trap_const_extract_protocols.json -Xcc -I/Users/admin/builder/spi-builder-workspace/.derivedData/Build/Products/Debug-xros/include -Xcc -I/Users/admin/builder/spi-builder-workspace/.derivedData/Build/Intermediates.noindex/Trap.build/Debug-xros/Trap-t.build/DerivedSources-normal/arm64 -Xcc -I/Users/admin/builder/spi-builder-workspace/.derivedData/Build/Intermediates.noindex/Trap.build/Debug-xros/Trap-t.build/DerivedSources/arm64 -Xcc -I/Users/admin/builder/spi-builder-workspace/.derivedData/Build/Intermediates.noindex/Trap.build/Debug-xros/Trap-t.build/DerivedSources -Xcc -DSWIFT_PACKAGE -Xcc -DDEBUG\=1 -emit-objc-header -emit-objc-header-path /Users/admin/builder/spi-builder-workspace/.derivedData/Build/Intermediates.noindex/Trap.build/Debug-xros/Trap-t.build/Objects-normal/arm64/Trap-Swift.h -working-directory /Users/admin/builder/spi-builder-workspace/.swiftpm/xcode -experimental-emit-module-separately -disable-cmo
SwiftExplicitDependencyGeneratePcm arm64 /Users/admin/builder/spi-builder-workspace/.derivedData/SDKExplicitPrecompiledModules/_SwiftConcurrencyShims-C8XHKSHX96D5YYALNM4W70Z0O.pcm
SwiftExplicitDependencyGeneratePcm arm64 /Users/admin/builder/spi-builder-workspace/.derivedData/SDKExplicitPrecompiledModules/_Builtin_stdbool-5BU2ADS7JXQMYENKQHW9X8XOU.pcm
SwiftExplicitDependencyGeneratePcm arm64 /Users/admin/builder/spi-builder-workspace/.derivedData/SDKExplicitPrecompiledModules/ptrauth-1WBA714DZSVUL5JQDJ08CLKZ.pcm
SwiftExplicitDependencyGeneratePcm arm64 /Users/admin/builder/spi-builder-workspace/.derivedData/SDKExplicitPrecompiledModules/ptrcheck-BXA97MNLI4BB0HF5I8MJE403D.pcm
SwiftExplicitDependencyGeneratePcm arm64 /Users/admin/builder/spi-builder-workspace/.derivedData/SDKExplicitPrecompiledModules/DeveloperToolsSupport-46GOQP8J1QTHLYQSJW81T8UZ3.pcm
SwiftExplicitDependencyGeneratePcm arm64 /Users/admin/builder/spi-builder-workspace/.derivedData/SDKExplicitPrecompiledModules/_AvailabilityInternal-1Q8IQP6M38UWSGZ95UCEY2M44.pcm
SwiftExplicitDependencyGeneratePcm arm64 /Users/admin/builder/spi-builder-workspace/.derivedData/SDKExplicitPrecompiledModules/_Builtin_stdarg-CDA349K2K4US766844K8E0PVA.pcm
SwiftExplicitDependencyGeneratePcm arm64 /Users/admin/builder/spi-builder-workspace/.derivedData/SDKExplicitPrecompiledModules/SwiftShims-CI4H5RO9IYFFWQ2COB512Q2S9.pcm
SwiftExplicitDependencyGeneratePcm arm64 /Users/admin/builder/spi-builder-workspace/.derivedData/SDKExplicitPrecompiledModules/_Builtin_stddef-5NQ9Z1GV07GBSRQGAQCGXGVRI.pcm
SwiftExplicitDependencyGeneratePcm arm64 /Users/admin/builder/spi-builder-workspace/.derivedData/SDKExplicitPrecompiledModules/_Builtin_float-6WKHNW5S40U2QGHXXGETUDIRA.pcm
SwiftExplicitDependencyGeneratePcm arm64 /Users/admin/builder/spi-builder-workspace/.derivedData/SDKExplicitPrecompiledModules/_DarwinFoundation1-5RGRVV2TZ6WC4WZW5IXF8NQ04.pcm
SwiftExplicitDependencyGeneratePcm arm64 /Users/admin/builder/spi-builder-workspace/.derivedData/SDKExplicitPrecompiledModules/_DarwinFoundation2-ENTECK156YEWITZRRBTOCE4KR.pcm
SwiftExplicitDependencyGeneratePcm arm64 /Users/admin/builder/spi-builder-workspace/.derivedData/SDKExplicitPrecompiledModules/_Builtin_limits-425JDMN5HPM3D0UEI8LEHP6NM.pcm
SwiftExplicitDependencyGeneratePcm arm64 /Users/admin/builder/spi-builder-workspace/.derivedData/SDKExplicitPrecompiledModules/ExtensionFoundation-E7KNHPOM6BLHXC69S4MS8K7BO.pcm
SwiftExplicitDependencyGeneratePcm arm64 /Users/admin/builder/spi-builder-workspace/.derivedData/SDKExplicitPrecompiledModules/_Builtin_tgmath-BPYSMHWI520EQRL2HW519ZY7Z.pcm
SwiftExplicitDependencyGeneratePcm arm64 /Users/admin/builder/spi-builder-workspace/.derivedData/SDKExplicitPrecompiledModules/_Builtin_stdint-8OR6T47OOYJA90ZBO3N1USDE.pcm
SwiftExplicitDependencyGeneratePcm arm64 /Users/admin/builder/spi-builder-workspace/.derivedData/SDKExplicitPrecompiledModules/sys_types-AYM0BHR77VKMWZCO2T0XGV2HF.pcm
SwiftExplicitDependencyGeneratePcm arm64 /Users/admin/builder/spi-builder-workspace/.derivedData/SDKExplicitPrecompiledModules/string_h-2GT67HHHHK5CF1V1S31LH0PU2.pcm
SwiftExplicitDependencyGeneratePcm arm64 /Users/admin/builder/spi-builder-workspace/.derivedData/SDKExplicitPrecompiledModules/_Builtin_intrinsics-BC5IJI3YI34RQ61ZNVDRDZ6RN.pcm
SwiftExplicitDependencyGeneratePcm arm64 /Users/admin/builder/spi-builder-workspace/.derivedData/SDKExplicitPrecompiledModules/_Builtin_stdatomic-1VUZPM79PNCAHXVBERD53WRSF.pcm
SwiftExplicitDependencyGeneratePcm arm64 /Users/admin/builder/spi-builder-workspace/.derivedData/SDKExplicitPrecompiledModules/_DarwinFoundation3-9ZHN6JKBS40BBA81RQMV8H0IC.pcm
SwiftExplicitDependencyGeneratePcm arm64 /Users/admin/builder/spi-builder-workspace/.derivedData/SDKExplicitPrecompiledModules/_Builtin_inttypes-11B64KJD36B3YOHBR1BBXBJY8.pcm
SwiftExplicitDependencyGeneratePcm arm64 /Users/admin/builder/spi-builder-workspace/.derivedData/SDKExplicitPrecompiledModules/Darwin-60P5LVNQO3ESRRM5DCJ05PFNK.pcm
SwiftExplicitDependencyGeneratePcm arm64 /Users/admin/builder/spi-builder-workspace/.derivedData/SDKExplicitPrecompiledModules/simd-9XXAB17Y6E4BBPQADD61NZ23.pcm
SwiftExplicitDependencyGeneratePcm arm64 /Users/admin/builder/spi-builder-workspace/.derivedData/SDKExplicitPrecompiledModules/MachO-3XTHY7HWV6RF3KXKYQVHUBUXK.pcm
SwiftExplicitDependencyGeneratePcm arm64 /Users/admin/builder/spi-builder-workspace/.derivedData/SDKExplicitPrecompiledModules/ObjectiveC-26TIBFYCEJZVP216ZZAU1X8KN.pcm
SwiftExplicitDependencyGeneratePcm arm64 /Users/admin/builder/spi-builder-workspace/.derivedData/SDKExplicitPrecompiledModules/Compression-A73VUOXIGFBWKHP7AAN1UMM21.pcm
SwiftExplicitDependencyGeneratePcm arm64 /Users/admin/builder/spi-builder-workspace/.derivedData/SDKExplicitPrecompiledModules/os_object-692CJ8BG6RE5H04487EJJOVXW.pcm
SwiftExplicitDependencyGeneratePcm arm64 /Users/admin/builder/spi-builder-workspace/.derivedData/SDKExplicitPrecompiledModules/os_workgroup-4U1VXMWIZD80E7PRUQF2G7P9X.pcm
SwiftExplicitDependencyGeneratePcm arm64 /Users/admin/builder/spi-builder-workspace/.derivedData/SDKExplicitPrecompiledModules/Dispatch-CLT3466HKC22GCKAWSCNG0H7T.pcm
SwiftExplicitDependencyGeneratePcm arm64 /Users/admin/builder/spi-builder-workspace/.derivedData/SDKExplicitPrecompiledModules/Spatial-5E0I2846LO3ZE24CSVR2O57TI.pcm
SwiftExplicitDependencyGeneratePcm arm64 /Users/admin/builder/spi-builder-workspace/.derivedData/SDKExplicitPrecompiledModules/CoreFoundation-AVLTZVCXBU2TO75JCN4AGU8XJ.pcm
SwiftExplicitDependencyGeneratePcm arm64 /Users/admin/builder/spi-builder-workspace/.derivedData/SDKExplicitPrecompiledModules/XPC-EP5EU7FNGP4VOA3EDM18P1KHO.pcm
SwiftExplicitDependencyGeneratePcm arm64 /Users/admin/builder/spi-builder-workspace/.derivedData/SDKExplicitPrecompiledModules/dnssd-CCUV1M8EULNEQJUXO7L0PJAL4.pcm
SwiftExplicitDependencyGeneratePcm arm64 /Users/admin/builder/spi-builder-workspace/.derivedData/SDKExplicitPrecompiledModules/os-1004XEJ3IXOOAU0KL58SM3D0K.pcm
SwiftExplicitDependencyGeneratePcm arm64 /Users/admin/builder/spi-builder-workspace/.derivedData/SDKExplicitPrecompiledModules/CFNetwork-5MI70N1VLDQSWTX4COWLMSIRO.pcm
SwiftExplicitDependencyGeneratePcm arm64 /Users/admin/builder/spi-builder-workspace/.derivedData/SDKExplicitPrecompiledModules/Security-8TH2M8WJIQMET4SADWX0N8372.pcm
SwiftExplicitDependencyGeneratePcm arm64 /Users/admin/builder/spi-builder-workspace/.derivedData/SDKExplicitPrecompiledModules/SystemConfiguration-9ZRTM3I7E0VI9U5I2YVCU37YI.pcm
SwiftExplicitDependencyGeneratePcm arm64 /Users/admin/builder/spi-builder-workspace/.derivedData/SDKExplicitPrecompiledModules/CoreGraphics-BFUJ177R223UT2ZI327ZTZY91.pcm
SwiftExplicitDependencyGeneratePcm arm64 /Users/admin/builder/spi-builder-workspace/.derivedData/SDKExplicitPrecompiledModules/Foundation-8GON1KVEKRN3NOQI8RETBRWJP.pcm
SwiftExplicitDependencyGeneratePcm arm64 /Users/admin/builder/spi-builder-workspace/.derivedData/SDKExplicitPrecompiledModules/CoreText-6F9TY5TEPCCZ1K2KYM4GMEGHD.pcm
SwiftExplicitDependencyGeneratePcm arm64 /Users/admin/builder/spi-builder-workspace/.derivedData/SDKExplicitPrecompiledModules/ImageIO-5CC6COR9KJYI1UBL7CSHLU2OG.pcm
SwiftExplicitDependencyGeneratePcm arm64 /Users/admin/builder/spi-builder-workspace/.derivedData/SDKExplicitPrecompiledModules/Symbols-8G2XC01RPQ5HYIZE6JNUT864I.pcm
SwiftExplicitDependencyGeneratePcm arm64 /Users/admin/builder/spi-builder-workspace/.derivedData/SDKExplicitPrecompiledModules/Accessibility-1DR4J4YDVDGAYQTZ0FKZ1PU09.pcm
SwiftExplicitDependencyGeneratePcm arm64 /Users/admin/builder/spi-builder-workspace/.derivedData/SDKExplicitPrecompiledModules/UserNotifications-8IIV1V1FPNAPA4LY1Y23LOM2N.pcm
SwiftExplicitDependencyGeneratePcm arm64 /Users/admin/builder/spi-builder-workspace/.derivedData/SDKExplicitPrecompiledModules/CoreTransferable-8TBYAKHCX6UC8QQSS7BD8GQK5.pcm
SwiftExplicitDependencyGeneratePcm arm64 /Users/admin/builder/spi-builder-workspace/.derivedData/SDKExplicitPrecompiledModules/UIUtilities-AOVGLUWEAN6CG2UZFNESGSP6C.pcm
SwiftExplicitDependencyGeneratePcm arm64 /Users/admin/builder/spi-builder-workspace/.derivedData/SDKExplicitPrecompiledModules/OSLog-BNGT87TS0GMBFF7TY70HHB69.pcm
SwiftExplicitDependencyGeneratePcm arm64 /Users/admin/builder/spi-builder-workspace/.derivedData/SDKExplicitPrecompiledModules/Network-EQPZZF3W6BWG89K0PY9NZO3T0.pcm
SwiftExplicitDependencyGeneratePcm arm64 /Users/admin/builder/spi-builder-workspace/.derivedData/SDKExplicitPrecompiledModules/IOSurface-5FE9U89GVFF9A7X7AGO2R8ENI.pcm
SwiftExplicitDependencyGeneratePcm arm64 /Users/admin/builder/spi-builder-workspace/.derivedData/SDKExplicitPrecompiledModules/CoreBluetooth-GMQRC2ST8DUHFDB4GFQXJZPL.pcm
SwiftExplicitDependencyGeneratePcm arm64 /Users/admin/builder/spi-builder-workspace/.derivedData/SDKExplicitPrecompiledModules/UniformTypeIdentifiers-E5KMWDZEKS4QW9RO1KBRDEXV6.pcm
SwiftExplicitDependencyGeneratePcm arm64 /Users/admin/builder/spi-builder-workspace/.derivedData/SDKExplicitPrecompiledModules/FileProvider-C9I28SI56F2SEVH1BCWTKGODO.pcm
SwiftExplicitDependencyGeneratePcm arm64 /Users/admin/builder/spi-builder-workspace/.derivedData/SDKExplicitPrecompiledModules/DataDetection-BANTQ3WXXGKZJYC0LLB3MD9K0.pcm
SwiftExplicitDependencyGeneratePcm arm64 /Users/admin/builder/spi-builder-workspace/.derivedData/SDKExplicitPrecompiledModules/_LocationEssentials-8GQGFVARUE99D8VJX3TINY0VP.pcm
SwiftExplicitDependencyGeneratePcm arm64 /Users/admin/builder/spi-builder-workspace/.derivedData/SDKExplicitPrecompiledModules/Metal-EKNUM9P3PRIBHZK1ZBD6BA2T7.pcm
SwiftExplicitDependencyGeneratePcm arm64 /Users/admin/builder/spi-builder-workspace/.derivedData/SDKExplicitPrecompiledModules/OpenGLES-56BKSYXNVAP91BYZRWAKQZKGI.pcm
SwiftExplicitDependencyGeneratePcm arm64 /Users/admin/builder/spi-builder-workspace/.derivedData/SDKExplicitPrecompiledModules/NetworkExtension-6BSNE92EGATQDGXI022J531UM.pcm
SwiftExplicitDependencyGeneratePcm arm64 /Users/admin/builder/spi-builder-workspace/.derivedData/SDKExplicitPrecompiledModules/CoreLocation-1SN37095DAPVJ068LLP9TBDQX.pcm
SwiftExplicitDependencyGeneratePcm arm64 /Users/admin/builder/spi-builder-workspace/.derivedData/SDKExplicitPrecompiledModules/CoreMotion-10LV922UPGE28QX2SOIO7ALIZ.pcm
SwiftExplicitDependencyGeneratePcm arm64 /Users/admin/builder/spi-builder-workspace/.derivedData/SDKExplicitPrecompiledModules/CoreVideo-E12HJSJSLO0YKWYBES11UKJ02.pcm
SwiftExplicitDependencyGeneratePcm arm64 /Users/admin/builder/spi-builder-workspace/.derivedData/SDKExplicitPrecompiledModules/QuartzCore-12T8WVKUNCL1N7VXH87MM4YOB.pcm
SwiftExplicitDependencyGeneratePcm arm64 /Users/admin/builder/spi-builder-workspace/.derivedData/SDKExplicitPrecompiledModules/CoreImage-8WF1P230U10QM666EQMNV7OF1.pcm
SwiftExplicitDependencyGeneratePcm arm64 /Users/admin/builder/spi-builder-workspace/.derivedData/SDKExplicitPrecompiledModules/SwiftUICore-6OBBMA39VFD4CB6SG2PE41FAP.pcm
SwiftExplicitDependencyGeneratePcm arm64 /Users/admin/builder/spi-builder-workspace/.derivedData/SDKExplicitPrecompiledModules/UIKit-2D2PMAAE45TMO6S28UCGCO5BR.pcm
SwiftCompile normal arm64 Compiling\ Battery.swift,\ Location.swift,\ Metadata.swift,\ PreciseLocation.swift /Users/admin/builder/spi-builder-workspace/Sources/Trap/Datasource/Hardware/Battery.swift /Users/admin/builder/spi-builder-workspace/Sources/Trap/Datasource/Location.swift /Users/admin/builder/spi-builder-workspace/Sources/Trap/Datasource/Metadata.swift /Users/admin/builder/spi-builder-workspace/Sources/Trap/Datasource/PreciseLocation.swift (in target 'Trap' from project 'Trap')
/Users/admin/builder/spi-builder-workspace/Sources/Trap/Datasource/Location.swift:97:17: error: cannot override 'locationManager' which has been marked unavailable
95 | /// CLLocationManagerDelegate implementation.
96 | extension TrapLocationCollector: CLLocationManagerDelegate {
97 | public func locationManager(_: CLLocationManager, didChangeAuthorization status: CLAuthorizationStatus) {
| `- error: cannot override 'locationManager' which has been marked unavailable
98 | switch status {
99 | case .restricted, .denied, .notDetermined:
/Applications/Xcode-27.0.0-Release.Candidate.app/Contents/Developer/Platforms/XROS.platform/Developer/SDKs/XROS27.0.sdk/System/Library/Frameworks/CoreLocation.framework/Headers/CLLocationManagerDelegate.h:164:1: note: 'locationManager(_:didChangeAuthorization:)' has been explicitly marked unavailable here
162 | * Invoked when the authorization status changes for this application.
163 | */
164 | - (void)locationManager:(CLLocationManager *)manager didChangeAuthorizationStatus:(CLAuthorizationStatus)status API_DEPRECATED_WITH_REPLACEMENT("-locationManagerDidChangeAuthorization:", ios(4.2, 14.0), macos(10.7, 11.0), watchos(1.0, 7.0), tvos(9.0, 14.0)) API_UNAVAILABLE(visionos);
| `- note: 'locationManager(_:didChangeAuthorization:)' has been explicitly marked unavailable here
165 |
166 | /*
/Users/admin/builder/spi-builder-workspace/Sources/Trap/Datasource/Location.swift:82:25: error: 'startMonitoringSignificantLocationChanges()' is unavailable in visionOS
80 | public func start(withConfig _: TrapConfig.DataCollection) {
81 | locationManager.delegate = self
82 | locationManager.startMonitoringSignificantLocationChanges()
| `- error: 'startMonitoringSignificantLocationChanges()' is unavailable in visionOS
83 | }
84 |
/Applications/Xcode-27.0.0-Release.Candidate.app/Contents/Developer/Platforms/XROS.platform/Developer/SDKs/XROS27.0.sdk/System/Library/Frameworks/CoreLocation.framework/Headers/CLLocationManager.h:665:1: note: 'startMonitoringSignificantLocationChanges()' has been explicitly marked unavailable here
663 | *
664 | */
665 | - (void)startMonitoringSignificantLocationChanges API_AVAILABLE(ios(4.0), macos(10.7)) API_UNAVAILABLE(watchos, tvos, visionos);
| `- note: 'startMonitoringSignificantLocationChanges()' has been explicitly marked unavailable here
666 |
667 | /*
/Users/admin/builder/spi-builder-workspace/Sources/Trap/Datasource/Location.swift:86:25: error: 'stopMonitoringSignificantLocationChanges()' is unavailable in visionOS
84 |
85 | public func stop() {
86 | locationManager.stopMonitoringSignificantLocationChanges()
| `- error: 'stopMonitoringSignificantLocationChanges()' is unavailable in visionOS
87 | locationManager.delegate = nil
88 | }
/Applications/Xcode-27.0.0-Release.Candidate.app/Contents/Developer/Platforms/XROS.platform/Developer/SDKs/XROS27.0.sdk/System/Library/Frameworks/CoreLocation.framework/Headers/CLLocationManager.h:674:1: note: 'stopMonitoringSignificantLocationChanges()' has been explicitly marked unavailable here
672 | *
673 | */
674 | - (void)stopMonitoringSignificantLocationChanges API_AVAILABLE(ios(4.0), macos(10.7)) API_UNAVAILABLE(watchos, tvos, visionos);
| `- note: 'stopMonitoringSignificantLocationChanges()' has been explicitly marked unavailable here
675 |
676 | /*
/Users/admin/builder/spi-builder-workspace/Sources/Trap/Datasource/Metadata.swift:36:66: warning: left side of nil coalescing operator '??' has non-optional type 'TimeInterval' (aka 'Double'), so the right side is never used
34 | reporterTask = queue.schedule(
35 | after: .init(Date(timeIntervalSinceNow: 1)),
36 | interval: .seconds(config.metadataSubmissionInterval ?? 60)
| `- warning: left side of nil coalescing operator '??' has non-optional type 'TimeInterval' (aka 'Double'), so the right side is never used
37 | ) { [weak self] in
38 | guard let this = self else {
/Users/admin/builder/spi-builder-workspace/Sources/Trap/Datasource/Metadata.swift:89:54: warning: 'languageCode' was deprecated in iOS 1.0: renamed to 'language.languageCode.identifier' [#DeprecatedDeclaration]
87 | "model": DataType.string(UIDevice.current.model),
88 | "modelName": DataType.string(modelName),
89 | "locale": DataType.string(Locale.current.languageCode ?? "unknown"),
| |- warning: 'languageCode' was deprecated in iOS 1.0: renamed to 'language.languageCode.identifier' [#DeprecatedDeclaration]
| `- note: use 'language.languageCode.identifier' instead
90 | "uniqueId": DataType.string(UIDevice.current.identifierForVendor?.uuidString ?? "unknown")])
91 | }
/Users/admin/builder/spi-builder-workspace/Sources/Trap/Datasource/Metadata.swift:101:28: error: 'UIScreen' is unavailable in visionOS
99 |
100 | private func screenData() -> DataType {
101 | let screenBounds = UIScreen.main.bounds
| `- error: 'UIScreen' is unavailable in visionOS
102 | let screenScale = UIScreen.main.scale
103 |
/Applications/Xcode-27.0.0-Release.Candidate.app/Contents/Developer/Platforms/XROS.platform/Developer/SDKs/XROS27.0.sdk/System/Library/Frameworks/UIKit.framework/Headers/UIScreen.h:54:12: note: 'UIScreen' has been explicitly marked unavailable here
52 |
53 | UIKIT_EXTERN API_AVAILABLE(ios(2.0)) API_UNAVAILABLE(visionos, watchos) NS_SWIFT_UI_ACTOR
54 | @interface UIScreen : NSObject <UITraitEnvironment>
| `- note: 'UIScreen' has been explicitly marked unavailable here
55 |
56 | @property(class, nonatomic, readonly) NSArray<UIScreen *> *screens API_DEPRECATED("Use UIApplication.shared.openSessions to find open sessions with scenes from other screens", ios(3.2, 16.0), visionos(1.0, 1.0)) API_UNAVAILABLE(watchos); // all screens currently attached to the device
/Users/admin/builder/spi-builder-workspace/Sources/Trap/Datasource/Metadata.swift:102:27: error: 'UIScreen' is unavailable in visionOS
100 | private func screenData() -> DataType {
101 | let screenBounds = UIScreen.main.bounds
102 | let screenScale = UIScreen.main.scale
| `- error: 'UIScreen' is unavailable in visionOS
103 |
104 | return DataType.dict([
/Applications/Xcode-27.0.0-Release.Candidate.app/Contents/Developer/Platforms/XROS.platform/Developer/SDKs/XROS27.0.sdk/System/Library/Frameworks/UIKit.framework/Headers/UIScreen.h:54:12: note: 'UIScreen' has been explicitly marked unavailable here
52 |
53 | UIKIT_EXTERN API_AVAILABLE(ios(2.0)) API_UNAVAILABLE(visionos, watchos) NS_SWIFT_UI_ACTOR
54 | @interface UIScreen : NSObject <UITraitEnvironment>
| `- note: 'UIScreen' has been explicitly marked unavailable here
55 |
56 | @property(class, nonatomic, readonly) NSArray<UIScreen *> *screens API_DEPRECATED("Use UIApplication.shared.openSessions to find open sessions with scenes from other screens", ios(3.2, 16.0), visionos(1.0, 1.0)) API_UNAVAILABLE(watchos); // all screens currently attached to the device
/Users/admin/builder/spi-builder-workspace/Sources/Trap/Datasource/Metadata.swift:112:33: error: 'orientation' is unavailable in visionOS
110 |
111 | var orientation: Int {
112 | switch UIDevice.current.orientation {
| `- error: 'orientation' is unavailable in visionOS
113 | case .portrait:
114 | return 0
/Applications/Xcode-27.0.0-Release.Candidate.app/Contents/Developer/Platforms/XROS.platform/Developer/SDKs/XROS27.0.sdk/System/Library/Frameworks/UIKit.framework/Headers/UIDevice.h:44:51: note: 'orientation' has been explicitly marked unavailable here
42 | @property(nonatomic,readonly,strong) NSString *systemName; // e.g. @"iOS"
43 | @property(nonatomic,readonly,strong) NSString *systemVersion; // e.g. @"4.0"
44 | @property(nonatomic,readonly) UIDeviceOrientation orientation API_UNAVAILABLE(tvos, visionos); // return current device orientation. this will return UIDeviceOrientationUnknown unless device orientation notifications are being generated.
| `- note: 'orientation' has been explicitly marked unavailable here
45 |
46 | @property(nullable, nonatomic,readonly,strong) NSUUID *identifierForVendor API_AVAILABLE(ios(6.0)); // a UUID that may be used to uniquely identify the device, same across apps from a single vendor.
/Users/admin/builder/spi-builder-workspace/Sources/Trap/Datasource/Metadata.swift:136:30: warning: left side of nil coalescing operator '??' has non-optional type 'Int64', so the right side is never used
134 | if #available(iOS 11.0, *) {
135 | if let space = try? URL(fileURLWithPath: NSHomeDirectory() as String).resourceValues(forKeys: [URLResourceKey.volumeAvailableCapacityForImportantUsageKey]).volumeAvailableCapacityForImportantUsage {
136 | return space ?? 0
| `- warning: left side of nil coalescing operator '??' has non-optional type 'Int64', so the right side is never used
137 | } else {
138 | return 0
SwiftCompile normal arm64 /Users/admin/builder/spi-builder-workspace/Sources/Trap/Datasource/Hardware/Battery.swift (in target 'Trap' from project 'Trap')
cd /Users/admin/builder/spi-builder-workspace/.swiftpm/xcode
builtin-SwiftPerFileCompile Battery.swift
SwiftCompile normal arm64 /Users/admin/builder/spi-builder-workspace/Sources/Trap/Datasource/Location.swift (in target 'Trap' from project 'Trap')
cd /Users/admin/builder/spi-builder-workspace/.swiftpm/xcode
builtin-SwiftPerFileCompile Location.swift
SwiftCompile normal arm64 /Users/admin/builder/spi-builder-workspace/Sources/Trap/Datasource/Metadata.swift (in target 'Trap' from project 'Trap')
cd /Users/admin/builder/spi-builder-workspace/.swiftpm/xcode
builtin-SwiftPerFileCompile Metadata.swift
SwiftCompile normal arm64 /Users/admin/builder/spi-builder-workspace/Sources/Trap/Datasource/PreciseLocation.swift (in target 'Trap' from project 'Trap')
cd /Users/admin/builder/spi-builder-workspace/.swiftpm/xcode
builtin-SwiftPerFileCompile PreciseLocation.swift
/Users/admin/builder/spi-builder-workspace/Sources/Trap/Datasource/Metadata.swift:154:13: warning: initialization of immutable value 'identifier' was never used; consider replacing with assignment to '_' or removing it [#NoUsage]
152 | uname(&systemInfo)
153 | let machineMirror = Mirror(reflecting: systemInfo.machine)
154 | let identifier = machineMirror.children.reduce("") { identifier, element in
| `- warning: initialization of immutable value 'identifier' was never used; consider replacing with assignment to '_' or removing it [#NoUsage]
155 | guard let value = element.value as? Int8, value != 0 else { return identifier }
156 | return identifier + String(UnicodeScalar(UInt8(value)))
SwiftEmitModule normal arm64 Emitting\ module\ for\ Trap (in target 'Trap' from project 'Trap')
/Users/admin/builder/spi-builder-workspace/Sources/Trap/Datasource/Location.swift:97:17: error: cannot override 'locationManager' which has been marked unavailable
95 | /// CLLocationManagerDelegate implementation.
96 | extension TrapLocationCollector: CLLocationManagerDelegate {
97 | public func locationManager(_: CLLocationManager, didChangeAuthorization status: CLAuthorizationStatus) {
| `- error: cannot override 'locationManager' which has been marked unavailable
98 | switch status {
99 | case .restricted, .denied, .notDetermined:
/Applications/Xcode-27.0.0-Release.Candidate.app/Contents/Developer/Platforms/XROS.platform/Developer/SDKs/XROS27.0.sdk/System/Library/Frameworks/CoreLocation.framework/Headers/CLLocationManagerDelegate.h:164:1: note: 'locationManager(_:didChangeAuthorization:)' has been explicitly marked unavailable here
162 | * Invoked when the authorization status changes for this application.
163 | */
164 | - (void)locationManager:(CLLocationManager *)manager didChangeAuthorizationStatus:(CLAuthorizationStatus)status API_DEPRECATED_WITH_REPLACEMENT("-locationManagerDidChangeAuthorization:", ios(4.2, 14.0), macos(10.7, 11.0), watchos(1.0, 7.0), tvos(9.0, 14.0)) API_UNAVAILABLE(visionos);
| `- note: 'locationManager(_:didChangeAuthorization:)' has been explicitly marked unavailable here
165 |
166 | /*
/Users/admin/builder/spi-builder-workspace/Sources/Trap/Datasource/PreciseLocation.swift:88:17: error: cannot override 'locationManager' which has been marked unavailable
86 | /// CLLocationManagerDelegate implementation.
87 | extension TrapPreciseLocationCollector: CLLocationManagerDelegate {
88 | public func locationManager(_: CLLocationManager, didChangeAuthorization status: CLAuthorizationStatus) {
| `- error: cannot override 'locationManager' which has been marked unavailable
89 | switch status {
90 | case .restricted, .denied, .notDetermined:
/Applications/Xcode-27.0.0-Release.Candidate.app/Contents/Developer/Platforms/XROS.platform/Developer/SDKs/XROS27.0.sdk/System/Library/Frameworks/CoreLocation.framework/Headers/CLLocationManagerDelegate.h:164:1: note: 'locationManager(_:didChangeAuthorization:)' has been explicitly marked unavailable here
162 | * Invoked when the authorization status changes for this application.
163 | */
164 | - (void)locationManager:(CLLocationManager *)manager didChangeAuthorizationStatus:(CLAuthorizationStatus)status API_DEPRECATED_WITH_REPLACEMENT("-locationManagerDidChangeAuthorization:", ios(4.2, 14.0), macos(10.7, 11.0), watchos(1.0, 7.0), tvos(9.0, 14.0)) API_UNAVAILABLE(visionos);
| `- note: 'locationManager(_:didChangeAuthorization:)' has been explicitly marked unavailable here
165 |
166 | /*
/Users/admin/builder/spi-builder-workspace/Sources/Trap/Datasource/WiFi.swift:169:17: error: cannot override 'locationManager' which has been marked unavailable
167 | internal var authSuccess: (() -> Void)?
168 |
169 | public func locationManager(_: CLLocationManager, didChangeAuthorization status: CLAuthorizationStatus) {
| `- error: cannot override 'locationManager' which has been marked unavailable
170 | switch status {
171 | case .restricted, .denied, .notDetermined:
/Applications/Xcode-27.0.0-Release.Candidate.app/Contents/Developer/Platforms/XROS.platform/Developer/SDKs/XROS27.0.sdk/System/Library/Frameworks/CoreLocation.framework/Headers/CLLocationManagerDelegate.h:164:1: note: 'locationManager(_:didChangeAuthorization:)' has been explicitly marked unavailable here
162 | * Invoked when the authorization status changes for this application.
163 | */
164 | - (void)locationManager:(CLLocationManager *)manager didChangeAuthorizationStatus:(CLAuthorizationStatus)status API_DEPRECATED_WITH_REPLACEMENT("-locationManagerDidChangeAuthorization:", ios(4.2, 14.0), macos(10.7, 11.0), watchos(1.0, 7.0), tvos(9.0, 14.0)) API_UNAVAILABLE(visionos);
| `- note: 'locationManager(_:didChangeAuthorization:)' has been explicitly marked unavailable here
165 |
166 | /*
Failed frontend command:
/Applications/Xcode-27.0.0-Release.Candidate.app/Contents/Developer/Toolchains/XcodeDefault.xctoolchain/usr/bin/swift-frontend -frontend -emit-module -experimental-skip-non-inlinable-function-bodies-without-types /Users/admin/builder/spi-builder-workspace/Sources/Trap/Config.swift /Users/admin/builder/spi-builder-workspace/Sources/Trap/Constants.swift /Users/admin/builder/spi-builder-workspace/Sources/Trap/Datasource/Bluetooth.swift /Users/admin/builder/spi-builder-workspace/Sources/Trap/Datasource/Datasource.swift /Users/admin/builder/spi-builder-workspace/Sources/Trap/Datasource/Gesture/Gesture.swift /Users/admin/builder/spi-builder-workspace/Sources/Trap/Datasource/Gesture/Pinch.swift /Users/admin/builder/spi-builder-workspace/Sources/Trap/Datasource/Gesture/Pointer.swift /Users/admin/builder/spi-builder-workspace/Sources/Trap/Datasource/Gesture/Stylus.swift /Users/admin/builder/spi-builder-workspace/Sources/Trap/Datasource/Gesture/Swipe.swift /Users/admin/builder/spi-builder-workspace/Sources/Trap/Datasource/Gesture/Tap.swift /Users/admin/builder/spi-builder-workspace/Sources/Trap/Datasource/Gesture/Touch.swift /Users/admin/builder/spi-builder-workspace/Sources/Trap/Datasource/Gesture/TrapWindowEventDispatcher.swift /Users/admin/builder/spi-builder-workspace/Sources/Trap/Datasource/Hardware/Battery.swift /Users/admin/builder/spi-builder-workspace/Sources/Trap/Datasource/Location.swift /Users/admin/builder/spi-builder-workspace/Sources/Trap/Datasource/Metadata.swift /Users/admin/builder/spi-builder-workspace/Sources/Trap/Datasource/PreciseLocation.swift /Users/admin/builder/spi-builder-workspace/Sources/Trap/Datasource/Sensor/Accelerometer.swift /Users/admin/builder/spi-builder-workspace/Sources/Trap/Datasource/Sensor/Gravity.swift /Users/admin/builder/spi-builder-workspace/Sources/Trap/Datasource/Sensor/Gyroscope.swift /Users/admin/builder/spi-builder-workspace/Sources/Trap/Datasource/Sensor/Magnetometer.swift /Users/admin/builder/spi-builder-workspace/Sources/Trap/Datasource/Sensor/Sensor.swift /Users/admin/builder/spi-builder-workspace/Sources/Trap/Datasource/WiFi.swift /Users/admin/builder/spi-builder-workspace/Sources/Trap/Datastore/ConcurrentRingQueue.swift /Users/admin/builder/spi-builder-workspace/Sources/Trap/Datastore/FileCache.swift /Users/admin/builder/spi-builder-workspace/Sources/Trap/Datastore/RingQueue.swift /Users/admin/builder/spi-builder-workspace/Sources/Trap/Manager/Manager.swift /Users/admin/builder/spi-builder-workspace/Sources/Trap/Manager/Reporter.swift /Users/admin/builder/spi-builder-workspace/Sources/Trap/Manager/Storage.swift /Users/admin/builder/spi-builder-workspace/Sources/Trap/Transport/Cached.swift /Users/admin/builder/spi-builder-workspace/Sources/Trap/Transport/Http.swift /Users/admin/builder/spi-builder-workspace/Sources/Trap/Transport/Transport.swift /Users/admin/builder/spi-builder-workspace/Sources/Trap/Transport/Websocket.swift /Users/admin/builder/spi-builder-workspace/Sources/Trap/Utils/DataCompression.swift /Users/admin/builder/spi-builder-workspace/Sources/Trap/Utils/Time.swift -target arm64-apple-xros1.0 -disable-cross-import-overlay-search -load-resolved-plugin /Applications/Xcode-27.0.0-Release.Candidate.app/Contents/Developer/Platforms/XROS.platform/Developer/usr/lib/swift/host/plugins/libFoundationMacros.dylib\#/Applications/Xcode-27.0.0-Release.Candidate.app/Contents/Developer/Platforms/XROS.platform/Developer/usr/bin/swift-plugin-server\#FoundationMacros -load-resolved-plugin /Applications/Xcode-27.0.0-Release.Candidate.app/Contents/Developer/Platforms/XROS.platform/Developer/usr/lib/swift/host/plugins/libObservationMacros.dylib\#/Applications/Xcode-27.0.0-Release.Candidate.app/Contents/Developer/Platforms/XROS.platform/Developer/usr/bin/swift-plugin-server\#ObservationMacros -load-resolved-plugin /Applications/Xcode-27.0.0-Release.Candidate.app/Contents/Developer/Platforms/XROS.platform/Developer/usr/lib/swift/host/plugins/libPreviewsMacros.dylib\#/Applications/Xcode-27.0.0-Release.Candidate.app/Contents/Developer/Platforms/XROS.platform/Developer/usr/bin/swift-plugin-server\#PreviewsMacros -load-resolved-plugin /Applications/Xcode-27.0.0-Release.Candidate.app/Contents/Developer/Platforms/XROS.platform/Developer/usr/lib/swift/host/plugins/libSwiftMacros.dylib\#/Applications/Xcode-27.0.0-Release.Candidate.app/Contents/Developer/Platforms/XROS.platform/Developer/usr/bin/swift-plugin-server\#SwiftMacros -load-resolved-plugin /Applications/Xcode-27.0.0-Release.Candidate.app/Contents/Developer/Platforms/XROS.platform/Developer/usr/lib/swift/host/plugins/libSwiftUIMacros.dylib\#/Applications/Xcode-27.0.0-Release.Candidate.app/Contents/Developer/Platforms/XROS.platform/Developer/usr/bin/swift-plugin-server\#SwiftUIMacros -disable-implicit-swift-modules -Xcc -fno-implicit-modules -Xcc -fno-implicit-module-maps -explicit-swift-module-map-file /Users/admin/builder/spi-builder-workspace/.derivedData/Build/Intermediates.noindex/Trap.build/Debug-xros/Trap-t.build/Objects-normal/arm64/Trap-dependencies-1.json -Xllvm -aarch64-use-tbi -enable-objc-interop -stack-check -sdk /Applications/Xcode-27.0.0-Release.Candidate.app/Contents/Developer/Platforms/XROS.platform/Developer/SDKs/XROS27.0.sdk -I /Users/admin/builder/spi-builder-workspace/.derivedData/Build/Products/Debug-xros -Isystem /Applications/Xcode-27.0.0-Release.Candidate.app/Contents/Developer/Platforms/XROS.platform/Developer/usr/lib -F /Users/admin/builder/spi-builder-workspace/.derivedData/Build/Products/Debug-xros -F /Applications/Xcode-27.0.0-Release.Candidate.app/Contents/Developer/Platforms/XROS.platform/Developer/Library/Frameworks -F /Applications/Xcode-27.0.0-Release.Candidate.app/Contents/Developer/Platforms/XROS.platform/Developer/SDKs/XROS27.0.sdk/Developer/Library/Frameworks -module-cache-path /Users/admin/builder/spi-builder-workspace/.derivedData/Build/Intermediates.noindex/SwiftExplicitPrecompiledModules -no-color-diagnostics -Xcc -fno-color-diagnostics -enable-testing -g -debug-info-format\=dwarf -dwarf-version\=4 -profile-generate -profile-coverage-mapping -swift-version 5 -Onone -D SWIFT_PACKAGE -D DEBUG -D SWIFT_MODULE_RESOURCE_BUNDLE_UNAVAILABLE -D Xcode -serialize-debugging-options -enable-experimental-feature DebugDescriptionMacro -empty-abi-descriptor -validate-clang-modules-once -clang-build-session-file /Users/admin/builder/spi-builder-workspace/.derivedData/ModuleCache.noindex/Session.modulevalidation -Xcc -working-directory -Xcc /Users/admin/builder/spi-builder-workspace/.swiftpm/xcode -enable-anonymous-context-mangled-names -file-compilation-dir /Users/admin/builder/spi-builder-workspace/.swiftpm/xcode -Xcc -D_LIBCPP_HARDENING_MODE\=_LIBCPP_HARDENING_MODE_DEBUG -Xcc -ivfsstatcache -Xcc /Users/admin/builder/spi-builder-workspace/.derivedData/SDKStatCaches.noindex/xros27.0-24M361-e829b21a6f8c9b70876ba0858053c044735bd543db762f57723cac368afd1ce4.sdkstatcache -Xcc -fmodules-prune-interval\=86400 -Xcc -fmodules-prune-after\=345600 -Xcc -I/Users/admin/builder/spi-builder-workspace/.derivedData/Build/Products/Debug-xros/include -Xcc -I/Users/admin/builder/spi-builder-workspace/.derivedData/Build/Intermediates.noindex/Trap.build/Debug-xros/Trap-t.build/DerivedSources-normal/arm64 -Xcc -I/Users/admin/builder/spi-builder-workspace/.derivedData/Build/Intermediates.noindex/Trap.build/Debug-xros/Trap-t.build/DerivedSources/arm64 -Xcc -I/Users/admin/builder/spi-builder-workspace/.derivedData/Build/Intermediates.noindex/Trap.build/Debug-xros/Trap-t.build/DerivedSources -Xcc -DSWIFT_PACKAGE -Xcc -DDEBUG\=1 -no-auto-bridging-header-chaining -module-name Trap -const-gather-protocols-file /Users/admin/builder/spi-builder-workspace/.derivedData/Build/Intermediates.noindex/Trap.build/Debug-xros/Trap-t.build/Objects-normal/arm64/Trap_const_extract_protocols.json -disable-clang-spi -clang-target arm64-apple-xros27.0 -target-sdk-version 27.0 -target-sdk-name xros27.0 -in-process-plugin-server-path /Applications/Xcode-27.0.0-Release.Candidate.app/Contents/Developer/Toolchains/XcodeDefault.xctoolchain/usr/lib/swift/host/libSwiftInProcPluginServer.dylib -emit-module-doc-path /Users/admin/builder/spi-builder-workspace/.derivedData/Build/Intermediates.noindex/Trap.build/Debug-xros/Trap-t.build/Objects-normal/arm64/Trap.swiftdoc -emit-module-source-info-path /Users/admin/builder/spi-builder-workspace/.derivedData/Build/Intermediates.noindex/Trap.build/Debug-xros/Trap-t.build/Objects-normal/arm64/Trap.swiftsourceinfo -emit-objc-header-path /Users/admin/builder/spi-builder-workspace/.derivedData/Build/Intermediates.noindex/Trap.build/Debug-xros/Trap-t.build/Objects-normal/arm64/Trap-Swift.h -serialize-diagnostics-path /Users/admin/builder/spi-builder-workspace/.derivedData/Build/Intermediates.noindex/Trap.build/Debug-xros/Trap-t.build/Objects-normal/arm64/Trap-primary-emit-module.dia -emit-dependencies-path /Users/admin/builder/spi-builder-workspace/.derivedData/Build/Intermediates.noindex/Trap.build/Debug-xros/Trap-t.build/Objects-normal/arm64/Trap-primary-emit-module.d -parse-as-library -o /Users/admin/builder/spi-builder-workspace/.derivedData/Build/Intermediates.noindex/Trap.build/Debug-xros/Trap-t.build/Objects-normal/arm64/Trap.swiftmodule -emit-abi-descriptor-path /Users/admin/builder/spi-builder-workspace/.derivedData/Build/Intermediates.noindex/Trap.build/Debug-xros/Trap-t.build/Objects-normal/arm64/Trap.abi.json
SwiftCompile normal arm64 (in target 'Trap' from project 'Trap')
cd /Users/admin/builder/spi-builder-workspace/.swiftpm/xcode
SwiftCompile normal arm64 Compiling\ ConcurrentRingQueue.swift,\ FileCache.swift,\ RingQueue.swift /Users/admin/builder/spi-builder-workspace/Sources/Trap/Datastore/ConcurrentRingQueue.swift /Users/admin/builder/spi-builder-workspace/Sources/Trap/Datastore/FileCache.swift /Users/admin/builder/spi-builder-workspace/Sources/Trap/Datastore/RingQueue.swift (in target 'Trap' from project 'Trap')
SwiftCompile normal arm64 /Users/admin/builder/spi-builder-workspace/Sources/Trap/Datastore/ConcurrentRingQueue.swift (in target 'Trap' from project 'Trap')
cd /Users/admin/builder/spi-builder-workspace/.swiftpm/xcode
builtin-SwiftPerFileCompile ConcurrentRingQueue.swift
SwiftCompile normal arm64 /Users/admin/builder/spi-builder-workspace/Sources/Trap/Datastore/FileCache.swift (in target 'Trap' from project 'Trap')
cd /Users/admin/builder/spi-builder-workspace/.swiftpm/xcode
builtin-SwiftPerFileCompile FileCache.swift
SwiftCompile normal arm64 /Users/admin/builder/spi-builder-workspace/Sources/Trap/Datastore/RingQueue.swift (in target 'Trap' from project 'Trap')
cd /Users/admin/builder/spi-builder-workspace/.swiftpm/xcode
builtin-SwiftPerFileCompile RingQueue.swift
SwiftCompile normal arm64 Compiling\ Magnetometer.swift,\ Sensor.swift,\ WiFi.swift /Users/admin/builder/spi-builder-workspace/Sources/Trap/Datasource/Sensor/Magnetometer.swift /Users/admin/builder/spi-builder-workspace/Sources/Trap/Datasource/Sensor/Sensor.swift /Users/admin/builder/spi-builder-workspace/Sources/Trap/Datasource/WiFi.swift (in target 'Trap' from project 'Trap')
/Users/admin/builder/spi-builder-workspace/Sources/Trap/Datasource/Sensor/Magnetometer.swift:18:38: error: 'isMagnetometerAvailable' is unavailable in visionOS
16 |
17 | public func checkConfiguration() -> Bool {
18 | let sensorOk = motionManager.isMagnetometerAvailable
| `- error: 'isMagnetometerAvailable' is unavailable in visionOS
19 | let bundleOk = Bundle.main
20 | .infoDictionary?
/Applications/Xcode-27.0.0-Release.Candidate.app/Contents/Developer/Platforms/XROS.platform/Developer/SDKs/XROS27.0.sdk/System/Library/Frameworks/CoreMotion.framework/Headers/CMMotionManager.h:249:69: note: 'isMagnetometerAvailable' has been explicitly marked unavailable here
247 | * Determines whether magetometer is available.
248 | */
249 | @property(readonly, nonatomic, getter=isMagnetometerAvailable) BOOL magnetometerAvailable COREMOTION_EXPORT API_AVAILABLE(ios(5.0)) API_UNAVAILABLE(macos) API_UNAVAILABLE(tvos, visionos);
| `- note: 'isMagnetometerAvailable' has been explicitly marked unavailable here
250 |
251 | /*
/Users/admin/builder/spi-builder-workspace/Sources/Trap/Datasource/Sensor/Magnetometer.swift:36:23: error: 'magnetometerUpdateInterval' is unavailable in visionOS
34 |
35 | public func start(withConfig config: TrapConfig.DataCollection) {
36 | motionManager.magnetometerUpdateInterval = config.magnetometerSamplingRate
| `- error: 'magnetometerUpdateInterval' is unavailable in visionOS
37 | motionManager.startMagnetometerUpdates(to: queue) { [weak self] data, _ in
38 | guard let this = self else {
/Applications/Xcode-27.0.0-Release.Candidate.app/Contents/Developer/Platforms/XROS.platform/Developer/SDKs/XROS27.0.sdk/System/Library/Frameworks/CoreMotion.framework/Headers/CMMotionManager.h:241:45: note: 'magnetometerUpdateInterval' has been explicitly marked unavailable here
239 | * true update interval.
240 | */
241 | @property(assign, nonatomic) NSTimeInterval magnetometerUpdateInterval COREMOTION_EXPORT API_AVAILABLE(ios(5.0)) API_UNAVAILABLE(macos) API_UNAVAILABLE(tvos, visionos);
| `- note: 'magnetometerUpdateInterval' has been explicitly marked unavailable here
242 |
243 | /*
/Users/admin/builder/spi-builder-workspace/Sources/Trap/Datasource/Sensor/Magnetometer.swift:37:23: error: 'startMagnetometerUpdates(to:withHandler:)' is unavailable in visionOS
35 | public func start(withConfig config: TrapConfig.DataCollection) {
36 | motionManager.magnetometerUpdateInterval = config.magnetometerSamplingRate
37 | motionManager.startMagnetometerUpdates(to: queue) { [weak self] data, _ in
| `- error: 'startMagnetometerUpdates(to:withHandler:)' is unavailable in visionOS
38 | guard let this = self else {
39 | assertionFailure("Accelerometer collector empty on update")
/Applications/Xcode-27.0.0-Release.Candidate.app/Contents/Developer/Platforms/XROS.platform/Developer/SDKs/XROS27.0.sdk/System/Library/Frameworks/CoreMotion.framework/Headers/CMMotionManager.h:282:1: note: 'startMagnetometerUpdates(to:withHandler:)' has been explicitly marked unavailable here
280 | * Starts magnetometer updates, providing data to the given handler through the given queue.
281 | */
282 | - (void)startMagnetometerUpdatesToQueue:(NSOperationQueue *)queue withHandler:(CMMagnetometerHandler)handler COREMOTION_EXPORT API_AVAILABLE(ios(5.0)) API_UNAVAILABLE(macos) API_UNAVAILABLE(tvos, visionos);
| `- note: 'startMagnetometerUpdates(to:withHandler:)' has been explicitly marked unavailable here
283 |
284 | /*
/Users/admin/builder/spi-builder-workspace/Sources/Trap/Datasource/Sensor/Magnetometer.swift:59:23: error: 'stopMagnetometerUpdates()' is unavailable in visionOS
57 |
58 | public func stop() {
59 | motionManager.stopMagnetometerUpdates()
| `- error: 'stopMagnetometerUpdates()' is unavailable in visionOS
60 | }
61 |
/Applications/Xcode-27.0.0-Release.Candidate.app/Contents/Developer/Platforms/XROS.platform/Developer/SDKs/XROS27.0.sdk/System/Library/Frameworks/CoreMotion.framework/Headers/CMMotionManager.h:290:1: note: 'stopMagnetometerUpdates()' has been explicitly marked unavailable here
288 | * Stops magnetometer updates.
289 | */
290 | - (void)stopMagnetometerUpdates COREMOTION_EXPORT API_AVAILABLE(ios(5.0)) API_UNAVAILABLE(macos) API_UNAVAILABLE(tvos, visionos);
| `- note: 'stopMagnetometerUpdates()' has been explicitly marked unavailable here
291 |
292 | /*
SwiftCompile normal arm64 /Users/admin/builder/spi-builder-workspace/Sources/Trap/Datasource/Sensor/Magnetometer.swift (in target 'Trap' from project 'Trap')
cd /Users/admin/builder/spi-builder-workspace/.swiftpm/xcode
builtin-SwiftPerFileCompile Magnetometer.swift
SwiftCompile normal arm64 /Users/admin/builder/spi-builder-workspace/Sources/Trap/Datasource/Sensor/Sensor.swift (in target 'Trap' from project 'Trap')
cd /Users/admin/builder/spi-builder-workspace/.swiftpm/xcode
builtin-SwiftPerFileCompile Sensor.swift
SwiftCompile normal arm64 /Users/admin/builder/spi-builder-workspace/Sources/Trap/Datasource/WiFi.swift (in target 'Trap' from project 'Trap')
cd /Users/admin/builder/spi-builder-workspace/.swiftpm/xcode
builtin-SwiftPerFileCompile WiFi.swift
SwiftCompile normal arm64 Compiling\ Websocket.swift,\ DataCompression.swift,\ Time.swift /Users/admin/builder/spi-builder-workspace/Sources/Trap/Transport/Websocket.swift /Users/admin/builder/spi-builder-workspace/Sources/Trap/Utils/DataCompression.swift /Users/admin/builder/spi-builder-workspace/Sources/Trap/Utils/Time.swift (in target 'Trap' from project 'Trap')
SwiftCompile normal arm64 /Users/admin/builder/spi-builder-workspace/Sources/Trap/Transport/Websocket.swift (in target 'Trap' from project 'Trap')
cd /Users/admin/builder/spi-builder-workspace/.swiftpm/xcode
builtin-SwiftPerFileCompile Websocket.swift
SwiftCompile normal arm64 /Users/admin/builder/spi-builder-workspace/Sources/Trap/Utils/DataCompression.swift (in target 'Trap' from project 'Trap')
cd /Users/admin/builder/spi-builder-workspace/.swiftpm/xcode
builtin-SwiftPerFileCompile DataCompression.swift
SwiftCompile normal arm64 /Users/admin/builder/spi-builder-workspace/Sources/Trap/Utils/Time.swift (in target 'Trap' from project 'Trap')
cd /Users/admin/builder/spi-builder-workspace/.swiftpm/xcode
builtin-SwiftPerFileCompile Time.swift
SwiftCompile normal arm64 Compiling\ Gesture.swift,\ Pinch.swift,\ Pointer.swift,\ Stylus.swift /Users/admin/builder/spi-builder-workspace/Sources/Trap/Datasource/Gesture/Gesture.swift /Users/admin/builder/spi-builder-workspace/Sources/Trap/Datasource/Gesture/Pinch.swift /Users/admin/builder/spi-builder-workspace/Sources/Trap/Datasource/Gesture/Pointer.swift /Users/admin/builder/spi-builder-workspace/Sources/Trap/Datasource/Gesture/Stylus.swift (in target 'Trap' from project 'Trap')
SwiftCompile normal arm64 /Users/admin/builder/spi-builder-workspace/Sources/Trap/Datasource/Gesture/Gesture.swift (in target 'Trap' from project 'Trap')
cd /Users/admin/builder/spi-builder-workspace/.swiftpm/xcode
builtin-SwiftPerFileCompile Gesture.swift
SwiftCompile normal arm64 /Users/admin/builder/spi-builder-workspace/Sources/Trap/Datasource/Gesture/Pinch.swift (in target 'Trap' from project 'Trap')
cd /Users/admin/builder/spi-builder-workspace/.swiftpm/xcode
builtin-SwiftPerFileCompile Pinch.swift
SwiftCompile normal arm64 /Users/admin/builder/spi-builder-workspace/Sources/Trap/Datasource/Gesture/Pointer.swift (in target 'Trap' from project 'Trap')
cd /Users/admin/builder/spi-builder-workspace/.swiftpm/xcode
builtin-SwiftPerFileCompile Pointer.swift
SwiftCompile normal arm64 /Users/admin/builder/spi-builder-workspace/Sources/Trap/Datasource/Gesture/Stylus.swift (in target 'Trap' from project 'Trap')
cd /Users/admin/builder/spi-builder-workspace/.swiftpm/xcode
builtin-SwiftPerFileCompile Stylus.swift
/Users/admin/builder/spi-builder-workspace/Sources/Trap/Datasource/Gesture/Gesture.swift:138:48: warning: 'windows' was deprecated in visionOS 1.0: Use UIWindowScene.windows on a relevant window scene instead [#DeprecatedDeclaration]
136 | // Finally, add a recognizer to all current windows
137 | let addRecognizers = {
138 | for window in UIApplication.shared.windows {
| `- warning: 'windows' was deprecated in visionOS 1.0: Use UIWindowScene.windows on a relevant window scene instead [#DeprecatedDeclaration]
139 | if !self.recognizers.keys.contains(window.hash) {
140 | self.addRecognizers(to: window)
SwiftCompile normal arm64 Compiling\ Manager.swift,\ Reporter.swift,\ Storage.swift /Users/admin/builder/spi-builder-workspace/Sources/Trap/Manager/Manager.swift /Users/admin/builder/spi-builder-workspace/Sources/Trap/Manager/Reporter.swift /Users/admin/builder/spi-builder-workspace/Sources/Trap/Manager/Storage.swift (in target 'Trap' from project 'Trap')
SwiftCompile normal arm64 /Users/admin/builder/spi-builder-workspace/Sources/Trap/Manager/Manager.swift (in target 'Trap' from project 'Trap')
cd /Users/admin/builder/spi-builder-workspace/.swiftpm/xcode
builtin-SwiftPerFileCompile Manager.swift
SwiftCompile normal arm64 /Users/admin/builder/spi-builder-workspace/Sources/Trap/Manager/Reporter.swift (in target 'Trap' from project 'Trap')
cd /Users/admin/builder/spi-builder-workspace/.swiftpm/xcode
builtin-SwiftPerFileCompile Reporter.swift
SwiftCompile normal arm64 /Users/admin/builder/spi-builder-workspace/Sources/Trap/Manager/Storage.swift (in target 'Trap' from project 'Trap')
cd /Users/admin/builder/spi-builder-workspace/.swiftpm/xcode
builtin-SwiftPerFileCompile Storage.swift
SwiftCompile normal arm64 Compiling\ Config.swift,\ Constants.swift,\ Bluetooth.swift,\ Datasource.swift /Users/admin/builder/spi-builder-workspace/Sources/Trap/Config.swift /Users/admin/builder/spi-builder-workspace/Sources/Trap/Constants.swift /Users/admin/builder/spi-builder-workspace/Sources/Trap/Datasource/Bluetooth.swift /Users/admin/builder/spi-builder-workspace/Sources/Trap/Datasource/Datasource.swift (in target 'Trap' from project 'Trap')
SwiftCompile normal arm64 /Users/admin/builder/spi-builder-workspace/Sources/Trap/Config.swift (in target 'Trap' from project 'Trap')
cd /Users/admin/builder/spi-builder-workspace/.swiftpm/xcode
builtin-SwiftPerFileCompile Config.swift
SwiftCompile normal arm64 /Users/admin/builder/spi-builder-workspace/Sources/Trap/Constants.swift (in target 'Trap' from project 'Trap')
cd /Users/admin/builder/spi-builder-workspace/.swiftpm/xcode
builtin-SwiftPerFileCompile Constants.swift
SwiftCompile normal arm64 /Users/admin/builder/spi-builder-workspace/Sources/Trap/Datasource/Bluetooth.swift (in target 'Trap' from project 'Trap')
cd /Users/admin/builder/spi-builder-workspace/.swiftpm/xcode
builtin-SwiftPerFileCompile Bluetooth.swift
SwiftCompile normal arm64 /Users/admin/builder/spi-builder-workspace/Sources/Trap/Datasource/Datasource.swift (in target 'Trap' from project 'Trap')
cd /Users/admin/builder/spi-builder-workspace/.swiftpm/xcode
builtin-SwiftPerFileCompile Datasource.swift
SwiftCompile normal arm64 Compiling\ Cached.swift,\ Http.swift,\ Transport.swift /Users/admin/builder/spi-builder-workspace/Sources/Trap/Transport/Cached.swift /Users/admin/builder/spi-builder-workspace/Sources/Trap/Transport/Http.swift /Users/admin/builder/spi-builder-workspace/Sources/Trap/Transport/Transport.swift (in target 'Trap' from project 'Trap')
SwiftCompile normal arm64 /Users/admin/builder/spi-builder-workspace/Sources/Trap/Transport/Cached.swift (in target 'Trap' from project 'Trap')
cd /Users/admin/builder/spi-builder-workspace/.swiftpm/xcode
builtin-SwiftPerFileCompile Cached.swift
SwiftCompile normal arm64 /Users/admin/builder/spi-builder-workspace/Sources/Trap/Transport/Http.swift (in target 'Trap' from project 'Trap')
cd /Users/admin/builder/spi-builder-workspace/.swiftpm/xcode
builtin-SwiftPerFileCompile Http.swift
SwiftCompile normal arm64 /Users/admin/builder/spi-builder-workspace/Sources/Trap/Transport/Transport.swift (in target 'Trap' from project 'Trap')
cd /Users/admin/builder/spi-builder-workspace/.swiftpm/xcode
builtin-SwiftPerFileCompile Transport.swift
SwiftCompile normal arm64 Compiling\ Accelerometer.swift,\ Gravity.swift,\ Gyroscope.swift /Users/admin/builder/spi-builder-workspace/Sources/Trap/Datasource/Sensor/Accelerometer.swift /Users/admin/builder/spi-builder-workspace/Sources/Trap/Datasource/Sensor/Gravity.swift /Users/admin/builder/spi-builder-workspace/Sources/Trap/Datasource/Sensor/Gyroscope.swift (in target 'Trap' from project 'Trap')
SwiftCompile normal arm64 /Users/admin/builder/spi-builder-workspace/Sources/Trap/Datasource/Sensor/Accelerometer.swift (in target 'Trap' from project 'Trap')
cd /Users/admin/builder/spi-builder-workspace/.swiftpm/xcode
builtin-SwiftPerFileCompile Accelerometer.swift
SwiftCompile normal arm64 /Users/admin/builder/spi-builder-workspace/Sources/Trap/Datasource/Sensor/Gravity.swift (in target 'Trap' from project 'Trap')
cd /Users/admin/builder/spi-builder-workspace/.swiftpm/xcode
builtin-SwiftPerFileCompile Gravity.swift
SwiftCompile normal arm64 /Users/admin/builder/spi-builder-workspace/Sources/Trap/Datasource/Sensor/Gyroscope.swift (in target 'Trap' from project 'Trap')
cd /Users/admin/builder/spi-builder-workspace/.swiftpm/xcode
builtin-SwiftPerFileCompile Gyroscope.swift
SwiftCompile normal arm64 Compiling\ Swipe.swift,\ Tap.swift,\ Touch.swift,\ TrapWindowEventDispatcher.swift /Users/admin/builder/spi-builder-workspace/Sources/Trap/Datasource/Gesture/Swipe.swift /Users/admin/builder/spi-builder-workspace/Sources/Trap/Datasource/Gesture/Tap.swift /Users/admin/builder/spi-builder-workspace/Sources/Trap/Datasource/Gesture/Touch.swift /Users/admin/builder/spi-builder-workspace/Sources/Trap/Datasource/Gesture/TrapWindowEventDispatcher.swift (in target 'Trap' from project 'Trap')
SwiftCompile normal arm64 /Users/admin/builder/spi-builder-workspace/Sources/Trap/Datasource/Gesture/Swipe.swift (in target 'Trap' from project 'Trap')
cd /Users/admin/builder/spi-builder-workspace/.swiftpm/xcode
builtin-SwiftPerFileCompile Swipe.swift
SwiftCompile normal arm64 /Users/admin/builder/spi-builder-workspace/Sources/Trap/Datasource/Gesture/Tap.swift (in target 'Trap' from project 'Trap')
cd /Users/admin/builder/spi-builder-workspace/.swiftpm/xcode
builtin-SwiftPerFileCompile Tap.swift
SwiftCompile normal arm64 /Users/admin/builder/spi-builder-workspace/Sources/Trap/Datasource/Gesture/Touch.swift (in target 'Trap' from project 'Trap')
cd /Users/admin/builder/spi-builder-workspace/.swiftpm/xcode
builtin-SwiftPerFileCompile Touch.swift
SwiftCompile normal arm64 /Users/admin/builder/spi-builder-workspace/Sources/Trap/Datasource/Gesture/TrapWindowEventDispatcher.swift (in target 'Trap' from project 'Trap')
cd /Users/admin/builder/spi-builder-workspace/.swiftpm/xcode
builtin-SwiftPerFileCompile TrapWindowEventDispatcher.swift
PruneExplicitPrecompiledModules /Users/admin/builder/spi-builder-workspace/.derivedData/Build/Intermediates.noindex/SwiftExplicitPrecompiledModules
PruneExplicitPrecompiledModules /Users/admin/builder/spi-builder-workspace/.derivedData/SDKExplicitPrecompiledModules
PruneExplicitPrecompiledModules /Users/admin/builder/spi-builder-workspace/.derivedData/Build/Intermediates.noindex/ExplicitPrecompiledModules
2026-09-20 16:26:35.992 xcodebuild[880:5501] [MT] IDERunDestination: Supported platforms for the buildables in the current scheme is empty.
2026-09-20 16:26:36.101 xcodebuild[880:5501] [MT] IDERunDestination: Supported platforms for the buildables in the current scheme is empty.
** BUILD FAILED **
The following build commands failed:
SwiftEmitModule normal arm64 Emitting\ module\ for\ Trap (in target 'Trap' from project 'Trap')
SwiftCompile normal arm64 (in target 'Trap' from project 'Trap')
Building workspace Trap with scheme Trap
(3 failures)
Command line invocation:
/Applications/Xcode-27.0.0-Release.Candidate.app/Contents/Developer/usr/bin/xcodebuild -IDEClonedSourcePackagesDirPathOverride=/Users/admin/builder/spi-builder-workspace/.dependencies -resolvePackageDependencies
Resolve Package Graph
Resolved source packages:
SymbolKit: https://github.com/swiftlang/swift-docc-symbolkit @ 1.0.0
Trap: /Users/admin/builder/spi-builder-workspace
SwiftDocCPlugin: https://github.com/apple/swift-docc-plugin @ 1.5.0
resolved source packages: SymbolKit, Trap, SwiftDocCPlugin
2026-09-20 16:26:57.101 xcodebuild[1095:6652] [MT] IDERunDestination: Supported platforms for the buildables in the current scheme is empty.
2026-09-20 16:26:57.233 xcodebuild[1095:6652] [MT] IDERunDestination: Supported platforms for the buildables in the current scheme is empty.
{
"dependencies" : [
{
"identity" : "swift-docc-plugin",
"requirement" : {
"range" : [
{
"lower_bound" : "1.3.0",
"upper_bound" : "2.0.0"
}
]
},
"type" : "sourceControl",
"url" : "https://github.com/apple/swift-docc-plugin"
}
],
"manifest_display_name" : "Trap",
"name" : "Trap",
"path" : "/Users/admin/builder/spi-builder-workspace",
"platforms" : [
{
"name" : "ios",
"version" : "13.0"
}
],
"products" : [
{
"name" : "Trap",
"targets" : [
"Trap"
],
"type" : {
"library" : [
"automatic"
]
}
}
],
"targets" : [
{
"c99name" : "TrapTests",
"module_type" : "SwiftTarget",
"name" : "TrapTests",
"path" : "Tests",
"sources" : [
"TrapTests/Datasource/BluetoothTest.swift",
"TrapTests/Datasource/GestureTests.swift",
"TrapTests/Datasource/LocationTest.swift",
"TrapTests/Datasource/SensorTests.swift",
"TrapTests/Datasource/WiFiTest.swift",
"TrapTests/Datastore/FileCacheTests.swift",
"TrapTests/Datastore/RingQueueTests.swift",
"TrapTests/Manager/ManagerTests.swift",
"TrapTests/Manager/ReporterTests.swift",
"TrapTests/Manager/StorageTests.swift",
"TrapTests/Mocks/CBCentralManager.swift",
"TrapTests/Mocks/CLLocationManager.swift",
"TrapTests/Mocks/CMMotionManager.swift",
"TrapTests/Mocks/MockCollector.swift",
"TrapTests/Mocks/MockStorage.swift",
"TrapTests/Mocks/MockTransport.swift",
"TrapTests/Mocks/NEHotspotHelper.swift",
"TrapTests/Mocks/NEHotspotNetwork.swift",
"TrapTests/Mocks/TrapDatasourceDelegate.swift",
"TrapTests/Mocks/UIEvent.swift",
"TrapTests/Mocks/UIHoverGestureRecognizer.swift",
"TrapTests/Mocks/UIPinchGestureRecognizer.swift",
"TrapTests/Mocks/UISwipeGestureRecognizer.swift",
"TrapTests/Mocks/UITapGestureRecognizer.swift",
"TrapTests/Mocks/UITouch.swift",
"TrapTests/Mocks/UIWindow.swift",
"TrapTests/Transport/CachedTests.swift",
"TrapTests/Transport/HttpTests.swift",
"TrapTests/Transport/WebSocketTests.swift"
],
"target_dependencies" : [
"Trap"
],
"type" : "test"
},
{
"c99name" : "Trap",
"module_type" : "SwiftTarget",
"name" : "Trap",
"path" : "Sources",
"product_memberships" : [
"Trap"
],
"sources" : [
"Trap/Config.swift",
"Trap/Constants.swift",
"Trap/Datasource/Bluetooth.swift",
"Trap/Datasource/Datasource.swift",
"Trap/Datasource/Gesture/Gesture.swift",
"Trap/Datasource/Gesture/Pinch.swift",
"Trap/Datasource/Gesture/Pointer.swift",
"Trap/Datasource/Gesture/Stylus.swift",
"Trap/Datasource/Gesture/Swipe.swift",
"Trap/Datasource/Gesture/Tap.swift",
"Trap/Datasource/Gesture/Touch.swift",
"Trap/Datasource/Gesture/TrapWindowEventDispatcher.swift",
"Trap/Datasource/Hardware/Battery.swift",
"Trap/Datasource/Location.swift",
"Trap/Datasource/Metadata.swift",
"Trap/Datasource/PreciseLocation.swift",
"Trap/Datasource/Sensor/Accelerometer.swift",
"Trap/Datasource/Sensor/Gravity.swift",
"Trap/Datasource/Sensor/Gyroscope.swift",
"Trap/Datasource/Sensor/Magnetometer.swift",
"Trap/Datasource/Sensor/Sensor.swift",
"Trap/Datasource/WiFi.swift",
"Trap/Datastore/ConcurrentRingQueue.swift",
"Trap/Datastore/FileCache.swift",
"Trap/Datastore/RingQueue.swift",
"Trap/Manager/Manager.swift",
"Trap/Manager/Reporter.swift",
"Trap/Manager/Storage.swift",
"Trap/Transport/Cached.swift",
"Trap/Transport/Http.swift",
"Trap/Transport/Transport.swift",
"Trap/Transport/Websocket.swift",
"Trap/Utils/DataCompression.swift",
"Trap/Utils/Time.swift"
],
"type" : "library"
}
],
"tools_version" : "5.2"
}
{
"workspace" : {
"name" : "Trap",
"schemes" : [
"Trap"
]
}
}
2026-09-20 16:27:04.484 xcodebuild[1153:7039] [MT] IDERunDestination: Supported platforms for the buildables in the current scheme is empty.
2026-09-20 16:27:04.593 xcodebuild[1153:7039] [MT] IDERunDestination: Supported platforms for the buildables in the current scheme is empty.
Running build ...
env DEVELOPER_DIR=/Applications/Xcode-27.0.0-Release.Candidate.app xcrun xcodebuild -IDEClonedSourcePackagesDirPathOverride=$PWD/.dependencies -skipMacroValidation -skipPackagePluginValidation -derivedDataPath $PWD/.derivedData build -scheme Trap -destination generic/platform=xrOS
Command line invocation:
/Applications/Xcode-27.0.0-Release.Candidate.app/Contents/Developer/usr/bin/xcodebuild -IDEClonedSourcePackagesDirPathOverride=/Users/admin/builder/spi-builder-workspace/.dependencies -skipMacroValidation -skipPackagePluginValidation -derivedDataPath /Users/admin/builder/spi-builder-workspace/.derivedData build -scheme Trap -destination generic/platform=xrOS
Resolve Package Graph
Resolved source packages:
SwiftDocCPlugin: https://github.com/apple/swift-docc-plugin @ 1.5.0
SymbolKit: https://github.com/swiftlang/swift-docc-symbolkit @ 1.0.0
Trap: /Users/admin/builder/spi-builder-workspace
ComputePackagePrebuildTargetDependencyGraph
Prepare packages
CreateBuildRequest
SendProjectDescription
CreateBuildOperation
ComputeTargetDependencyGraph
note: Building targets in dependency order
note: Target dependency graph (2 targets)
Target 'Trap-product' in project 'Trap'
➜ Explicit dependency on target 'Trap' in project 'Trap'
Target 'Trap' in project 'Trap' (no dependencies)
GatherProvisioningInputs
CreateBuildDescription
ClangStatCache /Applications/Xcode-27.0.0-Release.Candidate.app/Contents/Developer/Toolchains/XcodeDefault.xctoolchain/usr/bin/clang-stat-cache /Applications/Xcode-27.0.0-Release.Candidate.app/Contents/Developer/Platforms/XROS.platform/Developer/SDKs/XROS27.0.sdk /Users/admin/builder/spi-builder-workspace/.derivedData/SDKStatCaches.noindex/xros27.0-24M361-e829b21a6f8c9b70876ba0858053c044735bd543db762f57723cac368afd1ce4.sdkstatcache
cd /Users/admin/builder/spi-builder-workspace/.swiftpm/xcode
/Applications/Xcode-27.0.0-Release.Candidate.app/Contents/Developer/Toolchains/XcodeDefault.xctoolchain/usr/bin/clang-stat-cache /Applications/Xcode-27.0.0-Release.Candidate.app/Contents/Developer/Platforms/XROS.platform/Developer/SDKs/XROS27.0.sdk -o /Users/admin/builder/spi-builder-workspace/.derivedData/SDKStatCaches.noindex/xros27.0-24M361-e829b21a6f8c9b70876ba0858053c044735bd543db762f57723cac368afd1ce4.sdkstatcache
SwiftDriver Trap normal arm64 com.apple.xcode.tools.swift.compiler (in target 'Trap' from project 'Trap')
cd /Users/admin/builder/spi-builder-workspace/.swiftpm/xcode
builtin-SwiftDriver -- /Applications/Xcode-27.0.0-Release.Candidate.app/Contents/Developer/Toolchains/XcodeDefault.xctoolchain/usr/bin/swiftc -parse-as-library -module-name Trap -Onone @/Users/admin/builder/spi-builder-workspace/.derivedData/Build/Intermediates.noindex/Trap.build/Debug-xros/Trap-t.build/Objects-normal/arm64/Trap.SwiftFileList -DSWIFT_PACKAGE -DDEBUG -DSWIFT_MODULE_RESOURCE_BUNDLE_UNAVAILABLE -DXcode -plugin-path /Applications/Xcode-27.0.0-Release.Candidate.app/Contents/Developer/Toolchains/XcodeDefault.xctoolchain/usr/lib/swift/host/plugins/testing -enable-experimental-feature DebugDescriptionMacro -sdk /Applications/Xcode-27.0.0-Release.Candidate.app/Contents/Developer/Platforms/XROS.platform/Developer/SDKs/XROS27.0.sdk -target arm64-apple-xros1.0 -g -module-cache-path /Users/admin/builder/spi-builder-workspace/.derivedData/ModuleCache.noindex -Xfrontend -serialize-debugging-options -profile-coverage-mapping -profile-generate -enable-testing -index-store-path /Users/admin/builder/spi-builder-workspace/.derivedData/Index.noindex/DataStore -Xcc -D_LIBCPP_HARDENING_MODE\=_LIBCPP_HARDENING_MODE_DEBUG -swift-version 5 -I /Users/admin/builder/spi-builder-workspace/.derivedData/Build/Products/Debug-xros -Isystem /Applications/Xcode-27.0.0-Release.Candidate.app/Contents/Developer/Platforms/XROS.platform/Developer/usr/lib -F /Users/admin/builder/spi-builder-workspace/.derivedData/Build/Products/Debug-xros -F /Applications/Xcode-27.0.0-Release.Candidate.app/Contents/Developer/Platforms/XROS.platform/Developer/Library/Frameworks -F /Applications/Xcode-27.0.0-Release.Candidate.app/Contents/Developer/Platforms/XROS.platform/Developer/SDKs/XROS27.0.sdk/Developer/Library/Frameworks -c -j10 -enable-batch-mode -incremental -Xcc -ivfsstatcache -Xcc /Users/admin/builder/spi-builder-workspace/.derivedData/SDKStatCaches.noindex/xros27.0-24M361-e829b21a6f8c9b70876ba0858053c044735bd543db762f57723cac368afd1ce4.sdkstatcache -output-file-map /Users/admin/builder/spi-builder-workspace/.derivedData/Build/Intermediates.noindex/Trap.build/Debug-xros/Trap-t.build/Objects-normal/arm64/Trap-OutputFileMap.json -save-temps -no-color-diagnostics -explicit-module-build -module-cache-path /Users/admin/builder/spi-builder-workspace/.derivedData/Build/Intermediates.noindex/SwiftExplicitPrecompiledModules -clang-scanner-module-cache-path /Users/admin/builder/spi-builder-workspace/.derivedData/ModuleCache.noindex -sdk-module-cache-path /Users/admin/builder/spi-builder-workspace/.derivedData/SDKExplicitPrecompiledModules -emit-dependencies -emit-module -emit-module-path /Users/admin/builder/spi-builder-workspace/.derivedData/Build/Intermediates.noindex/Trap.build/Debug-xros/Trap-t.build/Objects-normal/arm64/Trap.swiftmodule -serialize-diagnostics -dependency-scan-serialize-diagnostics-path /Users/admin/builder/spi-builder-workspace/.derivedData/Build/Intermediates.noindex/Trap.build/Debug-xros/Trap-t.build/Objects-normal/arm64/Trap-dependency-scan.dia -validate-clang-modules-once -clang-build-session-file /Users/admin/builder/spi-builder-workspace/.derivedData/ModuleCache.noindex/Session.modulevalidation -Xcc -fmodules-prune-interval\=86400 -Xcc -fmodules-prune-after\=345600 -emit-const-values -const-gather-protocols-list /Users/admin/builder/spi-builder-workspace/.derivedData/Build/Intermediates.noindex/Trap.build/Debug-xros/Trap-t.build/Objects-normal/arm64/Trap_const_extract_protocols.json -Xcc -I/Users/admin/builder/spi-builder-workspace/.derivedData/Build/Products/Debug-xros/include -Xcc -I/Users/admin/builder/spi-builder-workspace/.derivedData/Build/Intermediates.noindex/Trap.build/Debug-xros/Trap-t.build/DerivedSources-normal/arm64 -Xcc -I/Users/admin/builder/spi-builder-workspace/.derivedData/Build/Intermediates.noindex/Trap.build/Debug-xros/Trap-t.build/DerivedSources/arm64 -Xcc -I/Users/admin/builder/spi-builder-workspace/.derivedData/Build/Intermediates.noindex/Trap.build/Debug-xros/Trap-t.build/DerivedSources -Xcc -DSWIFT_PACKAGE -Xcc -DDEBUG\=1 -emit-objc-header -emit-objc-header-path /Users/admin/builder/spi-builder-workspace/.derivedData/Build/Intermediates.noindex/Trap.build/Debug-xros/Trap-t.build/Objects-normal/arm64/Trap-Swift.h -working-directory /Users/admin/builder/spi-builder-workspace/.swiftpm/xcode -experimental-emit-module-separately -disable-cmo
SwiftCompile normal arm64 Compiling\ Accelerometer.swift,\ Gravity.swift,\ Gyroscope.swift /Users/admin/builder/spi-builder-workspace/Sources/Trap/Datasource/Sensor/Accelerometer.swift /Users/admin/builder/spi-builder-workspace/Sources/Trap/Datasource/Sensor/Gravity.swift /Users/admin/builder/spi-builder-workspace/Sources/Trap/Datasource/Sensor/Gyroscope.swift (in target 'Trap' from project 'Trap')
SwiftCompile normal arm64 /Users/admin/builder/spi-builder-workspace/Sources/Trap/Datasource/Sensor/Accelerometer.swift (in target 'Trap' from project 'Trap')
cd /Users/admin/builder/spi-builder-workspace/.swiftpm/xcode
builtin-SwiftPerFileCompile Accelerometer.swift
SwiftCompile normal arm64 /Users/admin/builder/spi-builder-workspace/Sources/Trap/Datasource/Sensor/Gravity.swift (in target 'Trap' from project 'Trap')
cd /Users/admin/builder/spi-builder-workspace/.swiftpm/xcode
builtin-SwiftPerFileCompile Gravity.swift
SwiftCompile normal arm64 /Users/admin/builder/spi-builder-workspace/Sources/Trap/Datasource/Sensor/Gyroscope.swift (in target 'Trap' from project 'Trap')
cd /Users/admin/builder/spi-builder-workspace/.swiftpm/xcode
builtin-SwiftPerFileCompile Gyroscope.swift
SwiftEmitModule normal arm64 Emitting\ module\ for\ Trap (in target 'Trap' from project 'Trap')
/Users/admin/builder/spi-builder-workspace/Sources/Trap/Datasource/Location.swift:97:17: error: cannot override 'locationManager' which has been marked unavailable
95 | /// CLLocationManagerDelegate implementation.
96 | extension TrapLocationCollector: CLLocationManagerDelegate {
97 | public func locationManager(_: CLLocationManager, didChangeAuthorization status: CLAuthorizationStatus) {
| `- error: cannot override 'locationManager' which has been marked unavailable
98 | switch status {
99 | case .restricted, .denied, .notDetermined:
/Applications/Xcode-27.0.0-Release.Candidate.app/Contents/Developer/Platforms/XROS.platform/Developer/SDKs/XROS27.0.sdk/System/Library/Frameworks/CoreLocation.framework/Headers/CLLocationManagerDelegate.h:164:1: note: 'locationManager(_:didChangeAuthorization:)' has been explicitly marked unavailable here
162 | * Invoked when the authorization status changes for this application.
163 | */
164 | - (void)locationManager:(CLLocationManager *)manager didChangeAuthorizationStatus:(CLAuthorizationStatus)status API_DEPRECATED_WITH_REPLACEMENT("-locationManagerDidChangeAuthorization:", ios(4.2, 14.0), macos(10.7, 11.0), watchos(1.0, 7.0), tvos(9.0, 14.0)) API_UNAVAILABLE(visionos);
| `- note: 'locationManager(_:didChangeAuthorization:)' has been explicitly marked unavailable here
165 |
166 | /*
/Users/admin/builder/spi-builder-workspace/Sources/Trap/Datasource/PreciseLocation.swift:88:17: error: cannot override 'locationManager' which has been marked unavailable
86 | /// CLLocationManagerDelegate implementation.
87 | extension TrapPreciseLocationCollector: CLLocationManagerDelegate {
88 | public func locationManager(_: CLLocationManager, didChangeAuthorization status: CLAuthorizationStatus) {
| `- error: cannot override 'locationManager' which has been marked unavailable
89 | switch status {
90 | case .restricted, .denied, .notDetermined:
/Applications/Xcode-27.0.0-Release.Candidate.app/Contents/Developer/Platforms/XROS.platform/Developer/SDKs/XROS27.0.sdk/System/Library/Frameworks/CoreLocation.framework/Headers/CLLocationManagerDelegate.h:164:1: note: 'locationManager(_:didChangeAuthorization:)' has been explicitly marked unavailable here
162 | * Invoked when the authorization status changes for this application.
163 | */
164 | - (void)locationManager:(CLLocationManager *)manager didChangeAuthorizationStatus:(CLAuthorizationStatus)status API_DEPRECATED_WITH_REPLACEMENT("-locationManagerDidChangeAuthorization:", ios(4.2, 14.0), macos(10.7, 11.0), watchos(1.0, 7.0), tvos(9.0, 14.0)) API_UNAVAILABLE(visionos);
| `- note: 'locationManager(_:didChangeAuthorization:)' has been explicitly marked unavailable here
165 |
166 | /*
/Users/admin/builder/spi-builder-workspace/Sources/Trap/Datasource/WiFi.swift:169:17: error: cannot override 'locationManager' which has been marked unavailable
167 | internal var authSuccess: (() -> Void)?
168 |
169 | public func locationManager(_: CLLocationManager, didChangeAuthorization status: CLAuthorizationStatus) {
| `- error: cannot override 'locationManager' which has been marked unavailable
170 | switch status {
171 | case .restricted, .denied, .notDetermined:
/Applications/Xcode-27.0.0-Release.Candidate.app/Contents/Developer/Platforms/XROS.platform/Developer/SDKs/XROS27.0.sdk/System/Library/Frameworks/CoreLocation.framework/Headers/CLLocationManagerDelegate.h:164:1: note: 'locationManager(_:didChangeAuthorization:)' has been explicitly marked unavailable here
162 | * Invoked when the authorization status changes for this application.
163 | */
164 | - (void)locationManager:(CLLocationManager *)manager didChangeAuthorizationStatus:(CLAuthorizationStatus)status API_DEPRECATED_WITH_REPLACEMENT("-locationManagerDidChangeAuthorization:", ios(4.2, 14.0), macos(10.7, 11.0), watchos(1.0, 7.0), tvos(9.0, 14.0)) API_UNAVAILABLE(visionos);
| `- note: 'locationManager(_:didChangeAuthorization:)' has been explicitly marked unavailable here
165 |
166 | /*
Failed frontend command:
/Applications/Xcode-27.0.0-Release.Candidate.app/Contents/Developer/Toolchains/XcodeDefault.xctoolchain/usr/bin/swift-frontend -frontend -emit-module -experimental-skip-non-inlinable-function-bodies-without-types /Users/admin/builder/spi-builder-workspace/Sources/Trap/Config.swift /Users/admin/builder/spi-builder-workspace/Sources/Trap/Constants.swift /Users/admin/builder/spi-builder-workspace/Sources/Trap/Datasource/Bluetooth.swift /Users/admin/builder/spi-builder-workspace/Sources/Trap/Datasource/Datasource.swift /Users/admin/builder/spi-builder-workspace/Sources/Trap/Datasource/Gesture/Gesture.swift /Users/admin/builder/spi-builder-workspace/Sources/Trap/Datasource/Gesture/Pinch.swift /Users/admin/builder/spi-builder-workspace/Sources/Trap/Datasource/Gesture/Pointer.swift /Users/admin/builder/spi-builder-workspace/Sources/Trap/Datasource/Gesture/Stylus.swift /Users/admin/builder/spi-builder-workspace/Sources/Trap/Datasource/Gesture/Swipe.swift /Users/admin/builder/spi-builder-workspace/Sources/Trap/Datasource/Gesture/Tap.swift /Users/admin/builder/spi-builder-workspace/Sources/Trap/Datasource/Gesture/Touch.swift /Users/admin/builder/spi-builder-workspace/Sources/Trap/Datasource/Gesture/TrapWindowEventDispatcher.swift /Users/admin/builder/spi-builder-workspace/Sources/Trap/Datasource/Hardware/Battery.swift /Users/admin/builder/spi-builder-workspace/Sources/Trap/Datasource/Location.swift /Users/admin/builder/spi-builder-workspace/Sources/Trap/Datasource/Metadata.swift /Users/admin/builder/spi-builder-workspace/Sources/Trap/Datasource/PreciseLocation.swift /Users/admin/builder/spi-builder-workspace/Sources/Trap/Datasource/Sensor/Accelerometer.swift /Users/admin/builder/spi-builder-workspace/Sources/Trap/Datasource/Sensor/Gravity.swift /Users/admin/builder/spi-builder-workspace/Sources/Trap/Datasource/Sensor/Gyroscope.swift /Users/admin/builder/spi-builder-workspace/Sources/Trap/Datasource/Sensor/Magnetometer.swift /Users/admin/builder/spi-builder-workspace/Sources/Trap/Datasource/Sensor/Sensor.swift /Users/admin/builder/spi-builder-workspace/Sources/Trap/Datasource/WiFi.swift /Users/admin/builder/spi-builder-workspace/Sources/Trap/Datastore/ConcurrentRingQueue.swift /Users/admin/builder/spi-builder-workspace/Sources/Trap/Datastore/FileCache.swift /Users/admin/builder/spi-builder-workspace/Sources/Trap/Datastore/RingQueue.swift /Users/admin/builder/spi-builder-workspace/Sources/Trap/Manager/Manager.swift /Users/admin/builder/spi-builder-workspace/Sources/Trap/Manager/Reporter.swift /Users/admin/builder/spi-builder-workspace/Sources/Trap/Manager/Storage.swift /Users/admin/builder/spi-builder-workspace/Sources/Trap/Transport/Cached.swift /Users/admin/builder/spi-builder-workspace/Sources/Trap/Transport/Http.swift /Users/admin/builder/spi-builder-workspace/Sources/Trap/Transport/Transport.swift /Users/admin/builder/spi-builder-workspace/Sources/Trap/Transport/Websocket.swift /Users/admin/builder/spi-builder-workspace/Sources/Trap/Utils/DataCompression.swift /Users/admin/builder/spi-builder-workspace/Sources/Trap/Utils/Time.swift -target arm64-apple-xros1.0 -disable-cross-import-overlay-search -load-resolved-plugin /Applications/Xcode-27.0.0-Release.Candidate.app/Contents/Developer/Platforms/XROS.platform/Developer/usr/lib/swift/host/plugins/libFoundationMacros.dylib\#/Applications/Xcode-27.0.0-Release.Candidate.app/Contents/Developer/Platforms/XROS.platform/Developer/usr/bin/swift-plugin-server\#FoundationMacros -load-resolved-plugin /Applications/Xcode-27.0.0-Release.Candidate.app/Contents/Developer/Platforms/XROS.platform/Developer/usr/lib/swift/host/plugins/libObservationMacros.dylib\#/Applications/Xcode-27.0.0-Release.Candidate.app/Contents/Developer/Platforms/XROS.platform/Developer/usr/bin/swift-plugin-server\#ObservationMacros -load-resolved-plugin /Applications/Xcode-27.0.0-Release.Candidate.app/Contents/Developer/Platforms/XROS.platform/Developer/usr/lib/swift/host/plugins/libPreviewsMacros.dylib\#/Applications/Xcode-27.0.0-Release.Candidate.app/Contents/Developer/Platforms/XROS.platform/Developer/usr/bin/swift-plugin-server\#PreviewsMacros -load-resolved-plugin /Applications/Xcode-27.0.0-Release.Candidate.app/Contents/Developer/Platforms/XROS.platform/Developer/usr/lib/swift/host/plugins/libSwiftMacros.dylib\#/Applications/Xcode-27.0.0-Release.Candidate.app/Contents/Developer/Platforms/XROS.platform/Developer/usr/bin/swift-plugin-server\#SwiftMacros -load-resolved-plugin /Applications/Xcode-27.0.0-Release.Candidate.app/Contents/Developer/Platforms/XROS.platform/Developer/usr/lib/swift/host/plugins/libSwiftUIMacros.dylib\#/Applications/Xcode-27.0.0-Release.Candidate.app/Contents/Developer/Platforms/XROS.platform/Developer/usr/bin/swift-plugin-server\#SwiftUIMacros -disable-implicit-swift-modules -Xcc -fno-implicit-modules -Xcc -fno-implicit-module-maps -explicit-swift-module-map-file /Users/admin/builder/spi-builder-workspace/.derivedData/Build/Intermediates.noindex/Trap.build/Debug-xros/Trap-t.build/Objects-normal/arm64/Trap-dependencies-1.json -Xllvm -aarch64-use-tbi -enable-objc-interop -stack-check -sdk /Applications/Xcode-27.0.0-Release.Candidate.app/Contents/Developer/Platforms/XROS.platform/Developer/SDKs/XROS27.0.sdk -I /Users/admin/builder/spi-builder-workspace/.derivedData/Build/Products/Debug-xros -Isystem /Applications/Xcode-27.0.0-Release.Candidate.app/Contents/Developer/Platforms/XROS.platform/Developer/usr/lib -F /Users/admin/builder/spi-builder-workspace/.derivedData/Build/Products/Debug-xros -F /Applications/Xcode-27.0.0-Release.Candidate.app/Contents/Developer/Platforms/XROS.platform/Developer/Library/Frameworks -F /Applications/Xcode-27.0.0-Release.Candidate.app/Contents/Developer/Platforms/XROS.platform/Developer/SDKs/XROS27.0.sdk/Developer/Library/Frameworks -module-cache-path /Users/admin/builder/spi-builder-workspace/.derivedData/Build/Intermediates.noindex/SwiftExplicitPrecompiledModules -no-color-diagnostics -Xcc -fno-color-diagnostics -enable-testing -g -debug-info-format\=dwarf -dwarf-version\=4 -profile-generate -profile-coverage-mapping -swift-version 5 -Onone -D SWIFT_PACKAGE -D DEBUG -D SWIFT_MODULE_RESOURCE_BUNDLE_UNAVAILABLE -D Xcode -serialize-debugging-options -enable-experimental-feature DebugDescriptionMacro -empty-abi-descriptor -validate-clang-modules-once -clang-build-session-file /Users/admin/builder/spi-builder-workspace/.derivedData/ModuleCache.noindex/Session.modulevalidation -Xcc -working-directory -Xcc /Users/admin/builder/spi-builder-workspace/.swiftpm/xcode -enable-anonymous-context-mangled-names -file-compilation-dir /Users/admin/builder/spi-builder-workspace/.swiftpm/xcode -Xcc -D_LIBCPP_HARDENING_MODE\=_LIBCPP_HARDENING_MODE_DEBUG -Xcc -ivfsstatcache -Xcc /Users/admin/builder/spi-builder-workspace/.derivedData/SDKStatCaches.noindex/xros27.0-24M361-e829b21a6f8c9b70876ba0858053c044735bd543db762f57723cac368afd1ce4.sdkstatcache -Xcc -fmodules-prune-interval\=86400 -Xcc -fmodules-prune-after\=345600 -Xcc -I/Users/admin/builder/spi-builder-workspace/.derivedData/Build/Products/Debug-xros/include -Xcc -I/Users/admin/builder/spi-builder-workspace/.derivedData/Build/Intermediates.noindex/Trap.build/Debug-xros/Trap-t.build/DerivedSources-normal/arm64 -Xcc -I/Users/admin/builder/spi-builder-workspace/.derivedData/Build/Intermediates.noindex/Trap.build/Debug-xros/Trap-t.build/DerivedSources/arm64 -Xcc -I/Users/admin/builder/spi-builder-workspace/.derivedData/Build/Intermediates.noindex/Trap.build/Debug-xros/Trap-t.build/DerivedSources -Xcc -DSWIFT_PACKAGE -Xcc -DDEBUG\=1 -no-auto-bridging-header-chaining -module-name Trap -const-gather-protocols-file /Users/admin/builder/spi-builder-workspace/.derivedData/Build/Intermediates.noindex/Trap.build/Debug-xros/Trap-t.build/Objects-normal/arm64/Trap_const_extract_protocols.json -disable-clang-spi -clang-target arm64-apple-xros27.0 -target-sdk-version 27.0 -target-sdk-name xros27.0 -in-process-plugin-server-path /Applications/Xcode-27.0.0-Release.Candidate.app/Contents/Developer/Toolchains/XcodeDefault.xctoolchain/usr/lib/swift/host/libSwiftInProcPluginServer.dylib -emit-module-doc-path /Users/admin/builder/spi-builder-workspace/.derivedData/Build/Intermediates.noindex/Trap.build/Debug-xros/Trap-t.build/Objects-normal/arm64/Trap.swiftdoc -emit-module-source-info-path /Users/admin/builder/spi-builder-workspace/.derivedData/Build/Intermediates.noindex/Trap.build/Debug-xros/Trap-t.build/Objects-normal/arm64/Trap.swiftsourceinfo -emit-objc-header-path /Users/admin/builder/spi-builder-workspace/.derivedData/Build/Intermediates.noindex/Trap.build/Debug-xros/Trap-t.build/Objects-normal/arm64/Trap-Swift.h -serialize-diagnostics-path /Users/admin/builder/spi-builder-workspace/.derivedData/Build/Intermediates.noindex/Trap.build/Debug-xros/Trap-t.build/Objects-normal/arm64/Trap-primary-emit-module.dia -emit-dependencies-path /Users/admin/builder/spi-builder-workspace/.derivedData/Build/Intermediates.noindex/Trap.build/Debug-xros/Trap-t.build/Objects-normal/arm64/Trap-primary-emit-module.d -parse-as-library -o /Users/admin/builder/spi-builder-workspace/.derivedData/Build/Intermediates.noindex/Trap.build/Debug-xros/Trap-t.build/Objects-normal/arm64/Trap.swiftmodule -emit-abi-descriptor-path /Users/admin/builder/spi-builder-workspace/.derivedData/Build/Intermediates.noindex/Trap.build/Debug-xros/Trap-t.build/Objects-normal/arm64/Trap.abi.json
SwiftCompile normal arm64 (in target 'Trap' from project 'Trap')
cd /Users/admin/builder/spi-builder-workspace/.swiftpm/xcode
SwiftCompile normal arm64 Compiling\ ConcurrentRingQueue.swift,\ FileCache.swift,\ RingQueue.swift /Users/admin/builder/spi-builder-workspace/Sources/Trap/Datastore/ConcurrentRingQueue.swift /Users/admin/builder/spi-builder-workspace/Sources/Trap/Datastore/FileCache.swift /Users/admin/builder/spi-builder-workspace/Sources/Trap/Datastore/RingQueue.swift (in target 'Trap' from project 'Trap')
SwiftCompile normal arm64 /Users/admin/builder/spi-builder-workspace/Sources/Trap/Datastore/ConcurrentRingQueue.swift (in target 'Trap' from project 'Trap')
cd /Users/admin/builder/spi-builder-workspace/.swiftpm/xcode
builtin-SwiftPerFileCompile ConcurrentRingQueue.swift
SwiftCompile normal arm64 /Users/admin/builder/spi-builder-workspace/Sources/Trap/Datastore/FileCache.swift (in target 'Trap' from project 'Trap')
cd /Users/admin/builder/spi-builder-workspace/.swiftpm/xcode
builtin-SwiftPerFileCompile FileCache.swift
SwiftCompile normal arm64 /Users/admin/builder/spi-builder-workspace/Sources/Trap/Datastore/RingQueue.swift (in target 'Trap' from project 'Trap')
cd /Users/admin/builder/spi-builder-workspace/.swiftpm/xcode
builtin-SwiftPerFileCompile RingQueue.swift
SwiftCompile normal arm64 Compiling\ Websocket.swift,\ DataCompression.swift,\ Time.swift /Users/admin/builder/spi-builder-workspace/Sources/Trap/Transport/Websocket.swift /Users/admin/builder/spi-builder-workspace/Sources/Trap/Utils/DataCompression.swift /Users/admin/builder/spi-builder-workspace/Sources/Trap/Utils/Time.swift (in target 'Trap' from project 'Trap')
SwiftCompile normal arm64 /Users/admin/builder/spi-builder-workspace/Sources/Trap/Transport/Websocket.swift (in target 'Trap' from project 'Trap')
cd /Users/admin/builder/spi-builder-workspace/.swiftpm/xcode
builtin-SwiftPerFileCompile Websocket.swift
SwiftCompile normal arm64 /Users/admin/builder/spi-builder-workspace/Sources/Trap/Utils/DataCompression.swift (in target 'Trap' from project 'Trap')
cd /Users/admin/builder/spi-builder-workspace/.swiftpm/xcode
builtin-SwiftPerFileCompile DataCompression.swift
SwiftCompile normal arm64 /Users/admin/builder/spi-builder-workspace/Sources/Trap/Utils/Time.swift (in target 'Trap' from project 'Trap')
cd /Users/admin/builder/spi-builder-workspace/.swiftpm/xcode
builtin-SwiftPerFileCompile Time.swift
SwiftCompile normal arm64 Compiling\ Cached.swift,\ Http.swift,\ Transport.swift /Users/admin/builder/spi-builder-workspace/Sources/Trap/Transport/Cached.swift /Users/admin/builder/spi-builder-workspace/Sources/Trap/Transport/Http.swift /Users/admin/builder/spi-builder-workspace/Sources/Trap/Transport/Transport.swift (in target 'Trap' from project 'Trap')
SwiftCompile normal arm64 /Users/admin/builder/spi-builder-workspace/Sources/Trap/Transport/Cached.swift (in target 'Trap' from project 'Trap')
cd /Users/admin/builder/spi-builder-workspace/.swiftpm/xcode
builtin-SwiftPerFileCompile Cached.swift
SwiftCompile normal arm64 /Users/admin/builder/spi-builder-workspace/Sources/Trap/Transport/Http.swift (in target 'Trap' from project 'Trap')
cd /Users/admin/builder/spi-builder-workspace/.swiftpm/xcode
builtin-SwiftPerFileCompile Http.swift
SwiftCompile normal arm64 /Users/admin/builder/spi-builder-workspace/Sources/Trap/Transport/Transport.swift (in target 'Trap' from project 'Trap')
cd /Users/admin/builder/spi-builder-workspace/.swiftpm/xcode
builtin-SwiftPerFileCompile Transport.swift
SwiftCompile normal arm64 Compiling\ Manager.swift,\ Reporter.swift,\ Storage.swift /Users/admin/builder/spi-builder-workspace/Sources/Trap/Manager/Manager.swift /Users/admin/builder/spi-builder-workspace/Sources/Trap/Manager/Reporter.swift /Users/admin/builder/spi-builder-workspace/Sources/Trap/Manager/Storage.swift (in target 'Trap' from project 'Trap')
SwiftCompile normal arm64 /Users/admin/builder/spi-builder-workspace/Sources/Trap/Manager/Manager.swift (in target 'Trap' from project 'Trap')
cd /Users/admin/builder/spi-builder-workspace/.swiftpm/xcode
builtin-SwiftPerFileCompile Manager.swift
SwiftCompile normal arm64 /Users/admin/builder/spi-builder-workspace/Sources/Trap/Manager/Reporter.swift (in target 'Trap' from project 'Trap')
cd /Users/admin/builder/spi-builder-workspace/.swiftpm/xcode
builtin-SwiftPerFileCompile Reporter.swift
SwiftCompile normal arm64 /Users/admin/builder/spi-builder-workspace/Sources/Trap/Manager/Storage.swift (in target 'Trap' from project 'Trap')
cd /Users/admin/builder/spi-builder-workspace/.swiftpm/xcode
builtin-SwiftPerFileCompile Storage.swift
SwiftCompile normal arm64 Compiling\ Config.swift,\ Constants.swift,\ Bluetooth.swift,\ Datasource.swift /Users/admin/builder/spi-builder-workspace/Sources/Trap/Config.swift /Users/admin/builder/spi-builder-workspace/Sources/Trap/Constants.swift /Users/admin/builder/spi-builder-workspace/Sources/Trap/Datasource/Bluetooth.swift /Users/admin/builder/spi-builder-workspace/Sources/Trap/Datasource/Datasource.swift (in target 'Trap' from project 'Trap')
SwiftCompile normal arm64 /Users/admin/builder/spi-builder-workspace/Sources/Trap/Config.swift (in target 'Trap' from project 'Trap')
cd /Users/admin/builder/spi-builder-workspace/.swiftpm/xcode
builtin-SwiftPerFileCompile Config.swift
SwiftCompile normal arm64 /Users/admin/builder/spi-builder-workspace/Sources/Trap/Constants.swift (in target 'Trap' from project 'Trap')
cd /Users/admin/builder/spi-builder-workspace/.swiftpm/xcode
builtin-SwiftPerFileCompile Constants.swift
SwiftCompile normal arm64 /Users/admin/builder/spi-builder-workspace/Sources/Trap/Datasource/Bluetooth.swift (in target 'Trap' from project 'Trap')
cd /Users/admin/builder/spi-builder-workspace/.swiftpm/xcode
builtin-SwiftPerFileCompile Bluetooth.swift
SwiftCompile normal arm64 /Users/admin/builder/spi-builder-workspace/Sources/Trap/Datasource/Datasource.swift (in target 'Trap' from project 'Trap')
cd /Users/admin/builder/spi-builder-workspace/.swiftpm/xcode
builtin-SwiftPerFileCompile Datasource.swift
SwiftCompile normal arm64 Compiling\ Swipe.swift,\ Tap.swift,\ Touch.swift,\ TrapWindowEventDispatcher.swift /Users/admin/builder/spi-builder-workspace/Sources/Trap/Datasource/Gesture/Swipe.swift /Users/admin/builder/spi-builder-workspace/Sources/Trap/Datasource/Gesture/Tap.swift /Users/admin/builder/spi-builder-workspace/Sources/Trap/Datasource/Gesture/Touch.swift /Users/admin/builder/spi-builder-workspace/Sources/Trap/Datasource/Gesture/TrapWindowEventDispatcher.swift (in target 'Trap' from project 'Trap')
SwiftCompile normal arm64 /Users/admin/builder/spi-builder-workspace/Sources/Trap/Datasource/Gesture/Swipe.swift (in target 'Trap' from project 'Trap')
cd /Users/admin/builder/spi-builder-workspace/.swiftpm/xcode
builtin-SwiftPerFileCompile Swipe.swift
SwiftCompile normal arm64 /Users/admin/builder/spi-builder-workspace/Sources/Trap/Datasource/Gesture/Tap.swift (in target 'Trap' from project 'Trap')
cd /Users/admin/builder/spi-builder-workspace/.swiftpm/xcode
builtin-SwiftPerFileCompile Tap.swift
SwiftCompile normal arm64 /Users/admin/builder/spi-builder-workspace/Sources/Trap/Datasource/Gesture/Touch.swift (in target 'Trap' from project 'Trap')
cd /Users/admin/builder/spi-builder-workspace/.swiftpm/xcode
builtin-SwiftPerFileCompile Touch.swift
SwiftCompile normal arm64 /Users/admin/builder/spi-builder-workspace/Sources/Trap/Datasource/Gesture/TrapWindowEventDispatcher.swift (in target 'Trap' from project 'Trap')
cd /Users/admin/builder/spi-builder-workspace/.swiftpm/xcode
builtin-SwiftPerFileCompile TrapWindowEventDispatcher.swift
SwiftCompile normal arm64 Compiling\ Gesture.swift,\ Pinch.swift,\ Pointer.swift,\ Stylus.swift /Users/admin/builder/spi-builder-workspace/Sources/Trap/Datasource/Gesture/Gesture.swift /Users/admin/builder/spi-builder-workspace/Sources/Trap/Datasource/Gesture/Pinch.swift /Users/admin/builder/spi-builder-workspace/Sources/Trap/Datasource/Gesture/Pointer.swift /Users/admin/builder/spi-builder-workspace/Sources/Trap/Datasource/Gesture/Stylus.swift (in target 'Trap' from project 'Trap')
/Users/admin/builder/spi-builder-workspace/Sources/Trap/Datasource/Gesture/Gesture.swift:138:48: warning: 'windows' was deprecated in visionOS 1.0: Use UIWindowScene.windows on a relevant window scene instead [#DeprecatedDeclaration]
136 | // Finally, add a recognizer to all current windows
137 | let addRecognizers = {
138 | for window in UIApplication.shared.windows {
| `- warning: 'windows' was deprecated in visionOS 1.0: Use UIWindowScene.windows on a relevant window scene instead [#DeprecatedDeclaration]
139 | if !self.recognizers.keys.contains(window.hash) {
140 | self.addRecognizers(to: window)
SwiftCompile normal arm64 /Users/admin/builder/spi-builder-workspace/Sources/Trap/Datasource/Gesture/Gesture.swift (in target 'Trap' from project 'Trap')
cd /Users/admin/builder/spi-builder-workspace/.swiftpm/xcode
builtin-SwiftPerFileCompile Gesture.swift
SwiftCompile normal arm64 /Users/admin/builder/spi-builder-workspace/Sources/Trap/Datasource/Gesture/Pinch.swift (in target 'Trap' from project 'Trap')
cd /Users/admin/builder/spi-builder-workspace/.swiftpm/xcode
builtin-SwiftPerFileCompile Pinch.swift
SwiftCompile normal arm64 /Users/admin/builder/spi-builder-workspace/Sources/Trap/Datasource/Gesture/Pointer.swift (in target 'Trap' from project 'Trap')
cd /Users/admin/builder/spi-builder-workspace/.swiftpm/xcode
builtin-SwiftPerFileCompile Pointer.swift
SwiftCompile normal arm64 /Users/admin/builder/spi-builder-workspace/Sources/Trap/Datasource/Gesture/Stylus.swift (in target 'Trap' from project 'Trap')
cd /Users/admin/builder/spi-builder-workspace/.swiftpm/xcode
builtin-SwiftPerFileCompile Stylus.swift
SwiftCompile normal arm64 Compiling\ Battery.swift,\ Location.swift,\ Metadata.swift,\ PreciseLocation.swift /Users/admin/builder/spi-builder-workspace/Sources/Trap/Datasource/Hardware/Battery.swift /Users/admin/builder/spi-builder-workspace/Sources/Trap/Datasource/Location.swift /Users/admin/builder/spi-builder-workspace/Sources/Trap/Datasource/Metadata.swift /Users/admin/builder/spi-builder-workspace/Sources/Trap/Datasource/PreciseLocation.swift (in target 'Trap' from project 'Trap')
/Users/admin/builder/spi-builder-workspace/Sources/Trap/Datasource/Location.swift:97:17: error: cannot override 'locationManager' which has been marked unavailable
95 | /// CLLocationManagerDelegate implementation.
96 | extension TrapLocationCollector: CLLocationManagerDelegate {
97 | public func locationManager(_: CLLocationManager, didChangeAuthorization status: CLAuthorizationStatus) {
| `- error: cannot override 'locationManager' which has been marked unavailable
98 | switch status {
99 | case .restricted, .denied, .notDetermined:
/Applications/Xcode-27.0.0-Release.Candidate.app/Contents/Developer/Platforms/XROS.platform/Developer/SDKs/XROS27.0.sdk/System/Library/Frameworks/CoreLocation.framework/Headers/CLLocationManagerDelegate.h:164:1: note: 'locationManager(_:didChangeAuthorization:)' has been explicitly marked unavailable here
162 | * Invoked when the authorization status changes for this application.
163 | */
164 | - (void)locationManager:(CLLocationManager *)manager didChangeAuthorizationStatus:(CLAuthorizationStatus)status API_DEPRECATED_WITH_REPLACEMENT("-locationManagerDidChangeAuthorization:", ios(4.2, 14.0), macos(10.7, 11.0), watchos(1.0, 7.0), tvos(9.0, 14.0)) API_UNAVAILABLE(visionos);
| `- note: 'locationManager(_:didChangeAuthorization:)' has been explicitly marked unavailable here
165 |
166 | /*
/Users/admin/builder/spi-builder-workspace/Sources/Trap/Datasource/Location.swift:82:25: error: 'startMonitoringSignificantLocationChanges()' is unavailable in visionOS
80 | public func start(withConfig _: TrapConfig.DataCollection) {
81 | locationManager.delegate = self
82 | locationManager.startMonitoringSignificantLocationChanges()
| `- error: 'startMonitoringSignificantLocationChanges()' is unavailable in visionOS
83 | }
84 |
/Applications/Xcode-27.0.0-Release.Candidate.app/Contents/Developer/Platforms/XROS.platform/Developer/SDKs/XROS27.0.sdk/System/Library/Frameworks/CoreLocation.framework/Headers/CLLocationManager.h:665:1: note: 'startMonitoringSignificantLocationChanges()' has been explicitly marked unavailable here
663 | *
664 | */
665 | - (void)startMonitoringSignificantLocationChanges API_AVAILABLE(ios(4.0), macos(10.7)) API_UNAVAILABLE(watchos, tvos, visionos);
| `- note: 'startMonitoringSignificantLocationChanges()' has been explicitly marked unavailable here
666 |
667 | /*
/Users/admin/builder/spi-builder-workspace/Sources/Trap/Datasource/Location.swift:86:25: error: 'stopMonitoringSignificantLocationChanges()' is unavailable in visionOS
84 |
85 | public func stop() {
86 | locationManager.stopMonitoringSignificantLocationChanges()
| `- error: 'stopMonitoringSignificantLocationChanges()' is unavailable in visionOS
87 | locationManager.delegate = nil
88 | }
/Applications/Xcode-27.0.0-Release.Candidate.app/Contents/Developer/Platforms/XROS.platform/Developer/SDKs/XROS27.0.sdk/System/Library/Frameworks/CoreLocation.framework/Headers/CLLocationManager.h:674:1: note: 'stopMonitoringSignificantLocationChanges()' has been explicitly marked unavailable here
672 | *
673 | */
674 | - (void)stopMonitoringSignificantLocationChanges API_AVAILABLE(ios(4.0), macos(10.7)) API_UNAVAILABLE(watchos, tvos, visionos);
| `- note: 'stopMonitoringSignificantLocationChanges()' has been explicitly marked unavailable here
675 |
676 | /*
/Users/admin/builder/spi-builder-workspace/Sources/Trap/Datasource/Metadata.swift:36:66: warning: left side of nil coalescing operator '??' has non-optional type 'TimeInterval' (aka 'Double'), so the right side is never used
34 | reporterTask = queue.schedule(
35 | after: .init(Date(timeIntervalSinceNow: 1)),
36 | interval: .seconds(config.metadataSubmissionInterval ?? 60)
| `- warning: left side of nil coalescing operator '??' has non-optional type 'TimeInterval' (aka 'Double'), so the right side is never used
37 | ) { [weak self] in
38 | guard let this = self else {
/Users/admin/builder/spi-builder-workspace/Sources/Trap/Datasource/Metadata.swift:89:54: warning: 'languageCode' was deprecated in iOS 1.0: renamed to 'language.languageCode.identifier' [#DeprecatedDeclaration]
87 | "model": DataType.string(UIDevice.current.model),
88 | "modelName": DataType.string(modelName),
89 | "locale": DataType.string(Locale.current.languageCode ?? "unknown"),
| |- warning: 'languageCode' was deprecated in iOS 1.0: renamed to 'language.languageCode.identifier' [#DeprecatedDeclaration]
| `- note: use 'language.languageCode.identifier' instead
90 | "uniqueId": DataType.string(UIDevice.current.identifierForVendor?.uuidString ?? "unknown")])
91 | }
/Users/admin/builder/spi-builder-workspace/Sources/Trap/Datasource/Metadata.swift:101:28: error: 'UIScreen' is unavailable in visionOS
99 |
100 | private func screenData() -> DataType {
101 | let screenBounds = UIScreen.main.bounds
| `- error: 'UIScreen' is unavailable in visionOS
102 | let screenScale = UIScreen.main.scale
103 |
/Applications/Xcode-27.0.0-Release.Candidate.app/Contents/Developer/Platforms/XROS.platform/Developer/SDKs/XROS27.0.sdk/System/Library/Frameworks/UIKit.framework/Headers/UIScreen.h:54:12: note: 'UIScreen' has been explicitly marked unavailable here
52 |
53 | UIKIT_EXTERN API_AVAILABLE(ios(2.0)) API_UNAVAILABLE(visionos, watchos) NS_SWIFT_UI_ACTOR
54 | @interface UIScreen : NSObject <UITraitEnvironment>
| `- note: 'UIScreen' has been explicitly marked unavailable here
55 |
56 | @property(class, nonatomic, readonly) NSArray<UIScreen *> *screens API_DEPRECATED("Use UIApplication.shared.openSessions to find open sessions with scenes from other screens", ios(3.2, 16.0), visionos(1.0, 1.0)) API_UNAVAILABLE(watchos); // all screens currently attached to the device
/Users/admin/builder/spi-builder-workspace/Sources/Trap/Datasource/Metadata.swift:102:27: error: 'UIScreen' is unavailable in visionOS
100 | private func screenData() -> DataType {
101 | let screenBounds = UIScreen.main.bounds
102 | let screenScale = UIScreen.main.scale
| `- error: 'UIScreen' is unavailable in visionOS
103 |
104 | return DataType.dict([
/Applications/Xcode-27.0.0-Release.Candidate.app/Contents/Developer/Platforms/XROS.platform/Developer/SDKs/XROS27.0.sdk/System/Library/Frameworks/UIKit.framework/Headers/UIScreen.h:54:12: note: 'UIScreen' has been explicitly marked unavailable here
52 |
53 | UIKIT_EXTERN API_AVAILABLE(ios(2.0)) API_UNAVAILABLE(visionos, watchos) NS_SWIFT_UI_ACTOR
54 | @interface UIScreen : NSObject <UITraitEnvironment>
| `- note: 'UIScreen' has been explicitly marked unavailable here
55 |
56 | @property(class, nonatomic, readonly) NSArray<UIScreen *> *screens API_DEPRECATED("Use UIApplication.shared.openSessions to find open sessions with scenes from other screens", ios(3.2, 16.0), visionos(1.0, 1.0)) API_UNAVAILABLE(watchos); // all screens currently attached to the device
/Users/admin/builder/spi-builder-workspace/Sources/Trap/Datasource/Metadata.swift:112:33: error: 'orientation' is unavailable in visionOS
110 |
111 | var orientation: Int {
112 | switch UIDevice.current.orientation {
| `- error: 'orientation' is unavailable in visionOS
113 | case .portrait:
114 | return 0
/Applications/Xcode-27.0.0-Release.Candidate.app/Contents/Developer/Platforms/XROS.platform/Developer/SDKs/XROS27.0.sdk/System/Library/Frameworks/UIKit.framework/Headers/UIDevice.h:44:51: note: 'orientation' has been explicitly marked unavailable here
42 | @property(nonatomic,readonly,strong) NSString *systemName; // e.g. @"iOS"
43 | @property(nonatomic,readonly,strong) NSString *systemVersion; // e.g. @"4.0"
44 | @property(nonatomic,readonly) UIDeviceOrientation orientation API_UNAVAILABLE(tvos, visionos); // return current device orientation. this will return UIDeviceOrientationUnknown unless device orientation notifications are being generated.
| `- note: 'orientation' has been explicitly marked unavailable here
45 |
46 | @property(nullable, nonatomic,readonly,strong) NSUUID *identifierForVendor API_AVAILABLE(ios(6.0)); // a UUID that may be used to uniquely identify the device, same across apps from a single vendor.
/Users/admin/builder/spi-builder-workspace/Sources/Trap/Datasource/Metadata.swift:136:30: warning: left side of nil coalescing operator '??' has non-optional type 'Int64', so the right side is never used
134 | if #available(iOS 11.0, *) {
135 | if let space = try? URL(fileURLWithPath: NSHomeDirectory() as String).resourceValues(forKeys: [URLResourceKey.volumeAvailableCapacityForImportantUsageKey]).volumeAvailableCapacityForImportantUsage {
136 | return space ?? 0
| `- warning: left side of nil coalescing operator '??' has non-optional type 'Int64', so the right side is never used
137 | } else {
138 | return 0
/Users/admin/builder/spi-builder-workspace/Sources/Trap/Datasource/Metadata.swift:154:13: warning: initialization of immutable value 'identifier' was never used; consider replacing with assignment to '_' or removing it [#NoUsage]
152 | uname(&systemInfo)
153 | let machineMirror = Mirror(reflecting: systemInfo.machine)
154 | let identifier = machineMirror.children.reduce("") { identifier, element in
| `- warning: initialization of immutable value 'identifier' was never used; consider replacing with assignment to '_' or removing it [#NoUsage]
155 | guard let value = element.value as? Int8, value != 0 else { return identifier }
156 | return identifier + String(UnicodeScalar(UInt8(value)))
SwiftCompile normal arm64 /Users/admin/builder/spi-builder-workspace/Sources/Trap/Datasource/Hardware/Battery.swift (in target 'Trap' from project 'Trap')
cd /Users/admin/builder/spi-builder-workspace/.swiftpm/xcode
builtin-SwiftPerFileCompile Battery.swift
SwiftCompile normal arm64 /Users/admin/builder/spi-builder-workspace/Sources/Trap/Datasource/Location.swift (in target 'Trap' from project 'Trap')
cd /Users/admin/builder/spi-builder-workspace/.swiftpm/xcode
builtin-SwiftPerFileCompile Location.swift
SwiftCompile normal arm64 /Users/admin/builder/spi-builder-workspace/Sources/Trap/Datasource/Metadata.swift (in target 'Trap' from project 'Trap')
cd /Users/admin/builder/spi-builder-workspace/.swiftpm/xcode
builtin-SwiftPerFileCompile Metadata.swift
SwiftCompile normal arm64 /Users/admin/builder/spi-builder-workspace/Sources/Trap/Datasource/PreciseLocation.swift (in target 'Trap' from project 'Trap')
cd /Users/admin/builder/spi-builder-workspace/.swiftpm/xcode
builtin-SwiftPerFileCompile PreciseLocation.swift
SwiftCompile normal arm64 Compiling\ Magnetometer.swift,\ Sensor.swift,\ WiFi.swift /Users/admin/builder/spi-builder-workspace/Sources/Trap/Datasource/Sensor/Magnetometer.swift /Users/admin/builder/spi-builder-workspace/Sources/Trap/Datasource/Sensor/Sensor.swift /Users/admin/builder/spi-builder-workspace/Sources/Trap/Datasource/WiFi.swift (in target 'Trap' from project 'Trap')
SwiftCompile normal arm64 /Users/admin/builder/spi-builder-workspace/Sources/Trap/Datasource/Sensor/Magnetometer.swift (in target 'Trap' from project 'Trap')
cd /Users/admin/builder/spi-builder-workspace/.swiftpm/xcode
builtin-SwiftPerFileCompile Magnetometer.swift
SwiftCompile normal arm64 /Users/admin/builder/spi-builder-workspace/Sources/Trap/Datasource/Sensor/Sensor.swift (in target 'Trap' from project 'Trap')
cd /Users/admin/builder/spi-builder-workspace/.swiftpm/xcode
builtin-SwiftPerFileCompile Sensor.swift
SwiftCompile normal arm64 /Users/admin/builder/spi-builder-workspace/Sources/Trap/Datasource/WiFi.swift (in target 'Trap' from project 'Trap')
cd /Users/admin/builder/spi-builder-workspace/.swiftpm/xcode
builtin-SwiftPerFileCompile WiFi.swift
PruneExplicitPrecompiledModules /Users/admin/builder/spi-builder-workspace/.derivedData/SDKExplicitPrecompiledModules
PruneExplicitPrecompiledModules /Users/admin/builder/spi-builder-workspace/.derivedData/Build/Intermediates.noindex/ExplicitPrecompiledModules
PruneExplicitPrecompiledModules /Users/admin/builder/spi-builder-workspace/.derivedData/Build/Intermediates.noindex/SwiftExplicitPrecompiledModules
2026-09-20 16:27:11.257 xcodebuild[1204:7395] [MT] IDERunDestination: Supported platforms for the buildables in the current scheme is empty.
2026-09-20 16:27:11.369 xcodebuild[1204:7395] [MT] IDERunDestination: Supported platforms for the buildables in the current scheme is empty.
** BUILD FAILED **
The following build commands failed:
SwiftEmitModule normal arm64 Emitting\ module\ for\ Trap (in target 'Trap' from project 'Trap')
SwiftCompile normal arm64 (in target 'Trap' from project 'Trap')
Building workspace Trap with scheme Trap
(3 failures)
BUILD FAILURE 6.4 visionOS