The Swift Package Index logo.Swift Package Index

Build Information

Failed to build SKManager, reference 26.9.6 (10f4d9), with Swift 6.3 for Android on 5 Sep 2026 14:03:58 UTC.

Build Command

bash -c docker run --pull=always --rm -v "checkouts-54344847-3":/host -w "$PWD" -e JAVA_HOME="/root/.sdkman/candidates/java/current" -e SPI_BUILD="1" -e SPI_PROCESSING="1" registry.gitlab.com/saguaro1/spi-images:android-6.3-latest swift build --swift-sdk aarch64-unknown-linux-android28 2>&1

Build Log

========================================
RunAll
========================================
Builder version: 5.0.2
Interrupt handler set up.
========================================
Checkout
========================================
Clone URL: https://github.com/markbattistella/SKManager.git
Reference: 26.9.6
Initialized empty Git repository in /host/spi-builder-workspace/.git/
hint: Using 'master' as the name for the initial branch. This default branch name
hint: is subject to change. To configure the initial branch name to use in all
hint: of your new repositories, which will suppress this warning, call:
hint:
hint: 	git config --global init.defaultBranch <name>
hint:
hint: Names commonly chosen instead of 'master' are 'main', 'trunk' and
hint: 'development'. The just-created branch can be renamed via this command:
hint:
hint: 	git branch -m <name>
From https://github.com/markbattistella/SKManager
 * tag               26.9.6     -> FETCH_HEAD
HEAD is now at 10f4d99 2026-09-05
Cloned https://github.com/markbattistella/SKManager.git
Revision (git rev-parse @):
10f4d99278b894f96b7050f56dc06615d3268beb
SPI manifest file found: $PWD/.spi.yml
SUCCESS checkout https://github.com/markbattistella/SKManager.git at 26.9.6
========================================
Build
========================================
Selected platform:         android
Swift version:             6.3
Building package at path:  $PWD
https://github.com/markbattistella/SKManager.git
Running build ...
bash -c docker run --pull=always --rm -v "checkouts-54344847-3":/host -w "$PWD" -e JAVA_HOME="/root/.sdkman/candidates/java/current" -e SPI_BUILD="1" -e SPI_PROCESSING="1" registry.gitlab.com/saguaro1/spi-images:android-6.3-latest swift build --swift-sdk aarch64-unknown-linux-android28 2>&1
android-6.3-latest: Pulling from saguaro1/spi-images
Digest: sha256:2b782c87e0bdf114eb0da12f6379a346f06569d6991407581da7dc03d1813adf
Status: Image is up to date for registry.gitlab.com/saguaro1/spi-images:android-6.3-latest
Fetching https://github.com/markbattistella/SimpleLogger
[1/229] Fetching simplelogger
Fetched https://github.com/markbattistella/SimpleLogger from cache (0.89s)
Computing version for https://github.com/markbattistella/SimpleLogger
Computed https://github.com/markbattistella/SimpleLogger at 26.5.26 (1.10s)
Creating working copy for https://github.com/markbattistella/SimpleLogger
Working copy of https://github.com/markbattistella/SimpleLogger resolved at 26.5.26
Building for debugging...
[0/4] Copying PrivacyInfo.xcprivacy
[1/4] Write sources
[3/4] Write swift-version-272D24FF697CF451.txt
error: emit-module command failed with exit code 1 (use -v to see invocation)
[5/26] Emitting module SimpleLogger
/host/spi-builder-workspace/.build/checkouts/SimpleLogger/Sources/SimpleLogger/Core/Logger+Export.swift:8:8: error: no such module 'UniformTypeIdentifiers'
  6 |
  7 | import Foundation
  8 | import UniformTypeIdentifiers
    |        `- error: no such module 'UniformTypeIdentifiers'
  9 |
 10 | extension UTType {
[6/29] Compiling SimpleLogger Category+UI.swift
/host/spi-builder-workspace/.build/checkouts/SimpleLogger/Sources/SimpleLogger/Core/Logger+Export.swift:8:8: error: no such module 'UniformTypeIdentifiers'
  6 |
  7 | import Foundation
  8 | import UniformTypeIdentifiers
    |        `- error: no such module 'UniformTypeIdentifiers'
  9 |
 10 | extension UTType {
[7/29] Compiling SimpleLogger Category+Utilities.swift
/host/spi-builder-workspace/.build/checkouts/SimpleLogger/Sources/SimpleLogger/Core/Logger+Export.swift:8:8: error: no such module 'UniformTypeIdentifiers'
  6 |
  7 | import Foundation
  8 | import UniformTypeIdentifiers
    |        `- error: no such module 'UniformTypeIdentifiers'
  9 |
 10 | extension UTType {
[8/29] Compiling SimpleLogger Logger+Export.swift
/host/spi-builder-workspace/.build/checkouts/SimpleLogger/Sources/SimpleLogger/Core/Logger+Export.swift:8:8: error: no such module 'UniformTypeIdentifiers'
  6 |
  7 | import Foundation
  8 | import UniformTypeIdentifiers
    |        `- error: no such module 'UniformTypeIdentifiers'
  9 |
 10 | extension UTType {
[9/29] Compiling SimpleLogger LoggerRepresentation.swift
/host/spi-builder-workspace/.build/checkouts/SimpleLogger/Sources/SimpleLogger/Core/Logger+Export.swift:8:8: error: no such module 'UniformTypeIdentifiers'
  6 |
  7 | import Foundation
  8 | import UniformTypeIdentifiers
    |        `- error: no such module 'UniformTypeIdentifiers'
  9 |
 10 | extension UTType {
[10/29] Compiling SimpleLogger Duration+Ext.swift
/host/spi-builder-workspace/.build/checkouts/SimpleLogger/Sources/SimpleLogger/Core/Logger+Export.swift:8:8: error: no such module 'UniformTypeIdentifiers'
  6 |
  7 | import Foundation
  8 | import UniformTypeIdentifiers
    |        `- error: no such module 'UniformTypeIdentifiers'
  9 |
 10 | extension UTType {
[11/29] Compiling SimpleLogger LoggerExporter.swift
/host/spi-builder-workspace/.build/checkouts/SimpleLogger/Sources/SimpleLogger/Core/Logger+Export.swift:8:8: error: no such module 'UniformTypeIdentifiers'
  6 |
  7 | import Foundation
  8 | import UniformTypeIdentifiers
    |        `- error: no such module 'UniformTypeIdentifiers'
  9 |
 10 | extension UTType {
[12/29] Compiling SimpleLogger Category+Network.swift
/host/spi-builder-workspace/.build/checkouts/SimpleLogger/Sources/SimpleLogger/Core/Logger+Export.swift:8:8: error: no such module 'UniformTypeIdentifiers'
  6 |
  7 | import Foundation
  8 | import UniformTypeIdentifiers
    |        `- error: no such module 'UniformTypeIdentifiers'
  9 |
 10 | extension UTType {
[13/29] Compiling SimpleLogger Category+Performance.swift
/host/spi-builder-workspace/.build/checkouts/SimpleLogger/Sources/SimpleLogger/Core/Logger+Export.swift:8:8: error: no such module 'UniformTypeIdentifiers'
  6 |
  7 | import Foundation
  8 | import UniformTypeIdentifiers
    |        `- error: no such module 'UniformTypeIdentifiers'
  9 |
 10 | extension UTType {
[14/29] Compiling SimpleLogger Category+Persistence.swift
/host/spi-builder-workspace/.build/checkouts/SimpleLogger/Sources/SimpleLogger/Core/Logger+Export.swift:8:8: error: no such module 'UniformTypeIdentifiers'
  6 |
  7 | import Foundation
  8 | import UniformTypeIdentifiers
    |        `- error: no such module 'UniformTypeIdentifiers'
  9 |
 10 | extension UTType {
[15/29] Compiling SimpleLogger Category+Architecture.swift
/host/spi-builder-workspace/.build/checkouts/SimpleLogger/Sources/SimpleLogger/Core/Logger+Export.swift:8:8: error: no such module 'UniformTypeIdentifiers'
  6 |
  7 | import Foundation
  8 | import UniformTypeIdentifiers
    |        `- error: no such module 'UniformTypeIdentifiers'
  9 |
 10 | extension UTType {
[16/29] Compiling SimpleLogger Category+Commerce.swift
/host/spi-builder-workspace/.build/checkouts/SimpleLogger/Sources/SimpleLogger/Core/Logger+Export.swift:8:8: error: no such module 'UniformTypeIdentifiers'
  6 |
  7 | import Foundation
  8 | import UniformTypeIdentifiers
    |        `- error: no such module 'UniformTypeIdentifiers'
  9 |
 10 | extension UTType {
[17/29] Compiling SimpleLogger Category+Miscellaneous.swift
/host/spi-builder-workspace/.build/checkouts/SimpleLogger/Sources/SimpleLogger/Core/Logger+Export.swift:8:8: error: no such module 'UniformTypeIdentifiers'
  6 |
  7 | import Foundation
  8 | import UniformTypeIdentifiers
    |        `- error: no such module 'UniformTypeIdentifiers'
  9 |
 10 | extension UTType {
[18/29] Compiling SimpleLogger Logger+Filter.swift
/host/spi-builder-workspace/.build/checkouts/SimpleLogger/Sources/SimpleLogger/Core/Logger+Export.swift:8:8: error: no such module 'UniformTypeIdentifiers'
  6 |
  7 | import Foundation
  8 | import UniformTypeIdentifiers
    |        `- error: no such module 'UniformTypeIdentifiers'
  9 |
 10 | extension UTType {
[19/29] Compiling SimpleLogger Logger+Init.swift
/host/spi-builder-workspace/.build/checkouts/SimpleLogger/Sources/SimpleLogger/Core/Logger+Export.swift:8:8: error: no such module 'UniformTypeIdentifiers'
  6 |
  7 | import Foundation
  8 | import UniformTypeIdentifiers
    |        `- error: no such module 'UniformTypeIdentifiers'
  9 |
 10 | extension UTType {
[20/29] Compiling SimpleLogger LoggerCategory.swift
/host/spi-builder-workspace/.build/checkouts/SimpleLogger/Sources/SimpleLogger/Core/Logger+Export.swift:8:8: error: no such module 'UniformTypeIdentifiers'
  6 |
  7 | import Foundation
  8 | import UniformTypeIdentifiers
    |        `- error: no such module 'UniformTypeIdentifiers'
  9 |
 10 | extension UTType {
[21/29] Compiling SimpleLogger CompressionLevel.swift
/host/spi-builder-workspace/.build/checkouts/SimpleLogger/Sources/SimpleLogger/Core/Logger+Export.swift:8:8: error: no such module 'UniformTypeIdentifiers'
  6 |
  7 | import Foundation
  8 | import UniformTypeIdentifiers
    |        `- error: no such module 'UniformTypeIdentifiers'
  9 |
 10 | extension UTType {
[22/29] Compiling SimpleLogger Data+Ext.swift
/host/spi-builder-workspace/.build/checkouts/SimpleLogger/Sources/SimpleLogger/Core/Logger+Export.swift:8:8: error: no such module 'UniformTypeIdentifiers'
  6 |
  7 | import Foundation
  8 | import UniformTypeIdentifiers
    |        `- error: no such module 'UniformTypeIdentifiers'
  9 |
 10 | extension UTType {
[23/29] Compiling SimpleLogger gzip+Error.swift
/host/spi-builder-workspace/.build/checkouts/SimpleLogger/Sources/SimpleLogger/Core/Logger+Export.swift:8:8: error: no such module 'UniformTypeIdentifiers'
  6 |
  7 | import Foundation
  8 | import UniformTypeIdentifiers
    |        `- error: no such module 'UniformTypeIdentifiers'
  9 |
 10 | extension UTType {
[24/29] Compiling SimpleLogger Category+Security.swift
/host/spi-builder-workspace/.build/checkouts/SimpleLogger/Sources/SimpleLogger/Core/Logger+Export.swift:8:8: error: no such module 'UniformTypeIdentifiers'
  6 |
  7 | import Foundation
  8 | import UniformTypeIdentifiers
    |        `- error: no such module 'UniformTypeIdentifiers'
  9 |
 10 | extension UTType {
[25/29] Compiling SimpleLogger Category+System.swift
/host/spi-builder-workspace/.build/checkouts/SimpleLogger/Sources/SimpleLogger/Core/Logger+Export.swift:8:8: error: no such module 'UniformTypeIdentifiers'
  6 |
  7 | import Foundation
  8 | import UniformTypeIdentifiers
    |        `- error: no such module 'UniformTypeIdentifiers'
  9 |
 10 | extension UTType {
[26/29] Compiling SimpleLogger Category+Testing.swift
/host/spi-builder-workspace/.build/checkouts/SimpleLogger/Sources/SimpleLogger/Core/Logger+Export.swift:8:8: error: no such module 'UniformTypeIdentifiers'
  6 |
  7 | import Foundation
  8 | import UniformTypeIdentifiers
    |        `- error: no such module 'UniformTypeIdentifiers'
  9 |
 10 | extension UTType {
[27/29] Compiling SimpleLogger LoggerManager.swift
/host/spi-builder-workspace/.build/checkouts/SimpleLogger/Sources/SimpleLogger/Core/Logger+Export.swift:8:8: error: no such module 'UniformTypeIdentifiers'
  6 |
  7 | import Foundation
  8 | import UniformTypeIdentifiers
    |        `- error: no such module 'UniformTypeIdentifiers'
  9 |
 10 | extension UTType {
[28/29] Compiling SimpleLogger LoggerQuery.swift
/host/spi-builder-workspace/.build/checkouts/SimpleLogger/Sources/SimpleLogger/Core/Logger+Export.swift:8:8: error: no such module 'UniformTypeIdentifiers'
  6 |
  7 | import Foundation
  8 | import UniformTypeIdentifiers
    |        `- error: no such module 'UniformTypeIdentifiers'
  9 |
 10 | extension UTType {
[29/29] Compiling SimpleLogger LoggerReader.swift
/host/spi-builder-workspace/.build/checkouts/SimpleLogger/Sources/SimpleLogger/Core/Logger+Export.swift:8:8: error: no such module 'UniformTypeIdentifiers'
  6 |
  7 | import Foundation
  8 | import UniformTypeIdentifiers
    |        `- error: no such module 'UniformTypeIdentifiers'
  9 |
 10 | extension UTType {
BUILD FAILURE 6.3 android