Build Information
Failed to build SoracomAPI, reference 1.0.0-beta.2 (7feb24), with Swift 6.4 for visionOS using Xcode 27.0 on 19 Sep 2026 13:22:17 UTC.
Build Command
env DEVELOPER_DIR=/Applications/Xcode-27.0.0-Release.Candidate.app xcrun xcodebuild -IDEClonedSourcePackagesDirPathOverride=$PWD/.dependencies -skipMacroValidation -skipPackagePluginValidation -derivedDataPath $PWD/.derivedData build -scheme SoracomAPI-Package -destination generic/platform=xrOSBuild Log
cd /Users/admin/builder/spi-builder-workspace/.swiftpm/xcode
builtin-SwiftPerFileCompile UnsetExpiryTime.swift
SwiftCompile normal arm64 /Users/admin/builder/spi-builder-workspace/Sources/SoracomAPI/AutoGeneratedCode/Requests/Subscriber/UnsetGroup.swift (in target 'SoracomAPI' from project 'SoracomAPI')
cd /Users/admin/builder/spi-builder-workspace/.swiftpm/xcode
builtin-SwiftPerFileCompile UnsetGroup.swift
SwiftDriverJobDiscovery normal arm64 Compiling CreateEventHandlerRequest.swift, CreateGroupRequest.swift, CreateOrUpdateRoleRequest.swift, CreateRoleResponse.swift, CreateSubscriberResponse.swift, CreateUserPasswordRequest.swift, CreateUserRequest.swift, CreateVirtualPrivateGatewayRequest.swift, CreateVpcPeeringConnectionRequest.swift, CredentialsModel.swift, CreditCard.swift, DailyBill.swift, DailyBillResponse.swift, DataEntry.swift, DataSourceResourceMetadata.swift, DataTrafficStats.swift, DataTrafficStatsMap.swift, Device.swift, DeviceObjectModel.swift, EnableMFAOTPResponse.swift, ErrorType.swift, EstimatedOrderItemModel.swift, EstimatedOrderModel.swift, EventHandlerModel.swift (in target 'SoracomAPI' from project 'SoracomAPI')
SwiftDriverJobDiscovery normal arm64 Compiling ExpiryTime.swift, ExportRequest.swift, FileExportResponse.swift, FunnelConfiguration.swift, FunnelDestination.swift, GatePeer.swift, GenerateOperatorsAuthKeyResponse.swift, GenerateTokenRequest.swift, GenerateTokenResponse.swift, GenerateUserAuthKeyResponse.swift, GetBillingHistoryResponse.swift, GetExportedFileResponse.swift, GetLatestBill.swift, GetOperatorResponse.swift, GetOrderResponse.swift, GetPaymentMethodResult.swift, GetPaymentTransactionResult.swift, GetShippingAddressResponse.swift, GetSignupTokenRequest.swift, GetSignupTokenResponse.swift, GetUserPasswordResponse.swift, GetUserPermissionResponse.swift, Group.swift, GroupConfigurationUpdateRequest.swift (in target 'SoracomAPI' from project 'SoracomAPI')
SwiftDriverJobDiscovery normal arm64 Compiling UnsetImeiLock.swift, UpdateSpeedClass.swift, VerifySubscriberTransferToken.swift, CreateUser.swift, CreateUserPassword.swift, DeleteUser.swift, DeleteUserAuthKey.swift, DeleteUserPassword.swift, GenerateUserAuthKey.swift, GetUser.swift, GetUserAuthKey.swift, GetUserPermission.swift, HasUserPassword.swift, ListUserAuthKeys.swift, ListUsers.swift, UpdateUser.swift, UpdateUserPassword.swift, UpdateUserPermission.swift, CloseGate.swift, CreateMirroringPeer.swift, CreateVirtualPrivateGateway.swift, CreateVpcPeeringConnection.swift, DeleteMirroringPeer.swift (in target 'SoracomAPI' from project 'SoracomAPI')
Copy /Users/admin/builder/spi-builder-workspace/.derivedData/Build/Products/Debug-xros/SoracomAPI.swiftmodule/arm64-apple-xros.swiftmodule /Users/admin/builder/spi-builder-workspace/.derivedData/Build/Intermediates.noindex/SoracomAPI.build/Debug-xros/SoracomAPI-t.build/Objects-normal/arm64/SoracomAPI.swiftmodule (in target 'SoracomAPI' from project 'SoracomAPI')
cd /Users/admin/builder/spi-builder-workspace
builtin-copy -exclude .DS_Store -exclude CVS -exclude .svn -exclude .git -exclude .hg -resolve-src-symlinks -rename /Users/admin/builder/spi-builder-workspace/.derivedData/Build/Intermediates.noindex/SoracomAPI.build/Debug-xros/SoracomAPI-t.build/Objects-normal/arm64/SoracomAPI.swiftmodule /Users/admin/builder/spi-builder-workspace/.derivedData/Build/Products/Debug-xros/SoracomAPI.swiftmodule/arm64-apple-xros.swiftmodule
Copy /Users/admin/builder/spi-builder-workspace/.derivedData/Build/Products/Debug-xros/SoracomAPI.swiftmodule/arm64-apple-xros.swiftdoc /Users/admin/builder/spi-builder-workspace/.derivedData/Build/Intermediates.noindex/SoracomAPI.build/Debug-xros/SoracomAPI-t.build/Objects-normal/arm64/SoracomAPI.swiftdoc (in target 'SoracomAPI' from project 'SoracomAPI')
cd /Users/admin/builder/spi-builder-workspace
builtin-copy -exclude .DS_Store -exclude CVS -exclude .svn -exclude .git -exclude .hg -resolve-src-symlinks -rename /Users/admin/builder/spi-builder-workspace/.derivedData/Build/Intermediates.noindex/SoracomAPI.build/Debug-xros/SoracomAPI-t.build/Objects-normal/arm64/SoracomAPI.swiftdoc /Users/admin/builder/spi-builder-workspace/.derivedData/Build/Products/Debug-xros/SoracomAPI.swiftmodule/arm64-apple-xros.swiftdoc
Copy /Users/admin/builder/spi-builder-workspace/.derivedData/Build/Products/Debug-xros/SoracomAPI.swiftmodule/arm64-apple-xros.abi.json /Users/admin/builder/spi-builder-workspace/.derivedData/Build/Intermediates.noindex/SoracomAPI.build/Debug-xros/SoracomAPI-t.build/Objects-normal/arm64/SoracomAPI.abi.json (in target 'SoracomAPI' from project 'SoracomAPI')
cd /Users/admin/builder/spi-builder-workspace
builtin-copy -exclude .DS_Store -exclude CVS -exclude .svn -exclude .git -exclude .hg -resolve-src-symlinks -rename /Users/admin/builder/spi-builder-workspace/.derivedData/Build/Intermediates.noindex/SoracomAPI.build/Debug-xros/SoracomAPI-t.build/Objects-normal/arm64/SoracomAPI.abi.json /Users/admin/builder/spi-builder-workspace/.derivedData/Build/Products/Debug-xros/SoracomAPI.swiftmodule/arm64-apple-xros.abi.json
Copy /Users/admin/builder/spi-builder-workspace/.derivedData/Build/Products/Debug-xros/SoracomAPI.swiftmodule/Project/arm64-apple-xros.swiftsourceinfo /Users/admin/builder/spi-builder-workspace/.derivedData/Build/Intermediates.noindex/SoracomAPI.build/Debug-xros/SoracomAPI-t.build/Objects-normal/arm64/SoracomAPI.swiftsourceinfo (in target 'SoracomAPI' from project 'SoracomAPI')
cd /Users/admin/builder/spi-builder-workspace
builtin-copy -exclude .DS_Store -exclude CVS -exclude .svn -exclude .git -exclude .hg -resolve-src-symlinks -rename /Users/admin/builder/spi-builder-workspace/.derivedData/Build/Intermediates.noindex/SoracomAPI.build/Debug-xros/SoracomAPI-t.build/Objects-normal/arm64/SoracomAPI.swiftsourceinfo /Users/admin/builder/spi-builder-workspace/.derivedData/Build/Products/Debug-xros/SoracomAPI.swiftmodule/Project/arm64-apple-xros.swiftsourceinfo
SwiftDriver SoracomAPIDemo normal arm64 com.apple.xcode.tools.swift.compiler (in target 'SoracomAPIDemo-product' from project 'SoracomAPI')
cd /Users/admin/builder/spi-builder-workspace/.swiftpm/xcode
builtin-SwiftDriver -- /Applications/Xcode-27.0.0-Release.Candidate.app/Contents/Developer/Toolchains/XcodeDefault.xctoolchain/usr/bin/swiftc -module-name SoracomAPIDemo -Onone @/Users/admin/builder/spi-builder-workspace/.derivedData/Build/Intermediates.noindex/SoracomAPI.build/Debug-xros/SoracomAPIDemo-p.build/Objects-normal/arm64/SoracomAPIDemo.SwiftFileList -DSWIFT_PACKAGE -DDEBUG -DXcode -plugin-path /Applications/Xcode-27.0.0-Release.Candidate.app/Contents/Developer/Toolchains/XcodeDefault.xctoolchain/usr/lib/swift/host/plugins/testing -enable-experimental-feature DebugDescriptionMacro -sdk /Applications/Xcode-27.0.0-Release.Candidate.app/Contents/Developer/Platforms/XROS.platform/Developer/SDKs/XROS27.0.sdk -target arm64-apple-xros1.0 -g -module-cache-path /Users/admin/builder/spi-builder-workspace/.derivedData/ModuleCache.noindex -Xfrontend -serialize-debugging-options -profile-coverage-mapping -profile-generate -enable-testing -index-store-path /Users/admin/builder/spi-builder-workspace/.derivedData/Index.noindex/DataStore -Xcc -D_LIBCPP_HARDENING_MODE\=_LIBCPP_HARDENING_MODE_DEBUG -swift-version 4.2 -I /Users/admin/builder/spi-builder-workspace/.derivedData/Build/Products/Debug-xros -Isystem /Applications/Xcode-27.0.0-Release.Candidate.app/Contents/Developer/Platforms/XROS.platform/Developer/usr/lib -F /Users/admin/builder/spi-builder-workspace/.derivedData/Build/Products/Debug-xros/PackageFrameworks -F /Users/admin/builder/spi-builder-workspace/.derivedData/Build/Products/Debug-xros -F /Applications/Xcode-27.0.0-Release.Candidate.app/Contents/Developer/Platforms/XROS.platform/Developer/Library/Frameworks -F /Applications/Xcode-27.0.0-Release.Candidate.app/Contents/Developer/Platforms/XROS.platform/Developer/SDKs/XROS27.0.sdk/Developer/Library/Frameworks -c -j10 -enable-batch-mode -incremental -Xcc -ivfsstatcache -Xcc /Users/admin/builder/spi-builder-workspace/.derivedData/SDKStatCaches.noindex/xros27.0-24M361-e829b21a6f8c9b70876ba0858053c044735bd543db762f57723cac368afd1ce4.sdkstatcache -output-file-map /Users/admin/builder/spi-builder-workspace/.derivedData/Build/Intermediates.noindex/SoracomAPI.build/Debug-xros/SoracomAPIDemo-p.build/Objects-normal/arm64/SoracomAPIDemo-OutputFileMap.json -save-temps -no-color-diagnostics -emit-dependencies -emit-module -emit-module-path /Users/admin/builder/spi-builder-workspace/.derivedData/Build/Intermediates.noindex/SoracomAPI.build/Debug-xros/SoracomAPIDemo-p.build/Objects-normal/arm64/SoracomAPIDemo.swiftmodule -serialize-diagnostics -validate-clang-modules-once -clang-build-session-file /Users/admin/builder/spi-builder-workspace/.derivedData/ModuleCache.noindex/Session.modulevalidation -Xcc -fmodules-prune-interval\=86400 -Xcc -fmodules-prune-after\=345600 -emit-const-values -const-gather-protocols-list /Users/admin/builder/spi-builder-workspace/.derivedData/Build/Intermediates.noindex/SoracomAPI.build/Debug-xros/SoracomAPIDemo-p.build/Objects-normal/arm64/SoracomAPIDemo_const_extract_protocols.json -Xcc -I/Users/admin/builder/spi-builder-workspace/.derivedData/Build/Products/Debug-xros/include -Xcc -I/Users/admin/builder/spi-builder-workspace/.derivedData/Build/Intermediates.noindex/SoracomAPI.build/Debug-xros/SoracomAPIDemo-p.build/DerivedSources-normal/arm64 -Xcc -I/Users/admin/builder/spi-builder-workspace/.derivedData/Build/Intermediates.noindex/SoracomAPI.build/Debug-xros/SoracomAPIDemo-p.build/DerivedSources/arm64 -Xcc -I/Users/admin/builder/spi-builder-workspace/.derivedData/Build/Intermediates.noindex/SoracomAPI.build/Debug-xros/SoracomAPIDemo-p.build/DerivedSources -Xcc -DSWIFT_PACKAGE -Xcc -DDEBUG\=1 -working-directory /Users/admin/builder/spi-builder-workspace/.swiftpm/xcode -experimental-emit-module-separately -disable-cmo
SwiftEmitModule normal arm64 Emitting\ module\ for\ SoracomAPIDemo (in target 'SoracomAPIDemo-product' from project 'SoracomAPI')
SwiftCompile normal arm64 (in target 'SoracomAPIDemo-product' from project 'SoracomAPI')
cd /Users/admin/builder/spi-builder-workspace/.swiftpm/xcode
SwiftCompile normal arm64 Compiling\ Strings.swift /Users/admin/builder/spi-builder-workspace/Sources/SoracomAPIDemo/Strings.swift (in target 'SoracomAPIDemo-product' from project 'SoracomAPI')
SwiftCompile normal arm64 /Users/admin/builder/spi-builder-workspace/Sources/SoracomAPIDemo/Strings.swift (in target 'SoracomAPIDemo-product' from project 'SoracomAPI')
cd /Users/admin/builder/spi-builder-workspace/.swiftpm/xcode
builtin-SwiftPerFileCompile Strings.swift
SwiftDriverJobDiscovery normal arm64 Compiling DeleteVirtualPrivateGatewayIpAddressMapEntry.swift, DeleteVpcPeeringConnection.swift, GetVirtualPrivateGateway.swift, ListGatePeers.swift, ListVirtualPrivateGatewayIpAddressMapEntries.swift, ListVirtualPrivateGateways.swift, OpenGate.swift, PutVirtualPrivateGatewayIpAddressMapEntry.swift, RegisterGatePeer.swift, SetInspectionConfiguration.swift, SetRedirectionConfiguration.swift, TerminateVirtualPrivateGateway.swift, UnregisterGatePeer.swift, UnsetInspectionConfiguration.swift, UnsetRedirectionConfiguration.swift, UpdateMirroringPeer.swift, ResponseDecoder.swift, Client.swift, Constants.swift, Enums.swift, HTTPMethod.swift, JSONComparison.swift, AuthRequest+Extras.swift (in target 'SoracomAPI' from project 'SoracomAPI')
SwiftCompile normal arm64 Compiling\ main.swift /Users/admin/builder/spi-builder-workspace/Sources/SoracomAPIDemo/main.swift (in target 'SoracomAPIDemo-product' from project 'SoracomAPI')
SwiftCompile normal arm64 /Users/admin/builder/spi-builder-workspace/Sources/SoracomAPIDemo/main.swift (in target 'SoracomAPIDemo-product' from project 'SoracomAPI')
cd /Users/admin/builder/spi-builder-workspace/.swiftpm/xcode
builtin-SwiftPerFileCompile main.swift
SwiftDriverJobDiscovery normal arm64 Emitting module for SoracomAPIDemo (in target 'SoracomAPIDemo-product' from project 'SoracomAPI')
SwiftDriver\ Compilation\ Requirements SoracomAPIDemo normal arm64 com.apple.xcode.tools.swift.compiler (in target 'SoracomAPIDemo-product' from project 'SoracomAPI')
cd /Users/admin/builder/spi-builder-workspace/.swiftpm/xcode
builtin-Swift-Compilation-Requirements -- /Applications/Xcode-27.0.0-Release.Candidate.app/Contents/Developer/Toolchains/XcodeDefault.xctoolchain/usr/bin/swiftc -module-name SoracomAPIDemo -Onone @/Users/admin/builder/spi-builder-workspace/.derivedData/Build/Intermediates.noindex/SoracomAPI.build/Debug-xros/SoracomAPIDemo-p.build/Objects-normal/arm64/SoracomAPIDemo.SwiftFileList -DSWIFT_PACKAGE -DDEBUG -DXcode -plugin-path /Applications/Xcode-27.0.0-Release.Candidate.app/Contents/Developer/Toolchains/XcodeDefault.xctoolchain/usr/lib/swift/host/plugins/testing -enable-experimental-feature DebugDescriptionMacro -sdk /Applications/Xcode-27.0.0-Release.Candidate.app/Contents/Developer/Platforms/XROS.platform/Developer/SDKs/XROS27.0.sdk -target arm64-apple-xros1.0 -g -module-cache-path /Users/admin/builder/spi-builder-workspace/.derivedData/ModuleCache.noindex -Xfrontend -serialize-debugging-options -profile-coverage-mapping -profile-generate -enable-testing -index-store-path /Users/admin/builder/spi-builder-workspace/.derivedData/Index.noindex/DataStore -Xcc -D_LIBCPP_HARDENING_MODE\=_LIBCPP_HARDENING_MODE_DEBUG -swift-version 4.2 -I /Users/admin/builder/spi-builder-workspace/.derivedData/Build/Products/Debug-xros -Isystem /Applications/Xcode-27.0.0-Release.Candidate.app/Contents/Developer/Platforms/XROS.platform/Developer/usr/lib -F /Users/admin/builder/spi-builder-workspace/.derivedData/Build/Products/Debug-xros/PackageFrameworks -F /Users/admin/builder/spi-builder-workspace/.derivedData/Build/Products/Debug-xros -F /Applications/Xcode-27.0.0-Release.Candidate.app/Contents/Developer/Platforms/XROS.platform/Developer/Library/Frameworks -F /Applications/Xcode-27.0.0-Release.Candidate.app/Contents/Developer/Platforms/XROS.platform/Developer/SDKs/XROS27.0.sdk/Developer/Library/Frameworks -c -j10 -enable-batch-mode -incremental -Xcc -ivfsstatcache -Xcc /Users/admin/builder/spi-builder-workspace/.derivedData/SDKStatCaches.noindex/xros27.0-24M361-e829b21a6f8c9b70876ba0858053c044735bd543db762f57723cac368afd1ce4.sdkstatcache -output-file-map /Users/admin/builder/spi-builder-workspace/.derivedData/Build/Intermediates.noindex/SoracomAPI.build/Debug-xros/SoracomAPIDemo-p.build/Objects-normal/arm64/SoracomAPIDemo-OutputFileMap.json -save-temps -no-color-diagnostics -emit-dependencies -emit-module -emit-module-path /Users/admin/builder/spi-builder-workspace/.derivedData/Build/Intermediates.noindex/SoracomAPI.build/Debug-xros/SoracomAPIDemo-p.build/Objects-normal/arm64/SoracomAPIDemo.swiftmodule -serialize-diagnostics -validate-clang-modules-once -clang-build-session-file /Users/admin/builder/spi-builder-workspace/.derivedData/ModuleCache.noindex/Session.modulevalidation -Xcc -fmodules-prune-interval\=86400 -Xcc -fmodules-prune-after\=345600 -emit-const-values -const-gather-protocols-list /Users/admin/builder/spi-builder-workspace/.derivedData/Build/Intermediates.noindex/SoracomAPI.build/Debug-xros/SoracomAPIDemo-p.build/Objects-normal/arm64/SoracomAPIDemo_const_extract_protocols.json -Xcc -I/Users/admin/builder/spi-builder-workspace/.derivedData/Build/Products/Debug-xros/include -Xcc -I/Users/admin/builder/spi-builder-workspace/.derivedData/Build/Intermediates.noindex/SoracomAPI.build/Debug-xros/SoracomAPIDemo-p.build/DerivedSources-normal/arm64 -Xcc -I/Users/admin/builder/spi-builder-workspace/.derivedData/Build/Intermediates.noindex/SoracomAPI.build/Debug-xros/SoracomAPIDemo-p.build/DerivedSources/arm64 -Xcc -I/Users/admin/builder/spi-builder-workspace/.derivedData/Build/Intermediates.noindex/SoracomAPI.build/Debug-xros/SoracomAPIDemo-p.build/DerivedSources -Xcc -DSWIFT_PACKAGE -Xcc -DDEBUG\=1 -working-directory /Users/admin/builder/spi-builder-workspace/.swiftpm/xcode -experimental-emit-module-separately -disable-cmo
SwiftDriverJobDiscovery normal arm64 Compiling Strings.swift (in target 'SoracomAPIDemo-product' from project 'SoracomAPI')
SwiftCompile normal arm64 Compiling\ SimpleMenu.swift /Users/admin/builder/spi-builder-workspace/Sources/SoracomAPIDemo/SimpleMenu.swift (in target 'SoracomAPIDemo-product' from project 'SoracomAPI')
SwiftCompile normal arm64 /Users/admin/builder/spi-builder-workspace/Sources/SoracomAPIDemo/SimpleMenu.swift (in target 'SoracomAPIDemo-product' from project 'SoracomAPI')
cd /Users/admin/builder/spi-builder-workspace/.swiftpm/xcode
builtin-SwiftPerFileCompile SimpleMenu.swift
SwiftCompile normal arm64 Compiling\ CLIDemo.swift /Users/admin/builder/spi-builder-workspace/Sources/SoracomAPIDemo/CLIDemo.swift (in target 'SoracomAPIDemo-product' from project 'SoracomAPI')
SwiftCompile normal arm64 /Users/admin/builder/spi-builder-workspace/Sources/SoracomAPIDemo/CLIDemo.swift (in target 'SoracomAPIDemo-product' from project 'SoracomAPI')
cd /Users/admin/builder/spi-builder-workspace/.swiftpm/xcode
builtin-SwiftPerFileCompile CLIDemo.swift
SwiftDriverJobDiscovery normal arm64 Compiling main.swift (in target 'SoracomAPIDemo-product' from project 'SoracomAPI')
SwiftDriverJobDiscovery normal arm64 Compiling RegisterOrderedSim.swift, ActivatePaymentMethod.swift, ExportPaymentStatement.swift, GetPayerInformation.swift, GetPaymentMethod.swift, GetPaymentTransaction.swift, ListCoupons.swift, ListPaymentStatements.swift, RegisterCoupon.swift, RegisterPayerInformation.swift, RegisterWebPayPaymentMethod.swift, SearchSubscribers.swift, AttachRole.swift, CreateRole.swift, DeleteRole.swift, DetachRole.swift, GetRole.swift, ListRoleAttachedUsers.swift, ListRoles.swift, ListUserRoles.swift, UpdateRole.swift, CreateShippingAddress.swift, DeleteShippingAddress.swift (in target 'SoracomAPI' from project 'SoracomAPI')
SwiftCompile normal arm64 Compiling\ InputReader.swift /Users/admin/builder/spi-builder-workspace/Sources/SoracomAPIDemo/InputReader.swift (in target 'SoracomAPIDemo-product' from project 'SoracomAPI')
SwiftCompile normal arm64 /Users/admin/builder/spi-builder-workspace/Sources/SoracomAPIDemo/InputReader.swift (in target 'SoracomAPIDemo-product' from project 'SoracomAPI')
cd /Users/admin/builder/spi-builder-workspace/.swiftpm/xcode
builtin-SwiftPerFileCompile InputReader.swift
SwiftDriverJobDiscovery normal arm64 Compiling GetShippingAddress.swift, ListShippingAddresses.swift, UpdateShippingAddress.swift, DeleteSigfoxDeviceTag.swift, DisableTerminationOnSigfoxDevice.swift, EnableTerminationOnSigfoxDevice.swift, GetDataFromSigfoxDevice.swift, GetSigfoxDevice.swift, ListSigfoxDevices.swift, PutSigfoxDeviceTags.swift, RegisterSigfoxDevice.swift, SendDataToSigfoxDevice.swift, SetSigfoxDeviceGroup.swift, TerminateSigfoxDevice.swift, UnsetSigfoxDeviceGroup.swift, ExportAirStats.swift, ExportBeamStats.swift, GetAirStats.swift, GetBeamStats.swift, InsertAirStats.swift, InsertBeamStats.swift, ActivateSubscriber.swift, CreateSandboxSubscriber.swift (in target 'SoracomAPI' from project 'SoracomAPI')
PruneExplicitPrecompiledModules /Users/admin/builder/spi-builder-workspace/.derivedData/Build/Intermediates.noindex/SwiftExplicitPrecompiledModules
PruneExplicitPrecompiledModules /Users/admin/builder/spi-builder-workspace/.derivedData/SDKExplicitPrecompiledModules
PruneExplicitPrecompiledModules /Users/admin/builder/spi-builder-workspace/.derivedData/Build/Intermediates.noindex/ExplicitPrecompiledModules
2026-09-19 09:22:03.992 xcodebuild[690:4424] [MT] IDERunDestination: Supported platforms for the buildables in the current scheme is empty.
** BUILD FAILED **
The following build commands failed:
SwiftCompile normal arm64 /Users/admin/builder/spi-builder-workspace/Sources/SoracomAPI/SoracomCredentials.swift (in target 'SoracomAPI' from project 'SoracomAPI')
SwiftCompile normal arm64 /Users/admin/builder/spi-builder-workspace/Sources/SoracomAPI/Utility/Keychain.swift (in target 'SoracomAPI' from project 'SoracomAPI')
SwiftCompile normal arm64 Compiling\ BeamCounts+Extras.swift,\ CredentialsModel+Extras.swift,\ CreditCard+Extras.swift,\ NoResponseBody.swift,\ Subscriber+Extras.swift,\ Tag+Extras.swift,\ TagUpdateRequest+Extras.swift,\ Request+Auth.swift,\ Request+Group.swift,\ Request+Operator.swift,\ Request+Subscriber.swift,\ Request.swift,\ RequestQueue.swift,\ RequestResponseFormatter.swift,\ Response.swift,\ SoracomCredentials.swift,\ Codable+SoracomAPI.swift,\ Data+SoracomAPI.swift,\ Keychain.swift,\ Metrics.swift,\ NSDate+SoracomAPI.swift,\ String+SoracomAPI.swift,\ TextStyle.swift /Users/admin/builder/spi-builder-workspace/Sources/SoracomAPI/Models/BeamCounts+Extras.swift /Users/admin/builder/spi-builder-workspace/Sources/SoracomAPI/Models/CredentialsModel+Extras.swift /Users/admin/builder/spi-builder-workspace/Sources/SoracomAPI/Models/CreditCard+Extras.swift /Users/admin/builder/spi-builder-workspace/Sources/SoracomAPI/Models/NoResponseBody.swift /Users/admin/builder/spi-builder-workspace/Sources/SoracomAPI/Models/Subscriber+Extras.swift /Users/admin/builder/spi-builder-workspace/Sources/SoracomAPI/Models/Tag+Extras.swift /Users/admin/builder/spi-builder-workspace/Sources/SoracomAPI/Models/TagUpdateRequest+Extras.swift /Users/admin/builder/spi-builder-workspace/Sources/SoracomAPI/Request+Auth.swift /Users/admin/builder/spi-builder-workspace/Sources/SoracomAPI/Request+Group.swift /Users/admin/builder/spi-builder-workspace/Sources/SoracomAPI/Request+Operator.swift /Users/admin/builder/spi-builder-workspace/Sources/SoracomAPI/Request+Subscriber.swift /Users/admin/builder/spi-builder-workspace/Sources/SoracomAPI/Request.swift /Users/admin/builder/spi-builder-workspace/Sources/SoracomAPI/RequestQueue.swift /Users/admin/builder/spi-builder-workspace/Sources/SoracomAPI/RequestResponseFormatter.swift /Users/admin/builder/spi-builder-workspace/Sources/SoracomAPI/Response.swift /Users/admin/builder/spi-builder-workspace/Sources/SoracomAPI/SoracomCredentials.swift /Users/admin/builder/spi-builder-workspace/Sources/SoracomAPI/Utility/Codable+SoracomAPI.swift /Users/admin/builder/spi-builder-workspace/Sources/SoracomAPI/Utility/Data+SoracomAPI.swift /Users/admin/builder/spi-builder-workspace/Sources/SoracomAPI/Utility/Keychain.swift /Users/admin/builder/spi-builder-workspace/Sources/SoracomAPI/Utility/Metrics.swift /Users/admin/builder/spi-builder-workspace/Sources/SoracomAPI/Utility/NSDate+SoracomAPI.swift /Users/admin/builder/spi-builder-workspace/Sources/SoracomAPI/Utility/String+SoracomAPI.swift /Users/admin/builder/spi-builder-workspace/Sources/SoracomAPI/Utility/TextStyle.swift (in target 'SoracomAPI' from project 'SoracomAPI')
Building workspace SoracomAPI with scheme SoracomAPI-Package
(4 failures)
Command line invocation:
/Applications/Xcode-27.0.0-Release.Candidate.app/Contents/Developer/usr/bin/xcodebuild -IDEClonedSourcePackagesDirPathOverride=/Users/admin/builder/spi-builder-workspace/.dependencies -resolvePackageDependencies
Resolve Package Graph
Resolved source packages:
SoracomAPI: /Users/admin/builder/spi-builder-workspace
resolved source packages: SoracomAPI
2026-09-19 09:22:12.157 xcodebuild[746:5072] [MT] IDERunDestination: Supported platforms for the buildables in the current scheme is empty.
{
"dependencies" : [
],
"manifest_display_name" : "SoracomAPI",
"name" : "SoracomAPI",
"path" : "/Users/admin/builder/spi-builder-workspace",
"platforms" : [
],
"products" : [
{
"name" : "SoracomAPI",
"targets" : [
"SoracomAPI"
],
"type" : {
"library" : [
"automatic"
]
}
},
{
"name" : "SoracomAPIDemo",
"targets" : [
"SoracomAPIDemo"
],
"type" : {
"executable" : null
}
}
],
"targets" : [
{
"c99name" : "SoracomAPITests",
"module_type" : "SwiftTarget",
"name" : "SoracomAPITests",
"path" : "Tests/SoracomAPITests",
"sources" : [
"APIErrorTests.swift",
"APIOperationTests.swift",
"APIStructuresTests.swift",
"BaseTestCase.swift",
"BaseTestCaseTests.swift",
"CredentialTests.swift",
"DevelopmentEnvironmentTests.swift",
"Fixtures.swift",
"IssueDebuggingTests.swift",
"JSONComparisonTests.swift",
"KeychainTests.swift",
"ListOrdersTests.swift",
"ModelExtensionTests.swift",
"NSDate+SoracomAPITests.swift",
"OrdersTests.swift",
"RegisterSIMTests.swift",
"Request+AuthTests.swift",
"Request+CredentialsTests.swift",
"Request+GroupTests.swift",
"Request+SandboxTests.swift",
"Request+SubscriberTests.swift",
"RequestTests.swift",
"ResponseTests.swift",
"SerializationTests.swift",
"SoracomCredentialsTests.swift",
"SubscriberTests.swift",
"TagUpdateRequestTests.swift"
],
"target_dependencies" : [
"SoracomAPI"
],
"type" : "test"
},
{
"c99name" : "SoracomAPIDemo",
"module_type" : "SwiftTarget",
"name" : "SoracomAPIDemo",
"path" : "Sources/SoracomAPIDemo",
"product_memberships" : [
"SoracomAPIDemo"
],
"sources" : [
"CLIDemo.swift",
"InputReader.swift",
"SimpleMenu.swift",
"Strings.swift",
"main.swift"
],
"target_dependencies" : [
"SoracomAPI"
],
"type" : "executable"
},
{
"c99name" : "SoracomAPI",
"module_type" : "SwiftTarget",
"name" : "SoracomAPI",
"path" : "Sources/SoracomAPI",
"product_memberships" : [
"SoracomAPI",
"SoracomAPIDemo"
],
"sources" : [
"APIError.swift",
"APIOperation.swift",
"AutoGeneratedCode/API.swift",
"AutoGeneratedCode/AnyCodable.swift",
"AutoGeneratedCode/Coding.swift",
"AutoGeneratedCode/Models/APICallError.swift",
"AutoGeneratedCode/Models/APICallErrorMessage.swift",
"AutoGeneratedCode/Models/APIKeyResponse.swift",
"AutoGeneratedCode/Models/ActionConfig.swift",
"AutoGeneratedCode/Models/ActionConfigProperty.swift",
"AutoGeneratedCode/Models/AirStatsResponse.swift",
"AutoGeneratedCode/Models/AttachRoleRequest.swift",
"AutoGeneratedCode/Models/AttributeUpdate.swift",
"AutoGeneratedCode/Models/AuthKeyResponse.swift",
"AutoGeneratedCode/Models/AuthRequest.swift",
"AutoGeneratedCode/Models/AuthResponse.swift",
"AutoGeneratedCode/Models/BeamCounts.swift",
"AutoGeneratedCode/Models/BeamStatsResponse.swift",
"AutoGeneratedCode/Models/Config.swift",
"AutoGeneratedCode/Models/CouponResponse.swift",
"AutoGeneratedCode/Models/CreateAndUpdateCredentialsModel.swift",
"AutoGeneratedCode/Models/CreateCouponRequest.swift",
"AutoGeneratedCode/Models/CreateCouponResponse.swift",
"AutoGeneratedCode/Models/CreateEstimatedOrderRequest.swift",
"AutoGeneratedCode/Models/CreateEventHandlerRequest.swift",
"AutoGeneratedCode/Models/CreateGroupRequest.swift",
"AutoGeneratedCode/Models/CreateOrUpdateRoleRequest.swift",
"AutoGeneratedCode/Models/CreateRoleResponse.swift",
"AutoGeneratedCode/Models/CreateSubscriberResponse.swift",
"AutoGeneratedCode/Models/CreateUserPasswordRequest.swift",
"AutoGeneratedCode/Models/CreateUserRequest.swift",
"AutoGeneratedCode/Models/CreateVirtualPrivateGatewayRequest.swift",
"AutoGeneratedCode/Models/CreateVpcPeeringConnectionRequest.swift",
"AutoGeneratedCode/Models/CredentialsModel.swift",
"AutoGeneratedCode/Models/CreditCard.swift",
"AutoGeneratedCode/Models/DailyBill.swift",
"AutoGeneratedCode/Models/DailyBillResponse.swift",
"AutoGeneratedCode/Models/DataEntry.swift",
"AutoGeneratedCode/Models/DataSourceResourceMetadata.swift",
"AutoGeneratedCode/Models/DataTrafficStats.swift",
"AutoGeneratedCode/Models/DataTrafficStatsMap.swift",
"AutoGeneratedCode/Models/Device.swift",
"AutoGeneratedCode/Models/DeviceObjectModel.swift",
"AutoGeneratedCode/Models/EnableMFAOTPResponse.swift",
"AutoGeneratedCode/Models/ErrorType.swift",
"AutoGeneratedCode/Models/EstimatedOrderItemModel.swift",
"AutoGeneratedCode/Models/EstimatedOrderModel.swift",
"AutoGeneratedCode/Models/EventHandlerModel.swift",
"AutoGeneratedCode/Models/ExpiryTime.swift",
"AutoGeneratedCode/Models/ExportRequest.swift",
"AutoGeneratedCode/Models/FileExportResponse.swift",
"AutoGeneratedCode/Models/FunnelConfiguration.swift",
"AutoGeneratedCode/Models/FunnelDestination.swift",
"AutoGeneratedCode/Models/GatePeer.swift",
"AutoGeneratedCode/Models/GenerateOperatorsAuthKeyResponse.swift",
"AutoGeneratedCode/Models/GenerateTokenRequest.swift",
"AutoGeneratedCode/Models/GenerateTokenResponse.swift",
"AutoGeneratedCode/Models/GenerateUserAuthKeyResponse.swift",
"AutoGeneratedCode/Models/GetBillingHistoryResponse.swift",
"AutoGeneratedCode/Models/GetExportedFileResponse.swift",
"AutoGeneratedCode/Models/GetLatestBill.swift",
"AutoGeneratedCode/Models/GetOperatorResponse.swift",
"AutoGeneratedCode/Models/GetOrderResponse.swift",
"AutoGeneratedCode/Models/GetPaymentMethodResult.swift",
"AutoGeneratedCode/Models/GetPaymentTransactionResult.swift",
"AutoGeneratedCode/Models/GetShippingAddressResponse.swift",
"AutoGeneratedCode/Models/GetSignupTokenRequest.swift",
"AutoGeneratedCode/Models/GetSignupTokenResponse.swift",
"AutoGeneratedCode/Models/GetUserPasswordResponse.swift",
"AutoGeneratedCode/Models/GetUserPermissionResponse.swift",
"AutoGeneratedCode/Models/Group.swift",
"AutoGeneratedCode/Models/GroupConfigurationUpdateRequest.swift",
"AutoGeneratedCode/Models/ImeiLock.swift",
"AutoGeneratedCode/Models/InitRequest.swift",
"AutoGeneratedCode/Models/InsertAirStatsRequest.swift",
"AutoGeneratedCode/Models/InsertBeamStatsRequest.swift",
"AutoGeneratedCode/Models/IpAddressMapEntry.swift",
"AutoGeneratedCode/Models/IssueEmailChangeTokenRequest.swift",
"AutoGeneratedCode/Models/IssuePasswordResetTokenRequest.swift",
"AutoGeneratedCode/Models/IssueSubscriberTransferTokenRequest.swift",
"AutoGeneratedCode/Models/IssueSubscriberTransferTokenResponse.swift",
"AutoGeneratedCode/Models/JunctionInspectionConfiguration.swift",
"AutoGeneratedCode/Models/JunctionMirroringConfiguration.swift",
"AutoGeneratedCode/Models/JunctionMirroringPeer.swift",
"AutoGeneratedCode/Models/JunctionRedirectionConfiguration.swift",
"AutoGeneratedCode/Models/LagoonRegistrationRequest.swift",
"AutoGeneratedCode/Models/LagoonRegistrationResponse.swift",
"AutoGeneratedCode/Models/LagoonUser.swift",
"AutoGeneratedCode/Models/LagoonUserCreationRequest.swift",
"AutoGeneratedCode/Models/LagoonUserCreationResponse.swift",
"AutoGeneratedCode/Models/LagoonUserEmailUpdatingRequest.swift",
"AutoGeneratedCode/Models/LagoonUserPasswordUpdatingRequest.swift",
"AutoGeneratedCode/Models/LagoonUserPermissionUpdatingRequest.swift",
"AutoGeneratedCode/Models/LastSeen.swift",
"AutoGeneratedCode/Models/ListCouponResponse.swift",
"AutoGeneratedCode/Models/ListOrderResponse.swift",
"AutoGeneratedCode/Models/ListOrderedSubscriberResponse.swift",
"AutoGeneratedCode/Models/ListPaymentStatementResponse.swift",
"AutoGeneratedCode/Models/ListProductResponse.swift",
"AutoGeneratedCode/Models/ListRolesResponse.swift",
"AutoGeneratedCode/Models/ListShippingAddressResponse.swift",
"AutoGeneratedCode/Models/ListSubOperatorsResponse.swift",
"AutoGeneratedCode/Models/LogEntry.swift",
"AutoGeneratedCode/Models/LoraData.swift",
"AutoGeneratedCode/Models/LoraDevice.swift",
"AutoGeneratedCode/Models/LoraGateway.swift",
"AutoGeneratedCode/Models/LoraNetworkSet.swift",
"AutoGeneratedCode/Models/MFAAuthenticationRequest.swift",
"AutoGeneratedCode/Models/MFAIssueRevokingTokenRequest.swift",
"AutoGeneratedCode/Models/MFARevokingTokenVerifyRequest.swift",
"AutoGeneratedCode/Models/MFAStatusOfUseResponse.swift",
"AutoGeneratedCode/Models/Map.swift",
"AutoGeneratedCode/Models/MonthlyBill.swift",
"AutoGeneratedCode/Models/ObjectInstance.swift",
"AutoGeneratedCode/Models/OpenGateRequest.swift",
"AutoGeneratedCode/Models/OperatorMFAVerifyingResponse.swift",
"AutoGeneratedCode/Models/OrderItemModel.swift",
"AutoGeneratedCode/Models/OrderedSubscriber.swift",
"AutoGeneratedCode/Models/PaymentAmount.swift",
"AutoGeneratedCode/Models/PaymentDescription.swift",
"AutoGeneratedCode/Models/PaymentStatementResponse.swift",
"AutoGeneratedCode/Models/ProductModel.swift",
"AutoGeneratedCode/Models/PutIpAddressMapEntryRequest.swift",
"AutoGeneratedCode/Models/RegisterGatePeerRequest.swift",
"AutoGeneratedCode/Models/RegisterLoraDeviceRequest.swift",
"AutoGeneratedCode/Models/RegisterOperatorsRequest.swift",
"AutoGeneratedCode/Models/RegisterPayerInformationModel.swift",
"AutoGeneratedCode/Models/RegisterSubscribersRequest.swift",
"AutoGeneratedCode/Models/ResourceInstance.swift",
"AutoGeneratedCode/Models/RoleResponse.swift",
"AutoGeneratedCode/Models/RuleConfig.swift",
"AutoGeneratedCode/Models/RuleConfigProperty.swift",
"AutoGeneratedCode/Models/SessionEvent.swift",
"AutoGeneratedCode/Models/SessionStatus.swift",
"AutoGeneratedCode/Models/SetDeviceObjectModelScopeRequest.swift",
"AutoGeneratedCode/Models/SetGroupRequest.swift",
"AutoGeneratedCode/Models/SetImeiLockRequest.swift",
"AutoGeneratedCode/Models/SetNetworkSetRequest.swift",
"AutoGeneratedCode/Models/SetUserPermissionRequest.swift",
"AutoGeneratedCode/Models/ShippingAddressModel.swift",
"AutoGeneratedCode/Models/ShippingCostModel.swift",
"AutoGeneratedCode/Models/SigfoxData.swift",
"AutoGeneratedCode/Models/SigfoxDevice.swift",
"AutoGeneratedCode/Models/SigfoxRegistrationRequest.swift",
"AutoGeneratedCode/Models/SmsForwardingReport.swift",
"AutoGeneratedCode/Models/SmsForwardingRequest.swift",
"AutoGeneratedCode/Models/SoracomBeamStats.swift",
"AutoGeneratedCode/Models/Subscriber.swift",
"AutoGeneratedCode/Models/SupportTokenResponse.swift",
"AutoGeneratedCode/Models/Tag.swift",
"AutoGeneratedCode/Models/TagUpdateRequest.swift",
"AutoGeneratedCode/Models/UpdateEventHandlerRequest.swift",
"AutoGeneratedCode/Models/UpdatePasswordRequest.swift",
"AutoGeneratedCode/Models/UpdatePermissionRequest.swift",
"AutoGeneratedCode/Models/UpdateSpeedClassRequest.swift",
"AutoGeneratedCode/Models/UpdateUserRequest.swift",
"AutoGeneratedCode/Models/UserDetailResponse.swift",
"AutoGeneratedCode/Models/VerifyEmailChangeTokenRequest.swift",
"AutoGeneratedCode/Models/VerifyOperatorsRequest.swift",
"AutoGeneratedCode/Models/VerifyPasswordResetTokenRequest.swift",
"AutoGeneratedCode/Models/VerifySubscriberTransferTokenRequest.swift",
"AutoGeneratedCode/Models/VerifySubscriberTransferTokenResponse.swift",
"AutoGeneratedCode/Models/VirtualPrivateGateway.swift",
"AutoGeneratedCode/Models/VpcPeeringConnection.swift",
"AutoGeneratedCode/Requests/Auth/Auth.swift",
"AutoGeneratedCode/Requests/Auth/IssuePasswordResetToken.swift",
"AutoGeneratedCode/Requests/Auth/VerifyPasswordResetToken.swift",
"AutoGeneratedCode/Requests/Billing/ExportBilling.swift",
"AutoGeneratedCode/Requests/Billing/ExportLatestBilling.swift",
"AutoGeneratedCode/Requests/Billing/GetBilling.swift",
"AutoGeneratedCode/Requests/Billing/GetBillingHistory.swift",
"AutoGeneratedCode/Requests/Billing/GetBillingPerDay.swift",
"AutoGeneratedCode/Requests/Billing/GetLatestBilling.swift",
"AutoGeneratedCode/Requests/Coupon/CreateSandboxCoupon.swift",
"AutoGeneratedCode/Requests/Credential/CreateCredential.swift",
"AutoGeneratedCode/Requests/Credential/DeleteCredential.swift",
"AutoGeneratedCode/Requests/Credential/ListCredentials.swift",
"AutoGeneratedCode/Requests/Credential/UpdateCredential.swift",
"AutoGeneratedCode/Requests/DataEntry/DeleteDataEntry.swift",
"AutoGeneratedCode/Requests/DataEntry/GetDataEntries.swift",
"AutoGeneratedCode/Requests/DataEntry/GetDataEntry.swift",
"AutoGeneratedCode/Requests/DataEntry/ListDataSourceResources.swift",
"AutoGeneratedCode/Requests/Device/CreateDevice.swift",
"AutoGeneratedCode/Requests/Device/DeleteDevice.swift",
"AutoGeneratedCode/Requests/Device/DeleteDeviceTag.swift",
"AutoGeneratedCode/Requests/Device/ExecuteDeviceResource.swift",
"AutoGeneratedCode/Requests/Device/GetDevice.swift",
"AutoGeneratedCode/Requests/Device/ListDevices.swift",
"AutoGeneratedCode/Requests/Device/ObserveDeviceResource.swift",
"AutoGeneratedCode/Requests/Device/ObserveDeviceResources.swift",
"AutoGeneratedCode/Requests/Device/PutDeviceTags.swift",
"AutoGeneratedCode/Requests/Device/ReadDeviceResource.swift",
"AutoGeneratedCode/Requests/Device/ReadDeviceResources.swift",
"AutoGeneratedCode/Requests/Device/SetDeviceGroup.swift",
"AutoGeneratedCode/Requests/Device/UnobserveDeviceResource.swift",
"AutoGeneratedCode/Requests/Device/UnobserveDeviceResources.swift",
"AutoGeneratedCode/Requests/Device/UnsetDeviceGroup.swift",
"AutoGeneratedCode/Requests/Device/WriteDeviceResource.swift",
"AutoGeneratedCode/Requests/DeviceObjectModel/CreateDeviceObjectModel.swift",
"AutoGeneratedCode/Requests/DeviceObjectModel/DeleteDeviceObjectModel.swift",
"AutoGeneratedCode/Requests/DeviceObjectModel/GetDeviceObjectModel.swift",
"AutoGeneratedCode/Requests/DeviceObjectModel/ListDeviceObjectModels.swift",
"AutoGeneratedCode/Requests/DeviceObjectModel/SetDeviceObjectModelScope.swift",
"AutoGeneratedCode/Requests/DeviceObjectModel/UpdateDeviceObjectModel.swift",
"AutoGeneratedCode/Requests/EventHandler/CreateEventHandler.swift",
"AutoGeneratedCode/Requests/EventHandler/DeleteEventHandler.swift",
"AutoGeneratedCode/Requests/EventHandler/DeleteIgnoreEventHandler.swift",
"AutoGeneratedCode/Requests/EventHandler/GetEventHandler.swift",
"AutoGeneratedCode/Requests/EventHandler/ListEventHandlers.swift",
"AutoGeneratedCode/Requests/EventHandler/ListEventHandlersBySubscriber.swift",
"AutoGeneratedCode/Requests/EventHandler/SetIgnoreEventHandler.swift",
"AutoGeneratedCode/Requests/EventHandler/UpdateEventHandler.swift",
"AutoGeneratedCode/Requests/Files/GetExportedFile.swift",
"AutoGeneratedCode/Requests/Group/CreateGroup.swift",
"AutoGeneratedCode/Requests/Group/DeleteConfigurationParameter.swift",
"AutoGeneratedCode/Requests/Group/DeleteGroup.swift",
"AutoGeneratedCode/Requests/Group/DeleteGroupTag.swift",
"AutoGeneratedCode/Requests/Group/GetGroup.swift",
"AutoGeneratedCode/Requests/Group/ListGroups.swift",
"AutoGeneratedCode/Requests/Group/ListSubscribersInGroup.swift",
"AutoGeneratedCode/Requests/Group/PutConfigurationParameters.swift",
"AutoGeneratedCode/Requests/Group/PutGroupTags.swift",
"AutoGeneratedCode/Requests/Lagoon/CreateLagoonUser.swift",
"AutoGeneratedCode/Requests/Lagoon/DeleteLagoonUser.swift",
"AutoGeneratedCode/Requests/Lagoon/ListLagoonUsers.swift",
"AutoGeneratedCode/Requests/Lagoon/RegisterLagoon.swift",
"AutoGeneratedCode/Requests/Lagoon/TerminateLagoon.swift",
"AutoGeneratedCode/Requests/Lagoon/UpdateLagoonUserEmail.swift",
"AutoGeneratedCode/Requests/Lagoon/UpdateLagoonUserPassword.swift",
"AutoGeneratedCode/Requests/Lagoon/UpdateLagoonUserPermission.swift",
"AutoGeneratedCode/Requests/Log/GetLogs.swift",
"AutoGeneratedCode/Requests/LoraDevice/DeleteLoraDeviceTag.swift",
"AutoGeneratedCode/Requests/LoraDevice/DisableTerminationOnLoraDevice.swift",
"AutoGeneratedCode/Requests/LoraDevice/EnableTerminationOnLoraDevice.swift",
"AutoGeneratedCode/Requests/LoraDevice/GetDataFromLoraDevice.swift",
"AutoGeneratedCode/Requests/LoraDevice/GetLoraDevice.swift",
"AutoGeneratedCode/Requests/LoraDevice/ListLoraDevices.swift",
"AutoGeneratedCode/Requests/LoraDevice/PutLoraDeviceTags.swift",
"AutoGeneratedCode/Requests/LoraDevice/RegisterLoraDevice.swift",
"AutoGeneratedCode/Requests/LoraDevice/SendDataToLoraDevice.swift",
"AutoGeneratedCode/Requests/LoraDevice/SetLoraDeviceGroup.swift",
"AutoGeneratedCode/Requests/LoraDevice/TerminateLoraDevice.swift",
"AutoGeneratedCode/Requests/LoraDevice/UnsetLoraDeviceGroup.swift",
"AutoGeneratedCode/Requests/LoraGateway/DeleteLoraGatewayTag.swift",
"AutoGeneratedCode/Requests/LoraGateway/DisableTerminationOnLoraGateway.swift",
"AutoGeneratedCode/Requests/LoraGateway/EnableTerminationOnLoraGateway.swift",
"AutoGeneratedCode/Requests/LoraGateway/GetLoraGateway.swift",
"AutoGeneratedCode/Requests/LoraGateway/ListLoraGateways.swift",
"AutoGeneratedCode/Requests/LoraGateway/PutLoraGatewayTags.swift",
"AutoGeneratedCode/Requests/LoraGateway/SetLoraNetworkSet.swift",
"AutoGeneratedCode/Requests/LoraGateway/TerminateLoraGateway.swift",
"AutoGeneratedCode/Requests/LoraGateway/UnsetLoraNetworkSet.swift",
"AutoGeneratedCode/Requests/LoraNetworkSet/AddPermissionToLoraNetworkSet.swift",
"AutoGeneratedCode/Requests/LoraNetworkSet/CreateLoraNetworkSet.swift",
"AutoGeneratedCode/Requests/LoraNetworkSet/DeleteLoraNetworkSet.swift",
"AutoGeneratedCode/Requests/LoraNetworkSet/DeleteLoraNetworkSetTag.swift",
"AutoGeneratedCode/Requests/LoraNetworkSet/GetLoraNetworkSet.swift",
"AutoGeneratedCode/Requests/LoraNetworkSet/ListGatewaysInLoraNetworkSet.swift",
"AutoGeneratedCode/Requests/LoraNetworkSet/ListLoraNetworkSets.swift",
"AutoGeneratedCode/Requests/LoraNetworkSet/PutLoraNetworkSetTags.swift",
"AutoGeneratedCode/Requests/LoraNetworkSet/RevokePermissionFromLoraNetworkSet.swift",
"AutoGeneratedCode/Requests/Operator/CreateOperator.swift",
"AutoGeneratedCode/Requests/Operator/DeleteOperatorAuthKey.swift",
"AutoGeneratedCode/Requests/Operator/DeleteSandboxOperator.swift",
"AutoGeneratedCode/Requests/Operator/EnableMFA.swift",
"AutoGeneratedCode/Requests/Operator/GenerateAuthToken.swift",
"AutoGeneratedCode/Requests/Operator/GenerateOperatorAuthKey.swift",
"AutoGeneratedCode/Requests/Operator/GenerateSupportToken.swift",
"AutoGeneratedCode/Requests/Operator/GetMFAStatus.swift",
"AutoGeneratedCode/Requests/Operator/GetOperator.swift",
"AutoGeneratedCode/Requests/Operator/GetSignupToken.swift",
"AutoGeneratedCode/Requests/Operator/InitializeOperator.swift",
"AutoGeneratedCode/Requests/Operator/IssueEmailChangeToken.swift",
"AutoGeneratedCode/Requests/Operator/IssueMFARevokingToken.swift",
"AutoGeneratedCode/Requests/Operator/ListOperatorAuthKeys.swift",
"AutoGeneratedCode/Requests/Operator/RevokeMFA.swift",
"AutoGeneratedCode/Requests/Operator/UpdateOperatorPassword.swift",
"AutoGeneratedCode/Requests/Operator/VerifyEmailChangeToken.swift",
"AutoGeneratedCode/Requests/Operator/VerifyMFA.swift",
"AutoGeneratedCode/Requests/Operator/VerifyMFARevokingToken.swift",
"AutoGeneratedCode/Requests/Operator/VerifyOperator.swift",
"AutoGeneratedCode/Requests/Order/CancelOrder.swift",
"AutoGeneratedCode/Requests/Order/ConfirmOrder.swift",
"AutoGeneratedCode/Requests/Order/CreateQuotation.swift",
"AutoGeneratedCode/Requests/Order/GetOrder.swift",
"AutoGeneratedCode/Requests/Order/ListOrderedSubscribers.swift",
"AutoGeneratedCode/Requests/Order/ListOrders.swift",
"AutoGeneratedCode/Requests/Order/ListProducts.swift",
"AutoGeneratedCode/Requests/Order/RegisterOrderedSim.swift",
"AutoGeneratedCode/Requests/Payment/ActivatePaymentMethod.swift",
"AutoGeneratedCode/Requests/Payment/ExportPaymentStatement.swift",
"AutoGeneratedCode/Requests/Payment/GetPayerInformation.swift",
"AutoGeneratedCode/Requests/Payment/GetPaymentMethod.swift",
"AutoGeneratedCode/Requests/Payment/GetPaymentTransaction.swift",
"AutoGeneratedCode/Requests/Payment/ListCoupons.swift",
"AutoGeneratedCode/Requests/Payment/ListPaymentStatements.swift",
"AutoGeneratedCode/Requests/Payment/RegisterCoupon.swift",
"AutoGeneratedCode/Requests/Payment/RegisterPayerInformation.swift",
"AutoGeneratedCode/Requests/Payment/RegisterWebPayPaymentMethod.swift",
"AutoGeneratedCode/Requests/Query/SearchSubscribers.swift",
"AutoGeneratedCode/Requests/Role/AttachRole.swift",
"AutoGeneratedCode/Requests/Role/CreateRole.swift",
"AutoGeneratedCode/Requests/Role/DeleteRole.swift",
"AutoGeneratedCode/Requests/Role/DetachRole.swift",
"AutoGeneratedCode/Requests/Role/GetRole.swift",
"AutoGeneratedCode/Requests/Role/ListRoleAttachedUsers.swift",
"AutoGeneratedCode/Requests/Role/ListRoles.swift",
"AutoGeneratedCode/Requests/Role/ListUserRoles.swift",
"AutoGeneratedCode/Requests/Role/UpdateRole.swift",
"AutoGeneratedCode/Requests/ShippingAddress/CreateShippingAddress.swift",
"AutoGeneratedCode/Requests/ShippingAddress/DeleteShippingAddress.swift",
"AutoGeneratedCode/Requests/ShippingAddress/GetShippingAddress.swift",
"AutoGeneratedCode/Requests/ShippingAddress/ListShippingAddresses.swift",
"AutoGeneratedCode/Requests/ShippingAddress/UpdateShippingAddress.swift",
"AutoGeneratedCode/Requests/SigfoxDevice/DeleteSigfoxDeviceTag.swift",
"AutoGeneratedCode/Requests/SigfoxDevice/DisableTerminationOnSigfoxDevice.swift",
"AutoGeneratedCode/Requests/SigfoxDevice/EnableTerminationOnSigfoxDevice.swift",
"AutoGeneratedCode/Requests/SigfoxDevice/GetDataFromSigfoxDevice.swift",
"AutoGeneratedCode/Requests/SigfoxDevice/GetSigfoxDevice.swift",
"AutoGeneratedCode/Requests/SigfoxDevice/ListSigfoxDevices.swift",
"AutoGeneratedCode/Requests/SigfoxDevice/PutSigfoxDeviceTags.swift",
"AutoGeneratedCode/Requests/SigfoxDevice/RegisterSigfoxDevice.swift",
"AutoGeneratedCode/Requests/SigfoxDevice/SendDataToSigfoxDevice.swift",
"AutoGeneratedCode/Requests/SigfoxDevice/SetSigfoxDeviceGroup.swift",
"AutoGeneratedCode/Requests/SigfoxDevice/TerminateSigfoxDevice.swift",
"AutoGeneratedCode/Requests/SigfoxDevice/UnsetSigfoxDeviceGroup.swift",
"AutoGeneratedCode/Requests/Stats/ExportAirStats.swift",
"AutoGeneratedCode/Requests/Stats/ExportBeamStats.swift",
"AutoGeneratedCode/Requests/Stats/GetAirStats.swift",
"AutoGeneratedCode/Requests/Stats/GetBeamStats.swift",
"AutoGeneratedCode/Requests/Stats/InsertAirStats.swift",
"AutoGeneratedCode/Requests/Stats/InsertBeamStats.swift",
"AutoGeneratedCode/Requests/Subscriber/ActivateSubscriber.swift",
"AutoGeneratedCode/Requests/Subscriber/CreateSandboxSubscriber.swift",
"AutoGeneratedCode/Requests/Subscriber/DeactivateSubscriber.swift",
"AutoGeneratedCode/Requests/Subscriber/DeleteSubscriberSession.swift",
"AutoGeneratedCode/Requests/Subscriber/DeleteSubscriberTag.swift",
"AutoGeneratedCode/Requests/Subscriber/DeleteSubscriberTransferToken.swift",
"AutoGeneratedCode/Requests/Subscriber/DisableTermination.swift",
"AutoGeneratedCode/Requests/Subscriber/EnableTermination.swift",
"AutoGeneratedCode/Requests/Subscriber/GetDataFromSubscriber.swift",
"AutoGeneratedCode/Requests/Subscriber/GetSubscriber.swift",
"AutoGeneratedCode/Requests/Subscriber/IssueSubscriberTransferToken.swift",
"AutoGeneratedCode/Requests/Subscriber/ListSessionEvents.swift",
"AutoGeneratedCode/Requests/Subscriber/ListSubscribers.swift",
"AutoGeneratedCode/Requests/Subscriber/PutSubscriberTags.swift",
"AutoGeneratedCode/Requests/Subscriber/RegisterSubscriber.swift",
"AutoGeneratedCode/Requests/Subscriber/ReportLocalInfo.swift",
"AutoGeneratedCode/Requests/Subscriber/SendSms.swift",
"AutoGeneratedCode/Requests/Subscriber/SetExpiryTime.swift",
"AutoGeneratedCode/Requests/Subscriber/SetGroup.swift",
"AutoGeneratedCode/Requests/Subscriber/SetImeiLock.swift",
"AutoGeneratedCode/Requests/Subscriber/SetSubscriberToStandby.swift",
"AutoGeneratedCode/Requests/Subscriber/SuspendSubscriber.swift",
"AutoGeneratedCode/Requests/Subscriber/TerminateSubscriber.swift",
"AutoGeneratedCode/Requests/Subscriber/UnsetExpiryTime.swift",
"AutoGeneratedCode/Requests/Subscriber/UnsetGroup.swift",
"AutoGeneratedCode/Requests/Subscriber/UnsetImeiLock.swift",
"AutoGeneratedCode/Requests/Subscriber/UpdateSpeedClass.swift",
"AutoGeneratedCode/Requests/Subscriber/VerifySubscriberTransferToken.swift",
"AutoGeneratedCode/Requests/User/CreateUser.swift",
"AutoGeneratedCode/Requests/User/CreateUserPassword.swift",
"AutoGeneratedCode/Requests/User/DeleteUser.swift",
"AutoGeneratedCode/Requests/User/DeleteUserAuthKey.swift",
"AutoGeneratedCode/Requests/User/DeleteUserPassword.swift",
"AutoGeneratedCode/Requests/User/GenerateUserAuthKey.swift",
"AutoGeneratedCode/Requests/User/GetUser.swift",
"AutoGeneratedCode/Requests/User/GetUserAuthKey.swift",
"AutoGeneratedCode/Requests/User/GetUserPermission.swift",
"AutoGeneratedCode/Requests/User/HasUserPassword.swift",
"AutoGeneratedCode/Requests/User/ListUserAuthKeys.swift",
"AutoGeneratedCode/Requests/User/ListUsers.swift",
"AutoGeneratedCode/Requests/User/UpdateUser.swift",
"AutoGeneratedCode/Requests/User/UpdateUserPassword.swift",
"AutoGeneratedCode/Requests/User/UpdateUserPermission.swift",
"AutoGeneratedCode/Requests/VirtualPrivateGateway/CloseGate.swift",
"AutoGeneratedCode/Requests/VirtualPrivateGateway/CreateMirroringPeer.swift",
"AutoGeneratedCode/Requests/VirtualPrivateGateway/CreateVirtualPrivateGateway.swift",
"AutoGeneratedCode/Requests/VirtualPrivateGateway/CreateVpcPeeringConnection.swift",
"AutoGeneratedCode/Requests/VirtualPrivateGateway/DeleteMirroringPeer.swift",
"AutoGeneratedCode/Requests/VirtualPrivateGateway/DeleteVirtualPrivateGatewayIpAddressMapEntry.swift",
"AutoGeneratedCode/Requests/VirtualPrivateGateway/DeleteVpcPeeringConnection.swift",
"AutoGeneratedCode/Requests/VirtualPrivateGateway/GetVirtualPrivateGateway.swift",
"AutoGeneratedCode/Requests/VirtualPrivateGateway/ListGatePeers.swift",
"AutoGeneratedCode/Requests/VirtualPrivateGateway/ListVirtualPrivateGatewayIpAddressMapEntries.swift",
"AutoGeneratedCode/Requests/VirtualPrivateGateway/ListVirtualPrivateGateways.swift",
"AutoGeneratedCode/Requests/VirtualPrivateGateway/OpenGate.swift",
"AutoGeneratedCode/Requests/VirtualPrivateGateway/PutVirtualPrivateGatewayIpAddressMapEntry.swift",
"AutoGeneratedCode/Requests/VirtualPrivateGateway/RegisterGatePeer.swift",
"AutoGeneratedCode/Requests/VirtualPrivateGateway/SetInspectionConfiguration.swift",
"AutoGeneratedCode/Requests/VirtualPrivateGateway/SetRedirectionConfiguration.swift",
"AutoGeneratedCode/Requests/VirtualPrivateGateway/TerminateVirtualPrivateGateway.swift",
"AutoGeneratedCode/Requests/VirtualPrivateGateway/UnregisterGatePeer.swift",
"AutoGeneratedCode/Requests/VirtualPrivateGateway/UnsetInspectionConfiguration.swift",
"AutoGeneratedCode/Requests/VirtualPrivateGateway/UnsetRedirectionConfiguration.swift",
"AutoGeneratedCode/Requests/VirtualPrivateGateway/UpdateMirroringPeer.swift",
"AutoGeneratedCode/ResponseDecoder.swift",
"Client.swift",
"Constants.swift",
"Enums.swift",
"HTTPMethod.swift",
"JSONComparison.swift",
"Models/AuthRequest+Extras.swift",
"Models/BeamCounts+Extras.swift",
"Models/CredentialsModel+Extras.swift",
"Models/CreditCard+Extras.swift",
"Models/NoResponseBody.swift",
"Models/Subscriber+Extras.swift",
"Models/Tag+Extras.swift",
"Models/TagUpdateRequest+Extras.swift",
"Request+Auth.swift",
"Request+Group.swift",
"Request+Operator.swift",
"Request+Subscriber.swift",
"Request.swift",
"RequestQueue.swift",
"RequestResponseFormatter.swift",
"Response.swift",
"SoracomCredentials.swift",
"Utility/Codable+SoracomAPI.swift",
"Utility/Data+SoracomAPI.swift",
"Utility/Keychain.swift",
"Utility/Metrics.swift",
"Utility/NSDate+SoracomAPI.swift",
"Utility/String+SoracomAPI.swift",
"Utility/TextStyle.swift"
],
"type" : "library"
}
],
"tools_version" : "4.2"
}
{
"workspace" : {
"name" : "SoracomAPI",
"schemes" : [
"SoracomAPI",
"SoracomAPI-Package",
"SoracomAPIDemo"
]
}
}
2026-09-19 09:22:13.455 xcodebuild[754:5142] [MT] IDERunDestination: Supported platforms for the buildables in the current scheme is empty.
{
"workspace" : {
"name" : "SoracomAPI",
"schemes" : [
"SoracomAPI",
"SoracomAPI-Package",
"SoracomAPIDemo"
]
}
}
2026-09-19 09:22:14.478 xcodebuild[756:5173] [MT] IDERunDestination: Supported platforms for the buildables in the current scheme is empty.
Running build ...
env DEVELOPER_DIR=/Applications/Xcode-27.0.0-Release.Candidate.app xcrun xcodebuild -IDEClonedSourcePackagesDirPathOverride=$PWD/.dependencies -skipMacroValidation -skipPackagePluginValidation -derivedDataPath $PWD/.derivedData build -scheme SoracomAPI-Package -destination generic/platform=xrOS
Command line invocation:
/Applications/Xcode-27.0.0-Release.Candidate.app/Contents/Developer/usr/bin/xcodebuild -IDEClonedSourcePackagesDirPathOverride=/Users/admin/builder/spi-builder-workspace/.dependencies -skipMacroValidation -skipPackagePluginValidation -derivedDataPath /Users/admin/builder/spi-builder-workspace/.derivedData build -scheme SoracomAPI-Package -destination generic/platform=xrOS
Resolve Package Graph
Resolved source packages:
SoracomAPI: /Users/admin/builder/spi-builder-workspace
ComputePackagePrebuildTargetDependencyGraph
Prepare packages
CreateBuildRequest
SendProjectDescription
CreateBuildOperation
ComputeTargetDependencyGraph
note: Building targets in dependency order
note: Target dependency graph (3 targets)
Target 'SoracomAPIDemo-product' in project 'SoracomAPI'
➜ Explicit dependency on target 'SoracomAPI' in project 'SoracomAPI'
Target 'SoracomAPI-product' in project 'SoracomAPI'
➜ Explicit dependency on target 'SoracomAPI' in project 'SoracomAPI'
Target 'SoracomAPI' in project 'SoracomAPI' (no dependencies)
GatherProvisioningInputs
CreateBuildDescription
ClangStatCache /Applications/Xcode-27.0.0-Release.Candidate.app/Contents/Developer/Toolchains/XcodeDefault.xctoolchain/usr/bin/clang-stat-cache /Applications/Xcode-27.0.0-Release.Candidate.app/Contents/Developer/Platforms/XROS.platform/Developer/SDKs/XROS27.0.sdk /Users/admin/builder/spi-builder-workspace/.derivedData/SDKStatCaches.noindex/xros27.0-24M361-e829b21a6f8c9b70876ba0858053c044735bd543db762f57723cac368afd1ce4.sdkstatcache
cd /Users/admin/builder/spi-builder-workspace/.swiftpm/xcode
/Applications/Xcode-27.0.0-Release.Candidate.app/Contents/Developer/Toolchains/XcodeDefault.xctoolchain/usr/bin/clang-stat-cache /Applications/Xcode-27.0.0-Release.Candidate.app/Contents/Developer/Platforms/XROS.platform/Developer/SDKs/XROS27.0.sdk -o /Users/admin/builder/spi-builder-workspace/.derivedData/SDKStatCaches.noindex/xros27.0-24M361-e829b21a6f8c9b70876ba0858053c044735bd543db762f57723cac368afd1ce4.sdkstatcache
SwiftDriver SoracomAPI normal arm64 com.apple.xcode.tools.swift.compiler (in target 'SoracomAPI' from project 'SoracomAPI')
cd /Users/admin/builder/spi-builder-workspace/.swiftpm/xcode
builtin-SwiftDriver -- /Applications/Xcode-27.0.0-Release.Candidate.app/Contents/Developer/Toolchains/XcodeDefault.xctoolchain/usr/bin/swiftc -parse-as-library -module-name SoracomAPI -Onone @/Users/admin/builder/spi-builder-workspace/.derivedData/Build/Intermediates.noindex/SoracomAPI.build/Debug-xros/SoracomAPI-t.build/Objects-normal/arm64/SoracomAPI.SwiftFileList -DSWIFT_PACKAGE -DDEBUG -DSWIFT_MODULE_RESOURCE_BUNDLE_UNAVAILABLE -DXcode -plugin-path /Applications/Xcode-27.0.0-Release.Candidate.app/Contents/Developer/Toolchains/XcodeDefault.xctoolchain/usr/lib/swift/host/plugins/testing -enable-experimental-feature DebugDescriptionMacro -sdk /Applications/Xcode-27.0.0-Release.Candidate.app/Contents/Developer/Platforms/XROS.platform/Developer/SDKs/XROS27.0.sdk -target arm64-apple-xros1.0 -g -module-cache-path /Users/admin/builder/spi-builder-workspace/.derivedData/ModuleCache.noindex -Xfrontend -serialize-debugging-options -profile-coverage-mapping -profile-generate -enable-testing -index-store-path /Users/admin/builder/spi-builder-workspace/.derivedData/Index.noindex/DataStore -Xcc -D_LIBCPP_HARDENING_MODE\=_LIBCPP_HARDENING_MODE_DEBUG -swift-version 4.2 -I /Users/admin/builder/spi-builder-workspace/.derivedData/Build/Products/Debug-xros -Isystem /Applications/Xcode-27.0.0-Release.Candidate.app/Contents/Developer/Platforms/XROS.platform/Developer/usr/lib -F /Users/admin/builder/spi-builder-workspace/.derivedData/Build/Products/Debug-xros -F /Applications/Xcode-27.0.0-Release.Candidate.app/Contents/Developer/Platforms/XROS.platform/Developer/Library/Frameworks -F /Applications/Xcode-27.0.0-Release.Candidate.app/Contents/Developer/Platforms/XROS.platform/Developer/SDKs/XROS27.0.sdk/Developer/Library/Frameworks -c -j10 -enable-batch-mode -incremental -Xcc -ivfsstatcache -Xcc /Users/admin/builder/spi-builder-workspace/.derivedData/SDKStatCaches.noindex/xros27.0-24M361-e829b21a6f8c9b70876ba0858053c044735bd543db762f57723cac368afd1ce4.sdkstatcache -output-file-map /Users/admin/builder/spi-builder-workspace/.derivedData/Build/Intermediates.noindex/SoracomAPI.build/Debug-xros/SoracomAPI-t.build/Objects-normal/arm64/SoracomAPI-OutputFileMap.json -save-temps -no-color-diagnostics -emit-dependencies -emit-module -emit-module-path /Users/admin/builder/spi-builder-workspace/.derivedData/Build/Intermediates.noindex/SoracomAPI.build/Debug-xros/SoracomAPI-t.build/Objects-normal/arm64/SoracomAPI.swiftmodule -serialize-diagnostics -validate-clang-modules-once -clang-build-session-file /Users/admin/builder/spi-builder-workspace/.derivedData/ModuleCache.noindex/Session.modulevalidation -Xcc -fmodules-prune-interval\=86400 -Xcc -fmodules-prune-after\=345600 -emit-const-values -const-gather-protocols-list /Users/admin/builder/spi-builder-workspace/.derivedData/Build/Intermediates.noindex/SoracomAPI.build/Debug-xros/SoracomAPI-t.build/Objects-normal/arm64/SoracomAPI_const_extract_protocols.json -Xcc -I/Users/admin/builder/spi-builder-workspace/.derivedData/Build/Products/Debug-xros/include -Xcc -I/Users/admin/builder/spi-builder-workspace/.derivedData/Build/Intermediates.noindex/SoracomAPI.build/Debug-xros/SoracomAPI-t.build/DerivedSources-normal/arm64 -Xcc -I/Users/admin/builder/spi-builder-workspace/.derivedData/Build/Intermediates.noindex/SoracomAPI.build/Debug-xros/SoracomAPI-t.build/DerivedSources/arm64 -Xcc -I/Users/admin/builder/spi-builder-workspace/.derivedData/Build/Intermediates.noindex/SoracomAPI.build/Debug-xros/SoracomAPI-t.build/DerivedSources -Xcc -DSWIFT_PACKAGE -Xcc -DDEBUG\=1 -emit-objc-header -emit-objc-header-path /Users/admin/builder/spi-builder-workspace/.derivedData/Build/Intermediates.noindex/SoracomAPI.build/Debug-xros/SoracomAPI-t.build/Objects-normal/arm64/SoracomAPI-Swift.h -working-directory /Users/admin/builder/spi-builder-workspace/.swiftpm/xcode -experimental-emit-module-separately -disable-cmo
SwiftDriver SoracomAPIDemo normal arm64 com.apple.xcode.tools.swift.compiler (in target 'SoracomAPIDemo-product' from project 'SoracomAPI')
cd /Users/admin/builder/spi-builder-workspace/.swiftpm/xcode
builtin-SwiftDriver -- /Applications/Xcode-27.0.0-Release.Candidate.app/Contents/Developer/Toolchains/XcodeDefault.xctoolchain/usr/bin/swiftc -module-name SoracomAPIDemo -Onone @/Users/admin/builder/spi-builder-workspace/.derivedData/Build/Intermediates.noindex/SoracomAPI.build/Debug-xros/SoracomAPIDemo-p.build/Objects-normal/arm64/SoracomAPIDemo.SwiftFileList -DSWIFT_PACKAGE -DDEBUG -DXcode -plugin-path /Applications/Xcode-27.0.0-Release.Candidate.app/Contents/Developer/Toolchains/XcodeDefault.xctoolchain/usr/lib/swift/host/plugins/testing -enable-experimental-feature DebugDescriptionMacro -sdk /Applications/Xcode-27.0.0-Release.Candidate.app/Contents/Developer/Platforms/XROS.platform/Developer/SDKs/XROS27.0.sdk -target arm64-apple-xros1.0 -g -module-cache-path /Users/admin/builder/spi-builder-workspace/.derivedData/ModuleCache.noindex -Xfrontend -serialize-debugging-options -profile-coverage-mapping -profile-generate -enable-testing -index-store-path /Users/admin/builder/spi-builder-workspace/.derivedData/Index.noindex/DataStore -Xcc -D_LIBCPP_HARDENING_MODE\=_LIBCPP_HARDENING_MODE_DEBUG -swift-version 4.2 -I /Users/admin/builder/spi-builder-workspace/.derivedData/Build/Products/Debug-xros -Isystem /Applications/Xcode-27.0.0-Release.Candidate.app/Contents/Developer/Platforms/XROS.platform/Developer/usr/lib -F /Users/admin/builder/spi-builder-workspace/.derivedData/Build/Products/Debug-xros/PackageFrameworks -F /Users/admin/builder/spi-builder-workspace/.derivedData/Build/Products/Debug-xros -F /Applications/Xcode-27.0.0-Release.Candidate.app/Contents/Developer/Platforms/XROS.platform/Developer/Library/Frameworks -F /Applications/Xcode-27.0.0-Release.Candidate.app/Contents/Developer/Platforms/XROS.platform/Developer/SDKs/XROS27.0.sdk/Developer/Library/Frameworks -c -j10 -enable-batch-mode -incremental -Xcc -ivfsstatcache -Xcc /Users/admin/builder/spi-builder-workspace/.derivedData/SDKStatCaches.noindex/xros27.0-24M361-e829b21a6f8c9b70876ba0858053c044735bd543db762f57723cac368afd1ce4.sdkstatcache -output-file-map /Users/admin/builder/spi-builder-workspace/.derivedData/Build/Intermediates.noindex/SoracomAPI.build/Debug-xros/SoracomAPIDemo-p.build/Objects-normal/arm64/SoracomAPIDemo-OutputFileMap.json -save-temps -no-color-diagnostics -emit-dependencies -emit-module -emit-module-path /Users/admin/builder/spi-builder-workspace/.derivedData/Build/Intermediates.noindex/SoracomAPI.build/Debug-xros/SoracomAPIDemo-p.build/Objects-normal/arm64/SoracomAPIDemo.swiftmodule -serialize-diagnostics -validate-clang-modules-once -clang-build-session-file /Users/admin/builder/spi-builder-workspace/.derivedData/ModuleCache.noindex/Session.modulevalidation -Xcc -fmodules-prune-interval\=86400 -Xcc -fmodules-prune-after\=345600 -emit-const-values -const-gather-protocols-list /Users/admin/builder/spi-builder-workspace/.derivedData/Build/Intermediates.noindex/SoracomAPI.build/Debug-xros/SoracomAPIDemo-p.build/Objects-normal/arm64/SoracomAPIDemo_const_extract_protocols.json -Xcc -I/Users/admin/builder/spi-builder-workspace/.derivedData/Build/Products/Debug-xros/include -Xcc -I/Users/admin/builder/spi-builder-workspace/.derivedData/Build/Intermediates.noindex/SoracomAPI.build/Debug-xros/SoracomAPIDemo-p.build/DerivedSources-normal/arm64 -Xcc -I/Users/admin/builder/spi-builder-workspace/.derivedData/Build/Intermediates.noindex/SoracomAPI.build/Debug-xros/SoracomAPIDemo-p.build/DerivedSources/arm64 -Xcc -I/Users/admin/builder/spi-builder-workspace/.derivedData/Build/Intermediates.noindex/SoracomAPI.build/Debug-xros/SoracomAPIDemo-p.build/DerivedSources -Xcc -DSWIFT_PACKAGE -Xcc -DDEBUG\=1 -working-directory /Users/admin/builder/spi-builder-workspace/.swiftpm/xcode -experimental-emit-module-separately -disable-cmo
SwiftCompile normal arm64 Compiling\ InputReader.swift /Users/admin/builder/spi-builder-workspace/Sources/SoracomAPIDemo/InputReader.swift (in target 'SoracomAPIDemo-product' from project 'SoracomAPI')
SwiftCompile normal arm64 /Users/admin/builder/spi-builder-workspace/Sources/SoracomAPIDemo/InputReader.swift (in target 'SoracomAPIDemo-product' from project 'SoracomAPI')
cd /Users/admin/builder/spi-builder-workspace/.swiftpm/xcode
builtin-SwiftPerFileCompile InputReader.swift
SwiftEmitModule normal arm64 Emitting\ module\ for\ SoracomAPIDemo (in target 'SoracomAPIDemo-product' from project 'SoracomAPI')
SwiftCompile normal arm64 (in target 'SoracomAPIDemo-product' from project 'SoracomAPI')
cd /Users/admin/builder/spi-builder-workspace/.swiftpm/xcode
SwiftCompile normal arm64 Compiling\ SimpleMenu.swift /Users/admin/builder/spi-builder-workspace/Sources/SoracomAPIDemo/SimpleMenu.swift (in target 'SoracomAPIDemo-product' from project 'SoracomAPI')
SwiftCompile normal arm64 /Users/admin/builder/spi-builder-workspace/Sources/SoracomAPIDemo/SimpleMenu.swift (in target 'SoracomAPIDemo-product' from project 'SoracomAPI')
cd /Users/admin/builder/spi-builder-workspace/.swiftpm/xcode
builtin-SwiftPerFileCompile SimpleMenu.swift
SwiftCompile normal arm64 Compiling\ CLIDemo.swift /Users/admin/builder/spi-builder-workspace/Sources/SoracomAPIDemo/CLIDemo.swift (in target 'SoracomAPIDemo-product' from project 'SoracomAPI')
SwiftCompile normal arm64 /Users/admin/builder/spi-builder-workspace/Sources/SoracomAPIDemo/CLIDemo.swift (in target 'SoracomAPIDemo-product' from project 'SoracomAPI')
cd /Users/admin/builder/spi-builder-workspace/.swiftpm/xcode
builtin-SwiftPerFileCompile CLIDemo.swift
SwiftDriverJobDiscovery normal arm64 Compiling SimpleMenu.swift (in target 'SoracomAPIDemo-product' from project 'SoracomAPI')
SwiftDriverJobDiscovery normal arm64 Compiling InputReader.swift (in target 'SoracomAPIDemo-product' from project 'SoracomAPI')
SwiftDriverJobDiscovery normal arm64 Compiling CLIDemo.swift (in target 'SoracomAPIDemo-product' from project 'SoracomAPI')
SwiftCompile normal arm64 Compiling\ main.swift /Users/admin/builder/spi-builder-workspace/Sources/SoracomAPIDemo/main.swift (in target 'SoracomAPIDemo-product' from project 'SoracomAPI')
SwiftCompile normal arm64 /Users/admin/builder/spi-builder-workspace/Sources/SoracomAPIDemo/main.swift (in target 'SoracomAPIDemo-product' from project 'SoracomAPI')
cd /Users/admin/builder/spi-builder-workspace/.swiftpm/xcode
builtin-SwiftPerFileCompile main.swift
SwiftDriverJobDiscovery normal arm64 Compiling main.swift (in target 'SoracomAPIDemo-product' from project 'SoracomAPI')
SwiftDriver\ Compilation SoracomAPIDemo normal arm64 com.apple.xcode.tools.swift.compiler (in target 'SoracomAPIDemo-product' from project 'SoracomAPI')
cd /Users/admin/builder/spi-builder-workspace/.swiftpm/xcode
builtin-Swift-Compilation -- /Applications/Xcode-27.0.0-Release.Candidate.app/Contents/Developer/Toolchains/XcodeDefault.xctoolchain/usr/bin/swiftc -module-name SoracomAPIDemo -Onone @/Users/admin/builder/spi-builder-workspace/.derivedData/Build/Intermediates.noindex/SoracomAPI.build/Debug-xros/SoracomAPIDemo-p.build/Objects-normal/arm64/SoracomAPIDemo.SwiftFileList -DSWIFT_PACKAGE -DDEBUG -DXcode -plugin-path /Applications/Xcode-27.0.0-Release.Candidate.app/Contents/Developer/Toolchains/XcodeDefault.xctoolchain/usr/lib/swift/host/plugins/testing -enable-experimental-feature DebugDescriptionMacro -sdk /Applications/Xcode-27.0.0-Release.Candidate.app/Contents/Developer/Platforms/XROS.platform/Developer/SDKs/XROS27.0.sdk -target arm64-apple-xros1.0 -g -module-cache-path /Users/admin/builder/spi-builder-workspace/.derivedData/ModuleCache.noindex -Xfrontend -serialize-debugging-options -profile-coverage-mapping -profile-generate -enable-testing -index-store-path /Users/admin/builder/spi-builder-workspace/.derivedData/Index.noindex/DataStore -Xcc -D_LIBCPP_HARDENING_MODE\=_LIBCPP_HARDENING_MODE_DEBUG -swift-version 4.2 -I /Users/admin/builder/spi-builder-workspace/.derivedData/Build/Products/Debug-xros -Isystem /Applications/Xcode-27.0.0-Release.Candidate.app/Contents/Developer/Platforms/XROS.platform/Developer/usr/lib -F /Users/admin/builder/spi-builder-workspace/.derivedData/Build/Products/Debug-xros/PackageFrameworks -F /Users/admin/builder/spi-builder-workspace/.derivedData/Build/Products/Debug-xros -F /Applications/Xcode-27.0.0-Release.Candidate.app/Contents/Developer/Platforms/XROS.platform/Developer/Library/Frameworks -F /Applications/Xcode-27.0.0-Release.Candidate.app/Contents/Developer/Platforms/XROS.platform/Developer/SDKs/XROS27.0.sdk/Developer/Library/Frameworks -c -j10 -enable-batch-mode -incremental -Xcc -ivfsstatcache -Xcc /Users/admin/builder/spi-builder-workspace/.derivedData/SDKStatCaches.noindex/xros27.0-24M361-e829b21a6f8c9b70876ba0858053c044735bd543db762f57723cac368afd1ce4.sdkstatcache -output-file-map /Users/admin/builder/spi-builder-workspace/.derivedData/Build/Intermediates.noindex/SoracomAPI.build/Debug-xros/SoracomAPIDemo-p.build/Objects-normal/arm64/SoracomAPIDemo-OutputFileMap.json -save-temps -no-color-diagnostics -emit-dependencies -emit-module -emit-module-path /Users/admin/builder/spi-builder-workspace/.derivedData/Build/Intermediates.noindex/SoracomAPI.build/Debug-xros/SoracomAPIDemo-p.build/Objects-normal/arm64/SoracomAPIDemo.swiftmodule -serialize-diagnostics -validate-clang-modules-once -clang-build-session-file /Users/admin/builder/spi-builder-workspace/.derivedData/ModuleCache.noindex/Session.modulevalidation -Xcc -fmodules-prune-interval\=86400 -Xcc -fmodules-prune-after\=345600 -emit-const-values -const-gather-protocols-list /Users/admin/builder/spi-builder-workspace/.derivedData/Build/Intermediates.noindex/SoracomAPI.build/Debug-xros/SoracomAPIDemo-p.build/Objects-normal/arm64/SoracomAPIDemo_const_extract_protocols.json -Xcc -I/Users/admin/builder/spi-builder-workspace/.derivedData/Build/Products/Debug-xros/include -Xcc -I/Users/admin/builder/spi-builder-workspace/.derivedData/Build/Intermediates.noindex/SoracomAPI.build/Debug-xros/SoracomAPIDemo-p.build/DerivedSources-normal/arm64 -Xcc -I/Users/admin/builder/spi-builder-workspace/.derivedData/Build/Intermediates.noindex/SoracomAPI.build/Debug-xros/SoracomAPIDemo-p.build/DerivedSources/arm64 -Xcc -I/Users/admin/builder/spi-builder-workspace/.derivedData/Build/Intermediates.noindex/SoracomAPI.build/Debug-xros/SoracomAPIDemo-p.build/DerivedSources -Xcc -DSWIFT_PACKAGE -Xcc -DDEBUG\=1 -working-directory /Users/admin/builder/spi-builder-workspace/.swiftpm/xcode -experimental-emit-module-separately -disable-cmo
SwiftCompile normal arm64 Compiling\ PaymentStatementResponse.swift,\ ProductModel.swift,\ PutIpAddressMapEntryRequest.swift,\ RegisterGatePeerRequest.swift,\ RegisterLoraDeviceRequest.swift,\ RegisterOperatorsRequest.swift,\ RegisterPayerInformationModel.swift,\ RegisterSubscribersRequest.swift,\ ResourceInstance.swift,\ RoleResponse.swift,\ RuleConfig.swift,\ RuleConfigProperty.swift,\ SessionEvent.swift,\ SessionStatus.swift,\ SetDeviceObjectModelScopeRequest.swift /Users/admin/builder/spi-builder-workspace/Sources/SoracomAPI/AutoGeneratedCode/Models/PaymentStatementResponse.swift /Users/admin/builder/spi-builder-workspace/Sources/SoracomAPI/AutoGeneratedCode/Models/ProductModel.swift /Users/admin/builder/spi-builder-workspace/Sources/SoracomAPI/AutoGeneratedCode/Models/PutIpAddressMapEntryRequest.swift /Users/admin/builder/spi-builder-workspace/Sources/SoracomAPI/AutoGeneratedCode/Models/RegisterGatePeerRequest.swift /Users/admin/builder/spi-builder-workspace/Sources/SoracomAPI/AutoGeneratedCode/Models/RegisterLoraDeviceRequest.swift /Users/admin/builder/spi-builder-workspace/Sources/SoracomAPI/AutoGeneratedCode/Models/RegisterOperatorsRequest.swift /Users/admin/builder/spi-builder-workspace/Sources/SoracomAPI/AutoGeneratedCode/Models/RegisterPayerInformationModel.swift /Users/admin/builder/spi-builder-workspace/Sources/SoracomAPI/AutoGeneratedCode/Models/RegisterSubscribersRequest.swift /Users/admin/builder/spi-builder-workspace/Sources/SoracomAPI/AutoGeneratedCode/Models/ResourceInstance.swift /Users/admin/builder/spi-builder-workspace/Sources/SoracomAPI/AutoGeneratedCode/Models/RoleResponse.swift /Users/admin/builder/spi-builder-workspace/Sources/SoracomAPI/AutoGeneratedCode/Models/RuleConfig.swift /Users/admin/builder/spi-builder-workspace/Sources/SoracomAPI/AutoGeneratedCode/Models/RuleConfigProperty.swift /Users/admin/builder/spi-builder-workspace/Sources/SoracomAPI/AutoGeneratedCode/Models/SessionEvent.swift /Users/admin/builder/spi-builder-workspace/Sources/SoracomAPI/AutoGeneratedCode/Models/SessionStatus.swift /Users/admin/builder/spi-builder-workspace/Sources/SoracomAPI/AutoGeneratedCode/Models/SetDeviceObjectModelScopeRequest.swift (in target 'SoracomAPI' from project 'SoracomAPI')
SwiftCompile normal arm64 /Users/admin/builder/spi-builder-workspace/Sources/SoracomAPI/AutoGeneratedCode/Models/PaymentStatementResponse.swift (in target 'SoracomAPI' from project 'SoracomAPI')
cd /Users/admin/builder/spi-builder-workspace/.swiftpm/xcode
builtin-SwiftPerFileCompile PaymentStatementResponse.swift
SwiftCompile normal arm64 /Users/admin/builder/spi-builder-workspace/Sources/SoracomAPI/AutoGeneratedCode/Models/ProductModel.swift (in target 'SoracomAPI' from project 'SoracomAPI')
cd /Users/admin/builder/spi-builder-workspace/.swiftpm/xcode
builtin-SwiftPerFileCompile ProductModel.swift
SwiftCompile normal arm64 /Users/admin/builder/spi-builder-workspace/Sources/SoracomAPI/AutoGeneratedCode/Models/PutIpAddressMapEntryRequest.swift (in target 'SoracomAPI' from project 'SoracomAPI')
cd /Users/admin/builder/spi-builder-workspace/.swiftpm/xcode
builtin-SwiftPerFileCompile PutIpAddressMapEntryRequest.swift
SwiftCompile normal arm64 /Users/admin/builder/spi-builder-workspace/Sources/SoracomAPI/AutoGeneratedCode/Models/RegisterGatePeerRequest.swift (in target 'SoracomAPI' from project 'SoracomAPI')
cd /Users/admin/builder/spi-builder-workspace/.swiftpm/xcode
builtin-SwiftPerFileCompile RegisterGatePeerRequest.swift
SwiftCompile normal arm64 /Users/admin/builder/spi-builder-workspace/Sources/SoracomAPI/AutoGeneratedCode/Models/RegisterLoraDeviceRequest.swift (in target 'SoracomAPI' from project 'SoracomAPI')
cd /Users/admin/builder/spi-builder-workspace/.swiftpm/xcode
builtin-SwiftPerFileCompile RegisterLoraDeviceRequest.swift
SwiftCompile normal arm64 /Users/admin/builder/spi-builder-workspace/Sources/SoracomAPI/AutoGeneratedCode/Models/RegisterOperatorsRequest.swift (in target 'SoracomAPI' from project 'SoracomAPI')
cd /Users/admin/builder/spi-builder-workspace/.swiftpm/xcode
builtin-SwiftPerFileCompile RegisterOperatorsRequest.swift
SwiftCompile normal arm64 /Users/admin/builder/spi-builder-workspace/Sources/SoracomAPI/AutoGeneratedCode/Models/RegisterPayerInformationModel.swift (in target 'SoracomAPI' from project 'SoracomAPI')
cd /Users/admin/builder/spi-builder-workspace/.swiftpm/xcode
builtin-SwiftPerFileCompile RegisterPayerInformationModel.swift
SwiftCompile normal arm64 /Users/admin/builder/spi-builder-workspace/Sources/SoracomAPI/AutoGeneratedCode/Models/RegisterSubscribersRequest.swift (in target 'SoracomAPI' from project 'SoracomAPI')
cd /Users/admin/builder/spi-builder-workspace/.swiftpm/xcode
builtin-SwiftPerFileCompile RegisterSubscribersRequest.swift
SwiftCompile normal arm64 /Users/admin/builder/spi-builder-workspace/Sources/SoracomAPI/AutoGeneratedCode/Models/ResourceInstance.swift (in target 'SoracomAPI' from project 'SoracomAPI')
cd /Users/admin/builder/spi-builder-workspace/.swiftpm/xcode
builtin-SwiftPerFileCompile ResourceInstance.swift
SwiftCompile normal arm64 /Users/admin/builder/spi-builder-workspace/Sources/SoracomAPI/AutoGeneratedCode/Models/RoleResponse.swift (in target 'SoracomAPI' from project 'SoracomAPI')
cd /Users/admin/builder/spi-builder-workspace/.swiftpm/xcode
builtin-SwiftPerFileCompile RoleResponse.swift
SwiftCompile normal arm64 /Users/admin/builder/spi-builder-workspace/Sources/SoracomAPI/AutoGeneratedCode/Models/RuleConfig.swift (in target 'SoracomAPI' from project 'SoracomAPI')
cd /Users/admin/builder/spi-builder-workspace/.swiftpm/xcode
builtin-SwiftPerFileCompile RuleConfig.swift
SwiftCompile normal arm64 /Users/admin/builder/spi-builder-workspace/Sources/SoracomAPI/AutoGeneratedCode/Models/RuleConfigProperty.swift (in target 'SoracomAPI' from project 'SoracomAPI')
cd /Users/admin/builder/spi-builder-workspace/.swiftpm/xcode
builtin-SwiftPerFileCompile RuleConfigProperty.swift
SwiftCompile normal arm64 /Users/admin/builder/spi-builder-workspace/Sources/SoracomAPI/AutoGeneratedCode/Models/SessionEvent.swift (in target 'SoracomAPI' from project 'SoracomAPI')
cd /Users/admin/builder/spi-builder-workspace/.swiftpm/xcode
builtin-SwiftPerFileCompile SessionEvent.swift
SwiftCompile normal arm64 /Users/admin/builder/spi-builder-workspace/Sources/SoracomAPI/AutoGeneratedCode/Models/SessionStatus.swift (in target 'SoracomAPI' from project 'SoracomAPI')
cd /Users/admin/builder/spi-builder-workspace/.swiftpm/xcode
builtin-SwiftPerFileCompile SessionStatus.swift
SwiftCompile normal arm64 /Users/admin/builder/spi-builder-workspace/Sources/SoracomAPI/AutoGeneratedCode/Models/SetDeviceObjectModelScopeRequest.swift (in target 'SoracomAPI' from project 'SoracomAPI')
cd /Users/admin/builder/spi-builder-workspace/.swiftpm/xcode
builtin-SwiftPerFileCompile SetDeviceObjectModelScopeRequest.swift
SwiftCompile normal arm64 Compiling\ SetGroupRequest.swift,\ SetImeiLockRequest.swift,\ SetNetworkSetRequest.swift,\ SetUserPermissionRequest.swift,\ ShippingAddressModel.swift,\ ShippingCostModel.swift,\ SigfoxData.swift,\ SigfoxDevice.swift,\ SigfoxRegistrationRequest.swift,\ ExportLatestBilling.swift,\ GetBilling.swift,\ GetBillingHistory.swift,\ GetBillingPerDay.swift,\ GetLatestBilling.swift,\ CreateSandboxCoupon.swift /Users/admin/builder/spi-builder-workspace/Sources/SoracomAPI/AutoGeneratedCode/Models/SetGroupRequest.swift /Users/admin/builder/spi-builder-workspace/Sources/SoracomAPI/AutoGeneratedCode/Models/SetImeiLockRequest.swift /Users/admin/builder/spi-builder-workspace/Sources/SoracomAPI/AutoGeneratedCode/Models/SetNetworkSetRequest.swift /Users/admin/builder/spi-builder-workspace/Sources/SoracomAPI/AutoGeneratedCode/Models/SetUserPermissionRequest.swift /Users/admin/builder/spi-builder-workspace/Sources/SoracomAPI/AutoGeneratedCode/Models/ShippingAddressModel.swift /Users/admin/builder/spi-builder-workspace/Sources/SoracomAPI/AutoGeneratedCode/Models/ShippingCostModel.swift /Users/admin/builder/spi-builder-workspace/Sources/SoracomAPI/AutoGeneratedCode/Models/SigfoxData.swift /Users/admin/builder/spi-builder-workspace/Sources/SoracomAPI/AutoGeneratedCode/Models/SigfoxDevice.swift /Users/admin/builder/spi-builder-workspace/Sources/SoracomAPI/AutoGeneratedCode/Models/SigfoxRegistrationRequest.swift /Users/admin/builder/spi-builder-workspace/Sources/SoracomAPI/AutoGeneratedCode/Requests/Billing/ExportLatestBilling.swift /Users/admin/builder/spi-builder-workspace/Sources/SoracomAPI/AutoGeneratedCode/Requests/Billing/GetBilling.swift /Users/admin/builder/spi-builder-workspace/Sources/SoracomAPI/AutoGeneratedCode/Requests/Billing/GetBillingHistory.swift /Users/admin/builder/spi-builder-workspace/Sources/SoracomAPI/AutoGeneratedCode/Requests/Billing/GetBillingPerDay.swift /Users/admin/builder/spi-builder-workspace/Sources/SoracomAPI/AutoGeneratedCode/Requests/Billing/GetLatestBilling.swift /Users/admin/builder/spi-builder-workspace/Sources/SoracomAPI/AutoGeneratedCode/Requests/Coupon/CreateSandboxCoupon.swift (in target 'SoracomAPI' from project 'SoracomAPI')
SwiftCompile normal arm64 /Users/admin/builder/spi-builder-workspace/Sources/SoracomAPI/AutoGeneratedCode/Models/SetGroupRequest.swift (in target 'SoracomAPI' from project 'SoracomAPI')
cd /Users/admin/builder/spi-builder-workspace/.swiftpm/xcode
builtin-SwiftPerFileCompile SetGroupRequest.swift
SwiftCompile normal arm64 /Users/admin/builder/spi-builder-workspace/Sources/SoracomAPI/AutoGeneratedCode/Models/SetImeiLockRequest.swift (in target 'SoracomAPI' from project 'SoracomAPI')
cd /Users/admin/builder/spi-builder-workspace/.swiftpm/xcode
builtin-SwiftPerFileCompile SetImeiLockRequest.swift
SwiftCompile normal arm64 /Users/admin/builder/spi-builder-workspace/Sources/SoracomAPI/AutoGeneratedCode/Models/SetNetworkSetRequest.swift (in target 'SoracomAPI' from project 'SoracomAPI')
cd /Users/admin/builder/spi-builder-workspace/.swiftpm/xcode
builtin-SwiftPerFileCompile SetNetworkSetRequest.swift
SwiftCompile normal arm64 /Users/admin/builder/spi-builder-workspace/Sources/SoracomAPI/AutoGeneratedCode/Models/SetUserPermissionRequest.swift (in target 'SoracomAPI' from project 'SoracomAPI')
cd /Users/admin/builder/spi-builder-workspace/.swiftpm/xcode
builtin-SwiftPerFileCompile SetUserPermissionRequest.swift
SwiftCompile normal arm64 /Users/admin/builder/spi-builder-workspace/Sources/SoracomAPI/AutoGeneratedCode/Models/ShippingAddressModel.swift (in target 'SoracomAPI' from project 'SoracomAPI')
cd /Users/admin/builder/spi-builder-workspace/.swiftpm/xcode
builtin-SwiftPerFileCompile ShippingAddressModel.swift
SwiftCompile normal arm64 /Users/admin/builder/spi-builder-workspace/Sources/SoracomAPI/AutoGeneratedCode/Models/ShippingCostModel.swift (in target 'SoracomAPI' from project 'SoracomAPI')
cd /Users/admin/builder/spi-builder-workspace/.swiftpm/xcode
builtin-SwiftPerFileCompile ShippingCostModel.swift
SwiftCompile normal arm64 /Users/admin/builder/spi-builder-workspace/Sources/SoracomAPI/AutoGeneratedCode/Models/SigfoxData.swift (in target 'SoracomAPI' from project 'SoracomAPI')
cd /Users/admin/builder/spi-builder-workspace/.swiftpm/xcode
builtin-SwiftPerFileCompile SigfoxData.swift
SwiftCompile normal arm64 /Users/admin/builder/spi-builder-workspace/Sources/SoracomAPI/AutoGeneratedCode/Models/SigfoxDevice.swift (in target 'SoracomAPI' from project 'SoracomAPI')
cd /Users/admin/builder/spi-builder-workspace/.swiftpm/xcode
builtin-SwiftPerFileCompile SigfoxDevice.swift
SwiftCompile normal arm64 /Users/admin/builder/spi-builder-workspace/Sources/SoracomAPI/AutoGeneratedCode/Models/SigfoxRegistrationRequest.swift (in target 'SoracomAPI' from project 'SoracomAPI')
cd /Users/admin/builder/spi-builder-workspace/.swiftpm/xcode
builtin-SwiftPerFileCompile SigfoxRegistrationRequest.swift
SwiftCompile normal arm64 /Users/admin/builder/spi-builder-workspace/Sources/SoracomAPI/AutoGeneratedCode/Requests/Billing/ExportLatestBilling.swift (in target 'SoracomAPI' from project 'SoracomAPI')
cd /Users/admin/builder/spi-builder-workspace/.swiftpm/xcode
builtin-SwiftPerFileCompile ExportLatestBilling.swift
SwiftCompile normal arm64 /Users/admin/builder/spi-builder-workspace/Sources/SoracomAPI/AutoGeneratedCode/Requests/Billing/GetBilling.swift (in target 'SoracomAPI' from project 'SoracomAPI')
cd /Users/admin/builder/spi-builder-workspace/.swiftpm/xcode
builtin-SwiftPerFileCompile GetBilling.swift
SwiftCompile normal arm64 /Users/admin/builder/spi-builder-workspace/Sources/SoracomAPI/AutoGeneratedCode/Requests/Billing/GetBillingHistory.swift (in target 'SoracomAPI' from project 'SoracomAPI')
cd /Users/admin/builder/spi-builder-workspace/.swiftpm/xcode
builtin-SwiftPerFileCompile GetBillingHistory.swift
SwiftCompile normal arm64 /Users/admin/builder/spi-builder-workspace/Sources/SoracomAPI/AutoGeneratedCode/Requests/Billing/GetBillingPerDay.swift (in target 'SoracomAPI' from project 'SoracomAPI')
cd /Users/admin/builder/spi-builder-workspace/.swiftpm/xcode
builtin-SwiftPerFileCompile GetBillingPerDay.swift
SwiftCompile normal arm64 /Users/admin/builder/spi-builder-workspace/Sources/SoracomAPI/AutoGeneratedCode/Requests/Billing/GetLatestBilling.swift (in target 'SoracomAPI' from project 'SoracomAPI')
cd /Users/admin/builder/spi-builder-workspace/.swiftpm/xcode
builtin-SwiftPerFileCompile GetLatestBilling.swift
SwiftCompile normal arm64 /Users/admin/builder/spi-builder-workspace/Sources/SoracomAPI/AutoGeneratedCode/Requests/Coupon/CreateSandboxCoupon.swift (in target 'SoracomAPI' from project 'SoracomAPI')
cd /Users/admin/builder/spi-builder-workspace/.swiftpm/xcode
builtin-SwiftPerFileCompile CreateSandboxCoupon.swift
SwiftCompile normal arm64 Compiling\ TerminateLagoon.swift,\ UpdateLagoonUserEmail.swift,\ UpdateLagoonUserPassword.swift,\ UpdateLagoonUserPermission.swift,\ GetLogs.swift,\ DeleteLoraDeviceTag.swift,\ DisableTerminationOnLoraDevice.swift,\ EnableTerminationOnLoraDevice.swift,\ GetDataFromLoraDevice.swift,\ GetLoraDevice.swift,\ ListLoraDevices.swift,\ PutLoraDeviceTags.swift,\ RegisterLoraDevice.swift,\ SendDataToLoraDevice.swift /Users/admin/builder/spi-builder-workspace/Sources/SoracomAPI/AutoGeneratedCode/Requests/Lagoon/TerminateLagoon.swift /Users/admin/builder/spi-builder-workspace/Sources/SoracomAPI/AutoGeneratedCode/Requests/Lagoon/UpdateLagoonUserEmail.swift /Users/admin/builder/spi-builder-workspace/Sources/SoracomAPI/AutoGeneratedCode/Requests/Lagoon/UpdateLagoonUserPassword.swift /Users/admin/builder/spi-builder-workspace/Sources/SoracomAPI/AutoGeneratedCode/Requests/Lagoon/UpdateLagoonUserPermission.swift /Users/admin/builder/spi-builder-workspace/Sources/SoracomAPI/AutoGeneratedCode/Requests/Log/GetLogs.swift /Users/admin/builder/spi-builder-workspace/Sources/SoracomAPI/AutoGeneratedCode/Requests/LoraDevice/DeleteLoraDeviceTag.swift /Users/admin/builder/spi-builder-workspace/Sources/SoracomAPI/AutoGeneratedCode/Requests/LoraDevice/DisableTerminationOnLoraDevice.swift /Users/admin/builder/spi-builder-workspace/Sources/SoracomAPI/AutoGeneratedCode/Requests/LoraDevice/EnableTerminationOnLoraDevice.swift /Users/admin/builder/spi-builder-workspace/Sources/SoracomAPI/AutoGeneratedCode/Requests/LoraDevice/GetDataFromLoraDevice.swift /Users/admin/builder/spi-builder-workspace/Sources/SoracomAPI/AutoGeneratedCode/Requests/LoraDevice/GetLoraDevice.swift /Users/admin/builder/spi-builder-workspace/Sources/SoracomAPI/AutoGeneratedCode/Requests/LoraDevice/ListLoraDevices.swift /Users/admin/builder/spi-builder-workspace/Sources/SoracomAPI/AutoGeneratedCode/Requests/LoraDevice/PutLoraDeviceTags.swift /Users/admin/builder/spi-builder-workspace/Sources/SoracomAPI/AutoGeneratedCode/Requests/LoraDevice/RegisterLoraDevice.swift /Users/admin/builder/spi-builder-workspace/Sources/SoracomAPI/AutoGeneratedCode/Requests/LoraDevice/SendDataToLoraDevice.swift (in target 'SoracomAPI' from project 'SoracomAPI')
SwiftCompile normal arm64 /Users/admin/builder/spi-builder-workspace/Sources/SoracomAPI/AutoGeneratedCode/Requests/Lagoon/TerminateLagoon.swift (in target 'SoracomAPI' from project 'SoracomAPI')
cd /Users/admin/builder/spi-builder-workspace/.swiftpm/xcode
builtin-SwiftPerFileCompile TerminateLagoon.swift
SwiftCompile normal arm64 /Users/admin/builder/spi-builder-workspace/Sources/SoracomAPI/AutoGeneratedCode/Requests/Lagoon/UpdateLagoonUserEmail.swift (in target 'SoracomAPI' from project 'SoracomAPI')
cd /Users/admin/builder/spi-builder-workspace/.swiftpm/xcode
builtin-SwiftPerFileCompile UpdateLagoonUserEmail.swift
SwiftCompile normal arm64 /Users/admin/builder/spi-builder-workspace/Sources/SoracomAPI/AutoGeneratedCode/Requests/Lagoon/UpdateLagoonUserPassword.swift (in target 'SoracomAPI' from project 'SoracomAPI')
cd /Users/admin/builder/spi-builder-workspace/.swiftpm/xcode
builtin-SwiftPerFileCompile UpdateLagoonUserPassword.swift
SwiftCompile normal arm64 /Users/admin/builder/spi-builder-workspace/Sources/SoracomAPI/AutoGeneratedCode/Requests/Lagoon/UpdateLagoonUserPermission.swift (in target 'SoracomAPI' from project 'SoracomAPI')
cd /Users/admin/builder/spi-builder-workspace/.swiftpm/xcode
builtin-SwiftPerFileCompile UpdateLagoonUserPermission.swift
SwiftCompile normal arm64 /Users/admin/builder/spi-builder-workspace/Sources/SoracomAPI/AutoGeneratedCode/Requests/Log/GetLogs.swift (in target 'SoracomAPI' from project 'SoracomAPI')
cd /Users/admin/builder/spi-builder-workspace/.swiftpm/xcode
builtin-SwiftPerFileCompile GetLogs.swift
SwiftCompile normal arm64 /Users/admin/builder/spi-builder-workspace/Sources/SoracomAPI/AutoGeneratedCode/Requests/LoraDevice/DeleteLoraDeviceTag.swift (in target 'SoracomAPI' from project 'SoracomAPI')
cd /Users/admin/builder/spi-builder-workspace/.swiftpm/xcode
builtin-SwiftPerFileCompile DeleteLoraDeviceTag.swift
SwiftCompile normal arm64 /Users/admin/builder/spi-builder-workspace/Sources/SoracomAPI/AutoGeneratedCode/Requests/LoraDevice/DisableTerminationOnLoraDevice.swift (in target 'SoracomAPI' from project 'SoracomAPI')
cd /Users/admin/builder/spi-builder-workspace/.swiftpm/xcode
builtin-SwiftPerFileCompile DisableTerminationOnLoraDevice.swift
SwiftCompile normal arm64 /Users/admin/builder/spi-builder-workspace/Sources/SoracomAPI/AutoGeneratedCode/Requests/LoraDevice/EnableTerminationOnLoraDevice.swift (in target 'SoracomAPI' from project 'SoracomAPI')
cd /Users/admin/builder/spi-builder-workspace/.swiftpm/xcode
builtin-SwiftPerFileCompile EnableTerminationOnLoraDevice.swift
SwiftCompile normal arm64 /Users/admin/builder/spi-builder-workspace/Sources/SoracomAPI/AutoGeneratedCode/Requests/LoraDevice/GetDataFromLoraDevice.swift (in target 'SoracomAPI' from project 'SoracomAPI')
cd /Users/admin/builder/spi-builder-workspace/.swiftpm/xcode
builtin-SwiftPerFileCompile GetDataFromLoraDevice.swift
SwiftCompile normal arm64 /Users/admin/builder/spi-builder-workspace/Sources/SoracomAPI/AutoGeneratedCode/Requests/LoraDevice/GetLoraDevice.swift (in target 'SoracomAPI' from project 'SoracomAPI')
cd /Users/admin/builder/spi-builder-workspace/.swiftpm/xcode
builtin-SwiftPerFileCompile GetLoraDevice.swift
SwiftCompile normal arm64 /Users/admin/builder/spi-builder-workspace/Sources/SoracomAPI/AutoGeneratedCode/Requests/LoraDevice/ListLoraDevices.swift (in target 'SoracomAPI' from project 'SoracomAPI')
cd /Users/admin/builder/spi-builder-workspace/.swiftpm/xcode
builtin-SwiftPerFileCompile ListLoraDevices.swift
SwiftCompile normal arm64 /Users/admin/builder/spi-builder-workspace/Sources/SoracomAPI/AutoGeneratedCode/Requests/LoraDevice/PutLoraDeviceTags.swift (in target 'SoracomAPI' from project 'SoracomAPI')
cd /Users/admin/builder/spi-builder-workspace/.swiftpm/xcode
builtin-SwiftPerFileCompile PutLoraDeviceTags.swift
SwiftCompile normal arm64 /Users/admin/builder/spi-builder-workspace/Sources/SoracomAPI/AutoGeneratedCode/Requests/LoraDevice/RegisterLoraDevice.swift (in target 'SoracomAPI' from project 'SoracomAPI')
cd /Users/admin/builder/spi-builder-workspace/.swiftpm/xcode
builtin-SwiftPerFileCompile RegisterLoraDevice.swift
SwiftCompile normal arm64 /Users/admin/builder/spi-builder-workspace/Sources/SoracomAPI/AutoGeneratedCode/Requests/LoraDevice/SendDataToLoraDevice.swift (in target 'SoracomAPI' from project 'SoracomAPI')
cd /Users/admin/builder/spi-builder-workspace/.swiftpm/xcode
builtin-SwiftPerFileCompile SendDataToLoraDevice.swift
SwiftCompile normal arm64 Compiling\ VerifyMFA.swift,\ VerifyMFARevokingToken.swift,\ VerifyOperator.swift,\ CancelOrder.swift,\ ConfirmOrder.swift,\ CreateQuotation.swift,\ GetOrder.swift,\ ListOrderedSubscribers.swift,\ ListOrders.swift,\ ListProducts.swift,\ DeactivateSubscriber.swift,\ DeleteSubscriberSession.swift,\ DeleteSubscriberTag.swift,\ DeleteSubscriberTransferToken.swift /Users/admin/builder/spi-builder-workspace/Sources/SoracomAPI/AutoGeneratedCode/Requests/Operator/VerifyMFA.swift /Users/admin/builder/spi-builder-workspace/Sources/SoracomAPI/AutoGeneratedCode/Requests/Operator/VerifyMFARevokingToken.swift /Users/admin/builder/spi-builder-workspace/Sources/SoracomAPI/AutoGeneratedCode/Requests/Operator/VerifyOperator.swift /Users/admin/builder/spi-builder-workspace/Sources/SoracomAPI/AutoGeneratedCode/Requests/Order/CancelOrder.swift /Users/admin/builder/spi-builder-workspace/Sources/SoracomAPI/AutoGeneratedCode/Requests/Order/ConfirmOrder.swift /Users/admin/builder/spi-builder-workspace/Sources/SoracomAPI/AutoGeneratedCode/Requests/Order/CreateQuotation.swift /Users/admin/builder/spi-builder-workspace/Sources/SoracomAPI/AutoGeneratedCode/Requests/Order/GetOrder.swift /Users/admin/builder/spi-builder-workspace/Sources/SoracomAPI/AutoGeneratedCode/Requests/Order/ListOrderedSubscribers.swift /Users/admin/builder/spi-builder-workspace/Sources/SoracomAPI/AutoGeneratedCode/Requests/Order/ListOrders.swift /Users/admin/builder/spi-builder-workspace/Sources/SoracomAPI/AutoGeneratedCode/Requests/Order/ListProducts.swift /Users/admin/builder/spi-builder-workspace/Sources/SoracomAPI/AutoGeneratedCode/Requests/Subscriber/DeactivateSubscriber.swift /Users/admin/builder/spi-builder-workspace/Sources/SoracomAPI/AutoGeneratedCode/Requests/Subscriber/DeleteSubscriberSession.swift /Users/admin/builder/spi-builder-workspace/Sources/SoracomAPI/AutoGeneratedCode/Requests/Subscriber/DeleteSubscriberTag.swift /Users/admin/builder/spi-builder-workspace/Sources/SoracomAPI/AutoGeneratedCode/Requests/Subscriber/DeleteSubscriberTransferToken.swift (in target 'SoracomAPI' from project 'SoracomAPI')
SwiftCompile normal arm64 /Users/admin/builder/spi-builder-workspace/Sources/SoracomAPI/AutoGeneratedCode/Requests/Operator/VerifyMFA.swift (in target 'SoracomAPI' from project 'SoracomAPI')
cd /Users/admin/builder/spi-builder-workspace/.swiftpm/xcode
builtin-SwiftPerFileCompile VerifyMFA.swift
SwiftCompile normal arm64 /Users/admin/builder/spi-builder-workspace/Sources/SoracomAPI/AutoGeneratedCode/Requests/Operator/VerifyMFARevokingToken.swift (in target 'SoracomAPI' from project 'SoracomAPI')
cd /Users/admin/builder/spi-builder-workspace/.swiftpm/xcode
builtin-SwiftPerFileCompile VerifyMFARevokingToken.swift
SwiftCompile normal arm64 /Users/admin/builder/spi-builder-workspace/Sources/SoracomAPI/AutoGeneratedCode/Requests/Operator/VerifyOperator.swift (in target 'SoracomAPI' from project 'SoracomAPI')
cd /Users/admin/builder/spi-builder-workspace/.swiftpm/xcode
builtin-SwiftPerFileCompile VerifyOperator.swift
SwiftCompile normal arm64 /Users/admin/builder/spi-builder-workspace/Sources/SoracomAPI/AutoGeneratedCode/Requests/Order/CancelOrder.swift (in target 'SoracomAPI' from project 'SoracomAPI')
cd /Users/admin/builder/spi-builder-workspace/.swiftpm/xcode
builtin-SwiftPerFileCompile CancelOrder.swift
SwiftCompile normal arm64 /Users/admin/builder/spi-builder-workspace/Sources/SoracomAPI/AutoGeneratedCode/Requests/Order/ConfirmOrder.swift (in target 'SoracomAPI' from project 'SoracomAPI')
cd /Users/admin/builder/spi-builder-workspace/.swiftpm/xcode
builtin-SwiftPerFileCompile ConfirmOrder.swift
SwiftCompile normal arm64 /Users/admin/builder/spi-builder-workspace/Sources/SoracomAPI/AutoGeneratedCode/Requests/Order/CreateQuotation.swift (in target 'SoracomAPI' from project 'SoracomAPI')
cd /Users/admin/builder/spi-builder-workspace/.swiftpm/xcode
builtin-SwiftPerFileCompile CreateQuotation.swift
SwiftCompile normal arm64 /Users/admin/builder/spi-builder-workspace/Sources/SoracomAPI/AutoGeneratedCode/Requests/Order/GetOrder.swift (in target 'SoracomAPI' from project 'SoracomAPI')
cd /Users/admin/builder/spi-builder-workspace/.swiftpm/xcode
builtin-SwiftPerFileCompile GetOrder.swift
SwiftCompile normal arm64 /Users/admin/builder/spi-builder-workspace/Sources/SoracomAPI/AutoGeneratedCode/Requests/Order/ListOrderedSubscribers.swift (in target 'SoracomAPI' from project 'SoracomAPI')
cd /Users/admin/builder/spi-builder-workspace/.swiftpm/xcode
builtin-SwiftPerFileCompile ListOrderedSubscribers.swift
SwiftCompile normal arm64 /Users/admin/builder/spi-builder-workspace/Sources/SoracomAPI/AutoGeneratedCode/Requests/Order/ListOrders.swift (in target 'SoracomAPI' from project 'SoracomAPI')
cd /Users/admin/builder/spi-builder-workspace/.swiftpm/xcode
builtin-SwiftPerFileCompile ListOrders.swift
SwiftCompile normal arm64 /Users/admin/builder/spi-builder-workspace/Sources/SoracomAPI/AutoGeneratedCode/Requests/Order/ListProducts.swift (in target 'SoracomAPI' from project 'SoracomAPI')
cd /Users/admin/builder/spi-builder-workspace/.swiftpm/xcode
builtin-SwiftPerFileCompile ListProducts.swift
SwiftCompile normal arm64 /Users/admin/builder/spi-builder-workspace/Sources/SoracomAPI/AutoGeneratedCode/Requests/Subscriber/DeactivateSubscriber.swift (in target 'SoracomAPI' from project 'SoracomAPI')
cd /Users/admin/builder/spi-builder-workspace/.swiftpm/xcode
builtin-SwiftPerFileCompile DeactivateSubscriber.swift
SwiftCompile normal arm64 /Users/admin/builder/spi-builder-workspace/Sources/SoracomAPI/AutoGeneratedCode/Requests/Subscriber/DeleteSubscriberSession.swift (in target 'SoracomAPI' from project 'SoracomAPI')
cd /Users/admin/builder/spi-builder-workspace/.swiftpm/xcode
builtin-SwiftPerFileCompile DeleteSubscriberSession.swift
SwiftCompile normal arm64 /Users/admin/builder/spi-builder-workspace/Sources/SoracomAPI/AutoGeneratedCode/Requests/Subscriber/DeleteSubscriberTag.swift (in target 'SoracomAPI' from project 'SoracomAPI')
cd /Users/admin/builder/spi-builder-workspace/.swiftpm/xcode
builtin-SwiftPerFileCompile DeleteSubscriberTag.swift
SwiftCompile normal arm64 /Users/admin/builder/spi-builder-workspace/Sources/SoracomAPI/AutoGeneratedCode/Requests/Subscriber/DeleteSubscriberTransferToken.swift (in target 'SoracomAPI' from project 'SoracomAPI')
cd /Users/admin/builder/spi-builder-workspace/.swiftpm/xcode
builtin-SwiftPerFileCompile DeleteSubscriberTransferToken.swift
SwiftCompile normal arm64 Compiling\ DisableTermination.swift,\ EnableTermination.swift,\ GetDataFromSubscriber.swift,\ GetSubscriber.swift,\ IssueSubscriberTransferToken.swift,\ ListSessionEvents.swift,\ ListSubscribers.swift,\ PutSubscriberTags.swift,\ RegisterSubscriber.swift,\ ReportLocalInfo.swift,\ SendSms.swift,\ SetExpiryTime.swift,\ SetGroup.swift,\ SetImeiLock.swift /Users/admin/builder/spi-builder-workspace/Sources/SoracomAPI/AutoGeneratedCode/Requests/Subscriber/DisableTermination.swift /Users/admin/builder/spi-builder-workspace/Sources/SoracomAPI/AutoGeneratedCode/Requests/Subscriber/EnableTermination.swift /Users/admin/builder/spi-builder-workspace/Sources/SoracomAPI/AutoGeneratedCode/Requests/Subscriber/GetDataFromSubscriber.swift /Users/admin/builder/spi-builder-workspace/Sources/SoracomAPI/AutoGeneratedCode/Requests/Subscriber/GetSubscriber.swift /Users/admin/builder/spi-builder-workspace/Sources/SoracomAPI/AutoGeneratedCode/Requests/Subscriber/IssueSubscriberTransferToken.swift /Users/admin/builder/spi-builder-workspace/Sources/SoracomAPI/AutoGeneratedCode/Requests/Subscriber/ListSessionEvents.swift /Users/admin/builder/spi-builder-workspace/Sources/SoracomAPI/AutoGeneratedCode/Requests/Subscriber/ListSubscribers.swift /Users/admin/builder/spi-builder-workspace/Sources/SoracomAPI/AutoGeneratedCode/Requests/Subscriber/PutSubscriberTags.swift /Users/admin/builder/spi-builder-workspace/Sources/SoracomAPI/AutoGeneratedCode/Requests/Subscriber/RegisterSubscriber.swift /Users/admin/builder/spi-builder-workspace/Sources/SoracomAPI/AutoGeneratedCode/Requests/Subscriber/ReportLocalInfo.swift /Users/admin/builder/spi-builder-workspace/Sources/SoracomAPI/AutoGeneratedCode/Requests/Subscriber/SendSms.swift /Users/admin/builder/spi-builder-workspace/Sources/SoracomAPI/AutoGeneratedCode/Requests/Subscriber/SetExpiryTime.swift /Users/admin/builder/spi-builder-workspace/Sources/SoracomAPI/AutoGeneratedCode/Requests/Subscriber/SetGroup.swift /Users/admin/builder/spi-builder-workspace/Sources/SoracomAPI/AutoGeneratedCode/Requests/Subscriber/SetImeiLock.swift (in target 'SoracomAPI' from project 'SoracomAPI')
SwiftCompile normal arm64 /Users/admin/builder/spi-builder-workspace/Sources/SoracomAPI/AutoGeneratedCode/Requests/Subscriber/DisableTermination.swift (in target 'SoracomAPI' from project 'SoracomAPI')
cd /Users/admin/builder/spi-builder-workspace/.swiftpm/xcode
builtin-SwiftPerFileCompile DisableTermination.swift
SwiftCompile normal arm64 /Users/admin/builder/spi-builder-workspace/Sources/SoracomAPI/AutoGeneratedCode/Requests/Subscriber/EnableTermination.swift (in target 'SoracomAPI' from project 'SoracomAPI')
cd /Users/admin/builder/spi-builder-workspace/.swiftpm/xcode
builtin-SwiftPerFileCompile EnableTermination.swift
SwiftCompile normal arm64 /Users/admin/builder/spi-builder-workspace/Sources/SoracomAPI/AutoGeneratedCode/Requests/Subscriber/GetDataFromSubscriber.swift (in target 'SoracomAPI' from project 'SoracomAPI')
cd /Users/admin/builder/spi-builder-workspace/.swiftpm/xcode
builtin-SwiftPerFileCompile GetDataFromSubscriber.swift
SwiftCompile normal arm64 /Users/admin/builder/spi-builder-workspace/Sources/SoracomAPI/AutoGeneratedCode/Requests/Subscriber/GetSubscriber.swift (in target 'SoracomAPI' from project 'SoracomAPI')
cd /Users/admin/builder/spi-builder-workspace/.swiftpm/xcode
builtin-SwiftPerFileCompile GetSubscriber.swift
SwiftCompile normal arm64 /Users/admin/builder/spi-builder-workspace/Sources/SoracomAPI/AutoGeneratedCode/Requests/Subscriber/IssueSubscriberTransferToken.swift (in target 'SoracomAPI' from project 'SoracomAPI')
cd /Users/admin/builder/spi-builder-workspace/.swiftpm/xcode
builtin-SwiftPerFileCompile IssueSubscriberTransferToken.swift
SwiftCompile normal arm64 /Users/admin/builder/spi-builder-workspace/Sources/SoracomAPI/AutoGeneratedCode/Requests/Subscriber/ListSessionEvents.swift (in target 'SoracomAPI' from project 'SoracomAPI')
cd /Users/admin/builder/spi-builder-workspace/.swiftpm/xcode
builtin-SwiftPerFileCompile ListSessionEvents.swift
SwiftCompile normal arm64 /Users/admin/builder/spi-builder-workspace/Sources/SoracomAPI/AutoGeneratedCode/Requests/Subscriber/ListSubscribers.swift (in target 'SoracomAPI' from project 'SoracomAPI')
cd /Users/admin/builder/spi-builder-workspace/.swiftpm/xcode
builtin-SwiftPerFileCompile ListSubscribers.swift
SwiftCompile normal arm64 /Users/admin/builder/spi-builder-workspace/Sources/SoracomAPI/AutoGeneratedCode/Requests/Subscriber/PutSubscriberTags.swift (in target 'SoracomAPI' from project 'SoracomAPI')
cd /Users/admin/builder/spi-builder-workspace/.swiftpm/xcode
builtin-SwiftPerFileCompile PutSubscriberTags.swift
SwiftCompile normal arm64 /Users/admin/builder/spi-builder-workspace/Sources/SoracomAPI/AutoGeneratedCode/Requests/Subscriber/RegisterSubscriber.swift (in target 'SoracomAPI' from project 'SoracomAPI')
cd /Users/admin/builder/spi-builder-workspace/.swiftpm/xcode
builtin-SwiftPerFileCompile RegisterSubscriber.swift
SwiftCompile normal arm64 /Users/admin/builder/spi-builder-workspace/Sources/SoracomAPI/AutoGeneratedCode/Requests/Subscriber/ReportLocalInfo.swift (in target 'SoracomAPI' from project 'SoracomAPI')
cd /Users/admin/builder/spi-builder-workspace/.swiftpm/xcode
builtin-SwiftPerFileCompile ReportLocalInfo.swift
SwiftCompile normal arm64 /Users/admin/builder/spi-builder-workspace/Sources/SoracomAPI/AutoGeneratedCode/Requests/Subscriber/SendSms.swift (in target 'SoracomAPI' from project 'SoracomAPI')
cd /Users/admin/builder/spi-builder-workspace/.swiftpm/xcode
builtin-SwiftPerFileCompile SendSms.swift
SwiftCompile normal arm64 /Users/admin/builder/spi-builder-workspace/Sources/SoracomAPI/AutoGeneratedCode/Requests/Subscriber/SetExpiryTime.swift (in target 'SoracomAPI' from project 'SoracomAPI')
cd /Users/admin/builder/spi-builder-workspace/.swiftpm/xcode
builtin-SwiftPerFileCompile SetExpiryTime.swift
SwiftCompile normal arm64 /Users/admin/builder/spi-builder-workspace/Sources/SoracomAPI/AutoGeneratedCode/Requests/Subscriber/SetGroup.swift (in target 'SoracomAPI' from project 'SoracomAPI')
cd /Users/admin/builder/spi-builder-workspace/.swiftpm/xcode
builtin-SwiftPerFileCompile SetGroup.swift
SwiftCompile normal arm64 /Users/admin/builder/spi-builder-workspace/Sources/SoracomAPI/AutoGeneratedCode/Requests/Subscriber/SetImeiLock.swift (in target 'SoracomAPI' from project 'SoracomAPI')
cd /Users/admin/builder/spi-builder-workspace/.swiftpm/xcode
builtin-SwiftPerFileCompile SetImeiLock.swift
SwiftCompile normal arm64 Compiling\ SetSubscriberToStandby.swift,\ SuspendSubscriber.swift,\ TerminateSubscriber.swift,\ UnsetExpiryTime.swift,\ UnsetGroup.swift,\ BeamCounts+Extras.swift,\ CredentialsModel+Extras.swift,\ CreditCard+Extras.swift,\ NoResponseBody.swift,\ Subscriber+Extras.swift,\ Tag+Extras.swift,\ TagUpdateRequest+Extras.swift,\ Request+Auth.swift,\ Request+Group.swift /Users/admin/builder/spi-builder-workspace/Sources/SoracomAPI/AutoGeneratedCode/Requests/Subscriber/SetSubscriberToStandby.swift /Users/admin/builder/spi-builder-workspace/Sources/SoracomAPI/AutoGeneratedCode/Requests/Subscriber/SuspendSubscriber.swift /Users/admin/builder/spi-builder-workspace/Sources/SoracomAPI/AutoGeneratedCode/Requests/Subscriber/TerminateSubscriber.swift /Users/admin/builder/spi-builder-workspace/Sources/SoracomAPI/AutoGeneratedCode/Requests/Subscriber/UnsetExpiryTime.swift /Users/admin/builder/spi-builder-workspace/Sources/SoracomAPI/AutoGeneratedCode/Requests/Subscriber/UnsetGroup.swift /Users/admin/builder/spi-builder-workspace/Sources/SoracomAPI/Models/BeamCounts+Extras.swift /Users/admin/builder/spi-builder-workspace/Sources/SoracomAPI/Models/CredentialsModel+Extras.swift /Users/admin/builder/spi-builder-workspace/Sources/SoracomAPI/Models/CreditCard+Extras.swift /Users/admin/builder/spi-builder-workspace/Sources/SoracomAPI/Models/NoResponseBody.swift /Users/admin/builder/spi-builder-workspace/Sources/SoracomAPI/Models/Subscriber+Extras.swift /Users/admin/builder/spi-builder-workspace/Sources/SoracomAPI/Models/Tag+Extras.swift /Users/admin/builder/spi-builder-workspace/Sources/SoracomAPI/Models/TagUpdateRequest+Extras.swift /Users/admin/builder/spi-builder-workspace/Sources/SoracomAPI/Request+Auth.swift /Users/admin/builder/spi-builder-workspace/Sources/SoracomAPI/Request+Group.swift (in target 'SoracomAPI' from project 'SoracomAPI')
/Users/admin/builder/spi-builder-workspace/Sources/SoracomAPI/Models/TagUpdateRequest+Extras.swift:14:1: warning: extension declares a conformance of imported type 'Array' to imported protocol 'ExpressibleByDictionaryLiteral'; this will not behave correctly if the owners of 'Swift' introduce this conformance in the future
12 | }
13 |
14 | extension Array: ExpressibleByDictionaryLiteral where Element == TagUpdateRequest {
| |- warning: extension declares a conformance of imported type 'Array' to imported protocol 'ExpressibleByDictionaryLiteral'; this will not behave correctly if the owners of 'Swift' introduce this conformance in the future
| `- note: add '@retroactive' to silence this warning
15 |
16 | public init(dictionaryLiteral elements: (String, String)...) {
SwiftCompile normal arm64 /Users/admin/builder/spi-builder-workspace/Sources/SoracomAPI/AutoGeneratedCode/Requests/Subscriber/SetSubscriberToStandby.swift (in target 'SoracomAPI' from project 'SoracomAPI')
cd /Users/admin/builder/spi-builder-workspace/.swiftpm/xcode
builtin-SwiftPerFileCompile SetSubscriberToStandby.swift
SwiftCompile normal arm64 /Users/admin/builder/spi-builder-workspace/Sources/SoracomAPI/AutoGeneratedCode/Requests/Subscriber/SuspendSubscriber.swift (in target 'SoracomAPI' from project 'SoracomAPI')
cd /Users/admin/builder/spi-builder-workspace/.swiftpm/xcode
builtin-SwiftPerFileCompile SuspendSubscriber.swift
SwiftCompile normal arm64 /Users/admin/builder/spi-builder-workspace/Sources/SoracomAPI/AutoGeneratedCode/Requests/Subscriber/TerminateSubscriber.swift (in target 'SoracomAPI' from project 'SoracomAPI')
cd /Users/admin/builder/spi-builder-workspace/.swiftpm/xcode
builtin-SwiftPerFileCompile TerminateSubscriber.swift
SwiftCompile normal arm64 /Users/admin/builder/spi-builder-workspace/Sources/SoracomAPI/AutoGeneratedCode/Requests/Subscriber/UnsetExpiryTime.swift (in target 'SoracomAPI' from project 'SoracomAPI')
cd /Users/admin/builder/spi-builder-workspace/.swiftpm/xcode
builtin-SwiftPerFileCompile UnsetExpiryTime.swift
SwiftCompile normal arm64 /Users/admin/builder/spi-builder-workspace/Sources/SoracomAPI/AutoGeneratedCode/Requests/Subscriber/UnsetGroup.swift (in target 'SoracomAPI' from project 'SoracomAPI')
cd /Users/admin/builder/spi-builder-workspace/.swiftpm/xcode
builtin-SwiftPerFileCompile UnsetGroup.swift
SwiftCompile normal arm64 /Users/admin/builder/spi-builder-workspace/Sources/SoracomAPI/Models/BeamCounts+Extras.swift (in target 'SoracomAPI' from project 'SoracomAPI')
cd /Users/admin/builder/spi-builder-workspace/.swiftpm/xcode
builtin-SwiftPerFileCompile BeamCounts+Extras.swift
SwiftCompile normal arm64 /Users/admin/builder/spi-builder-workspace/Sources/SoracomAPI/Models/CredentialsModel+Extras.swift (in target 'SoracomAPI' from project 'SoracomAPI')
cd /Users/admin/builder/spi-builder-workspace/.swiftpm/xcode
builtin-SwiftPerFileCompile CredentialsModel+Extras.swift
SwiftCompile normal arm64 /Users/admin/builder/spi-builder-workspace/Sources/SoracomAPI/Models/CreditCard+Extras.swift (in target 'SoracomAPI' from project 'SoracomAPI')
cd /Users/admin/builder/spi-builder-workspace/.swiftpm/xcode
builtin-SwiftPerFileCompile CreditCard+Extras.swift
SwiftCompile normal arm64 /Users/admin/builder/spi-builder-workspace/Sources/SoracomAPI/Models/NoResponseBody.swift (in target 'SoracomAPI' from project 'SoracomAPI')
cd /Users/admin/builder/spi-builder-workspace/.swiftpm/xcode
builtin-SwiftPerFileCompile NoResponseBody.swift
SwiftCompile normal arm64 /Users/admin/builder/spi-builder-workspace/Sources/SoracomAPI/Models/Subscriber+Extras.swift (in target 'SoracomAPI' from project 'SoracomAPI')
cd /Users/admin/builder/spi-builder-workspace/.swiftpm/xcode
builtin-SwiftPerFileCompile Subscriber+Extras.swift
SwiftCompile normal arm64 /Users/admin/builder/spi-builder-workspace/Sources/SoracomAPI/Models/Tag+Extras.swift (in target 'SoracomAPI' from project 'SoracomAPI')
cd /Users/admin/builder/spi-builder-workspace/.swiftpm/xcode
builtin-SwiftPerFileCompile Tag+Extras.swift
SwiftCompile normal arm64 /Users/admin/builder/spi-builder-workspace/Sources/SoracomAPI/Models/TagUpdateRequest+Extras.swift (in target 'SoracomAPI' from project 'SoracomAPI')
cd /Users/admin/builder/spi-builder-workspace/.swiftpm/xcode
builtin-SwiftPerFileCompile TagUpdateRequest+Extras.swift
SwiftCompile normal arm64 /Users/admin/builder/spi-builder-workspace/Sources/SoracomAPI/Request+Auth.swift (in target 'SoracomAPI' from project 'SoracomAPI')
cd /Users/admin/builder/spi-builder-workspace/.swiftpm/xcode
builtin-SwiftPerFileCompile Request+Auth.swift
SwiftCompile normal arm64 /Users/admin/builder/spi-builder-workspace/Sources/SoracomAPI/Request+Group.swift (in target 'SoracomAPI' from project 'SoracomAPI')
cd /Users/admin/builder/spi-builder-workspace/.swiftpm/xcode
builtin-SwiftPerFileCompile Request+Group.swift
SwiftCompile normal arm64 Compiling\ ObserveDeviceResource.swift,\ ObserveDeviceResources.swift,\ PutDeviceTags.swift,\ ReadDeviceResource.swift,\ DeleteGroupTag.swift,\ GetGroup.swift,\ ListGroups.swift,\ ListSubscribersInGroup.swift,\ PutConfigurationParameters.swift,\ PutGroupTags.swift,\ CreateLagoonUser.swift,\ DeleteLagoonUser.swift,\ ListLagoonUsers.swift,\ RegisterLagoon.swift /Users/admin/builder/spi-builder-workspace/Sources/SoracomAPI/AutoGeneratedCode/Requests/Device/ObserveDeviceResource.swift /Users/admin/builder/spi-builder-workspace/Sources/SoracomAPI/AutoGeneratedCode/Requests/Device/ObserveDeviceResources.swift /Users/admin/builder/spi-builder-workspace/Sources/SoracomAPI/AutoGeneratedCode/Requests/Device/PutDeviceTags.swift /Users/admin/builder/spi-builder-workspace/Sources/SoracomAPI/AutoGeneratedCode/Requests/Device/ReadDeviceResource.swift /Users/admin/builder/spi-builder-workspace/Sources/SoracomAPI/AutoGeneratedCode/Requests/Group/DeleteGroupTag.swift /Users/admin/builder/spi-builder-workspace/Sources/SoracomAPI/AutoGeneratedCode/Requests/Group/GetGroup.swift /Users/admin/builder/spi-builder-workspace/Sources/SoracomAPI/AutoGeneratedCode/Requests/Group/ListGroups.swift /Users/admin/builder/spi-builder-workspace/Sources/SoracomAPI/AutoGeneratedCode/Requests/Group/ListSubscribersInGroup.swift /Users/admin/builder/spi-builder-workspace/Sources/SoracomAPI/AutoGeneratedCode/Requests/Group/PutConfigurationParameters.swift /Users/admin/builder/spi-builder-workspace/Sources/SoracomAPI/AutoGeneratedCode/Requests/Group/PutGroupTags.swift /Users/admin/builder/spi-builder-workspace/Sources/SoracomAPI/AutoGeneratedCode/Requests/Lagoon/CreateLagoonUser.swift /Users/admin/builder/spi-builder-workspace/Sources/SoracomAPI/AutoGeneratedCode/Requests/Lagoon/DeleteLagoonUser.swift /Users/admin/builder/spi-builder-workspace/Sources/SoracomAPI/AutoGeneratedCode/Requests/Lagoon/ListLagoonUsers.swift /Users/admin/builder/spi-builder-workspace/Sources/SoracomAPI/AutoGeneratedCode/Requests/Lagoon/RegisterLagoon.swift (in target 'SoracomAPI' from project 'SoracomAPI')
SwiftCompile normal arm64 /Users/admin/builder/spi-builder-workspace/Sources/SoracomAPI/AutoGeneratedCode/Requests/Device/ObserveDeviceResource.swift (in target 'SoracomAPI' from project 'SoracomAPI')
cd /Users/admin/builder/spi-builder-workspace/.swiftpm/xcode
builtin-SwiftPerFileCompile ObserveDeviceResource.swift
SwiftCompile normal arm64 /Users/admin/builder/spi-builder-workspace/Sources/SoracomAPI/AutoGeneratedCode/Requests/Device/ObserveDeviceResources.swift (in target 'SoracomAPI' from project 'SoracomAPI')
cd /Users/admin/builder/spi-builder-workspace/.swiftpm/xcode
builtin-SwiftPerFileCompile ObserveDeviceResources.swift
SwiftCompile normal arm64 /Users/admin/builder/spi-builder-workspace/Sources/SoracomAPI/AutoGeneratedCode/Requests/Device/PutDeviceTags.swift (in target 'SoracomAPI' from project 'SoracomAPI')
cd /Users/admin/builder/spi-builder-workspace/.swiftpm/xcode
builtin-SwiftPerFileCompile PutDeviceTags.swift
SwiftCompile normal arm64 /Users/admin/builder/spi-builder-workspace/Sources/SoracomAPI/AutoGeneratedCode/Requests/Device/ReadDeviceResource.swift (in target 'SoracomAPI' from project 'SoracomAPI')
cd /Users/admin/builder/spi-builder-workspace/.swiftpm/xcode
builtin-SwiftPerFileCompile ReadDeviceResource.swift
SwiftCompile normal arm64 /Users/admin/builder/spi-builder-workspace/Sources/SoracomAPI/AutoGeneratedCode/Requests/Group/DeleteGroupTag.swift (in target 'SoracomAPI' from project 'SoracomAPI')
cd /Users/admin/builder/spi-builder-workspace/.swiftpm/xcode
builtin-SwiftPerFileCompile DeleteGroupTag.swift
SwiftCompile normal arm64 /Users/admin/builder/spi-builder-workspace/Sources/SoracomAPI/AutoGeneratedCode/Requests/Group/GetGroup.swift (in target 'SoracomAPI' from project 'SoracomAPI')
cd /Users/admin/builder/spi-builder-workspace/.swiftpm/xcode
builtin-SwiftPerFileCompile GetGroup.swift
SwiftCompile normal arm64 /Users/admin/builder/spi-builder-workspace/Sources/SoracomAPI/AutoGeneratedCode/Requests/Group/ListGroups.swift (in target 'SoracomAPI' from project 'SoracomAPI')
cd /Users/admin/builder/spi-builder-workspace/.swiftpm/xcode
builtin-SwiftPerFileCompile ListGroups.swift
SwiftCompile normal arm64 /Users/admin/builder/spi-builder-workspace/Sources/SoracomAPI/AutoGeneratedCode/Requests/Group/ListSubscribersInGroup.swift (in target 'SoracomAPI' from project 'SoracomAPI')
cd /Users/admin/builder/spi-builder-workspace/.swiftpm/xcode
builtin-SwiftPerFileCompile ListSubscribersInGroup.swift
SwiftCompile normal arm64 /Users/admin/builder/spi-builder-workspace/Sources/SoracomAPI/AutoGeneratedCode/Requests/Group/PutConfigurationParameters.swift (in target 'SoracomAPI' from project 'SoracomAPI')
cd /Users/admin/builder/spi-builder-workspace/.swiftpm/xcode
builtin-SwiftPerFileCompile PutConfigurationParameters.swift
SwiftCompile normal arm64 /Users/admin/builder/spi-builder-workspace/Sources/SoracomAPI/AutoGeneratedCode/Requests/Group/PutGroupTags.swift (in target 'SoracomAPI' from project 'SoracomAPI')
cd /Users/admin/builder/spi-builder-workspace/.swiftpm/xcode
builtin-SwiftPerFileCompile PutGroupTags.swift
SwiftCompile normal arm64 /Users/admin/builder/spi-builder-workspace/Sources/SoracomAPI/AutoGeneratedCode/Requests/Lagoon/CreateLagoonUser.swift (in target 'SoracomAPI' from project 'SoracomAPI')
cd /Users/admin/builder/spi-builder-workspace/.swiftpm/xcode
builtin-SwiftPerFileCompile CreateLagoonUser.swift
SwiftCompile normal arm64 /Users/admin/builder/spi-builder-workspace/Sources/SoracomAPI/AutoGeneratedCode/Requests/Lagoon/DeleteLagoonUser.swift (in target 'SoracomAPI' from project 'SoracomAPI')
cd /Users/admin/builder/spi-builder-workspace/.swiftpm/xcode
builtin-SwiftPerFileCompile DeleteLagoonUser.swift
SwiftCompile normal arm64 /Users/admin/builder/spi-builder-workspace/Sources/SoracomAPI/AutoGeneratedCode/Requests/Lagoon/ListLagoonUsers.swift (in target 'SoracomAPI' from project 'SoracomAPI')
cd /Users/admin/builder/spi-builder-workspace/.swiftpm/xcode
builtin-SwiftPerFileCompile ListLagoonUsers.swift
SwiftCompile normal arm64 /Users/admin/builder/spi-builder-workspace/Sources/SoracomAPI/AutoGeneratedCode/Requests/Lagoon/RegisterLagoon.swift (in target 'SoracomAPI' from project 'SoracomAPI')
cd /Users/admin/builder/spi-builder-workspace/.swiftpm/xcode
builtin-SwiftPerFileCompile RegisterLagoon.swift
SwiftEmitModule normal arm64 Emitting\ module\ for\ SoracomAPI (in target 'SoracomAPI' from project 'SoracomAPI')
SwiftCompile normal arm64 (in target 'SoracomAPI' from project 'SoracomAPI')
cd /Users/admin/builder/spi-builder-workspace/.swiftpm/xcode
SwiftCompile normal arm64 Compiling\ CreateCredential.swift,\ DeleteCredential.swift,\ ListCredentials.swift,\ UpdateCredential.swift,\ DeleteDataEntry.swift,\ GetDataEntries.swift,\ GetDataEntry.swift,\ ListDataSourceResources.swift,\ CreateDevice.swift,\ DeleteDevice.swift,\ DeleteDeviceTag.swift,\ ExecuteDeviceResource.swift,\ GetDevice.swift,\ ListDevices.swift /Users/admin/builder/spi-builder-workspace/Sources/SoracomAPI/AutoGeneratedCode/Requests/Credential/CreateCredential.swift /Users/admin/builder/spi-builder-workspace/Sources/SoracomAPI/AutoGeneratedCode/Requests/Credential/DeleteCredential.swift /Users/admin/builder/spi-builder-workspace/Sources/SoracomAPI/AutoGeneratedCode/Requests/Credential/ListCredentials.swift /Users/admin/builder/spi-builder-workspace/Sources/SoracomAPI/AutoGeneratedCode/Requests/Credential/UpdateCredential.swift /Users/admin/builder/spi-builder-workspace/Sources/SoracomAPI/AutoGeneratedCode/Requests/DataEntry/DeleteDataEntry.swift /Users/admin/builder/spi-builder-workspace/Sources/SoracomAPI/AutoGeneratedCode/Requests/DataEntry/GetDataEntries.swift /Users/admin/builder/spi-builder-workspace/Sources/SoracomAPI/AutoGeneratedCode/Requests/DataEntry/GetDataEntry.swift /Users/admin/builder/spi-builder-workspace/Sources/SoracomAPI/AutoGeneratedCode/Requests/DataEntry/ListDataSourceResources.swift /Users/admin/builder/spi-builder-workspace/Sources/SoracomAPI/AutoGeneratedCode/Requests/Device/CreateDevice.swift /Users/admin/builder/spi-builder-workspace/Sources/SoracomAPI/AutoGeneratedCode/Requests/Device/DeleteDevice.swift /Users/admin/builder/spi-builder-workspace/Sources/SoracomAPI/AutoGeneratedCode/Requests/Device/DeleteDeviceTag.swift /Users/admin/builder/spi-builder-workspace/Sources/SoracomAPI/AutoGeneratedCode/Requests/Device/ExecuteDeviceResource.swift /Users/admin/builder/spi-builder-workspace/Sources/SoracomAPI/AutoGeneratedCode/Requests/Device/GetDevice.swift /Users/admin/builder/spi-builder-workspace/Sources/SoracomAPI/AutoGeneratedCode/Requests/Device/ListDevices.swift (in target 'SoracomAPI' from project 'SoracomAPI')
SwiftCompile normal arm64 /Users/admin/builder/spi-builder-workspace/Sources/SoracomAPI/AutoGeneratedCode/Requests/Credential/CreateCredential.swift (in target 'SoracomAPI' from project 'SoracomAPI')
cd /Users/admin/builder/spi-builder-workspace/.swiftpm/xcode
builtin-SwiftPerFileCompile CreateCredential.swift
SwiftCompile normal arm64 /Users/admin/builder/spi-builder-workspace/Sources/SoracomAPI/AutoGeneratedCode/Requests/Credential/DeleteCredential.swift (in target 'SoracomAPI' from project 'SoracomAPI')
cd /Users/admin/builder/spi-builder-workspace/.swiftpm/xcode
builtin-SwiftPerFileCompile DeleteCredential.swift
SwiftCompile normal arm64 /Users/admin/builder/spi-builder-workspace/Sources/SoracomAPI/AutoGeneratedCode/Requests/Credential/ListCredentials.swift (in target 'SoracomAPI' from project 'SoracomAPI')
cd /Users/admin/builder/spi-builder-workspace/.swiftpm/xcode
builtin-SwiftPerFileCompile ListCredentials.swift
SwiftCompile normal arm64 /Users/admin/builder/spi-builder-workspace/Sources/SoracomAPI/AutoGeneratedCode/Requests/Credential/UpdateCredential.swift (in target 'SoracomAPI' from project 'SoracomAPI')
cd /Users/admin/builder/spi-builder-workspace/.swiftpm/xcode
builtin-SwiftPerFileCompile UpdateCredential.swift
SwiftCompile normal arm64 /Users/admin/builder/spi-builder-workspace/Sources/SoracomAPI/AutoGeneratedCode/Requests/DataEntry/DeleteDataEntry.swift (in target 'SoracomAPI' from project 'SoracomAPI')
cd /Users/admin/builder/spi-builder-workspace/.swiftpm/xcode
builtin-SwiftPerFileCompile DeleteDataEntry.swift
SwiftCompile normal arm64 /Users/admin/builder/spi-builder-workspace/Sources/SoracomAPI/AutoGeneratedCode/Requests/DataEntry/GetDataEntries.swift (in target 'SoracomAPI' from project 'SoracomAPI')
cd /Users/admin/builder/spi-builder-workspace/.swiftpm/xcode
builtin-SwiftPerFileCompile GetDataEntries.swift
SwiftCompile normal arm64 /Users/admin/builder/spi-builder-workspace/Sources/SoracomAPI/AutoGeneratedCode/Requests/DataEntry/GetDataEntry.swift (in target 'SoracomAPI' from project 'SoracomAPI')
cd /Users/admin/builder/spi-builder-workspace/.swiftpm/xcode
builtin-SwiftPerFileCompile GetDataEntry.swift
SwiftCompile normal arm64 /Users/admin/builder/spi-builder-workspace/Sources/SoracomAPI/AutoGeneratedCode/Requests/DataEntry/ListDataSourceResources.swift (in target 'SoracomAPI' from project 'SoracomAPI')
cd /Users/admin/builder/spi-builder-workspace/.swiftpm/xcode
builtin-SwiftPerFileCompile ListDataSourceResources.swift
SwiftCompile normal arm64 /Users/admin/builder/spi-builder-workspace/Sources/SoracomAPI/AutoGeneratedCode/Requests/Device/CreateDevice.swift (in target 'SoracomAPI' from project 'SoracomAPI')
cd /Users/admin/builder/spi-builder-workspace/.swiftpm/xcode
builtin-SwiftPerFileCompile CreateDevice.swift
SwiftCompile normal arm64 /Users/admin/builder/spi-builder-workspace/Sources/SoracomAPI/AutoGeneratedCode/Requests/Device/DeleteDevice.swift (in target 'SoracomAPI' from project 'SoracomAPI')
cd /Users/admin/builder/spi-builder-workspace/.swiftpm/xcode
builtin-SwiftPerFileCompile DeleteDevice.swift
SwiftCompile normal arm64 /Users/admin/builder/spi-builder-workspace/Sources/SoracomAPI/AutoGeneratedCode/Requests/Device/DeleteDeviceTag.swift (in target 'SoracomAPI' from project 'SoracomAPI')
cd /Users/admin/builder/spi-builder-workspace/.swiftpm/xcode
builtin-SwiftPerFileCompile DeleteDeviceTag.swift
SwiftCompile normal arm64 /Users/admin/builder/spi-builder-workspace/Sources/SoracomAPI/AutoGeneratedCode/Requests/Device/ExecuteDeviceResource.swift (in target 'SoracomAPI' from project 'SoracomAPI')
cd /Users/admin/builder/spi-builder-workspace/.swiftpm/xcode
builtin-SwiftPerFileCompile ExecuteDeviceResource.swift
SwiftCompile normal arm64 /Users/admin/builder/spi-builder-workspace/Sources/SoracomAPI/AutoGeneratedCode/Requests/Device/GetDevice.swift (in target 'SoracomAPI' from project 'SoracomAPI')
cd /Users/admin/builder/spi-builder-workspace/.swiftpm/xcode
builtin-SwiftPerFileCompile GetDevice.swift
SwiftCompile normal arm64 /Users/admin/builder/spi-builder-workspace/Sources/SoracomAPI/AutoGeneratedCode/Requests/Device/ListDevices.swift (in target 'SoracomAPI' from project 'SoracomAPI')
cd /Users/admin/builder/spi-builder-workspace/.swiftpm/xcode
builtin-SwiftPerFileCompile ListDevices.swift
SwiftCompile normal arm64 Compiling\ Request+Operator.swift,\ Request+Subscriber.swift,\ Request.swift,\ RequestQueue.swift,\ RequestResponseFormatter.swift,\ Response.swift,\ SoracomCredentials.swift,\ Codable+SoracomAPI.swift,\ Data+SoracomAPI.swift,\ Keychain.swift,\ Metrics.swift,\ NSDate+SoracomAPI.swift,\ String+SoracomAPI.swift,\ TextStyle.swift /Users/admin/builder/spi-builder-workspace/Sources/SoracomAPI/Request+Operator.swift /Users/admin/builder/spi-builder-workspace/Sources/SoracomAPI/Request+Subscriber.swift /Users/admin/builder/spi-builder-workspace/Sources/SoracomAPI/Request.swift /Users/admin/builder/spi-builder-workspace/Sources/SoracomAPI/RequestQueue.swift /Users/admin/builder/spi-builder-workspace/Sources/SoracomAPI/RequestResponseFormatter.swift /Users/admin/builder/spi-builder-workspace/Sources/SoracomAPI/Response.swift /Users/admin/builder/spi-builder-workspace/Sources/SoracomAPI/SoracomCredentials.swift /Users/admin/builder/spi-builder-workspace/Sources/SoracomAPI/Utility/Codable+SoracomAPI.swift /Users/admin/builder/spi-builder-workspace/Sources/SoracomAPI/Utility/Data+SoracomAPI.swift /Users/admin/builder/spi-builder-workspace/Sources/SoracomAPI/Utility/Keychain.swift /Users/admin/builder/spi-builder-workspace/Sources/SoracomAPI/Utility/Metrics.swift /Users/admin/builder/spi-builder-workspace/Sources/SoracomAPI/Utility/NSDate+SoracomAPI.swift /Users/admin/builder/spi-builder-workspace/Sources/SoracomAPI/Utility/String+SoracomAPI.swift /Users/admin/builder/spi-builder-workspace/Sources/SoracomAPI/Utility/TextStyle.swift (in target 'SoracomAPI' from project 'SoracomAPI')
/Users/admin/builder/spi-builder-workspace/Sources/SoracomAPI/Request.swift:508:5: warning: non-'@objc' property declared in extension cannot be overridden; use 'public' instead; this will be an error in a future Swift language mode
506 | /// Return attractive and understandable end-user-facing textual representations of the API request. Intended for debugging and learning. (And maybe verbose logging?)
507 |
508 | open var description: String {
| `- warning: non-'@objc' property declared in extension cannot be overridden; use 'public' instead; this will be an error in a future Swift language mode
509 | let f = RequestResponseFormatter()
510 | return f.formatRequest(self)
/Users/admin/builder/spi-builder-workspace/Sources/SoracomAPI/SoracomCredentials.swift:117:32: error: type 'Keychain' has no member 'read'
115 | let identifier = SoracomCredentials.buildNamespacedIdentifier( base, namespace: namespace )
116 |
117 | if let data = Keychain.read(identifier) {
| `- error: type 'Keychain' has no member 'read'
118 | self.init(jsonData: data)
119 | } else {
/Users/admin/builder/spi-builder-workspace/Sources/SoracomAPI/SoracomCredentials.swift:141:35: error: type 'Keychain' has no member 'write'
139 | let identifier = SoracomCredentials.buildNamespacedIdentifier(base, namespace: namespace)
140 | let data = toJSONData()
141 | let result = Keychain.write(identifier, data: data)
| `- error: type 'Keychain' has no member 'write'
142 |
143 | return result
/Users/admin/builder/spi-builder-workspace/Sources/SoracomAPI/SoracomCredentials.swift:152:35: error: type 'Keychain' has no member 'delete'
150 |
151 | let identifier = SoracomCredentials.buildNamespacedIdentifier(identifier, namespace: namespace)
152 | let result = Keychain.delete(identifier)
| `- error: type 'Keychain' has no member 'delete'
153 |
154 | return result
/Users/admin/builder/spi-builder-workspace/Sources/SoracomAPI/Utility/Keychain.swift:269:28: error: missing arguments for parameters #2, #3 in call
267 |
268 | public static func readString(_ key: String) -> String? {
269 | if let data = read(key), let stringValue = String(data: data, encoding: .utf8) {
| `- error: missing arguments for parameters #2, #3 in call
270 | return stringValue
271 | } else {
/Applications/Xcode-27.0.0-Release.Candidate.app/Contents/Developer/Platforms/XROS.platform/Developer/SDKs/XROS27.0.sdk/usr/include/unistd.h:484:10: note: 'read' declared here
482 | int pipe(int [2]);
483 |
484 | ssize_t read(int, void *_LIBC_SIZE(__nbyte), size_t __nbyte) __DARWIN_ALIAS_C(read);
| `- note: 'read' declared here
485 |
486 | int rmdir(const char *);
/Users/admin/builder/spi-builder-workspace/Sources/SoracomAPI/Utility/Keychain.swift:269:28: error: cannot convert value of type 'String' to expected argument type 'Int32'
267 |
268 | public static func readString(_ key: String) -> String? {
269 | if let data = read(key), let stringValue = String(data: data, encoding: .utf8) {
| `- error: cannot convert value of type 'String' to expected argument type 'Int32'
270 | return stringValue
271 | } else {
/Users/admin/builder/spi-builder-workspace/Sources/SoracomAPI/Utility/Keychain.swift:281:25: error: extraneous argument label 'data:' in call
279 | public static func writeString(_ key: String, string: String) -> Bool {
280 | if let data = string.data(using: String.Encoding.utf8) {
281 | return write(key, data: data)
| `- error: extraneous argument label 'data:' in call
282 | } else {
283 | return false
/Users/admin/builder/spi-builder-workspace/Sources/SoracomAPI/Utility/Keychain.swift:281:41: error: missing argument for parameter #3 in call
279 | public static func writeString(_ key: String, string: String) -> Bool {
280 | if let data = string.data(using: String.Encoding.utf8) {
281 | return write(key, data: data)
| `- error: missing argument for parameter #3 in call
282 | } else {
283 | return false
/Applications/Xcode-27.0.0-Release.Candidate.app/Contents/Developer/Platforms/XROS.platform/Developer/SDKs/XROS27.0.sdk/usr/include/unistd.h:508:10: note: 'write' declared here
506 | int unlink(const char *);
507 |
508 | ssize_t write(int __fd, const void *_LIBC_SIZE(__nbyte) __buf, size_t __nbyte) __DARWIN_ALIAS_C(write);
| `- note: 'write' declared here
509 | __END_DECLS
510 |
/Users/admin/builder/spi-builder-workspace/Sources/SoracomAPI/Utility/Keychain.swift:281:26: error: cannot convert value of type 'String' to expected argument type 'Int32'
279 | public static func writeString(_ key: String, string: String) -> Bool {
280 | if let data = string.data(using: String.Encoding.utf8) {
281 | return write(key, data: data)
| `- error: cannot convert value of type 'String' to expected argument type 'Int32'
282 | } else {
283 | return false
/Users/admin/builder/spi-builder-workspace/Sources/SoracomAPI/Utility/Keychain.swift:281:37: error: cannot convert value of type 'Data' to expected argument type 'UnsafeRawPointer'
279 | public static func writeString(_ key: String, string: String) -> Bool {
280 | if let data = string.data(using: String.Encoding.utf8) {
281 | return write(key, data: data)
| `- error: cannot convert value of type 'Data' to expected argument type 'UnsafeRawPointer'
282 | } else {
283 | return false
/Users/admin/builder/spi-builder-workspace/Sources/SoracomAPI/Utility/Keychain.swift:281:20: error: type 'Int' cannot be used as a boolean; test for '!= 0' instead
279 | public static func writeString(_ key: String, string: String) -> Bool {
280 | if let data = string.data(using: String.Encoding.utf8) {
281 | return write(key, data: data)
| `- error: type 'Int' cannot be used as a boolean; test for '!= 0' instead
282 | } else {
283 | return false
Failed frontend command:
/Applications/Xcode-27.0.0-Release.Candidate.app/Contents/Developer/Toolchains/XcodeDefault.xctoolchain/usr/bin/swift-frontend -frontend -c -filelist /Users/admin/builder/spi-builder-workspace/.derivedData/Build/Intermediates.noindex/SoracomAPI.build/Debug-xros/SoracomAPI-t.build/Objects-normal/arm64/sources-1 -primary-file /Users/admin/builder/spi-builder-workspace/Sources/SoracomAPI/Request+Operator.swift -primary-file /Users/admin/builder/spi-builder-workspace/Sources/SoracomAPI/Request+Subscriber.swift -primary-file /Users/admin/builder/spi-builder-workspace/Sources/SoracomAPI/Request.swift -primary-file /Users/admin/builder/spi-builder-workspace/Sources/SoracomAPI/RequestQueue.swift -primary-file /Users/admin/builder/spi-builder-workspace/Sources/SoracomAPI/RequestResponseFormatter.swift -primary-file /Users/admin/builder/spi-builder-workspace/Sources/SoracomAPI/Response.swift -primary-file /Users/admin/builder/spi-builder-workspace/Sources/SoracomAPI/SoracomCredentials.swift -primary-file /Users/admin/builder/spi-builder-workspace/Sources/SoracomAPI/Utility/Codable+SoracomAPI.swift -primary-file /Users/admin/builder/spi-builder-workspace/Sources/SoracomAPI/Utility/Data+SoracomAPI.swift -primary-file /Users/admin/builder/spi-builder-workspace/Sources/SoracomAPI/Utility/Keychain.swift -primary-file /Users/admin/builder/spi-builder-workspace/Sources/SoracomAPI/Utility/Metrics.swift -primary-file /Users/admin/builder/spi-builder-workspace/Sources/SoracomAPI/Utility/NSDate+SoracomAPI.swift -primary-file /Users/admin/builder/spi-builder-workspace/Sources/SoracomAPI/Utility/String+SoracomAPI.swift -primary-file /Users/admin/builder/spi-builder-workspace/Sources/SoracomAPI/Utility/TextStyle.swift -supplementary-output-file-map /Users/admin/builder/spi-builder-workspace/.derivedData/Build/Intermediates.noindex/SoracomAPI.build/Debug-xros/SoracomAPI-t.build/Objects-normal/arm64/supplementaryOutputs-10 -target arm64-apple-xros1.0 -Xllvm -aarch64-use-tbi -enable-objc-interop -stack-check -sdk /Applications/Xcode-27.0.0-Release.Candidate.app/Contents/Developer/Platforms/XROS.platform/Developer/SDKs/XROS27.0.sdk -I /Users/admin/builder/spi-builder-workspace/.derivedData/Build/Products/Debug-xros -Isystem /Applications/Xcode-27.0.0-Release.Candidate.app/Contents/Developer/Platforms/XROS.platform/Developer/usr/lib -F /Users/admin/builder/spi-builder-workspace/.derivedData/Build/Products/Debug-xros -F /Applications/Xcode-27.0.0-Release.Candidate.app/Contents/Developer/Platforms/XROS.platform/Developer/Library/Frameworks -F /Applications/Xcode-27.0.0-Release.Candidate.app/Contents/Developer/Platforms/XROS.platform/Developer/SDKs/XROS27.0.sdk/Developer/Library/Frameworks -module-cache-path /Users/admin/builder/spi-builder-workspace/.derivedData/ModuleCache.noindex -no-color-diagnostics -Xcc -fno-color-diagnostics -enable-testing -g -debug-info-format\=dwarf -dwarf-version\=4 -profile-generate -profile-coverage-mapping -swift-version 4.2 -Onone -D SWIFT_PACKAGE -D DEBUG -D SWIFT_MODULE_RESOURCE_BUNDLE_UNAVAILABLE -D Xcode -serialize-debugging-options -enable-experimental-feature DebugDescriptionMacro -empty-abi-descriptor -plugin-path /Applications/Xcode-27.0.0-Release.Candidate.app/Contents/Developer/Toolchains/XcodeDefault.xctoolchain/usr/lib/swift/host/plugins/testing -validate-clang-modules-once -clang-build-session-file /Users/admin/builder/spi-builder-workspace/.derivedData/ModuleCache.noindex/Session.modulevalidation -Xcc -working-directory -Xcc /Users/admin/builder/spi-builder-workspace/.swiftpm/xcode -enable-anonymous-context-mangled-names -file-compilation-dir /Users/admin/builder/spi-builder-workspace/.swiftpm/xcode -Xcc -D_LIBCPP_HARDENING_MODE\=_LIBCPP_HARDENING_MODE_DEBUG -Xcc -ivfsstatcache -Xcc /Users/admin/builder/spi-builder-workspace/.derivedData/SDKStatCaches.noindex/xros27.0-24M361-e829b21a6f8c9b70876ba0858053c044735bd543db762f57723cac368afd1ce4.sdkstatcache -Xcc -fmodules-prune-interval\=86400 -Xcc -fmodules-prune-after\=345600 -Xcc -I/Users/admin/builder/spi-builder-workspace/.derivedData/Build/Products/Debug-xros/include -Xcc -I/Users/admin/builder/spi-builder-workspace/.derivedData/Build/Intermediates.noindex/SoracomAPI.build/Debug-xros/SoracomAPI-t.build/DerivedSources-normal/arm64 -Xcc -I/Users/admin/builder/spi-builder-workspace/.derivedData/Build/Intermediates.noindex/SoracomAPI.build/Debug-xros/SoracomAPI-t.build/DerivedSources/arm64 -Xcc -I/Users/admin/builder/spi-builder-workspace/.derivedData/Build/Intermediates.noindex/SoracomAPI.build/Debug-xros/SoracomAPI-t.build/DerivedSources -Xcc -DSWIFT_PACKAGE -Xcc -DDEBUG\=1 -no-auto-bridging-header-chaining -module-name SoracomAPI -const-gather-protocols-file /Users/admin/builder/spi-builder-workspace/.derivedData/Build/Intermediates.noindex/SoracomAPI.build/Debug-xros/SoracomAPI-t.build/Objects-normal/arm64/SoracomAPI_const_extract_protocols.json -disable-clang-spi -target-sdk-version 27.0 -target-sdk-name xros27.0 -external-plugin-path /Applications/Xcode-27.0.0-Release.Candidate.app/Contents/Developer/Platforms/XROS.platform/Developer/usr/lib/swift/host/plugins\#/Applications/Xcode-27.0.0-Release.Candidate.app/Contents/Developer/Platforms/XROS.platform/Developer/usr/bin/swift-plugin-server -external-plugin-path /Applications/Xcode-27.0.0-Release.Candidate.app/Contents/Developer/Platforms/XROS.platform/Developer/usr/local/lib/swift/host/plugins\#/Applications/Xcode-27.0.0-Release.Candidate.app/Contents/Developer/Platforms/XROS.platform/Developer/usr/bin/swift-plugin-server -in-process-plugin-server-path /Applications/Xcode-27.0.0-Release.Candidate.app/Contents/Developer/Toolchains/XcodeDefault.xctoolchain/usr/lib/swift/host/libSwiftInProcPluginServer.dylib -plugin-path /Applications/Xcode-27.0.0-Release.Candidate.app/Contents/Developer/Toolchains/XcodeDefault.xctoolchain/usr/lib/swift/host/plugins -plugin-path /Applications/Xcode-27.0.0-Release.Candidate.app/Contents/Developer/Toolchains/XcodeDefault.xctoolchain/usr/local/lib/swift/host/plugins -parse-as-library -o /Users/admin/builder/spi-builder-workspace/.derivedData/Build/Intermediates.noindex/SoracomAPI.build/Debug-xros/SoracomAPI-t.build/Objects-normal/arm64/Request+Operator.o -o /Users/admin/builder/spi-builder-workspace/.derivedData/Build/Intermediates.noindex/SoracomAPI.build/Debug-xros/SoracomAPI-t.build/Objects-normal/arm64/Request+Subscriber.o -o /Users/admin/builder/spi-builder-workspace/.derivedData/Build/Intermediates.noindex/SoracomAPI.build/Debug-xros/SoracomAPI-t.build/Objects-normal/arm64/Request.o -o /Users/admin/builder/spi-builder-workspace/.derivedData/Build/Intermediates.noindex/SoracomAPI.build/Debug-xros/SoracomAPI-t.build/Objects-normal/arm64/RequestQueue.o -o /Users/admin/builder/spi-builder-workspace/.derivedData/Build/Intermediates.noindex/SoracomAPI.build/Debug-xros/SoracomAPI-t.build/Objects-normal/arm64/RequestResponseFormatter.o -o /Users/admin/builder/spi-builder-workspace/.derivedData/Build/Intermediates.noindex/SoracomAPI.build/Debug-xros/SoracomAPI-t.build/Objects-normal/arm64/Response.o -o /Users/admin/builder/spi-builder-workspace/.derivedData/Build/Intermediates.noindex/SoracomAPI.build/Debug-xros/SoracomAPI-t.build/Objects-normal/arm64/SoracomCredentials.o -o /Users/admin/builder/spi-builder-workspace/.derivedData/Build/Intermediates.noindex/SoracomAPI.build/Debug-xros/SoracomAPI-t.build/Objects-normal/arm64/Codable+SoracomAPI.o -o /Users/admin/builder/spi-builder-workspace/.derivedData/Build/Intermediates.noindex/SoracomAPI.build/Debug-xros/SoracomAPI-t.build/Objects-normal/arm64/Data+SoracomAPI.o -o /Users/admin/builder/spi-builder-workspace/.derivedData/Build/Intermediates.noindex/SoracomAPI.build/Debug-xros/SoracomAPI-t.build/Objects-normal/arm64/Keychain.o -o /Users/admin/builder/spi-builder-workspace/.derivedData/Build/Intermediates.noindex/SoracomAPI.build/Debug-xros/SoracomAPI-t.build/Objects-normal/arm64/Metrics.o -o /Users/admin/builder/spi-builder-workspace/.derivedData/Build/Intermediates.noindex/SoracomAPI.build/Debug-xros/SoracomAPI-t.build/Objects-normal/arm64/NSDate+SoracomAPI.o -o /Users/admin/builder/spi-builder-workspace/.derivedData/Build/Intermediates.noindex/SoracomAPI.build/Debug-xros/SoracomAPI-t.build/Objects-normal/arm64/String+SoracomAPI.o -o /Users/admin/builder/spi-builder-workspace/.derivedData/Build/Intermediates.noindex/SoracomAPI.build/Debug-xros/SoracomAPI-t.build/Objects-normal/arm64/TextStyle.o -index-unit-output-path /SoracomAPI.build/Debug-xros/SoracomAPI-t.build/Objects-normal/arm64/Request+Operator.o -index-unit-output-path /SoracomAPI.build/Debug-xros/SoracomAPI-t.build/Objects-normal/arm64/Request+Subscriber.o -index-unit-output-path /SoracomAPI.build/Debug-xros/SoracomAPI-t.build/Objects-normal/arm64/Request.o -index-unit-output-path /SoracomAPI.build/Debug-xros/SoracomAPI-t.build/Objects-normal/arm64/RequestQueue.o -index-unit-output-path /SoracomAPI.build/Debug-xros/SoracomAPI-t.build/Objects-normal/arm64/RequestResponseFormatter.o -index-unit-output-path /SoracomAPI.build/Debug-xros/SoracomAPI-t.build/Objects-normal/arm64/Response.o -index-unit-output-path /SoracomAPI.build/Debug-xros/SoracomAPI-t.build/Objects-normal/arm64/SoracomCredentials.o -index-unit-output-path /SoracomAPI.build/Debug-xros/SoracomAPI-t.build/Objects-normal/arm64/Codable+SoracomAPI.o -index-unit-output-path /SoracomAPI.build/Debug-xros/SoracomAPI-t.build/Objects-normal/arm64/Data+SoracomAPI.o -index-unit-output-path /SoracomAPI.build/Debug-xros/SoracomAPI-t.build/Objects-normal/arm64/Keychain.o -index-unit-output-path /SoracomAPI.build/Debug-xros/SoracomAPI-t.build/Objects-normal/arm64/Metrics.o -index-unit-output-path /SoracomAPI.build/Debug-xros/SoracomAPI-t.build/Objects-normal/arm64/NSDate+SoracomAPI.o -index-unit-output-path /SoracomAPI.build/Debug-xros/SoracomAPI-t.build/Objects-normal/arm64/String+SoracomAPI.o -index-unit-output-path /SoracomAPI.build/Debug-xros/SoracomAPI-t.build/Objects-normal/arm64/TextStyle.o -index-store-path /Users/admin/builder/spi-builder-workspace/.derivedData/Index.noindex/DataStore -index-system-modules
SwiftCompile normal arm64 /Users/admin/builder/spi-builder-workspace/Sources/SoracomAPI/Request+Operator.swift (in target 'SoracomAPI' from project 'SoracomAPI')
cd /Users/admin/builder/spi-builder-workspace/.swiftpm/xcode
builtin-SwiftPerFileCompile Request+Operator.swift
SwiftCompile normal arm64 /Users/admin/builder/spi-builder-workspace/Sources/SoracomAPI/Request+Subscriber.swift (in target 'SoracomAPI' from project 'SoracomAPI')
cd /Users/admin/builder/spi-builder-workspace/.swiftpm/xcode
builtin-SwiftPerFileCompile Request+Subscriber.swift
SwiftCompile normal arm64 /Users/admin/builder/spi-builder-workspace/Sources/SoracomAPI/Request.swift (in target 'SoracomAPI' from project 'SoracomAPI')
cd /Users/admin/builder/spi-builder-workspace/.swiftpm/xcode
builtin-SwiftPerFileCompile Request.swift
SwiftCompile normal arm64 /Users/admin/builder/spi-builder-workspace/Sources/SoracomAPI/RequestQueue.swift (in target 'SoracomAPI' from project 'SoracomAPI')
cd /Users/admin/builder/spi-builder-workspace/.swiftpm/xcode
builtin-SwiftPerFileCompile RequestQueue.swift
SwiftCompile normal arm64 /Users/admin/builder/spi-builder-workspace/Sources/SoracomAPI/RequestResponseFormatter.swift (in target 'SoracomAPI' from project 'SoracomAPI')
cd /Users/admin/builder/spi-builder-workspace/.swiftpm/xcode
builtin-SwiftPerFileCompile RequestResponseFormatter.swift
SwiftCompile normal arm64 /Users/admin/builder/spi-builder-workspace/Sources/SoracomAPI/Response.swift (in target 'SoracomAPI' from project 'SoracomAPI')
cd /Users/admin/builder/spi-builder-workspace/.swiftpm/xcode
builtin-SwiftPerFileCompile Response.swift
SwiftCompile normal arm64 /Users/admin/builder/spi-builder-workspace/Sources/SoracomAPI/SoracomCredentials.swift (in target 'SoracomAPI' from project 'SoracomAPI')
cd /Users/admin/builder/spi-builder-workspace/.swiftpm/xcode
builtin-SwiftPerFileCompile SoracomCredentials.swift
SwiftCompile normal arm64 /Users/admin/builder/spi-builder-workspace/Sources/SoracomAPI/Utility/Codable+SoracomAPI.swift (in target 'SoracomAPI' from project 'SoracomAPI')
cd /Users/admin/builder/spi-builder-workspace/.swiftpm/xcode
builtin-SwiftPerFileCompile Codable+SoracomAPI.swift
SwiftCompile normal arm64 /Users/admin/builder/spi-builder-workspace/Sources/SoracomAPI/Utility/Data+SoracomAPI.swift (in target 'SoracomAPI' from project 'SoracomAPI')
cd /Users/admin/builder/spi-builder-workspace/.swiftpm/xcode
builtin-SwiftPerFileCompile Data+SoracomAPI.swift
SwiftCompile normal arm64 /Users/admin/builder/spi-builder-workspace/Sources/SoracomAPI/Utility/Keychain.swift (in target 'SoracomAPI' from project 'SoracomAPI')
cd /Users/admin/builder/spi-builder-workspace/.swiftpm/xcode
builtin-SwiftPerFileCompile Keychain.swift
SwiftCompile normal arm64 /Users/admin/builder/spi-builder-workspace/Sources/SoracomAPI/Utility/Metrics.swift (in target 'SoracomAPI' from project 'SoracomAPI')
cd /Users/admin/builder/spi-builder-workspace/.swiftpm/xcode
builtin-SwiftPerFileCompile Metrics.swift
SwiftCompile normal arm64 /Users/admin/builder/spi-builder-workspace/Sources/SoracomAPI/Utility/NSDate+SoracomAPI.swift (in target 'SoracomAPI' from project 'SoracomAPI')
cd /Users/admin/builder/spi-builder-workspace/.swiftpm/xcode
builtin-SwiftPerFileCompile NSDate+SoracomAPI.swift
SwiftCompile normal arm64 /Users/admin/builder/spi-builder-workspace/Sources/SoracomAPI/Utility/String+SoracomAPI.swift (in target 'SoracomAPI' from project 'SoracomAPI')
cd /Users/admin/builder/spi-builder-workspace/.swiftpm/xcode
builtin-SwiftPerFileCompile String+SoracomAPI.swift
SwiftCompile normal arm64 /Users/admin/builder/spi-builder-workspace/Sources/SoracomAPI/Utility/TextStyle.swift (in target 'SoracomAPI' from project 'SoracomAPI')
cd /Users/admin/builder/spi-builder-workspace/.swiftpm/xcode
builtin-SwiftPerFileCompile TextStyle.swift
SwiftCompile normal arm64 Compiling\ EnableMFA.swift,\ GenerateAuthToken.swift,\ GenerateOperatorAuthKey.swift,\ GenerateSupportToken.swift,\ GetMFAStatus.swift,\ GetOperator.swift,\ GetSignupToken.swift,\ InitializeOperator.swift,\ IssueEmailChangeToken.swift,\ IssueMFARevokingToken.swift,\ ListOperatorAuthKeys.swift,\ RevokeMFA.swift,\ UpdateOperatorPassword.swift,\ VerifyEmailChangeToken.swift /Users/admin/builder/spi-builder-workspace/Sources/SoracomAPI/AutoGeneratedCode/Requests/Operator/EnableMFA.swift /Users/admin/builder/spi-builder-workspace/Sources/SoracomAPI/AutoGeneratedCode/Requests/Operator/GenerateAuthToken.swift /Users/admin/builder/spi-builder-workspace/Sources/SoracomAPI/AutoGeneratedCode/Requests/Operator/GenerateOperatorAuthKey.swift /Users/admin/builder/spi-builder-workspace/Sources/SoracomAPI/AutoGeneratedCode/Requests/Operator/GenerateSupportToken.swift /Users/admin/builder/spi-builder-workspace/Sources/SoracomAPI/AutoGeneratedCode/Requests/Operator/GetMFAStatus.swift /Users/admin/builder/spi-builder-workspace/Sources/SoracomAPI/AutoGeneratedCode/Requests/Operator/GetOperator.swift /Users/admin/builder/spi-builder-workspace/Sources/SoracomAPI/AutoGeneratedCode/Requests/Operator/GetSignupToken.swift /Users/admin/builder/spi-builder-workspace/Sources/SoracomAPI/AutoGeneratedCode/Requests/Operator/InitializeOperator.swift /Users/admin/builder/spi-builder-workspace/Sources/SoracomAPI/AutoGeneratedCode/Requests/Operator/IssueEmailChangeToken.swift /Users/admin/builder/spi-builder-workspace/Sources/SoracomAPI/AutoGeneratedCode/Requests/Operator/IssueMFARevokingToken.swift /Users/admin/builder/spi-builder-workspace/Sources/SoracomAPI/AutoGeneratedCode/Requests/Operator/ListOperatorAuthKeys.swift /Users/admin/builder/spi-builder-workspace/Sources/SoracomAPI/AutoGeneratedCode/Requests/Operator/RevokeMFA.swift /Users/admin/builder/spi-builder-workspace/Sources/SoracomAPI/AutoGeneratedCode/Requests/Operator/UpdateOperatorPassword.swift /Users/admin/builder/spi-builder-workspace/Sources/SoracomAPI/AutoGeneratedCode/Requests/Operator/VerifyEmailChangeToken.swift (in target 'SoracomAPI' from project 'SoracomAPI')
SwiftCompile normal arm64 /Users/admin/builder/spi-builder-workspace/Sources/SoracomAPI/AutoGeneratedCode/Requests/Operator/EnableMFA.swift (in target 'SoracomAPI' from project 'SoracomAPI')
cd /Users/admin/builder/spi-builder-workspace/.swiftpm/xcode
builtin-SwiftPerFileCompile EnableMFA.swift
SwiftCompile normal arm64 /Users/admin/builder/spi-builder-workspace/Sources/SoracomAPI/AutoGeneratedCode/Requests/Operator/GenerateAuthToken.swift (in target 'SoracomAPI' from project 'SoracomAPI')
cd /Users/admin/builder/spi-builder-workspace/.swiftpm/xcode
builtin-SwiftPerFileCompile GenerateAuthToken.swift
SwiftCompile normal arm64 /Users/admin/builder/spi-builder-workspace/Sources/SoracomAPI/AutoGeneratedCode/Requests/Operator/GenerateOperatorAuthKey.swift (in target 'SoracomAPI' from project 'SoracomAPI')
cd /Users/admin/builder/spi-builder-workspace/.swiftpm/xcode
builtin-SwiftPerFileCompile GenerateOperatorAuthKey.swift
SwiftCompile normal arm64 /Users/admin/builder/spi-builder-workspace/Sources/SoracomAPI/AutoGeneratedCode/Requests/Operator/GenerateSupportToken.swift (in target 'SoracomAPI' from project 'SoracomAPI')
cd /Users/admin/builder/spi-builder-workspace/.swiftpm/xcode
builtin-SwiftPerFileCompile GenerateSupportToken.swift
SwiftCompile normal arm64 /Users/admin/builder/spi-builder-workspace/Sources/SoracomAPI/AutoGeneratedCode/Requests/Operator/GetMFAStatus.swift (in target 'SoracomAPI' from project 'SoracomAPI')
cd /Users/admin/builder/spi-builder-workspace/.swiftpm/xcode
builtin-SwiftPerFileCompile GetMFAStatus.swift
SwiftCompile normal arm64 /Users/admin/builder/spi-builder-workspace/Sources/SoracomAPI/AutoGeneratedCode/Requests/Operator/GetOperator.swift (in target 'SoracomAPI' from project 'SoracomAPI')
cd /Users/admin/builder/spi-builder-workspace/.swiftpm/xcode
builtin-SwiftPerFileCompile GetOperator.swift
SwiftCompile normal arm64 /Users/admin/builder/spi-builder-workspace/Sources/SoracomAPI/AutoGeneratedCode/Requests/Operator/GetSignupToken.swift (in target 'SoracomAPI' from project 'SoracomAPI')
cd /Users/admin/builder/spi-builder-workspace/.swiftpm/xcode
builtin-SwiftPerFileCompile GetSignupToken.swift
SwiftCompile normal arm64 /Users/admin/builder/spi-builder-workspace/Sources/SoracomAPI/AutoGeneratedCode/Requests/Operator/InitializeOperator.swift (in target 'SoracomAPI' from project 'SoracomAPI')
cd /Users/admin/builder/spi-builder-workspace/.swiftpm/xcode
builtin-SwiftPerFileCompile InitializeOperator.swift
SwiftCompile normal arm64 /Users/admin/builder/spi-builder-workspace/Sources/SoracomAPI/AutoGeneratedCode/Requests/Operator/IssueEmailChangeToken.swift (in target 'SoracomAPI' from project 'SoracomAPI')
cd /Users/admin/builder/spi-builder-workspace/.swiftpm/xcode
builtin-SwiftPerFileCompile IssueEmailChangeToken.swift
SwiftCompile normal arm64 /Users/admin/builder/spi-builder-workspace/Sources/SoracomAPI/AutoGeneratedCode/Requests/Operator/IssueMFARevokingToken.swift (in target 'SoracomAPI' from project 'SoracomAPI')
cd /Users/admin/builder/spi-builder-workspace/.swiftpm/xcode
builtin-SwiftPerFileCompile IssueMFARevokingToken.swift
SwiftCompile normal arm64 /Users/admin/builder/spi-builder-workspace/Sources/SoracomAPI/AutoGeneratedCode/Requests/Operator/ListOperatorAuthKeys.swift (in target 'SoracomAPI' from project 'SoracomAPI')
cd /Users/admin/builder/spi-builder-workspace/.swiftpm/xcode
builtin-SwiftPerFileCompile ListOperatorAuthKeys.swift
SwiftCompile normal arm64 /Users/admin/builder/spi-builder-workspace/Sources/SoracomAPI/AutoGeneratedCode/Requests/Operator/RevokeMFA.swift (in target 'SoracomAPI' from project 'SoracomAPI')
cd /Users/admin/builder/spi-builder-workspace/.swiftpm/xcode
builtin-SwiftPerFileCompile RevokeMFA.swift
SwiftCompile normal arm64 /Users/admin/builder/spi-builder-workspace/Sources/SoracomAPI/AutoGeneratedCode/Requests/Operator/UpdateOperatorPassword.swift (in target 'SoracomAPI' from project 'SoracomAPI')
cd /Users/admin/builder/spi-builder-workspace/.swiftpm/xcode
builtin-SwiftPerFileCompile UpdateOperatorPassword.swift
SwiftCompile normal arm64 /Users/admin/builder/spi-builder-workspace/Sources/SoracomAPI/AutoGeneratedCode/Requests/Operator/VerifyEmailChangeToken.swift (in target 'SoracomAPI' from project 'SoracomAPI')
cd /Users/admin/builder/spi-builder-workspace/.swiftpm/xcode
builtin-SwiftPerFileCompile VerifyEmailChangeToken.swift
SwiftDriverJobDiscovery normal arm64 Compiling VerifyMFA.swift, VerifyMFARevokingToken.swift, VerifyOperator.swift, CancelOrder.swift, ConfirmOrder.swift, CreateQuotation.swift, GetOrder.swift, ListOrderedSubscribers.swift, ListOrders.swift, ListProducts.swift, DeactivateSubscriber.swift, DeleteSubscriberSession.swift, DeleteSubscriberTag.swift, DeleteSubscriberTransferToken.swift (in target 'SoracomAPI' from project 'SoracomAPI')
SwiftDriverJobDiscovery normal arm64 Compiling TerminateLagoon.swift, UpdateLagoonUserEmail.swift, UpdateLagoonUserPassword.swift, UpdateLagoonUserPermission.swift, GetLogs.swift, DeleteLoraDeviceTag.swift, DisableTerminationOnLoraDevice.swift, EnableTerminationOnLoraDevice.swift, GetDataFromLoraDevice.swift, GetLoraDevice.swift, ListLoraDevices.swift, PutLoraDeviceTags.swift, RegisterLoraDevice.swift, SendDataToLoraDevice.swift (in target 'SoracomAPI' from project 'SoracomAPI')
SwiftDriverJobDiscovery normal arm64 Compiling CreateCredential.swift, DeleteCredential.swift, ListCredentials.swift, UpdateCredential.swift, DeleteDataEntry.swift, GetDataEntries.swift, GetDataEntry.swift, ListDataSourceResources.swift, CreateDevice.swift, DeleteDevice.swift, DeleteDeviceTag.swift, ExecuteDeviceResource.swift, GetDevice.swift, ListDevices.swift (in target 'SoracomAPI' from project 'SoracomAPI')
SwiftDriverJobDiscovery normal arm64 Compiling DisableTermination.swift, EnableTermination.swift, GetDataFromSubscriber.swift, GetSubscriber.swift, IssueSubscriberTransferToken.swift, ListSessionEvents.swift, ListSubscribers.swift, PutSubscriberTags.swift, RegisterSubscriber.swift, ReportLocalInfo.swift, SendSms.swift, SetExpiryTime.swift, SetGroup.swift, SetImeiLock.swift (in target 'SoracomAPI' from project 'SoracomAPI')
SwiftDriverJobDiscovery normal arm64 Compiling ObserveDeviceResource.swift, ObserveDeviceResources.swift, PutDeviceTags.swift, ReadDeviceResource.swift, DeleteGroupTag.swift, GetGroup.swift, ListGroups.swift, ListSubscribersInGroup.swift, PutConfigurationParameters.swift, PutGroupTags.swift, CreateLagoonUser.swift, DeleteLagoonUser.swift, ListLagoonUsers.swift, RegisterLagoon.swift (in target 'SoracomAPI' from project 'SoracomAPI')
SwiftCompile normal arm64 Compiling\ PutSigfoxDeviceTags.swift,\ RegisterSigfoxDevice.swift,\ SendDataToSigfoxDevice.swift,\ SetSigfoxDeviceGroup.swift,\ TerminateSigfoxDevice.swift,\ UnsetSigfoxDeviceGroup.swift,\ ExportAirStats.swift,\ ExportBeamStats.swift,\ GetAirStats.swift,\ GetBeamStats.swift,\ InsertAirStats.swift,\ InsertBeamStats.swift,\ ActivateSubscriber.swift,\ CreateSandboxSubscriber.swift /Users/admin/builder/spi-builder-workspace/Sources/SoracomAPI/AutoGeneratedCode/Requests/SigfoxDevice/PutSigfoxDeviceTags.swift /Users/admin/builder/spi-builder-workspace/Sources/SoracomAPI/AutoGeneratedCode/Requests/SigfoxDevice/RegisterSigfoxDevice.swift /Users/admin/builder/spi-builder-workspace/Sources/SoracomAPI/AutoGeneratedCode/Requests/SigfoxDevice/SendDataToSigfoxDevice.swift /Users/admin/builder/spi-builder-workspace/Sources/SoracomAPI/AutoGeneratedCode/Requests/SigfoxDevice/SetSigfoxDeviceGroup.swift /Users/admin/builder/spi-builder-workspace/Sources/SoracomAPI/AutoGeneratedCode/Requests/SigfoxDevice/TerminateSigfoxDevice.swift /Users/admin/builder/spi-builder-workspace/Sources/SoracomAPI/AutoGeneratedCode/Requests/SigfoxDevice/UnsetSigfoxDeviceGroup.swift /Users/admin/builder/spi-builder-workspace/Sources/SoracomAPI/AutoGeneratedCode/Requests/Stats/ExportAirStats.swift /Users/admin/builder/spi-builder-workspace/Sources/SoracomAPI/AutoGeneratedCode/Requests/Stats/ExportBeamStats.swift /Users/admin/builder/spi-builder-workspace/Sources/SoracomAPI/AutoGeneratedCode/Requests/Stats/GetAirStats.swift /Users/admin/builder/spi-builder-workspace/Sources/SoracomAPI/AutoGeneratedCode/Requests/Stats/GetBeamStats.swift /Users/admin/builder/spi-builder-workspace/Sources/SoracomAPI/AutoGeneratedCode/Requests/Stats/InsertAirStats.swift /Users/admin/builder/spi-builder-workspace/Sources/SoracomAPI/AutoGeneratedCode/Requests/Stats/InsertBeamStats.swift /Users/admin/builder/spi-builder-workspace/Sources/SoracomAPI/AutoGeneratedCode/Requests/Subscriber/ActivateSubscriber.swift /Users/admin/builder/spi-builder-workspace/Sources/SoracomAPI/AutoGeneratedCode/Requests/Subscriber/CreateSandboxSubscriber.swift (in target 'SoracomAPI' from project 'SoracomAPI')
SwiftCompile normal arm64 /Users/admin/builder/spi-builder-workspace/Sources/SoracomAPI/AutoGeneratedCode/Requests/SigfoxDevice/PutSigfoxDeviceTags.swift (in target 'SoracomAPI' from project 'SoracomAPI')
cd /Users/admin/builder/spi-builder-workspace/.swiftpm/xcode
builtin-SwiftPerFileCompile PutSigfoxDeviceTags.swift
SwiftCompile normal arm64 /Users/admin/builder/spi-builder-workspace/Sources/SoracomAPI/AutoGeneratedCode/Requests/SigfoxDevice/RegisterSigfoxDevice.swift (in target 'SoracomAPI' from project 'SoracomAPI')
cd /Users/admin/builder/spi-builder-workspace/.swiftpm/xcode
builtin-SwiftPerFileCompile RegisterSigfoxDevice.swift
SwiftCompile normal arm64 /Users/admin/builder/spi-builder-workspace/Sources/SoracomAPI/AutoGeneratedCode/Requests/SigfoxDevice/SendDataToSigfoxDevice.swift (in target 'SoracomAPI' from project 'SoracomAPI')
cd /Users/admin/builder/spi-builder-workspace/.swiftpm/xcode
builtin-SwiftPerFileCompile SendDataToSigfoxDevice.swift
SwiftCompile normal arm64 /Users/admin/builder/spi-builder-workspace/Sources/SoracomAPI/AutoGeneratedCode/Requests/SigfoxDevice/SetSigfoxDeviceGroup.swift (in target 'SoracomAPI' from project 'SoracomAPI')
cd /Users/admin/builder/spi-builder-workspace/.swiftpm/xcode
builtin-SwiftPerFileCompile SetSigfoxDeviceGroup.swift
SwiftCompile normal arm64 /Users/admin/builder/spi-builder-workspace/Sources/SoracomAPI/AutoGeneratedCode/Requests/SigfoxDevice/TerminateSigfoxDevice.swift (in target 'SoracomAPI' from project 'SoracomAPI')
cd /Users/admin/builder/spi-builder-workspace/.swiftpm/xcode
builtin-SwiftPerFileCompile TerminateSigfoxDevice.swift
SwiftCompile normal arm64 /Users/admin/builder/spi-builder-workspace/Sources/SoracomAPI/AutoGeneratedCode/Requests/SigfoxDevice/UnsetSigfoxDeviceGroup.swift (in target 'SoracomAPI' from project 'SoracomAPI')
cd /Users/admin/builder/spi-builder-workspace/.swiftpm/xcode
builtin-SwiftPerFileCompile UnsetSigfoxDeviceGroup.swift
SwiftCompile normal arm64 /Users/admin/builder/spi-builder-workspace/Sources/SoracomAPI/AutoGeneratedCode/Requests/Stats/ExportAirStats.swift (in target 'SoracomAPI' from project 'SoracomAPI')
cd /Users/admin/builder/spi-builder-workspace/.swiftpm/xcode
builtin-SwiftPerFileCompile ExportAirStats.swift
SwiftCompile normal arm64 /Users/admin/builder/spi-builder-workspace/Sources/SoracomAPI/AutoGeneratedCode/Requests/Stats/ExportBeamStats.swift (in target 'SoracomAPI' from project 'SoracomAPI')
cd /Users/admin/builder/spi-builder-workspace/.swiftpm/xcode
builtin-SwiftPerFileCompile ExportBeamStats.swift
SwiftCompile normal arm64 /Users/admin/builder/spi-builder-workspace/Sources/SoracomAPI/AutoGeneratedCode/Requests/Stats/GetAirStats.swift (in target 'SoracomAPI' from project 'SoracomAPI')
cd /Users/admin/builder/spi-builder-workspace/.swiftpm/xcode
builtin-SwiftPerFileCompile GetAirStats.swift
SwiftCompile normal arm64 /Users/admin/builder/spi-builder-workspace/Sources/SoracomAPI/AutoGeneratedCode/Requests/Stats/GetBeamStats.swift (in target 'SoracomAPI' from project 'SoracomAPI')
cd /Users/admin/builder/spi-builder-workspace/.swiftpm/xcode
builtin-SwiftPerFileCompile GetBeamStats.swift
SwiftCompile normal arm64 /Users/admin/builder/spi-builder-workspace/Sources/SoracomAPI/AutoGeneratedCode/Requests/Stats/InsertAirStats.swift (in target 'SoracomAPI' from project 'SoracomAPI')
cd /Users/admin/builder/spi-builder-workspace/.swiftpm/xcode
builtin-SwiftPerFileCompile InsertAirStats.swift
SwiftCompile normal arm64 /Users/admin/builder/spi-builder-workspace/Sources/SoracomAPI/AutoGeneratedCode/Requests/Stats/InsertBeamStats.swift (in target 'SoracomAPI' from project 'SoracomAPI')
cd /Users/admin/builder/spi-builder-workspace/.swiftpm/xcode
builtin-SwiftPerFileCompile InsertBeamStats.swift
SwiftCompile normal arm64 /Users/admin/builder/spi-builder-workspace/Sources/SoracomAPI/AutoGeneratedCode/Requests/Subscriber/ActivateSubscriber.swift (in target 'SoracomAPI' from project 'SoracomAPI')
cd /Users/admin/builder/spi-builder-workspace/.swiftpm/xcode
builtin-SwiftPerFileCompile ActivateSubscriber.swift
SwiftCompile normal arm64 /Users/admin/builder/spi-builder-workspace/Sources/SoracomAPI/AutoGeneratedCode/Requests/Subscriber/CreateSandboxSubscriber.swift (in target 'SoracomAPI' from project 'SoracomAPI')
cd /Users/admin/builder/spi-builder-workspace/.swiftpm/xcode
builtin-SwiftPerFileCompile CreateSandboxSubscriber.swift
SwiftCompile normal arm64 Compiling\ GetPaymentMethod.swift,\ GetPaymentTransaction.swift,\ ListCoupons.swift,\ ListPaymentStatements.swift,\ RegisterCoupon.swift,\ RegisterPayerInformation.swift,\ RegisterWebPayPaymentMethod.swift,\ SearchSubscribers.swift,\ AttachRole.swift,\ CreateRole.swift,\ DeleteRole.swift,\ DetachRole.swift,\ GetRole.swift,\ ListRoleAttachedUsers.swift /Users/admin/builder/spi-builder-workspace/Sources/SoracomAPI/AutoGeneratedCode/Requests/Payment/GetPaymentMethod.swift /Users/admin/builder/spi-builder-workspace/Sources/SoracomAPI/AutoGeneratedCode/Requests/Payment/GetPaymentTransaction.swift /Users/admin/builder/spi-builder-workspace/Sources/SoracomAPI/AutoGeneratedCode/Requests/Payment/ListCoupons.swift /Users/admin/builder/spi-builder-workspace/Sources/SoracomAPI/AutoGeneratedCode/Requests/Payment/ListPaymentStatements.swift /Users/admin/builder/spi-builder-workspace/Sources/SoracomAPI/AutoGeneratedCode/Requests/Payment/RegisterCoupon.swift /Users/admin/builder/spi-builder-workspace/Sources/SoracomAPI/AutoGeneratedCode/Requests/Payment/RegisterPayerInformation.swift /Users/admin/builder/spi-builder-workspace/Sources/SoracomAPI/AutoGeneratedCode/Requests/Payment/RegisterWebPayPaymentMethod.swift /Users/admin/builder/spi-builder-workspace/Sources/SoracomAPI/AutoGeneratedCode/Requests/Query/SearchSubscribers.swift /Users/admin/builder/spi-builder-workspace/Sources/SoracomAPI/AutoGeneratedCode/Requests/Role/AttachRole.swift /Users/admin/builder/spi-builder-workspace/Sources/SoracomAPI/AutoGeneratedCode/Requests/Role/CreateRole.swift /Users/admin/builder/spi-builder-workspace/Sources/SoracomAPI/AutoGeneratedCode/Requests/Role/DeleteRole.swift /Users/admin/builder/spi-builder-workspace/Sources/SoracomAPI/AutoGeneratedCode/Requests/Role/DetachRole.swift /Users/admin/builder/spi-builder-workspace/Sources/SoracomAPI/AutoGeneratedCode/Requests/Role/GetRole.swift /Users/admin/builder/spi-builder-workspace/Sources/SoracomAPI/AutoGeneratedCode/Requests/Role/ListRoleAttachedUsers.swift (in target 'SoracomAPI' from project 'SoracomAPI')
SwiftCompile normal arm64 /Users/admin/builder/spi-builder-workspace/Sources/SoracomAPI/AutoGeneratedCode/Requests/Payment/GetPaymentMethod.swift (in target 'SoracomAPI' from project 'SoracomAPI')
cd /Users/admin/builder/spi-builder-workspace/.swiftpm/xcode
builtin-SwiftPerFileCompile GetPaymentMethod.swift
SwiftCompile normal arm64 /Users/admin/builder/spi-builder-workspace/Sources/SoracomAPI/AutoGeneratedCode/Requests/Payment/GetPaymentTransaction.swift (in target 'SoracomAPI' from project 'SoracomAPI')
cd /Users/admin/builder/spi-builder-workspace/.swiftpm/xcode
builtin-SwiftPerFileCompile GetPaymentTransaction.swift
SwiftCompile normal arm64 /Users/admin/builder/spi-builder-workspace/Sources/SoracomAPI/AutoGeneratedCode/Requests/Payment/ListCoupons.swift (in target 'SoracomAPI' from project 'SoracomAPI')
cd /Users/admin/builder/spi-builder-workspace/.swiftpm/xcode
builtin-SwiftPerFileCompile ListCoupons.swift
SwiftCompile normal arm64 /Users/admin/builder/spi-builder-workspace/Sources/SoracomAPI/AutoGeneratedCode/Requests/Payment/ListPaymentStatements.swift (in target 'SoracomAPI' from project 'SoracomAPI')
cd /Users/admin/builder/spi-builder-workspace/.swiftpm/xcode
builtin-SwiftPerFileCompile ListPaymentStatements.swift
SwiftCompile normal arm64 /Users/admin/builder/spi-builder-workspace/Sources/SoracomAPI/AutoGeneratedCode/Requests/Payment/RegisterCoupon.swift (in target 'SoracomAPI' from project 'SoracomAPI')
cd /Users/admin/builder/spi-builder-workspace/.swiftpm/xcode
builtin-SwiftPerFileCompile RegisterCoupon.swift
SwiftCompile normal arm64 /Users/admin/builder/spi-builder-workspace/Sources/SoracomAPI/AutoGeneratedCode/Requests/Payment/RegisterPayerInformation.swift (in target 'SoracomAPI' from project 'SoracomAPI')
cd /Users/admin/builder/spi-builder-workspace/.swiftpm/xcode
builtin-SwiftPerFileCompile RegisterPayerInformation.swift
SwiftCompile normal arm64 /Users/admin/builder/spi-builder-workspace/Sources/SoracomAPI/AutoGeneratedCode/Requests/Payment/RegisterWebPayPaymentMethod.swift (in target 'SoracomAPI' from project 'SoracomAPI')
cd /Users/admin/builder/spi-builder-workspace/.swiftpm/xcode
builtin-SwiftPerFileCompile RegisterWebPayPaymentMethod.swift
SwiftCompile normal arm64 /Users/admin/builder/spi-builder-workspace/Sources/SoracomAPI/AutoGeneratedCode/Requests/Query/SearchSubscribers.swift (in target 'SoracomAPI' from project 'SoracomAPI')
cd /Users/admin/builder/spi-builder-workspace/.swiftpm/xcode
builtin-SwiftPerFileCompile SearchSubscribers.swift
SwiftCompile normal arm64 /Users/admin/builder/spi-builder-workspace/Sources/SoracomAPI/AutoGeneratedCode/Requests/Role/AttachRole.swift (in target 'SoracomAPI' from project 'SoracomAPI')
cd /Users/admin/builder/spi-builder-workspace/.swiftpm/xcode
builtin-SwiftPerFileCompile AttachRole.swift
SwiftCompile normal arm64 /Users/admin/builder/spi-builder-workspace/Sources/SoracomAPI/AutoGeneratedCode/Requests/Role/CreateRole.swift (in target 'SoracomAPI' from project 'SoracomAPI')
cd /Users/admin/builder/spi-builder-workspace/.swiftpm/xcode
builtin-SwiftPerFileCompile CreateRole.swift
SwiftCompile normal arm64 /Users/admin/builder/spi-builder-workspace/Sources/SoracomAPI/AutoGeneratedCode/Requests/Role/DeleteRole.swift (in target 'SoracomAPI' from project 'SoracomAPI')
cd /Users/admin/builder/spi-builder-workspace/.swiftpm/xcode
builtin-SwiftPerFileCompile DeleteRole.swift
SwiftCompile normal arm64 /Users/admin/builder/spi-builder-workspace/Sources/SoracomAPI/AutoGeneratedCode/Requests/Role/DetachRole.swift (in target 'SoracomAPI' from project 'SoracomAPI')
cd /Users/admin/builder/spi-builder-workspace/.swiftpm/xcode
builtin-SwiftPerFileCompile DetachRole.swift
SwiftCompile normal arm64 /Users/admin/builder/spi-builder-workspace/Sources/SoracomAPI/AutoGeneratedCode/Requests/Role/GetRole.swift (in target 'SoracomAPI' from project 'SoracomAPI')
cd /Users/admin/builder/spi-builder-workspace/.swiftpm/xcode
builtin-SwiftPerFileCompile GetRole.swift
SwiftCompile normal arm64 /Users/admin/builder/spi-builder-workspace/Sources/SoracomAPI/AutoGeneratedCode/Requests/Role/ListRoleAttachedUsers.swift (in target 'SoracomAPI' from project 'SoracomAPI')
cd /Users/admin/builder/spi-builder-workspace/.swiftpm/xcode
builtin-SwiftPerFileCompile ListRoleAttachedUsers.swift
SwiftCompile normal arm64 Compiling\ ListVirtualPrivateGateways.swift,\ OpenGate.swift,\ PutVirtualPrivateGatewayIpAddressMapEntry.swift,\ RegisterGatePeer.swift,\ SetInspectionConfiguration.swift,\ SetRedirectionConfiguration.swift,\ TerminateVirtualPrivateGateway.swift,\ UnregisterGatePeer.swift,\ UnsetInspectionConfiguration.swift,\ UnsetRedirectionConfiguration.swift,\ UpdateMirroringPeer.swift,\ ResponseDecoder.swift,\ Client.swift /Users/admin/builder/spi-builder-workspace/Sources/SoracomAPI/AutoGeneratedCode/Requests/VirtualPrivateGateway/ListVirtualPrivateGateways.swift /Users/admin/builder/spi-builder-workspace/Sources/SoracomAPI/AutoGeneratedCode/Requests/VirtualPrivateGateway/OpenGate.swift /Users/admin/builder/spi-builder-workspace/Sources/SoracomAPI/AutoGeneratedCode/Requests/VirtualPrivateGateway/PutVirtualPrivateGatewayIpAddressMapEntry.swift /Users/admin/builder/spi-builder-workspace/Sources/SoracomAPI/AutoGeneratedCode/Requests/VirtualPrivateGateway/RegisterGatePeer.swift /Users/admin/builder/spi-builder-workspace/Sources/SoracomAPI/AutoGeneratedCode/Requests/VirtualPrivateGateway/SetInspectionConfiguration.swift /Users/admin/builder/spi-builder-workspace/Sources/SoracomAPI/AutoGeneratedCode/Requests/VirtualPrivateGateway/SetRedirectionConfiguration.swift /Users/admin/builder/spi-builder-workspace/Sources/SoracomAPI/AutoGeneratedCode/Requests/VirtualPrivateGateway/TerminateVirtualPrivateGateway.swift /Users/admin/builder/spi-builder-workspace/Sources/SoracomAPI/AutoGeneratedCode/Requests/VirtualPrivateGateway/UnregisterGatePeer.swift /Users/admin/builder/spi-builder-workspace/Sources/SoracomAPI/AutoGeneratedCode/Requests/VirtualPrivateGateway/UnsetInspectionConfiguration.swift /Users/admin/builder/spi-builder-workspace/Sources/SoracomAPI/AutoGeneratedCode/Requests/VirtualPrivateGateway/UnsetRedirectionConfiguration.swift /Users/admin/builder/spi-builder-workspace/Sources/SoracomAPI/AutoGeneratedCode/Requests/VirtualPrivateGateway/UpdateMirroringPeer.swift /Users/admin/builder/spi-builder-workspace/Sources/SoracomAPI/AutoGeneratedCode/ResponseDecoder.swift /Users/admin/builder/spi-builder-workspace/Sources/SoracomAPI/Client.swift (in target 'SoracomAPI' from project 'SoracomAPI')
SwiftCompile normal arm64 /Users/admin/builder/spi-builder-workspace/Sources/SoracomAPI/AutoGeneratedCode/Requests/VirtualPrivateGateway/ListVirtualPrivateGateways.swift (in target 'SoracomAPI' from project 'SoracomAPI')
cd /Users/admin/builder/spi-builder-workspace/.swiftpm/xcode
builtin-SwiftPerFileCompile ListVirtualPrivateGateways.swift
SwiftCompile normal arm64 /Users/admin/builder/spi-builder-workspace/Sources/SoracomAPI/AutoGeneratedCode/Requests/VirtualPrivateGateway/OpenGate.swift (in target 'SoracomAPI' from project 'SoracomAPI')
cd /Users/admin/builder/spi-builder-workspace/.swiftpm/xcode
builtin-SwiftPerFileCompile OpenGate.swift
SwiftCompile normal arm64 /Users/admin/builder/spi-builder-workspace/Sources/SoracomAPI/AutoGeneratedCode/Requests/VirtualPrivateGateway/PutVirtualPrivateGatewayIpAddressMapEntry.swift (in target 'SoracomAPI' from project 'SoracomAPI')
cd /Users/admin/builder/spi-builder-workspace/.swiftpm/xcode
builtin-SwiftPerFileCompile PutVirtualPrivateGatewayIpAddressMapEntry.swift
SwiftCompile normal arm64 /Users/admin/builder/spi-builder-workspace/Sources/SoracomAPI/AutoGeneratedCode/Requests/VirtualPrivateGateway/RegisterGatePeer.swift (in target 'SoracomAPI' from project 'SoracomAPI')
cd /Users/admin/builder/spi-builder-workspace/.swiftpm/xcode
builtin-SwiftPerFileCompile RegisterGatePeer.swift
SwiftCompile normal arm64 /Users/admin/builder/spi-builder-workspace/Sources/SoracomAPI/AutoGeneratedCode/Requests/VirtualPrivateGateway/SetInspectionConfiguration.swift (in target 'SoracomAPI' from project 'SoracomAPI')
cd /Users/admin/builder/spi-builder-workspace/.swiftpm/xcode
builtin-SwiftPerFileCompile SetInspectionConfiguration.swift
SwiftCompile normal arm64 /Users/admin/builder/spi-builder-workspace/Sources/SoracomAPI/AutoGeneratedCode/Requests/VirtualPrivateGateway/SetRedirectionConfiguration.swift (in target 'SoracomAPI' from project 'SoracomAPI')
cd /Users/admin/builder/spi-builder-workspace/.swiftpm/xcode
builtin-SwiftPerFileCompile SetRedirectionConfiguration.swift
SwiftCompile normal arm64 /Users/admin/builder/spi-builder-workspace/Sources/SoracomAPI/AutoGeneratedCode/Requests/VirtualPrivateGateway/TerminateVirtualPrivateGateway.swift (in target 'SoracomAPI' from project 'SoracomAPI')
cd /Users/admin/builder/spi-builder-workspace/.swiftpm/xcode
builtin-SwiftPerFileCompile TerminateVirtualPrivateGateway.swift
SwiftCompile normal arm64 /Users/admin/builder/spi-builder-workspace/Sources/SoracomAPI/AutoGeneratedCode/Requests/VirtualPrivateGateway/UnregisterGatePeer.swift (in target 'SoracomAPI' from project 'SoracomAPI')
cd /Users/admin/builder/spi-builder-workspace/.swiftpm/xcode
builtin-SwiftPerFileCompile UnregisterGatePeer.swift
SwiftCompile normal arm64 /Users/admin/builder/spi-builder-workspace/Sources/SoracomAPI/AutoGeneratedCode/Requests/VirtualPrivateGateway/UnsetInspectionConfiguration.swift (in target 'SoracomAPI' from project 'SoracomAPI')
cd /Users/admin/builder/spi-builder-workspace/.swiftpm/xcode
builtin-SwiftPerFileCompile UnsetInspectionConfiguration.swift
SwiftCompile normal arm64 /Users/admin/builder/spi-builder-workspace/Sources/SoracomAPI/AutoGeneratedCode/Requests/VirtualPrivateGateway/UnsetRedirectionConfiguration.swift (in target 'SoracomAPI' from project 'SoracomAPI')
cd /Users/admin/builder/spi-builder-workspace/.swiftpm/xcode
builtin-SwiftPerFileCompile UnsetRedirectionConfiguration.swift
SwiftCompile normal arm64 /Users/admin/builder/spi-builder-workspace/Sources/SoracomAPI/AutoGeneratedCode/Requests/VirtualPrivateGateway/UpdateMirroringPeer.swift (in target 'SoracomAPI' from project 'SoracomAPI')
cd /Users/admin/builder/spi-builder-workspace/.swiftpm/xcode
builtin-SwiftPerFileCompile UpdateMirroringPeer.swift
SwiftCompile normal arm64 /Users/admin/builder/spi-builder-workspace/Sources/SoracomAPI/AutoGeneratedCode/ResponseDecoder.swift (in target 'SoracomAPI' from project 'SoracomAPI')
cd /Users/admin/builder/spi-builder-workspace/.swiftpm/xcode
builtin-SwiftPerFileCompile ResponseDecoder.swift
SwiftCompile normal arm64 /Users/admin/builder/spi-builder-workspace/Sources/SoracomAPI/Client.swift (in target 'SoracomAPI' from project 'SoracomAPI')
cd /Users/admin/builder/spi-builder-workspace/.swiftpm/xcode
builtin-SwiftPerFileCompile Client.swift
SwiftCompile normal arm64 Compiling\ ListRoles.swift,\ ListUserRoles.swift,\ UpdateRole.swift,\ CreateShippingAddress.swift,\ DeleteShippingAddress.swift,\ GetShippingAddress.swift,\ ListShippingAddresses.swift,\ UpdateShippingAddress.swift,\ DeleteSigfoxDeviceTag.swift,\ DisableTerminationOnSigfoxDevice.swift,\ EnableTerminationOnSigfoxDevice.swift,\ GetDataFromSigfoxDevice.swift,\ GetSigfoxDevice.swift,\ ListSigfoxDevices.swift /Users/admin/builder/spi-builder-workspace/Sources/SoracomAPI/AutoGeneratedCode/Requests/Role/ListRoles.swift /Users/admin/builder/spi-builder-workspace/Sources/SoracomAPI/AutoGeneratedCode/Requests/Role/ListUserRoles.swift /Users/admin/builder/spi-builder-workspace/Sources/SoracomAPI/AutoGeneratedCode/Requests/Role/UpdateRole.swift /Users/admin/builder/spi-builder-workspace/Sources/SoracomAPI/AutoGeneratedCode/Requests/ShippingAddress/CreateShippingAddress.swift /Users/admin/builder/spi-builder-workspace/Sources/SoracomAPI/AutoGeneratedCode/Requests/ShippingAddress/DeleteShippingAddress.swift /Users/admin/builder/spi-builder-workspace/Sources/SoracomAPI/AutoGeneratedCode/Requests/ShippingAddress/GetShippingAddress.swift /Users/admin/builder/spi-builder-workspace/Sources/SoracomAPI/AutoGeneratedCode/Requests/ShippingAddress/ListShippingAddresses.swift /Users/admin/builder/spi-builder-workspace/Sources/SoracomAPI/AutoGeneratedCode/Requests/ShippingAddress/UpdateShippingAddress.swift /Users/admin/builder/spi-builder-workspace/Sources/SoracomAPI/AutoGeneratedCode/Requests/SigfoxDevice/DeleteSigfoxDeviceTag.swift /Users/admin/builder/spi-builder-workspace/Sources/SoracomAPI/AutoGeneratedCode/Requests/SigfoxDevice/DisableTerminationOnSigfoxDevice.swift /Users/admin/builder/spi-builder-workspace/Sources/SoracomAPI/AutoGeneratedCode/Requests/SigfoxDevice/EnableTerminationOnSigfoxDevice.swift /Users/admin/builder/spi-builder-workspace/Sources/SoracomAPI/AutoGeneratedCode/Requests/SigfoxDevice/GetDataFromSigfoxDevice.swift /Users/admin/builder/spi-builder-workspace/Sources/SoracomAPI/AutoGeneratedCode/Requests/SigfoxDevice/GetSigfoxDevice.swift /Users/admin/builder/spi-builder-workspace/Sources/SoracomAPI/AutoGeneratedCode/Requests/SigfoxDevice/ListSigfoxDevices.swift (in target 'SoracomAPI' from project 'SoracomAPI')
SwiftCompile normal arm64 /Users/admin/builder/spi-builder-workspace/Sources/SoracomAPI/AutoGeneratedCode/Requests/Role/ListRoles.swift (in target 'SoracomAPI' from project 'SoracomAPI')
cd /Users/admin/builder/spi-builder-workspace/.swiftpm/xcode
builtin-SwiftPerFileCompile ListRoles.swift
SwiftCompile normal arm64 /Users/admin/builder/spi-builder-workspace/Sources/SoracomAPI/AutoGeneratedCode/Requests/Role/ListUserRoles.swift (in target 'SoracomAPI' from project 'SoracomAPI')
cd /Users/admin/builder/spi-builder-workspace/.swiftpm/xcode
builtin-SwiftPerFileCompile ListUserRoles.swift
SwiftCompile normal arm64 /Users/admin/builder/spi-builder-workspace/Sources/SoracomAPI/AutoGeneratedCode/Requests/Role/UpdateRole.swift (in target 'SoracomAPI' from project 'SoracomAPI')
cd /Users/admin/builder/spi-builder-workspace/.swiftpm/xcode
builtin-SwiftPerFileCompile UpdateRole.swift
SwiftCompile normal arm64 /Users/admin/builder/spi-builder-workspace/Sources/SoracomAPI/AutoGeneratedCode/Requests/ShippingAddress/CreateShippingAddress.swift (in target 'SoracomAPI' from project 'SoracomAPI')
cd /Users/admin/builder/spi-builder-workspace/.swiftpm/xcode
builtin-SwiftPerFileCompile CreateShippingAddress.swift
SwiftCompile normal arm64 /Users/admin/builder/spi-builder-workspace/Sources/SoracomAPI/AutoGeneratedCode/Requests/ShippingAddress/DeleteShippingAddress.swift (in target 'SoracomAPI' from project 'SoracomAPI')
cd /Users/admin/builder/spi-builder-workspace/.swiftpm/xcode
builtin-SwiftPerFileCompile DeleteShippingAddress.swift
SwiftCompile normal arm64 /Users/admin/builder/spi-builder-workspace/Sources/SoracomAPI/AutoGeneratedCode/Requests/ShippingAddress/GetShippingAddress.swift (in target 'SoracomAPI' from project 'SoracomAPI')
cd /Users/admin/builder/spi-builder-workspace/.swiftpm/xcode
builtin-SwiftPerFileCompile GetShippingAddress.swift
SwiftCompile normal arm64 /Users/admin/builder/spi-builder-workspace/Sources/SoracomAPI/AutoGeneratedCode/Requests/ShippingAddress/ListShippingAddresses.swift (in target 'SoracomAPI' from project 'SoracomAPI')
cd /Users/admin/builder/spi-builder-workspace/.swiftpm/xcode
builtin-SwiftPerFileCompile ListShippingAddresses.swift
SwiftCompile normal arm64 /Users/admin/builder/spi-builder-workspace/Sources/SoracomAPI/AutoGeneratedCode/Requests/ShippingAddress/UpdateShippingAddress.swift (in target 'SoracomAPI' from project 'SoracomAPI')
cd /Users/admin/builder/spi-builder-workspace/.swiftpm/xcode
builtin-SwiftPerFileCompile UpdateShippingAddress.swift
SwiftCompile normal arm64 /Users/admin/builder/spi-builder-workspace/Sources/SoracomAPI/AutoGeneratedCode/Requests/SigfoxDevice/DeleteSigfoxDeviceTag.swift (in target 'SoracomAPI' from project 'SoracomAPI')
cd /Users/admin/builder/spi-builder-workspace/.swiftpm/xcode
builtin-SwiftPerFileCompile DeleteSigfoxDeviceTag.swift
SwiftCompile normal arm64 /Users/admin/builder/spi-builder-workspace/Sources/SoracomAPI/AutoGeneratedCode/Requests/SigfoxDevice/DisableTerminationOnSigfoxDevice.swift (in target 'SoracomAPI' from project 'SoracomAPI')
cd /Users/admin/builder/spi-builder-workspace/.swiftpm/xcode
builtin-SwiftPerFileCompile DisableTerminationOnSigfoxDevice.swift
SwiftCompile normal arm64 /Users/admin/builder/spi-builder-workspace/Sources/SoracomAPI/AutoGeneratedCode/Requests/SigfoxDevice/EnableTerminationOnSigfoxDevice.swift (in target 'SoracomAPI' from project 'SoracomAPI')
cd /Users/admin/builder/spi-builder-workspace/.swiftpm/xcode
builtin-SwiftPerFileCompile EnableTerminationOnSigfoxDevice.swift
SwiftCompile normal arm64 /Users/admin/builder/spi-builder-workspace/Sources/SoracomAPI/AutoGeneratedCode/Requests/SigfoxDevice/GetDataFromSigfoxDevice.swift (in target 'SoracomAPI' from project 'SoracomAPI')
cd /Users/admin/builder/spi-builder-workspace/.swiftpm/xcode
builtin-SwiftPerFileCompile GetDataFromSigfoxDevice.swift
SwiftCompile normal arm64 /Users/admin/builder/spi-builder-workspace/Sources/SoracomAPI/AutoGeneratedCode/Requests/SigfoxDevice/GetSigfoxDevice.swift (in target 'SoracomAPI' from project 'SoracomAPI')
cd /Users/admin/builder/spi-builder-workspace/.swiftpm/xcode
builtin-SwiftPerFileCompile GetSigfoxDevice.swift
SwiftCompile normal arm64 /Users/admin/builder/spi-builder-workspace/Sources/SoracomAPI/AutoGeneratedCode/Requests/SigfoxDevice/ListSigfoxDevices.swift (in target 'SoracomAPI' from project 'SoracomAPI')
cd /Users/admin/builder/spi-builder-workspace/.swiftpm/xcode
builtin-SwiftPerFileCompile ListSigfoxDevices.swift
SwiftCompile normal arm64 Compiling\ Auth.swift,\ IssuePasswordResetToken.swift,\ VerifyPasswordResetToken.swift,\ ExportBilling.swift,\ ReadDeviceResources.swift,\ SetDeviceGroup.swift,\ UnobserveDeviceResource.swift,\ UnobserveDeviceResources.swift,\ UnsetDeviceGroup.swift,\ WriteDeviceResource.swift,\ CreateDeviceObjectModel.swift,\ DeleteDeviceObjectModel.swift,\ GetDeviceObjectModel.swift,\ ListDeviceObjectModels.swift /Users/admin/builder/spi-builder-workspace/Sources/SoracomAPI/AutoGeneratedCode/Requests/Auth/Auth.swift /Users/admin/builder/spi-builder-workspace/Sources/SoracomAPI/AutoGeneratedCode/Requests/Auth/IssuePasswordResetToken.swift /Users/admin/builder/spi-builder-workspace/Sources/SoracomAPI/AutoGeneratedCode/Requests/Auth/VerifyPasswordResetToken.swift /Users/admin/builder/spi-builder-workspace/Sources/SoracomAPI/AutoGeneratedCode/Requests/Billing/ExportBilling.swift /Users/admin/builder/spi-builder-workspace/Sources/SoracomAPI/AutoGeneratedCode/Requests/Device/ReadDeviceResources.swift /Users/admin/builder/spi-builder-workspace/Sources/SoracomAPI/AutoGeneratedCode/Requests/Device/SetDeviceGroup.swift /Users/admin/builder/spi-builder-workspace/Sources/SoracomAPI/AutoGeneratedCode/Requests/Device/UnobserveDeviceResource.swift /Users/admin/builder/spi-builder-workspace/Sources/SoracomAPI/AutoGeneratedCode/Requests/Device/UnobserveDeviceResources.swift /Users/admin/builder/spi-builder-workspace/Sources/SoracomAPI/AutoGeneratedCode/Requests/Device/UnsetDeviceGroup.swift /Users/admin/builder/spi-builder-workspace/Sources/SoracomAPI/AutoGeneratedCode/Requests/Device/WriteDeviceResource.swift /Users/admin/builder/spi-builder-workspace/Sources/SoracomAPI/AutoGeneratedCode/Requests/DeviceObjectModel/CreateDeviceObjectModel.swift /Users/admin/builder/spi-builder-workspace/Sources/SoracomAPI/AutoGeneratedCode/Requests/DeviceObjectModel/DeleteDeviceObjectModel.swift /Users/admin/builder/spi-builder-workspace/Sources/SoracomAPI/AutoGeneratedCode/Requests/DeviceObjectModel/GetDeviceObjectModel.swift /Users/admin/builder/spi-builder-workspace/Sources/SoracomAPI/AutoGeneratedCode/Requests/DeviceObjectModel/ListDeviceObjectModels.swift (in target 'SoracomAPI' from project 'SoracomAPI')
SwiftCompile normal arm64 /Users/admin/builder/spi-builder-workspace/Sources/SoracomAPI/AutoGeneratedCode/Requests/Auth/Auth.swift (in target 'SoracomAPI' from project 'SoracomAPI')
cd /Users/admin/builder/spi-builder-workspace/.swiftpm/xcode
builtin-SwiftPerFileCompile Auth.swift
SwiftCompile normal arm64 /Users/admin/builder/spi-builder-workspace/Sources/SoracomAPI/AutoGeneratedCode/Requests/Auth/IssuePasswordResetToken.swift (in target 'SoracomAPI' from project 'SoracomAPI')
cd /Users/admin/builder/spi-builder-workspace/.swiftpm/xcode
builtin-SwiftPerFileCompile IssuePasswordResetToken.swift
SwiftCompile normal arm64 /Users/admin/builder/spi-builder-workspace/Sources/SoracomAPI/AutoGeneratedCode/Requests/Auth/VerifyPasswordResetToken.swift (in target 'SoracomAPI' from project 'SoracomAPI')
cd /Users/admin/builder/spi-builder-workspace/.swiftpm/xcode
builtin-SwiftPerFileCompile VerifyPasswordResetToken.swift
SwiftCompile normal arm64 /Users/admin/builder/spi-builder-workspace/Sources/SoracomAPI/AutoGeneratedCode/Requests/Billing/ExportBilling.swift (in target 'SoracomAPI' from project 'SoracomAPI')
cd /Users/admin/builder/spi-builder-workspace/.swiftpm/xcode
builtin-SwiftPerFileCompile ExportBilling.swift
SwiftCompile normal arm64 /Users/admin/builder/spi-builder-workspace/Sources/SoracomAPI/AutoGeneratedCode/Requests/Device/ReadDeviceResources.swift (in target 'SoracomAPI' from project 'SoracomAPI')
cd /Users/admin/builder/spi-builder-workspace/.swiftpm/xcode
builtin-SwiftPerFileCompile ReadDeviceResources.swift
SwiftCompile normal arm64 /Users/admin/builder/spi-builder-workspace/Sources/SoracomAPI/AutoGeneratedCode/Requests/Device/SetDeviceGroup.swift (in target 'SoracomAPI' from project 'SoracomAPI')
cd /Users/admin/builder/spi-builder-workspace/.swiftpm/xcode
builtin-SwiftPerFileCompile SetDeviceGroup.swift
SwiftCompile normal arm64 /Users/admin/builder/spi-builder-workspace/Sources/SoracomAPI/AutoGeneratedCode/Requests/Device/UnobserveDeviceResource.swift (in target 'SoracomAPI' from project 'SoracomAPI')
cd /Users/admin/builder/spi-builder-workspace/.swiftpm/xcode
builtin-SwiftPerFileCompile UnobserveDeviceResource.swift
SwiftCompile normal arm64 /Users/admin/builder/spi-builder-workspace/Sources/SoracomAPI/AutoGeneratedCode/Requests/Device/UnobserveDeviceResources.swift (in target 'SoracomAPI' from project 'SoracomAPI')
cd /Users/admin/builder/spi-builder-workspace/.swiftpm/xcode
builtin-SwiftPerFileCompile UnobserveDeviceResources.swift
SwiftCompile normal arm64 /Users/admin/builder/spi-builder-workspace/Sources/SoracomAPI/AutoGeneratedCode/Requests/Device/UnsetDeviceGroup.swift (in target 'SoracomAPI' from project 'SoracomAPI')
cd /Users/admin/builder/spi-builder-workspace/.swiftpm/xcode
builtin-SwiftPerFileCompile UnsetDeviceGroup.swift
SwiftCompile normal arm64 /Users/admin/builder/spi-builder-workspace/Sources/SoracomAPI/AutoGeneratedCode/Requests/Device/WriteDeviceResource.swift (in target 'SoracomAPI' from project 'SoracomAPI')
cd /Users/admin/builder/spi-builder-workspace/.swiftpm/xcode
builtin-SwiftPerFileCompile WriteDeviceResource.swift
SwiftCompile normal arm64 /Users/admin/builder/spi-builder-workspace/Sources/SoracomAPI/AutoGeneratedCode/Requests/DeviceObjectModel/CreateDeviceObjectModel.swift (in target 'SoracomAPI' from project 'SoracomAPI')
cd /Users/admin/builder/spi-builder-workspace/.swiftpm/xcode
builtin-SwiftPerFileCompile CreateDeviceObjectModel.swift
SwiftCompile normal arm64 /Users/admin/builder/spi-builder-workspace/Sources/SoracomAPI/AutoGeneratedCode/Requests/DeviceObjectModel/DeleteDeviceObjectModel.swift (in target 'SoracomAPI' from project 'SoracomAPI')
cd /Users/admin/builder/spi-builder-workspace/.swiftpm/xcode
builtin-SwiftPerFileCompile DeleteDeviceObjectModel.swift
SwiftCompile normal arm64 /Users/admin/builder/spi-builder-workspace/Sources/SoracomAPI/AutoGeneratedCode/Requests/DeviceObjectModel/GetDeviceObjectModel.swift (in target 'SoracomAPI' from project 'SoracomAPI')
cd /Users/admin/builder/spi-builder-workspace/.swiftpm/xcode
builtin-SwiftPerFileCompile GetDeviceObjectModel.swift
SwiftCompile normal arm64 /Users/admin/builder/spi-builder-workspace/Sources/SoracomAPI/AutoGeneratedCode/Requests/DeviceObjectModel/ListDeviceObjectModels.swift (in target 'SoracomAPI' from project 'SoracomAPI')
cd /Users/admin/builder/spi-builder-workspace/.swiftpm/xcode
builtin-SwiftPerFileCompile ListDeviceObjectModels.swift
SwiftDriverJobDiscovery normal arm64 Compiling SetSubscriberToStandby.swift, SuspendSubscriber.swift, TerminateSubscriber.swift, UnsetExpiryTime.swift, UnsetGroup.swift, BeamCounts+Extras.swift, CredentialsModel+Extras.swift, CreditCard+Extras.swift, NoResponseBody.swift, Subscriber+Extras.swift, Tag+Extras.swift, TagUpdateRequest+Extras.swift, Request+Auth.swift, Request+Group.swift (in target 'SoracomAPI' from project 'SoracomAPI')
SwiftCompile normal arm64 Compiling\ UnsetImeiLock.swift,\ UpdateSpeedClass.swift,\ VerifySubscriberTransferToken.swift,\ CreateUser.swift,\ CreateUserPassword.swift,\ DeleteUser.swift,\ DeleteUserAuthKey.swift,\ DeleteUserPassword.swift,\ GenerateUserAuthKey.swift,\ GetUser.swift,\ GetUserAuthKey.swift,\ GetUserPermission.swift,\ HasUserPassword.swift,\ ListUserAuthKeys.swift /Users/admin/builder/spi-builder-workspace/Sources/SoracomAPI/AutoGeneratedCode/Requests/Subscriber/UnsetImeiLock.swift /Users/admin/builder/spi-builder-workspace/Sources/SoracomAPI/AutoGeneratedCode/Requests/Subscriber/UpdateSpeedClass.swift /Users/admin/builder/spi-builder-workspace/Sources/SoracomAPI/AutoGeneratedCode/Requests/Subscriber/VerifySubscriberTransferToken.swift /Users/admin/builder/spi-builder-workspace/Sources/SoracomAPI/AutoGeneratedCode/Requests/User/CreateUser.swift /Users/admin/builder/spi-builder-workspace/Sources/SoracomAPI/AutoGeneratedCode/Requests/User/CreateUserPassword.swift /Users/admin/builder/spi-builder-workspace/Sources/SoracomAPI/AutoGeneratedCode/Requests/User/DeleteUser.swift /Users/admin/builder/spi-builder-workspace/Sources/SoracomAPI/AutoGeneratedCode/Requests/User/DeleteUserAuthKey.swift /Users/admin/builder/spi-builder-workspace/Sources/SoracomAPI/AutoGeneratedCode/Requests/User/DeleteUserPassword.swift /Users/admin/builder/spi-builder-workspace/Sources/SoracomAPI/AutoGeneratedCode/Requests/User/GenerateUserAuthKey.swift /Users/admin/builder/spi-builder-workspace/Sources/SoracomAPI/AutoGeneratedCode/Requests/User/GetUser.swift /Users/admin/builder/spi-builder-workspace/Sources/SoracomAPI/AutoGeneratedCode/Requests/User/GetUserAuthKey.swift /Users/admin/builder/spi-builder-workspace/Sources/SoracomAPI/AutoGeneratedCode/Requests/User/GetUserPermission.swift /Users/admin/builder/spi-builder-workspace/Sources/SoracomAPI/AutoGeneratedCode/Requests/User/HasUserPassword.swift /Users/admin/builder/spi-builder-workspace/Sources/SoracomAPI/AutoGeneratedCode/Requests/User/ListUserAuthKeys.swift (in target 'SoracomAPI' from project 'SoracomAPI')
SwiftCompile normal arm64 /Users/admin/builder/spi-builder-workspace/Sources/SoracomAPI/AutoGeneratedCode/Requests/Subscriber/UnsetImeiLock.swift (in target 'SoracomAPI' from project 'SoracomAPI')
cd /Users/admin/builder/spi-builder-workspace/.swiftpm/xcode
builtin-SwiftPerFileCompile UnsetImeiLock.swift
SwiftCompile normal arm64 /Users/admin/builder/spi-builder-workspace/Sources/SoracomAPI/AutoGeneratedCode/Requests/Subscriber/UpdateSpeedClass.swift (in target 'SoracomAPI' from project 'SoracomAPI')
cd /Users/admin/builder/spi-builder-workspace/.swiftpm/xcode
builtin-SwiftPerFileCompile UpdateSpeedClass.swift
SwiftCompile normal arm64 /Users/admin/builder/spi-builder-workspace/Sources/SoracomAPI/AutoGeneratedCode/Requests/Subscriber/VerifySubscriberTransferToken.swift (in target 'SoracomAPI' from project 'SoracomAPI')
cd /Users/admin/builder/spi-builder-workspace/.swiftpm/xcode
builtin-SwiftPerFileCompile VerifySubscriberTransferToken.swift
SwiftCompile normal arm64 /Users/admin/builder/spi-builder-workspace/Sources/SoracomAPI/AutoGeneratedCode/Requests/User/CreateUser.swift (in target 'SoracomAPI' from project 'SoracomAPI')
cd /Users/admin/builder/spi-builder-workspace/.swiftpm/xcode
builtin-SwiftPerFileCompile CreateUser.swift
SwiftCompile normal arm64 /Users/admin/builder/spi-builder-workspace/Sources/SoracomAPI/AutoGeneratedCode/Requests/User/CreateUserPassword.swift (in target 'SoracomAPI' from project 'SoracomAPI')
cd /Users/admin/builder/spi-builder-workspace/.swiftpm/xcode
builtin-SwiftPerFileCompile CreateUserPassword.swift
SwiftCompile normal arm64 /Users/admin/builder/spi-builder-workspace/Sources/SoracomAPI/AutoGeneratedCode/Requests/User/DeleteUser.swift (in target 'SoracomAPI' from project 'SoracomAPI')
cd /Users/admin/builder/spi-builder-workspace/.swiftpm/xcode
builtin-SwiftPerFileCompile DeleteUser.swift
SwiftCompile normal arm64 /Users/admin/builder/spi-builder-workspace/Sources/SoracomAPI/AutoGeneratedCode/Requests/User/DeleteUserAuthKey.swift (in target 'SoracomAPI' from project 'SoracomAPI')
cd /Users/admin/builder/spi-builder-workspace/.swiftpm/xcode
builtin-SwiftPerFileCompile DeleteUserAuthKey.swift
SwiftCompile normal arm64 /Users/admin/builder/spi-builder-workspace/Sources/SoracomAPI/AutoGeneratedCode/Requests/User/DeleteUserPassword.swift (in target 'SoracomAPI' from project 'SoracomAPI')
cd /Users/admin/builder/spi-builder-workspace/.swiftpm/xcode
builtin-SwiftPerFileCompile DeleteUserPassword.swift
SwiftCompile normal arm64 /Users/admin/builder/spi-builder-workspace/Sources/SoracomAPI/AutoGeneratedCode/Requests/User/GenerateUserAuthKey.swift (in target 'SoracomAPI' from project 'SoracomAPI')
cd /Users/admin/builder/spi-builder-workspace/.swiftpm/xcode
builtin-SwiftPerFileCompile GenerateUserAuthKey.swift
SwiftCompile normal arm64 /Users/admin/builder/spi-builder-workspace/Sources/SoracomAPI/AutoGeneratedCode/Requests/User/GetUser.swift (in target 'SoracomAPI' from project 'SoracomAPI')
cd /Users/admin/builder/spi-builder-workspace/.swiftpm/xcode
builtin-SwiftPerFileCompile GetUser.swift
SwiftCompile normal arm64 /Users/admin/builder/spi-builder-workspace/Sources/SoracomAPI/AutoGeneratedCode/Requests/User/GetUserAuthKey.swift (in target 'SoracomAPI' from project 'SoracomAPI')
cd /Users/admin/builder/spi-builder-workspace/.swiftpm/xcode
builtin-SwiftPerFileCompile GetUserAuthKey.swift
SwiftCompile normal arm64 /Users/admin/builder/spi-builder-workspace/Sources/SoracomAPI/AutoGeneratedCode/Requests/User/GetUserPermission.swift (in target 'SoracomAPI' from project 'SoracomAPI')
cd /Users/admin/builder/spi-builder-workspace/.swiftpm/xcode
builtin-SwiftPerFileCompile GetUserPermission.swift
SwiftCompile normal arm64 /Users/admin/builder/spi-builder-workspace/Sources/SoracomAPI/AutoGeneratedCode/Requests/User/HasUserPassword.swift (in target 'SoracomAPI' from project 'SoracomAPI')
cd /Users/admin/builder/spi-builder-workspace/.swiftpm/xcode
builtin-SwiftPerFileCompile HasUserPassword.swift
SwiftCompile normal arm64 /Users/admin/builder/spi-builder-workspace/Sources/SoracomAPI/AutoGeneratedCode/Requests/User/ListUserAuthKeys.swift (in target 'SoracomAPI' from project 'SoracomAPI')
cd /Users/admin/builder/spi-builder-workspace/.swiftpm/xcode
builtin-SwiftPerFileCompile ListUserAuthKeys.swift
PruneExplicitPrecompiledModules /Users/admin/builder/spi-builder-workspace/.derivedData/Build/Intermediates.noindex/SwiftExplicitPrecompiledModules
PruneExplicitPrecompiledModules /Users/admin/builder/spi-builder-workspace/.derivedData/Build/Intermediates.noindex/ExplicitPrecompiledModules
PruneExplicitPrecompiledModules /Users/admin/builder/spi-builder-workspace/.derivedData/SDKExplicitPrecompiledModules
2026-09-19 09:22:15.502 xcodebuild[757:5196] [MT] IDERunDestination: Supported platforms for the buildables in the current scheme is empty.
** BUILD FAILED **
The following build commands failed:
SwiftCompile normal arm64 Compiling\ Request+Operator.swift,\ Request+Subscriber.swift,\ Request.swift,\ RequestQueue.swift,\ RequestResponseFormatter.swift,\ Response.swift,\ SoracomCredentials.swift,\ Codable+SoracomAPI.swift,\ Data+SoracomAPI.swift,\ Keychain.swift,\ Metrics.swift,\ NSDate+SoracomAPI.swift,\ String+SoracomAPI.swift,\ TextStyle.swift /Users/admin/builder/spi-builder-workspace/Sources/SoracomAPI/Request+Operator.swift /Users/admin/builder/spi-builder-workspace/Sources/SoracomAPI/Request+Subscriber.swift /Users/admin/builder/spi-builder-workspace/Sources/SoracomAPI/Request.swift /Users/admin/builder/spi-builder-workspace/Sources/SoracomAPI/RequestQueue.swift /Users/admin/builder/spi-builder-workspace/Sources/SoracomAPI/RequestResponseFormatter.swift /Users/admin/builder/spi-builder-workspace/Sources/SoracomAPI/Response.swift /Users/admin/builder/spi-builder-workspace/Sources/SoracomAPI/SoracomCredentials.swift /Users/admin/builder/spi-builder-workspace/Sources/SoracomAPI/Utility/Codable+SoracomAPI.swift /Users/admin/builder/spi-builder-workspace/Sources/SoracomAPI/Utility/Data+SoracomAPI.swift /Users/admin/builder/spi-builder-workspace/Sources/SoracomAPI/Utility/Keychain.swift /Users/admin/builder/spi-builder-workspace/Sources/SoracomAPI/Utility/Metrics.swift /Users/admin/builder/spi-builder-workspace/Sources/SoracomAPI/Utility/NSDate+SoracomAPI.swift /Users/admin/builder/spi-builder-workspace/Sources/SoracomAPI/Utility/String+SoracomAPI.swift /Users/admin/builder/spi-builder-workspace/Sources/SoracomAPI/Utility/TextStyle.swift (in target 'SoracomAPI' from project 'SoracomAPI')
SwiftCompile normal arm64 /Users/admin/builder/spi-builder-workspace/Sources/SoracomAPI/SoracomCredentials.swift (in target 'SoracomAPI' from project 'SoracomAPI')
SwiftCompile normal arm64 /Users/admin/builder/spi-builder-workspace/Sources/SoracomAPI/Utility/Keychain.swift (in target 'SoracomAPI' from project 'SoracomAPI')
Building workspace SoracomAPI with scheme SoracomAPI-Package
(4 failures)
BUILD FAILURE 6.4 visionOS