Build Information
Failed to build MosaicKit, reference main (3c02b8), with Swift 6.4 for tvOS using Xcode 27.0 on 27 Oct 2026 18:44:01 UTC.
Build Command
env DEVELOPER_DIR=/Applications/Xcode-27.0.0.app xcrun xcodebuild -IDEClonedSourcePackagesDirPathOverride=$PWD/.dependencies -skipMacroValidation -skipPackagePluginValidation -derivedDataPath $PWD/.derivedData build -scheme MosaicKit-Package -destination generic/platform=tvOSBuild Log
cd /Users/admin/builder/spi-builder-workspace
builtin-copy -exclude .DS_Store -exclude CVS -exclude .svn -exclude .git -exclude .hg -resolve-src-symlinks /Users/admin/builder/spi-builder-workspace/.derivedData/Build/Intermediates.noindex/MosaicKit.build/Debug-appletvos/MosaicKitWebP-t.build/MosaicKitWebP.modulemap /Users/admin/builder/spi-builder-workspace/.derivedData/Build/Intermediates.noindex/GeneratedModuleMaps-appletvos
Copy /Users/admin/builder/spi-builder-workspace/.derivedData/Build/Intermediates.noindex/GeneratedModuleMaps-appletvos/SJSAssetExportSession.modulemap /Users/admin/builder/spi-builder-workspace/.derivedData/Build/Intermediates.noindex/SJSAssetExportSession.build/Debug-appletvos/SJSAssetExportSession-t.build/SJSAssetExportSession.modulemap (in target 'SJSAssetExportSession' from project 'SJSAssetExportSession')
cd /Users/admin/builder/spi-builder-workspace/.dependencies/checkouts/SJSAssetExportSession
builtin-copy -exclude .DS_Store -exclude CVS -exclude .svn -exclude .git -exclude .hg -resolve-src-symlinks /Users/admin/builder/spi-builder-workspace/.derivedData/Build/Intermediates.noindex/SJSAssetExportSession.build/Debug-appletvos/SJSAssetExportSession-t.build/SJSAssetExportSession.modulemap /Users/admin/builder/spi-builder-workspace/.derivedData/Build/Intermediates.noindex/GeneratedModuleMaps-appletvos
WriteAuxiliaryFile /Users/admin/builder/spi-builder-workspace/.derivedData/Build/Intermediates.noindex/MosaicKit.build/Debug-appletvos/MosaicKit-t.build/Objects-normal/arm64/MosaicKit_const_extract_protocols.json (in target 'MosaicKit' from project 'MosaicKit')
cd /Users/admin/builder/spi-builder-workspace
write-file /Users/admin/builder/spi-builder-workspace/.derivedData/Build/Intermediates.noindex/MosaicKit.build/Debug-appletvos/MosaicKit-t.build/Objects-normal/arm64/MosaicKit_const_extract_protocols.json
WriteAuxiliaryFile /Users/admin/builder/spi-builder-workspace/.derivedData/Build/Intermediates.noindex/MosaicKit.build/Debug-appletvos/MosaicKit-t.build/Objects-normal/arm64/MosaicKit.SwiftFileList (in target 'MosaicKit' from project 'MosaicKit')
cd /Users/admin/builder/spi-builder-workspace
write-file /Users/admin/builder/spi-builder-workspace/.derivedData/Build/Intermediates.noindex/MosaicKit.build/Debug-appletvos/MosaicKit-t.build/Objects-normal/arm64/MosaicKit.SwiftFileList
WriteAuxiliaryFile /Users/admin/builder/spi-builder-workspace/.derivedData/Build/Intermediates.noindex/MosaicKit.build/Debug-appletvos/MosaicKit-t.build/Objects-normal/arm64/MosaicKit.SwiftConstValuesFileList (in target 'MosaicKit' from project 'MosaicKit')
cd /Users/admin/builder/spi-builder-workspace
write-file /Users/admin/builder/spi-builder-workspace/.derivedData/Build/Intermediates.noindex/MosaicKit.build/Debug-appletvos/MosaicKit-t.build/Objects-normal/arm64/MosaicKit.SwiftConstValuesFileList
WriteAuxiliaryFile /Users/admin/builder/spi-builder-workspace/.derivedData/Build/Intermediates.noindex/MosaicKit.build/Debug-appletvos/MosaicKit-t.build/Objects-normal/arm64/MosaicKit.LinkFileList (in target 'MosaicKit' from project 'MosaicKit')
cd /Users/admin/builder/spi-builder-workspace
write-file /Users/admin/builder/spi-builder-workspace/.derivedData/Build/Intermediates.noindex/MosaicKit.build/Debug-appletvos/MosaicKit-t.build/Objects-normal/arm64/MosaicKit.LinkFileList
WriteAuxiliaryFile /Users/admin/builder/spi-builder-workspace/.derivedData/Build/Intermediates.noindex/MosaicKit.build/Debug-appletvos/MosaicKit-t.build/Objects-normal/arm64/MosaicKit-OutputFileMap.json (in target 'MosaicKit' from project 'MosaicKit')
cd /Users/admin/builder/spi-builder-workspace
write-file /Users/admin/builder/spi-builder-workspace/.derivedData/Build/Intermediates.noindex/MosaicKit.build/Debug-appletvos/MosaicKit-t.build/Objects-normal/arm64/MosaicKit-OutputFileMap.json
WriteAuxiliaryFile /Users/admin/builder/spi-builder-workspace/.derivedData/Build/Intermediates.noindex/MosaicKit.build/Debug-appletvos/MosaicKit-t.build/MosaicKit.modulemap (in target 'MosaicKit' from project 'MosaicKit')
cd /Users/admin/builder/spi-builder-workspace
write-file /Users/admin/builder/spi-builder-workspace/.derivedData/Build/Intermediates.noindex/MosaicKit.build/Debug-appletvos/MosaicKit-t.build/MosaicKit.modulemap
WriteAuxiliaryFile /Users/admin/builder/spi-builder-workspace/.derivedData/Build/Intermediates.noindex/MosaicKit.build/Debug-appletvos/MosaicKit-t.build/MosaicKit.DependencyStaticMetadataFileList (in target 'MosaicKit' from project 'MosaicKit')
cd /Users/admin/builder/spi-builder-workspace
write-file /Users/admin/builder/spi-builder-workspace/.derivedData/Build/Intermediates.noindex/MosaicKit.build/Debug-appletvos/MosaicKit-t.build/MosaicKit.DependencyStaticMetadataFileList
WriteAuxiliaryFile /Users/admin/builder/spi-builder-workspace/.derivedData/Build/Intermediates.noindex/MosaicKit.build/Debug-appletvos/MosaicKit-t.build/MosaicKit.DependencyMetadataFileList (in target 'MosaicKit' from project 'MosaicKit')
cd /Users/admin/builder/spi-builder-workspace
write-file /Users/admin/builder/spi-builder-workspace/.derivedData/Build/Intermediates.noindex/MosaicKit.build/Debug-appletvos/MosaicKit-t.build/MosaicKit.DependencyMetadataFileList
WriteAuxiliaryFile /Users/admin/builder/spi-builder-workspace/.derivedData/Build/Intermediates.noindex/MosaicKit.build/Debug-appletvos/MosaicKit-t.build/DerivedSources/resource_bundle_accessor.swift (in target 'MosaicKit' from project 'MosaicKit')
cd /Users/admin/builder/spi-builder-workspace
write-file /Users/admin/builder/spi-builder-workspace/.derivedData/Build/Intermediates.noindex/MosaicKit.build/Debug-appletvos/MosaicKit-t.build/DerivedSources/resource_bundle_accessor.swift
WriteAuxiliaryFile /Users/admin/builder/spi-builder-workspace/.derivedData/Build/Intermediates.noindex/DCLib.build/Debug-appletvos/DominantColors-t.build/Objects-normal/arm64/DominantColors_const_extract_protocols.json (in target 'DominantColors' from project 'DCLib')
cd /Users/admin/builder/spi-builder-workspace/.dependencies/checkouts/DominantColors
write-file /Users/admin/builder/spi-builder-workspace/.derivedData/Build/Intermediates.noindex/DCLib.build/Debug-appletvos/DominantColors-t.build/Objects-normal/arm64/DominantColors_const_extract_protocols.json
WriteAuxiliaryFile /Users/admin/builder/spi-builder-workspace/.derivedData/Build/Intermediates.noindex/DCLib.build/Debug-appletvos/DominantColors-t.build/Objects-normal/arm64/DominantColors.SwiftFileList (in target 'DominantColors' from project 'DCLib')
cd /Users/admin/builder/spi-builder-workspace/.dependencies/checkouts/DominantColors
write-file /Users/admin/builder/spi-builder-workspace/.derivedData/Build/Intermediates.noindex/DCLib.build/Debug-appletvos/DominantColors-t.build/Objects-normal/arm64/DominantColors.SwiftFileList
WriteAuxiliaryFile /Users/admin/builder/spi-builder-workspace/.derivedData/Build/Intermediates.noindex/DCLib.build/Debug-appletvos/DominantColors-t.build/Objects-normal/arm64/DominantColors.LinkFileList (in target 'DominantColors' from project 'DCLib')
cd /Users/admin/builder/spi-builder-workspace/.dependencies/checkouts/DominantColors
write-file /Users/admin/builder/spi-builder-workspace/.derivedData/Build/Intermediates.noindex/DCLib.build/Debug-appletvos/DominantColors-t.build/Objects-normal/arm64/DominantColors.LinkFileList
WriteAuxiliaryFile /Users/admin/builder/spi-builder-workspace/.derivedData/Build/Intermediates.noindex/DCLib.build/Debug-appletvos/DominantColors-t.build/Objects-normal/arm64/DominantColors.SwiftConstValuesFileList (in target 'DominantColors' from project 'DCLib')
cd /Users/admin/builder/spi-builder-workspace/.dependencies/checkouts/DominantColors
write-file /Users/admin/builder/spi-builder-workspace/.derivedData/Build/Intermediates.noindex/DCLib.build/Debug-appletvos/DominantColors-t.build/Objects-normal/arm64/DominantColors.SwiftConstValuesFileList
WriteAuxiliaryFile /Users/admin/builder/spi-builder-workspace/.derivedData/Build/Intermediates.noindex/DCLib.build/Debug-appletvos/DominantColors-t.build/Objects-normal/arm64/DominantColors-OutputFileMap.json (in target 'DominantColors' from project 'DCLib')
cd /Users/admin/builder/spi-builder-workspace/.dependencies/checkouts/DominantColors
write-file /Users/admin/builder/spi-builder-workspace/.derivedData/Build/Intermediates.noindex/DCLib.build/Debug-appletvos/DominantColors-t.build/Objects-normal/arm64/DominantColors-OutputFileMap.json
Copy /Users/admin/builder/spi-builder-workspace/.derivedData/Build/Intermediates.noindex/GeneratedModuleMaps-appletvos/MosaicKit.modulemap /Users/admin/builder/spi-builder-workspace/.derivedData/Build/Intermediates.noindex/MosaicKit.build/Debug-appletvos/MosaicKit-t.build/MosaicKit.modulemap (in target 'MosaicKit' from project 'MosaicKit')
cd /Users/admin/builder/spi-builder-workspace
builtin-copy -exclude .DS_Store -exclude CVS -exclude .svn -exclude .git -exclude .hg -resolve-src-symlinks /Users/admin/builder/spi-builder-workspace/.derivedData/Build/Intermediates.noindex/MosaicKit.build/Debug-appletvos/MosaicKit-t.build/MosaicKit.modulemap /Users/admin/builder/spi-builder-workspace/.derivedData/Build/Intermediates.noindex/GeneratedModuleMaps-appletvos
WriteAuxiliaryFile /Users/admin/builder/spi-builder-workspace/.derivedData/Build/Intermediates.noindex/DCLib.build/Debug-appletvos/DominantColors-t.build/DominantColors.modulemap (in target 'DominantColors' from project 'DCLib')
cd /Users/admin/builder/spi-builder-workspace/.dependencies/checkouts/DominantColors
write-file /Users/admin/builder/spi-builder-workspace/.derivedData/Build/Intermediates.noindex/DCLib.build/Debug-appletvos/DominantColors-t.build/DominantColors.modulemap
WriteAuxiliaryFile /Users/admin/builder/spi-builder-workspace/.derivedData/Build/Intermediates.noindex/DCLib.build/Debug-appletvos/DominantColors-t.build/DominantColors.DependencyStaticMetadataFileList (in target 'DominantColors' from project 'DCLib')
cd /Users/admin/builder/spi-builder-workspace/.dependencies/checkouts/DominantColors
write-file /Users/admin/builder/spi-builder-workspace/.derivedData/Build/Intermediates.noindex/DCLib.build/Debug-appletvos/DominantColors-t.build/DominantColors.DependencyStaticMetadataFileList
WriteAuxiliaryFile /Users/admin/builder/spi-builder-workspace/.derivedData/Build/Intermediates.noindex/DCLib.build/Debug-appletvos/DominantColors-t.build/DominantColors.DependencyMetadataFileList (in target 'DominantColors' from project 'DCLib')
cd /Users/admin/builder/spi-builder-workspace/.dependencies/checkouts/DominantColors
write-file /Users/admin/builder/spi-builder-workspace/.derivedData/Build/Intermediates.noindex/DCLib.build/Debug-appletvos/DominantColors-t.build/DominantColors.DependencyMetadataFileList
MkDir /Users/admin/builder/spi-builder-workspace/.derivedData/Build/Products/Debug-appletvos/MosaicKit_MosaicKit.bundle (in target 'MosaicKit_MosaicKit' from project 'MosaicKit')
cd /Users/admin/builder/spi-builder-workspace
/bin/mkdir -p /Users/admin/builder/spi-builder-workspace/.derivedData/Build/Products/Debug-appletvos/MosaicKit_MosaicKit.bundle
ProcessXCFramework /Users/admin/builder/spi-builder-workspace/.dependencies/checkouts/libwebp-ios/Sources/libwebpmux.xcframework /Users/admin/builder/spi-builder-workspace/.derivedData/Build/Products/Debug-appletvos/libwebpmux.a tvos
cd /Users/admin/builder/spi-builder-workspace/.swiftpm/xcode
builtin-process-xcframework --xcframework /Users/admin/builder/spi-builder-workspace/.dependencies/checkouts/libwebp-ios/Sources/libwebpmux.xcframework --platform tvos --target-path /Users/admin/builder/spi-builder-workspace/.derivedData/Build/Products/Debug-appletvos
Copy /Users/admin/builder/spi-builder-workspace/.derivedData/Build/Intermediates.noindex/GeneratedModuleMaps-appletvos/DominantColors.modulemap /Users/admin/builder/spi-builder-workspace/.derivedData/Build/Intermediates.noindex/DCLib.build/Debug-appletvos/DominantColors-t.build/DominantColors.modulemap (in target 'DominantColors' from project 'DCLib')
cd /Users/admin/builder/spi-builder-workspace/.dependencies/checkouts/DominantColors
builtin-copy -exclude .DS_Store -exclude CVS -exclude .svn -exclude .git -exclude .hg -resolve-src-symlinks /Users/admin/builder/spi-builder-workspace/.derivedData/Build/Intermediates.noindex/DCLib.build/Debug-appletvos/DominantColors-t.build/DominantColors.modulemap /Users/admin/builder/spi-builder-workspace/.derivedData/Build/Intermediates.noindex/GeneratedModuleMaps-appletvos
ProcessXCFramework /Users/admin/builder/spi-builder-workspace/.dependencies/checkouts/libwebp-ios/Sources/libwebpdemux.xcframework /Users/admin/builder/spi-builder-workspace/.derivedData/Build/Products/Debug-appletvos/libwebpdemux.a tvos
cd /Users/admin/builder/spi-builder-workspace/.swiftpm/xcode
builtin-process-xcframework --xcframework /Users/admin/builder/spi-builder-workspace/.dependencies/checkouts/libwebp-ios/Sources/libwebpdemux.xcframework --platform tvos --target-path /Users/admin/builder/spi-builder-workspace/.derivedData/Build/Products/Debug-appletvos
ProcessXCFramework /Users/admin/builder/spi-builder-workspace/.dependencies/checkouts/libwebp-ios/Sources/libwebp.xcframework /Users/admin/builder/spi-builder-workspace/.derivedData/Build/Products/Debug-appletvos/libwebp.a tvos
cd /Users/admin/builder/spi-builder-workspace/.swiftpm/xcode
builtin-process-xcframework --xcframework /Users/admin/builder/spi-builder-workspace/.dependencies/checkouts/libwebp-ios/Sources/libwebp.xcframework --platform tvos --target-path /Users/admin/builder/spi-builder-workspace/.derivedData/Build/Products/Debug-appletvos
ProcessXCFramework /Users/admin/builder/spi-builder-workspace/.dependencies/checkouts/libwebp-ios/Sources/libsharpyuv.xcframework /Users/admin/builder/spi-builder-workspace/.derivedData/Build/Products/Debug-appletvos/libsharpyuv.a tvos
cd /Users/admin/builder/spi-builder-workspace/.swiftpm/xcode
builtin-process-xcframework --xcframework /Users/admin/builder/spi-builder-workspace/.dependencies/checkouts/libwebp-ios/Sources/libsharpyuv.xcframework --platform tvos --target-path /Users/admin/builder/spi-builder-workspace/.derivedData/Build/Products/Debug-appletvos
ProcessInfoPlistFile /Users/admin/builder/spi-builder-workspace/.derivedData/Build/Products/Debug-appletvos/MosaicKit_MosaicKit.bundle/Info.plist /Users/admin/builder/spi-builder-workspace/.derivedData/Build/Intermediates.noindex/MosaicKit.build/Debug-appletvos/MosaicKit_MosaicKit-b.build/empty-MosaicKit_MosaicKit.plist (in target 'MosaicKit_MosaicKit' from project 'MosaicKit')
cd /Users/admin/builder/spi-builder-workspace
builtin-infoPlistUtility /Users/admin/builder/spi-builder-workspace/.derivedData/Build/Intermediates.noindex/MosaicKit.build/Debug-appletvos/MosaicKit_MosaicKit-b.build/empty-MosaicKit_MosaicKit.plist -producttype com.apple.product-type.bundle -expandbuildsettings -format binary -platform appletvos -o /Users/admin/builder/spi-builder-workspace/.derivedData/Build/Products/Debug-appletvos/MosaicKit_MosaicKit.bundle/Info.plist
CompileMetalFile /Users/admin/builder/spi-builder-workspace/Sources/Shaders/MetalShaders.metal (in target 'MosaicKit_MosaicKit' from project 'MosaicKit')
cd /Users/admin/builder/spi-builder-workspace
/var/run/com.apple.security.cryptexd/mnt/com.apple.MobileAsset.MetalToolchain-v27.1.266.1.zod1j5/Metal.xctoolchain/usr/bin/metal -c -target air64-apple-tvos26.0 -I/Users/admin/builder/spi-builder-workspace/.derivedData/Build/Products/Debug-appletvos/include -F/Users/admin/builder/spi-builder-workspace/.derivedData/Build/Products/Debug-appletvos -isysroot /Applications/Xcode-27.0.0.app/Contents/Developer/Platforms/AppleTVOS.platform/Developer/SDKs/AppleTVOS27.0.sdk -fmetal-math-mode\=fast -fmetal-math-fp32-functions\=fast -serialize-diagnostics /Users/admin/builder/spi-builder-workspace/.derivedData/Build/Intermediates.noindex/MosaicKit.build/Debug-appletvos/MosaicKit_MosaicKit-b.build/Metal/MetalShaders.dia -o /Users/admin/builder/spi-builder-workspace/.derivedData/Build/Intermediates.noindex/MosaicKit.build/Debug-appletvos/MosaicKit_MosaicKit-b.build/Metal/MetalShaders.air -MMD -MT dependencies -MF /Users/admin/builder/spi-builder-workspace/.derivedData/Build/Intermediates.noindex/MosaicKit.build/Debug-appletvos/MosaicKit_MosaicKit-b.build/Metal/MetalShaders.dat /Users/admin/builder/spi-builder-workspace/Sources/Shaders/MetalShaders.metal
WriteAuxiliaryFile /Users/admin/builder/spi-builder-workspace/.derivedData/Build/Intermediates.noindex/webp.build/Debug-appletvos/webpbridge-t.build/webpbridge.DependencyStaticMetadataFileList (in target 'webpbridge' from project 'webp')
cd /Users/admin/builder/spi-builder-workspace/.dependencies/checkouts/webp.swift
write-file /Users/admin/builder/spi-builder-workspace/.derivedData/Build/Intermediates.noindex/webp.build/Debug-appletvos/webpbridge-t.build/webpbridge.DependencyStaticMetadataFileList
WriteAuxiliaryFile /Users/admin/builder/spi-builder-workspace/.derivedData/Build/Intermediates.noindex/webp.build/Debug-appletvos/webpbridge-t.build/webpbridge.DependencyMetadataFileList (in target 'webpbridge' from project 'webp')
cd /Users/admin/builder/spi-builder-workspace/.dependencies/checkouts/webp.swift
write-file /Users/admin/builder/spi-builder-workspace/.derivedData/Build/Intermediates.noindex/webp.build/Debug-appletvos/webpbridge-t.build/webpbridge.DependencyMetadataFileList
WriteAuxiliaryFile /Users/admin/builder/spi-builder-workspace/.derivedData/Build/Intermediates.noindex/webp.build/Debug-appletvos/webp-t.build/webp.DependencyMetadataFileList (in target 'webp' from project 'webp')
cd /Users/admin/builder/spi-builder-workspace/.dependencies/checkouts/webp.swift
write-file /Users/admin/builder/spi-builder-workspace/.derivedData/Build/Intermediates.noindex/webp.build/Debug-appletvos/webp-t.build/webp.DependencyMetadataFileList
WriteAuxiliaryFile /Users/admin/builder/spi-builder-workspace/.derivedData/Build/Intermediates.noindex/webp.build/Debug-appletvos/webp-t.build/webp.DependencyStaticMetadataFileList (in target 'webp' from project 'webp')
cd /Users/admin/builder/spi-builder-workspace/.dependencies/checkouts/webp.swift
write-file /Users/admin/builder/spi-builder-workspace/.derivedData/Build/Intermediates.noindex/webp.build/Debug-appletvos/webp-t.build/webp.DependencyStaticMetadataFileList
WriteAuxiliaryFile /Users/admin/builder/spi-builder-workspace/.derivedData/Build/Intermediates.noindex/webp.build/Debug-appletvos/webp-t.build/webp.modulemap (in target 'webp' from project 'webp')
cd /Users/admin/builder/spi-builder-workspace/.dependencies/checkouts/webp.swift
write-file /Users/admin/builder/spi-builder-workspace/.derivedData/Build/Intermediates.noindex/webp.build/Debug-appletvos/webp-t.build/webp.modulemap
WriteAuxiliaryFile /Users/admin/builder/spi-builder-workspace/.derivedData/Build/Intermediates.noindex/webp.build/Debug-appletvos/webpbridge-t.build/Objects-normal/arm64/af3fcb34312c57c0f52879cdce924b91-common-args.resp (in target 'webpbridge' from project 'webp')
cd /Users/admin/builder/spi-builder-workspace/.dependencies/checkouts/webp.swift
write-file /Users/admin/builder/spi-builder-workspace/.derivedData/Build/Intermediates.noindex/webp.build/Debug-appletvos/webpbridge-t.build/Objects-normal/arm64/af3fcb34312c57c0f52879cdce924b91-common-args.resp
-fobjc-arc -fmodules -fno-cxx-modules -gmodules '-fmodules-cache-path=/Users/admin/builder/spi-builder-workspace/.derivedData/ModuleCache.noindex' '-fmodule-name=webpbridge' '-D_LIBCPP_HARDENING_MODE=_LIBCPP_HARDENING_MODE_DEBUG' -fpascal-strings -O0 -DSWIFT_PACKAGE '-DDEBUG=1' '-DOBJC_OLD_DISPATCH_PROTOTYPES=1' -g -fvisibility-inlines-hidden -fprofile-instr-generate -fcoverage-mapping -I/Users/admin/builder/spi-builder-workspace/.derivedData/Build/Products/Debug-appletvos/include -I/Users/admin/builder/spi-builder-workspace/.dependencies/checkouts/webp.swift/Sources/webpbridge/include -I/Users/admin/builder/spi-builder-workspace/.dependencies/checkouts/webp.swift/Sources/webpbridge -I/Users/admin/builder/spi-builder-workspace/.derivedData/Build/Intermediates.noindex/webp.build/Debug-appletvos/webpbridge-t.build/DerivedSources-normal/arm64 -I/Users/admin/builder/spi-builder-workspace/.derivedData/Build/Intermediates.noindex/webp.build/Debug-appletvos/webpbridge-t.build/DerivedSources/arm64 -I/Users/admin/builder/spi-builder-workspace/.derivedData/Build/Intermediates.noindex/webp.build/Debug-appletvos/webpbridge-t.build/DerivedSources -F/Users/admin/builder/spi-builder-workspace/.derivedData/Build/Products/Debug-appletvos -iframework /Applications/Xcode-27.0.0.app/Contents/Developer/Platforms/AppleTVOS.platform/Developer/Library/Frameworks -iframework /Applications/Xcode-27.0.0.app/Contents/Developer/Platforms/AppleTVOS.platform/Developer/SDKs/AppleTVOS27.0.sdk/Developer/Library/Frameworks -DXcode
WriteAuxiliaryFile /Users/admin/builder/spi-builder-workspace/.derivedData/Build/Intermediates.noindex/webp.build/Debug-appletvos/webp-t.build/Objects-normal/arm64/webp_const_extract_protocols.json (in target 'webp' from project 'webp')
cd /Users/admin/builder/spi-builder-workspace/.dependencies/checkouts/webp.swift
write-file /Users/admin/builder/spi-builder-workspace/.derivedData/Build/Intermediates.noindex/webp.build/Debug-appletvos/webp-t.build/Objects-normal/arm64/webp_const_extract_protocols.json
WriteAuxiliaryFile /Users/admin/builder/spi-builder-workspace/.derivedData/Build/Intermediates.noindex/webp.build/Debug-appletvos/webpbridge-t.build/Objects-normal/arm64/webpbridge.LinkFileList (in target 'webpbridge' from project 'webp')
cd /Users/admin/builder/spi-builder-workspace/.dependencies/checkouts/webp.swift
write-file /Users/admin/builder/spi-builder-workspace/.derivedData/Build/Intermediates.noindex/webp.build/Debug-appletvos/webpbridge-t.build/Objects-normal/arm64/webpbridge.LinkFileList
WriteAuxiliaryFile /Users/admin/builder/spi-builder-workspace/.derivedData/Build/Intermediates.noindex/webp.build/Debug-appletvos/webp-t.build/Objects-normal/arm64/webp.SwiftFileList (in target 'webp' from project 'webp')
cd /Users/admin/builder/spi-builder-workspace/.dependencies/checkouts/webp.swift
write-file /Users/admin/builder/spi-builder-workspace/.derivedData/Build/Intermediates.noindex/webp.build/Debug-appletvos/webp-t.build/Objects-normal/arm64/webp.SwiftFileList
WriteAuxiliaryFile /Users/admin/builder/spi-builder-workspace/.derivedData/Build/Intermediates.noindex/webp.build/Debug-appletvos/webp-t.build/Objects-normal/arm64/webp.SwiftConstValuesFileList (in target 'webp' from project 'webp')
cd /Users/admin/builder/spi-builder-workspace/.dependencies/checkouts/webp.swift
write-file /Users/admin/builder/spi-builder-workspace/.derivedData/Build/Intermediates.noindex/webp.build/Debug-appletvos/webp-t.build/Objects-normal/arm64/webp.SwiftConstValuesFileList
WriteAuxiliaryFile /Users/admin/builder/spi-builder-workspace/.derivedData/Build/Intermediates.noindex/webp.build/Debug-appletvos/webp-t.build/Objects-normal/arm64/webp.LinkFileList (in target 'webp' from project 'webp')
cd /Users/admin/builder/spi-builder-workspace/.dependencies/checkouts/webp.swift
write-file /Users/admin/builder/spi-builder-workspace/.derivedData/Build/Intermediates.noindex/webp.build/Debug-appletvos/webp-t.build/Objects-normal/arm64/webp.LinkFileList
WriteAuxiliaryFile /Users/admin/builder/spi-builder-workspace/.derivedData/Build/Intermediates.noindex/webp.build/Debug-appletvos/webp-t.build/Objects-normal/arm64/webp-OutputFileMap.json (in target 'webp' from project 'webp')
cd /Users/admin/builder/spi-builder-workspace/.dependencies/checkouts/webp.swift
write-file /Users/admin/builder/spi-builder-workspace/.derivedData/Build/Intermediates.noindex/webp.build/Debug-appletvos/webp-t.build/Objects-normal/arm64/webp-OutputFileMap.json
Copy /Users/admin/builder/spi-builder-workspace/.derivedData/Build/Intermediates.noindex/GeneratedModuleMaps-appletvos/webp.modulemap /Users/admin/builder/spi-builder-workspace/.derivedData/Build/Intermediates.noindex/webp.build/Debug-appletvos/webp-t.build/webp.modulemap (in target 'webp' from project 'webp')
cd /Users/admin/builder/spi-builder-workspace/.dependencies/checkouts/webp.swift
builtin-copy -exclude .DS_Store -exclude CVS -exclude .svn -exclude .git -exclude .hg -resolve-src-symlinks /Users/admin/builder/spi-builder-workspace/.derivedData/Build/Intermediates.noindex/webp.build/Debug-appletvos/webp-t.build/webp.modulemap /Users/admin/builder/spi-builder-workspace/.derivedData/Build/Intermediates.noindex/GeneratedModuleMaps-appletvos
CompileC /Users/admin/builder/spi-builder-workspace/.derivedData/Build/Intermediates.noindex/webp.build/Debug-appletvos/webpbridge-t.build/Objects-normal/arm64/WebpRGBAMultiplier.o /Users/admin/builder/spi-builder-workspace/.dependencies/checkouts/webp.swift/Sources/webpbridge/WebpRGBAMultiplier.mm normal arm64 objective-c++ com.apple.compilers.llvm.clang.1_0.compiler (in target 'webpbridge' from project 'webp')
cd /Users/admin/builder/spi-builder-workspace/.swiftpm/xcode
Using response file: /Users/admin/builder/spi-builder-workspace/.derivedData/Build/Intermediates.noindex/webp.build/Debug-appletvos/webpbridge-t.build/Objects-normal/arm64/af3fcb34312c57c0f52879cdce924b91-common-args.resp
/Applications/Xcode-27.0.0.app/Contents/Developer/Toolchains/XcodeDefault.xctoolchain/usr/bin/clang -x objective-c++ -ivfsstatcache /Users/admin/builder/spi-builder-workspace/.derivedData/SDKStatCaches.noindex/appletvos27.0-24J360-e829b21a6f8c9b70876ba0858053c044509235ffd515576fb835ffc8f67461e5.sdkstatcache -target arm64-apple-tvos15.0 -fmessage-length\=0 -fdiagnostics-show-note-include-stack -fmacro-backtrace-limit\=0 -fno-color-diagnostics -fmodules-prune-interval\=86400 -fmodules-prune-after\=345600 -fbuild-session-file\=/Users/admin/builder/spi-builder-workspace/.derivedData/ModuleCache.noindex/Session.modulevalidation -fmodules-validate-once-per-build-session -Wnon-modular-include-in-framework-module -Werror\=non-modular-include-in-framework-module -Wno-trigraphs -Wno-missing-field-initializers -Wno-missing-prototypes -Wno-return-type -Wno-implicit-atomic-properties -Wno-objc-interface-ivars -Wno-arc-repeated-use-of-weak -Wno-non-virtual-dtor -Wno-overloaded-virtual -Wno-exit-time-destructors -Wno-missing-braces -Wparentheses -Wswitch -Wno-unused-function -Wno-unused-label -Wno-unused-parameter -Wno-unused-variable -Wunused-value -Wno-empty-body -Wno-uninitialized -Wno-unknown-pragmas -w -Wno-shadow -Wno-four-char-constants -Wno-conversion -Wno-constant-conversion -Wno-int-conversion -Wno-bool-conversion -Wno-enum-conversion -Wno-float-conversion -Wno-non-literal-null-conversion -Wno-objc-literal-conversion -Wshorten-64-to-32 -Wno-newline-eof -Wno-selector -Wno-strict-selector-match -Wno-undeclared-selector -Wno-deprecated-implementations -Wno-c++11-extensions -Wno-implicit-fallthrough -isysroot /Applications/Xcode-27.0.0.app/Contents/Developer/Platforms/AppleTVOS.platform/Developer/SDKs/AppleTVOS27.0.sdk -fstrict-aliasing -Wprotocol -Wdeprecated-declarations -Winvalid-offsetof -Wno-sign-conversion -Wno-infinite-recursion -Wno-move -Wno-comma -Wno-block-capture-autoreleasing -Wno-strict-prototypes -Wno-range-loop-analysis -Wno-semicolon-before-method-body -index-store-path /Users/admin/builder/spi-builder-workspace/.derivedData/Index.noindex/DataStore @/Users/admin/builder/spi-builder-workspace/.derivedData/Build/Intermediates.noindex/webp.build/Debug-appletvos/webpbridge-t.build/Objects-normal/arm64/af3fcb34312c57c0f52879cdce924b91-common-args.resp -MMD -MT dependencies -MF /Users/admin/builder/spi-builder-workspace/.derivedData/Build/Intermediates.noindex/webp.build/Debug-appletvos/webpbridge-t.build/Objects-normal/arm64/WebpRGBAMultiplier.d --serialize-diagnostics /Users/admin/builder/spi-builder-workspace/.derivedData/Build/Intermediates.noindex/webp.build/Debug-appletvos/webpbridge-t.build/Objects-normal/arm64/WebpRGBAMultiplier.dia -c /Users/admin/builder/spi-builder-workspace/.dependencies/checkouts/webp.swift/Sources/webpbridge/WebpRGBAMultiplier.mm -o /Users/admin/builder/spi-builder-workspace/.derivedData/Build/Intermediates.noindex/webp.build/Debug-appletvos/webpbridge-t.build/Objects-normal/arm64/WebpRGBAMultiplier.o -index-unit-output-path /webp.build/Debug-appletvos/webpbridge-t.build/Objects-normal/arm64/WebpRGBAMultiplier.o
CompileC /Users/admin/builder/spi-builder-workspace/.derivedData/Build/Intermediates.noindex/webp.build/Debug-appletvos/webpbridge-t.build/Objects-normal/arm64/WebpIncrementalDecoderResult.o /Users/admin/builder/spi-builder-workspace/.dependencies/checkouts/webp.swift/Sources/webpbridge/WebpIncrementalDecoderResult.mm normal arm64 objective-c++ com.apple.compilers.llvm.clang.1_0.compiler (in target 'webpbridge' from project 'webp')
cd /Users/admin/builder/spi-builder-workspace/.swiftpm/xcode
Using response file: /Users/admin/builder/spi-builder-workspace/.derivedData/Build/Intermediates.noindex/webp.build/Debug-appletvos/webpbridge-t.build/Objects-normal/arm64/af3fcb34312c57c0f52879cdce924b91-common-args.resp
/Applications/Xcode-27.0.0.app/Contents/Developer/Toolchains/XcodeDefault.xctoolchain/usr/bin/clang -x objective-c++ -ivfsstatcache /Users/admin/builder/spi-builder-workspace/.derivedData/SDKStatCaches.noindex/appletvos27.0-24J360-e829b21a6f8c9b70876ba0858053c044509235ffd515576fb835ffc8f67461e5.sdkstatcache -target arm64-apple-tvos15.0 -fmessage-length\=0 -fdiagnostics-show-note-include-stack -fmacro-backtrace-limit\=0 -fno-color-diagnostics -fmodules-prune-interval\=86400 -fmodules-prune-after\=345600 -fbuild-session-file\=/Users/admin/builder/spi-builder-workspace/.derivedData/ModuleCache.noindex/Session.modulevalidation -fmodules-validate-once-per-build-session -Wnon-modular-include-in-framework-module -Werror\=non-modular-include-in-framework-module -Wno-trigraphs -Wno-missing-field-initializers -Wno-missing-prototypes -Wno-return-type -Wno-implicit-atomic-properties -Wno-objc-interface-ivars -Wno-arc-repeated-use-of-weak -Wno-non-virtual-dtor -Wno-overloaded-virtual -Wno-exit-time-destructors -Wno-missing-braces -Wparentheses -Wswitch -Wno-unused-function -Wno-unused-label -Wno-unused-parameter -Wno-unused-variable -Wunused-value -Wno-empty-body -Wno-uninitialized -Wno-unknown-pragmas -w -Wno-shadow -Wno-four-char-constants -Wno-conversion -Wno-constant-conversion -Wno-int-conversion -Wno-bool-conversion -Wno-enum-conversion -Wno-float-conversion -Wno-non-literal-null-conversion -Wno-objc-literal-conversion -Wshorten-64-to-32 -Wno-newline-eof -Wno-selector -Wno-strict-selector-match -Wno-undeclared-selector -Wno-deprecated-implementations -Wno-c++11-extensions -Wno-implicit-fallthrough -isysroot /Applications/Xcode-27.0.0.app/Contents/Developer/Platforms/AppleTVOS.platform/Developer/SDKs/AppleTVOS27.0.sdk -fstrict-aliasing -Wprotocol -Wdeprecated-declarations -Winvalid-offsetof -Wno-sign-conversion -Wno-infinite-recursion -Wno-move -Wno-comma -Wno-block-capture-autoreleasing -Wno-strict-prototypes -Wno-range-loop-analysis -Wno-semicolon-before-method-body -index-store-path /Users/admin/builder/spi-builder-workspace/.derivedData/Index.noindex/DataStore @/Users/admin/builder/spi-builder-workspace/.derivedData/Build/Intermediates.noindex/webp.build/Debug-appletvos/webpbridge-t.build/Objects-normal/arm64/af3fcb34312c57c0f52879cdce924b91-common-args.resp -MMD -MT dependencies -MF /Users/admin/builder/spi-builder-workspace/.derivedData/Build/Intermediates.noindex/webp.build/Debug-appletvos/webpbridge-t.build/Objects-normal/arm64/WebpIncrementalDecoderResult.d --serialize-diagnostics /Users/admin/builder/spi-builder-workspace/.derivedData/Build/Intermediates.noindex/webp.build/Debug-appletvos/webpbridge-t.build/Objects-normal/arm64/WebpIncrementalDecoderResult.dia -c /Users/admin/builder/spi-builder-workspace/.dependencies/checkouts/webp.swift/Sources/webpbridge/WebpIncrementalDecoderResult.mm -o /Users/admin/builder/spi-builder-workspace/.derivedData/Build/Intermediates.noindex/webp.build/Debug-appletvos/webpbridge-t.build/Objects-normal/arm64/WebpIncrementalDecoderResult.o -index-unit-output-path /webp.build/Debug-appletvos/webpbridge-t.build/Objects-normal/arm64/WebpIncrementalDecoderResult.o
SwiftDriver webp normal arm64 com.apple.xcode.tools.swift.compiler (in target 'webp' from project 'webp')
cd /Users/admin/builder/spi-builder-workspace/.swiftpm/xcode
builtin-SwiftDriver -- /Applications/Xcode-27.0.0.app/Contents/Developer/Toolchains/XcodeDefault.xctoolchain/usr/bin/swiftc -parse-as-library -module-name webp -Onone @/Users/admin/builder/spi-builder-workspace/.derivedData/Build/Intermediates.noindex/webp.build/Debug-appletvos/webp-t.build/Objects-normal/arm64/webp.SwiftFileList -DSWIFT_PACKAGE -DDEBUG -DSWIFT_MODULE_RESOURCE_BUNDLE_UNAVAILABLE -Xcc -fmodule-map-file\=/Users/admin/builder/spi-builder-workspace/.dependencies/checkouts/webp.swift/Sources/webpbridge/include/module.modulemap -DXcode -plugin-path /Applications/Xcode-27.0.0.app/Contents/Developer/Toolchains/XcodeDefault.xctoolchain/usr/lib/swift/host/plugins/testing -enable-experimental-feature DebugDescriptionMacro -sdk /Applications/Xcode-27.0.0.app/Contents/Developer/Platforms/AppleTVOS.platform/Developer/SDKs/AppleTVOS27.0.sdk -target arm64-apple-tvos15.0 -g -module-cache-path /Users/admin/builder/spi-builder-workspace/.derivedData/ModuleCache.noindex -Xfrontend -serialize-debugging-options -profile-coverage-mapping -profile-generate -enable-testing -suppress-warnings -index-store-path /Users/admin/builder/spi-builder-workspace/.derivedData/Index.noindex/DataStore -Xcc -D_LIBCPP_HARDENING_MODE\=_LIBCPP_HARDENING_MODE_DEBUG -swift-version 5 -I /Users/admin/builder/spi-builder-workspace/.derivedData/Build/Products/Debug-appletvos -Isystem /Applications/Xcode-27.0.0.app/Contents/Developer/Platforms/AppleTVOS.platform/Developer/usr/lib -F /Users/admin/builder/spi-builder-workspace/.derivedData/Build/Products/Debug-appletvos/PackageFrameworks -F /Users/admin/builder/spi-builder-workspace/.derivedData/Build/Products/Debug-appletvos -F /Applications/Xcode-27.0.0.app/Contents/Developer/Platforms/AppleTVOS.platform/Developer/Library/Frameworks -F /Applications/Xcode-27.0.0.app/Contents/Developer/Platforms/AppleTVOS.platform/Developer/SDKs/AppleTVOS27.0.sdk/Developer/Library/Frameworks -c -j10 -enable-batch-mode -incremental -Xcc -ivfsstatcache -Xcc /Users/admin/builder/spi-builder-workspace/.derivedData/SDKStatCaches.noindex/appletvos27.0-24J360-e829b21a6f8c9b70876ba0858053c044509235ffd515576fb835ffc8f67461e5.sdkstatcache -output-file-map /Users/admin/builder/spi-builder-workspace/.derivedData/Build/Intermediates.noindex/webp.build/Debug-appletvos/webp-t.build/Objects-normal/arm64/webp-OutputFileMap.json -save-temps -no-color-diagnostics -explicit-module-build -module-cache-path /Users/admin/builder/spi-builder-workspace/.derivedData/Build/Intermediates.noindex/SwiftExplicitPrecompiledModules -clang-scanner-module-cache-path /Users/admin/builder/spi-builder-workspace/.derivedData/ModuleCache.noindex -sdk-module-cache-path /Users/admin/builder/spi-builder-workspace/.derivedData/SDKExplicitPrecompiledModules -emit-dependencies -emit-module -emit-module-path /Users/admin/builder/spi-builder-workspace/.derivedData/Build/Intermediates.noindex/webp.build/Debug-appletvos/webp-t.build/Objects-normal/arm64/webp.swiftmodule -serialize-diagnostics -dependency-scan-serialize-diagnostics-path /Users/admin/builder/spi-builder-workspace/.derivedData/Build/Intermediates.noindex/webp.build/Debug-appletvos/webp-t.build/Objects-normal/arm64/webp-dependency-scan.dia -validate-clang-modules-once -clang-build-session-file /Users/admin/builder/spi-builder-workspace/.derivedData/ModuleCache.noindex/Session.modulevalidation -Xcc -fmodules-prune-interval\=86400 -Xcc -fmodules-prune-after\=345600 -emit-const-values -const-gather-protocols-list /Users/admin/builder/spi-builder-workspace/.derivedData/Build/Intermediates.noindex/webp.build/Debug-appletvos/webp-t.build/Objects-normal/arm64/webp_const_extract_protocols.json -Xcc -I/Users/admin/builder/spi-builder-workspace/.dependencies/checkouts/webp.swift/Sources/webpbridge/include -Xcc -I/Users/admin/builder/spi-builder-workspace/.derivedData/Build/Products/Debug-appletvos/include -Xcc -I/Users/admin/builder/spi-builder-workspace/.derivedData/Build/Intermediates.noindex/webp.build/Debug-appletvos/webp-t.build/DerivedSources-normal/arm64 -Xcc -I/Users/admin/builder/spi-builder-workspace/.derivedData/Build/Intermediates.noindex/webp.build/Debug-appletvos/webp-t.build/DerivedSources/arm64 -Xcc -I/Users/admin/builder/spi-builder-workspace/.derivedData/Build/Intermediates.noindex/webp.build/Debug-appletvos/webp-t.build/DerivedSources -Xcc -DSWIFT_PACKAGE -Xcc -DDEBUG\=1 -emit-objc-header -emit-objc-header-path /Users/admin/builder/spi-builder-workspace/.derivedData/Build/Intermediates.noindex/webp.build/Debug-appletvos/webp-t.build/Objects-normal/arm64/webp-Swift.h -working-directory /Users/admin/builder/spi-builder-workspace/.swiftpm/xcode -experimental-emit-module-separately -disable-cmo
SwiftDriver SJSAssetExportSession normal arm64 com.apple.xcode.tools.swift.compiler (in target 'SJSAssetExportSession' from project 'SJSAssetExportSession')
cd /Users/admin/builder/spi-builder-workspace/.swiftpm/xcode
builtin-SwiftDriver -- /Applications/Xcode-27.0.0.app/Contents/Developer/Toolchains/XcodeDefault.xctoolchain/usr/bin/swiftc -parse-as-library -module-name SJSAssetExportSession -Onone @/Users/admin/builder/spi-builder-workspace/.derivedData/Build/Intermediates.noindex/SJSAssetExportSession.build/Debug-appletvos/SJSAssetExportSession-t.build/Objects-normal/arm64/SJSAssetExportSession.SwiftFileList -DSWIFT_PACKAGE -DDEBUG -DSWIFT_MODULE_RESOURCE_BUNDLE_UNAVAILABLE -DXcode -plugin-path /Applications/Xcode-27.0.0.app/Contents/Developer/Toolchains/XcodeDefault.xctoolchain/usr/lib/swift/host/plugins/testing -enable-experimental-feature DebugDescriptionMacro -sdk /Applications/Xcode-27.0.0.app/Contents/Developer/Platforms/AppleTVOS.platform/Developer/SDKs/AppleTVOS27.0.sdk -target arm64-apple-tvos17.0 -g -module-cache-path /Users/admin/builder/spi-builder-workspace/.derivedData/ModuleCache.noindex -Xfrontend -serialize-debugging-options -profile-coverage-mapping -profile-generate -enable-testing -suppress-warnings -index-store-path /Users/admin/builder/spi-builder-workspace/.derivedData/Index.noindex/DataStore -Xcc -D_LIBCPP_HARDENING_MODE\=_LIBCPP_HARDENING_MODE_DEBUG -swift-version 6 -I /Users/admin/builder/spi-builder-workspace/.derivedData/Build/Products/Debug-appletvos -Isystem /Applications/Xcode-27.0.0.app/Contents/Developer/Platforms/AppleTVOS.platform/Developer/usr/lib -F /Users/admin/builder/spi-builder-workspace/.derivedData/Build/Products/Debug-appletvos -F /Applications/Xcode-27.0.0.app/Contents/Developer/Platforms/AppleTVOS.platform/Developer/Library/Frameworks -F /Applications/Xcode-27.0.0.app/Contents/Developer/Platforms/AppleTVOS.platform/Developer/SDKs/AppleTVOS27.0.sdk/Developer/Library/Frameworks -c -j10 -enable-batch-mode -incremental -Xcc -ivfsstatcache -Xcc /Users/admin/builder/spi-builder-workspace/.derivedData/SDKStatCaches.noindex/appletvos27.0-24J360-e829b21a6f8c9b70876ba0858053c044509235ffd515576fb835ffc8f67461e5.sdkstatcache -output-file-map /Users/admin/builder/spi-builder-workspace/.derivedData/Build/Intermediates.noindex/SJSAssetExportSession.build/Debug-appletvos/SJSAssetExportSession-t.build/Objects-normal/arm64/SJSAssetExportSession-OutputFileMap.json -save-temps -no-color-diagnostics -explicit-module-build -module-cache-path /Users/admin/builder/spi-builder-workspace/.derivedData/Build/Intermediates.noindex/SwiftExplicitPrecompiledModules -clang-scanner-module-cache-path /Users/admin/builder/spi-builder-workspace/.derivedData/ModuleCache.noindex -sdk-module-cache-path /Users/admin/builder/spi-builder-workspace/.derivedData/SDKExplicitPrecompiledModules -emit-dependencies -emit-module -emit-module-path /Users/admin/builder/spi-builder-workspace/.derivedData/Build/Intermediates.noindex/SJSAssetExportSession.build/Debug-appletvos/SJSAssetExportSession-t.build/Objects-normal/arm64/SJSAssetExportSession.swiftmodule -serialize-diagnostics -dependency-scan-serialize-diagnostics-path /Users/admin/builder/spi-builder-workspace/.derivedData/Build/Intermediates.noindex/SJSAssetExportSession.build/Debug-appletvos/SJSAssetExportSession-t.build/Objects-normal/arm64/SJSAssetExportSession-dependency-scan.dia -user-module-version 0.5.2 -validate-clang-modules-once -clang-build-session-file /Users/admin/builder/spi-builder-workspace/.derivedData/ModuleCache.noindex/Session.modulevalidation -Xcc -fmodules-prune-interval\=86400 -Xcc -fmodules-prune-after\=345600 -package-name sjsassetexportsession -emit-const-values -const-gather-protocols-list /Users/admin/builder/spi-builder-workspace/.derivedData/Build/Intermediates.noindex/SJSAssetExportSession.build/Debug-appletvos/SJSAssetExportSession-t.build/Objects-normal/arm64/SJSAssetExportSession_const_extract_protocols.json -Xcc -I/Users/admin/builder/spi-builder-workspace/.derivedData/Build/Products/Debug-appletvos/include -Xcc -I/Users/admin/builder/spi-builder-workspace/.derivedData/Build/Intermediates.noindex/SJSAssetExportSession.build/Debug-appletvos/SJSAssetExportSession-t.build/DerivedSources-normal/arm64 -Xcc -I/Users/admin/builder/spi-builder-workspace/.derivedData/Build/Intermediates.noindex/SJSAssetExportSession.build/Debug-appletvos/SJSAssetExportSession-t.build/DerivedSources/arm64 -Xcc -I/Users/admin/builder/spi-builder-workspace/.derivedData/Build/Intermediates.noindex/SJSAssetExportSession.build/Debug-appletvos/SJSAssetExportSession-t.build/DerivedSources -Xcc -DSWIFT_PACKAGE -Xcc -DDEBUG\=1 -emit-objc-header -emit-objc-header-path /Users/admin/builder/spi-builder-workspace/.derivedData/Build/Intermediates.noindex/SJSAssetExportSession.build/Debug-appletvos/SJSAssetExportSession-t.build/Objects-normal/arm64/SJSAssetExportSession-Swift.h -working-directory /Users/admin/builder/spi-builder-workspace/.swiftpm/xcode -experimental-emit-module-separately -disable-cmo
SwiftDriver DominantColors normal arm64 com.apple.xcode.tools.swift.compiler (in target 'DominantColors' from project 'DCLib')
cd /Users/admin/builder/spi-builder-workspace/.swiftpm/xcode
builtin-SwiftDriver -- /Applications/Xcode-27.0.0.app/Contents/Developer/Toolchains/XcodeDefault.xctoolchain/usr/bin/swiftc -parse-as-library -module-name DominantColors -Onone @/Users/admin/builder/spi-builder-workspace/.derivedData/Build/Intermediates.noindex/DCLib.build/Debug-appletvos/DominantColors-t.build/Objects-normal/arm64/DominantColors.SwiftFileList -DSWIFT_PACKAGE -DDEBUG -DSWIFT_MODULE_RESOURCE_BUNDLE_UNAVAILABLE -DXcode -plugin-path /Applications/Xcode-27.0.0.app/Contents/Developer/Toolchains/XcodeDefault.xctoolchain/usr/lib/swift/host/plugins/testing -enable-experimental-feature DebugDescriptionMacro -sdk /Applications/Xcode-27.0.0.app/Contents/Developer/Platforms/AppleTVOS.platform/Developer/SDKs/AppleTVOS27.0.sdk -target arm64-apple-tvos15.0 -g -module-cache-path /Users/admin/builder/spi-builder-workspace/.derivedData/ModuleCache.noindex -Xfrontend -serialize-debugging-options -profile-coverage-mapping -profile-generate -enable-testing -suppress-warnings -index-store-path /Users/admin/builder/spi-builder-workspace/.derivedData/Index.noindex/DataStore -Xcc -D_LIBCPP_HARDENING_MODE\=_LIBCPP_HARDENING_MODE_DEBUG -swift-version 5 -I /Users/admin/builder/spi-builder-workspace/.derivedData/Build/Products/Debug-appletvos -Isystem /Applications/Xcode-27.0.0.app/Contents/Developer/Platforms/AppleTVOS.platform/Developer/usr/lib -F /Users/admin/builder/spi-builder-workspace/.derivedData/Build/Products/Debug-appletvos -F /Applications/Xcode-27.0.0.app/Contents/Developer/Platforms/AppleTVOS.platform/Developer/Library/Frameworks -F /Applications/Xcode-27.0.0.app/Contents/Developer/Platforms/AppleTVOS.platform/Developer/SDKs/AppleTVOS27.0.sdk/Developer/Library/Frameworks -c -j10 -enable-batch-mode -incremental -Xcc -ivfsstatcache -Xcc /Users/admin/builder/spi-builder-workspace/.derivedData/SDKStatCaches.noindex/appletvos27.0-24J360-e829b21a6f8c9b70876ba0858053c044509235ffd515576fb835ffc8f67461e5.sdkstatcache -output-file-map /Users/admin/builder/spi-builder-workspace/.derivedData/Build/Intermediates.noindex/DCLib.build/Debug-appletvos/DominantColors-t.build/Objects-normal/arm64/DominantColors-OutputFileMap.json -save-temps -no-color-diagnostics -explicit-module-build -module-cache-path /Users/admin/builder/spi-builder-workspace/.derivedData/Build/Intermediates.noindex/SwiftExplicitPrecompiledModules -clang-scanner-module-cache-path /Users/admin/builder/spi-builder-workspace/.derivedData/ModuleCache.noindex -sdk-module-cache-path /Users/admin/builder/spi-builder-workspace/.derivedData/SDKExplicitPrecompiledModules -emit-dependencies -emit-module -emit-module-path /Users/admin/builder/spi-builder-workspace/.derivedData/Build/Intermediates.noindex/DCLib.build/Debug-appletvos/DominantColors-t.build/Objects-normal/arm64/DominantColors.swiftmodule -serialize-diagnostics -dependency-scan-serialize-diagnostics-path /Users/admin/builder/spi-builder-workspace/.derivedData/Build/Intermediates.noindex/DCLib.build/Debug-appletvos/DominantColors-t.build/Objects-normal/arm64/DominantColors-dependency-scan.dia -validate-clang-modules-once -clang-build-session-file /Users/admin/builder/spi-builder-workspace/.derivedData/ModuleCache.noindex/Session.modulevalidation -Xcc -fmodules-prune-interval\=86400 -Xcc -fmodules-prune-after\=345600 -package-name dominantcolors -emit-const-values -const-gather-protocols-list /Users/admin/builder/spi-builder-workspace/.derivedData/Build/Intermediates.noindex/DCLib.build/Debug-appletvos/DominantColors-t.build/Objects-normal/arm64/DominantColors_const_extract_protocols.json -Xcc -I/Users/admin/builder/spi-builder-workspace/.derivedData/Build/Products/Debug-appletvos/include -Xcc -I/Users/admin/builder/spi-builder-workspace/.derivedData/Build/Intermediates.noindex/DCLib.build/Debug-appletvos/DominantColors-t.build/DerivedSources-normal/arm64 -Xcc -I/Users/admin/builder/spi-builder-workspace/.derivedData/Build/Intermediates.noindex/DCLib.build/Debug-appletvos/DominantColors-t.build/DerivedSources/arm64 -Xcc -I/Users/admin/builder/spi-builder-workspace/.derivedData/Build/Intermediates.noindex/DCLib.build/Debug-appletvos/DominantColors-t.build/DerivedSources -Xcc -DSWIFT_PACKAGE -Xcc -DDEBUG\=1 -emit-objc-header -emit-objc-header-path /Users/admin/builder/spi-builder-workspace/.derivedData/Build/Intermediates.noindex/DCLib.build/Debug-appletvos/DominantColors-t.build/Objects-normal/arm64/DominantColors-Swift.h -working-directory /Users/admin/builder/spi-builder-workspace/.swiftpm/xcode -experimental-emit-module-separately -disable-cmo
CompileC /Users/admin/builder/spi-builder-workspace/.derivedData/Build/Intermediates.noindex/webp.build/Debug-appletvos/webpbridge-t.build/Objects-normal/arm64/WebpIncrementalDecoder.o /Users/admin/builder/spi-builder-workspace/.dependencies/checkouts/webp.swift/Sources/webpbridge/WebpIncrementalDecoder.mm normal arm64 objective-c++ com.apple.compilers.llvm.clang.1_0.compiler (in target 'webpbridge' from project 'webp')
cd /Users/admin/builder/spi-builder-workspace/.swiftpm/xcode
Using response file: /Users/admin/builder/spi-builder-workspace/.derivedData/Build/Intermediates.noindex/webp.build/Debug-appletvos/webpbridge-t.build/Objects-normal/arm64/af3fcb34312c57c0f52879cdce924b91-common-args.resp
/Applications/Xcode-27.0.0.app/Contents/Developer/Toolchains/XcodeDefault.xctoolchain/usr/bin/clang -x objective-c++ -ivfsstatcache /Users/admin/builder/spi-builder-workspace/.derivedData/SDKStatCaches.noindex/appletvos27.0-24J360-e829b21a6f8c9b70876ba0858053c044509235ffd515576fb835ffc8f67461e5.sdkstatcache -target arm64-apple-tvos15.0 -fmessage-length\=0 -fdiagnostics-show-note-include-stack -fmacro-backtrace-limit\=0 -fno-color-diagnostics -fmodules-prune-interval\=86400 -fmodules-prune-after\=345600 -fbuild-session-file\=/Users/admin/builder/spi-builder-workspace/.derivedData/ModuleCache.noindex/Session.modulevalidation -fmodules-validate-once-per-build-session -Wnon-modular-include-in-framework-module -Werror\=non-modular-include-in-framework-module -Wno-trigraphs -Wno-missing-field-initializers -Wno-missing-prototypes -Wno-return-type -Wno-implicit-atomic-properties -Wno-objc-interface-ivars -Wno-arc-repeated-use-of-weak -Wno-non-virtual-dtor -Wno-overloaded-virtual -Wno-exit-time-destructors -Wno-missing-braces -Wparentheses -Wswitch -Wno-unused-function -Wno-unused-label -Wno-unused-parameter -Wno-unused-variable -Wunused-value -Wno-empty-body -Wno-uninitialized -Wno-unknown-pragmas -w -Wno-shadow -Wno-four-char-constants -Wno-conversion -Wno-constant-conversion -Wno-int-conversion -Wno-bool-conversion -Wno-enum-conversion -Wno-float-conversion -Wno-non-literal-null-conversion -Wno-objc-literal-conversion -Wshorten-64-to-32 -Wno-newline-eof -Wno-selector -Wno-strict-selector-match -Wno-undeclared-selector -Wno-deprecated-implementations -Wno-c++11-extensions -Wno-implicit-fallthrough -isysroot /Applications/Xcode-27.0.0.app/Contents/Developer/Platforms/AppleTVOS.platform/Developer/SDKs/AppleTVOS27.0.sdk -fstrict-aliasing -Wprotocol -Wdeprecated-declarations -Winvalid-offsetof -Wno-sign-conversion -Wno-infinite-recursion -Wno-move -Wno-comma -Wno-block-capture-autoreleasing -Wno-strict-prototypes -Wno-range-loop-analysis -Wno-semicolon-before-method-body -index-store-path /Users/admin/builder/spi-builder-workspace/.derivedData/Index.noindex/DataStore @/Users/admin/builder/spi-builder-workspace/.derivedData/Build/Intermediates.noindex/webp.build/Debug-appletvos/webpbridge-t.build/Objects-normal/arm64/af3fcb34312c57c0f52879cdce924b91-common-args.resp -MMD -MT dependencies -MF /Users/admin/builder/spi-builder-workspace/.derivedData/Build/Intermediates.noindex/webp.build/Debug-appletvos/webpbridge-t.build/Objects-normal/arm64/WebpIncrementalDecoder.d --serialize-diagnostics /Users/admin/builder/spi-builder-workspace/.derivedData/Build/Intermediates.noindex/webp.build/Debug-appletvos/webpbridge-t.build/Objects-normal/arm64/WebpIncrementalDecoder.dia -c /Users/admin/builder/spi-builder-workspace/.dependencies/checkouts/webp.swift/Sources/webpbridge/WebpIncrementalDecoder.mm -o /Users/admin/builder/spi-builder-workspace/.derivedData/Build/Intermediates.noindex/webp.build/Debug-appletvos/webpbridge-t.build/Objects-normal/arm64/WebpIncrementalDecoder.o -index-unit-output-path /webp.build/Debug-appletvos/webpbridge-t.build/Objects-normal/arm64/WebpIncrementalDecoder.o
SwiftExplicitDependencyGeneratePcm arm64 /Users/admin/builder/spi-builder-workspace/.derivedData/SDKExplicitPrecompiledModules/_SwiftConcurrencyShims-F2FQZLPEQUN2JITA5Q5IA90PN.pcm
SwiftExplicitDependencyGeneratePcm arm64 /Users/admin/builder/spi-builder-workspace/.derivedData/SDKExplicitPrecompiledModules/ptrcheck-2F7ZU8EYLWX1LOP6FC47SWUDQ.pcm
SwiftExplicitDependencyGeneratePcm arm64 /Users/admin/builder/spi-builder-workspace/.derivedData/SDKExplicitPrecompiledModules/_Builtin_float-E1APTILEGQZ3IPT936PJDNU6H.pcm
SwiftExplicitDependencyGeneratePcm arm64 /Users/admin/builder/spi-builder-workspace/.derivedData/SDKExplicitPrecompiledModules/_AvailabilityInternal-5OPK5HD06FOMOCW6B1PQ16ZYI.pcm
SwiftExplicitDependencyGeneratePcm arm64 /Users/admin/builder/spi-builder-workspace/.derivedData/SDKExplicitPrecompiledModules/_Builtin_stddef-25X1IMH81L4ZJ3HSO85QL4XZL.pcm
SwiftExplicitDependencyGeneratePcm arm64 /Users/admin/builder/spi-builder-workspace/.derivedData/SDKExplicitPrecompiledModules/_Builtin_stdbool-CXITTUPASWKJF6QA1QJ6RRYNO.pcm
SwiftExplicitDependencyGeneratePcm arm64 /Users/admin/builder/spi-builder-workspace/.derivedData/SDKExplicitPrecompiledModules/ptrauth-A7BHCTR3SRLUN41XL3XEGKKZ4.pcm
SwiftExplicitDependencyGeneratePcm arm64 /Users/admin/builder/spi-builder-workspace/.derivedData/SDKExplicitPrecompiledModules/_Builtin_stdarg-6XVK45WHUOCLZB7D2ATYQEO5U.pcm
SwiftExplicitDependencyGeneratePcm arm64 /Users/admin/builder/spi-builder-workspace/.derivedData/SDKExplicitPrecompiledModules/SwiftShims-GR3DA8HUMUCCHUHVU4G7HH3N.pcm
SwiftExplicitDependencyGeneratePcm arm64 /Users/admin/builder/spi-builder-workspace/.derivedData/SDKExplicitPrecompiledModules/_Builtin_float-BHJ0OCKXH4XIEHO07P6PQLHJ1.pcm
SwiftExplicitDependencyGeneratePcm arm64 /Users/admin/builder/spi-builder-workspace/.derivedData/SDKExplicitPrecompiledModules/ptrcheck-7SC1GPMW2IRVRYSEFKR4R5SKM.pcm
SwiftExplicitDependencyGeneratePcm arm64 /Users/admin/builder/spi-builder-workspace/.derivedData/SDKExplicitPrecompiledModules/_DarwinFoundation1-2L5MHIC1X1D82LC9IO9MI0M5A.pcm
SwiftExplicitDependencyGeneratePcm arm64 /Users/admin/builder/spi-builder-workspace/.derivedData/SDKExplicitPrecompiledModules/_SwiftConcurrencyShims-7530Y65XAUR6H55OYT9TC129M.pcm
SwiftExplicitDependencyGeneratePcm arm64 /Users/admin/builder/spi-builder-workspace/.derivedData/SDKExplicitPrecompiledModules/DeveloperToolsSupport-4X5R7MVRJWMMEXQ6V7L3QV2CF.pcm
SwiftExplicitDependencyGeneratePcm arm64 /Users/admin/builder/spi-builder-workspace/.derivedData/SDKExplicitPrecompiledModules/ptrauth-3COVWWFYYXUVF8TFNUVJSASC1.pcm
SwiftExplicitDependencyGeneratePcm arm64 /Users/admin/builder/spi-builder-workspace/.derivedData/SDKExplicitPrecompiledModules/_Builtin_stdarg-54EHR5UZISLM70A21NNXF7OO8.pcm
SwiftExplicitDependencyGeneratePcm arm64 /Users/admin/builder/spi-builder-workspace/.derivedData/SDKExplicitPrecompiledModules/_Builtin_stdbool-2B7K2VB0Y7UO1OYSQ5W4RR7OZ.pcm
SwiftExplicitDependencyGeneratePcm arm64 /Users/admin/builder/spi-builder-workspace/.derivedData/SDKExplicitPrecompiledModules/SwiftShims-3EWCS0OOJCV3KBOKT7IVY02SO.pcm
SwiftExplicitDependencyGeneratePcm arm64 /Users/admin/builder/spi-builder-workspace/.derivedData/SDKExplicitPrecompiledModules/_AvailabilityInternal-9CLQPTGQISATYUK5OVMUXK298.pcm
SwiftExplicitDependencyGeneratePcm arm64 /Users/admin/builder/spi-builder-workspace/.derivedData/SDKExplicitPrecompiledModules/_Builtin_stddef-AKKDHEE6S3GU8H2GTN67D0X5K.pcm
SwiftExplicitDependencyGeneratePcm arm64 /Users/admin/builder/spi-builder-workspace/.derivedData/SDKExplicitPrecompiledModules/_DarwinFoundation2-1J5JB1SY1IG00YVFUY27AR0SK.pcm
SwiftExplicitDependencyGeneratePcm arm64 /Users/admin/builder/spi-builder-workspace/.derivedData/SDKExplicitPrecompiledModules/_Builtin_limits-49XV5IO6LU8Q2TAZFRVK3499Y.pcm
SwiftExplicitDependencyGeneratePcm arm64 /Users/admin/builder/spi-builder-workspace/.derivedData/SDKExplicitPrecompiledModules/_DarwinFoundation1-3U7OLR6EWC5D0QM3QUXGZVX9X.pcm
SwiftExplicitDependencyGeneratePcm arm64 /Users/admin/builder/spi-builder-workspace/.derivedData/SDKExplicitPrecompiledModules/_Builtin_tgmath-EXTYJNN5KVVP6FF9YBJVGQKXB.pcm
SwiftExplicitDependencyGeneratePcm arm64 /Users/admin/builder/spi-builder-workspace/.derivedData/SDKExplicitPrecompiledModules/string_h-BZ770UUUOT438SJ5LUAQZ245X.pcm
SwiftExplicitDependencyGeneratePcm arm64 /Users/admin/builder/spi-builder-workspace/.derivedData/SDKExplicitPrecompiledModules/sys_types-8KWV5CE768ASK36OHJO3IUUKA.pcm
SwiftExplicitDependencyGeneratePcm arm64 /Users/admin/builder/spi-builder-workspace/.derivedData/SDKExplicitPrecompiledModules/_Builtin_stdint-9CQANL2V5ROY9F0YIYXO669HM.pcm
SwiftExplicitDependencyGeneratePcm arm64 /Users/admin/builder/spi-builder-workspace/.derivedData/SDKExplicitPrecompiledModules/_DarwinFoundation2-DNBM23NV9OD9J7L4ZZT6G0GY9.pcm
SwiftExplicitDependencyGeneratePcm arm64 /Users/admin/builder/spi-builder-workspace/.derivedData/SDKExplicitPrecompiledModules/_Builtin_limits-DS1CW4P3UBHU7XKSC4LLVJ27U.pcm
SwiftExplicitDependencyGeneratePcm arm64 /Users/admin/builder/spi-builder-workspace/.derivedData/SDKExplicitPrecompiledModules/_Builtin_stdatomic-D753B4U1656PGN6LOYBLAE0IK.pcm
SwiftExplicitDependencyGeneratePcm arm64 /Users/admin/builder/spi-builder-workspace/.derivedData/SDKExplicitPrecompiledModules/_DarwinFoundation3-A8VA0RRTKVV9KNQF6B90UHJZE.pcm
SwiftExplicitDependencyGeneratePcm arm64 /Users/admin/builder/spi-builder-workspace/.derivedData/SDKExplicitPrecompiledModules/_Builtin_intrinsics-BAO6UCAB6X09ZJ6A38O7DSCOR.pcm
SwiftExplicitDependencyGeneratePcm arm64 /Users/admin/builder/spi-builder-workspace/.derivedData/SDKExplicitPrecompiledModules/_Builtin_stdint-21WDIU1XVLTT6JWX7YVVOZ2UI.pcm
SwiftExplicitDependencyGeneratePcm arm64 /Users/admin/builder/spi-builder-workspace/.derivedData/SDKExplicitPrecompiledModules/_Builtin_tgmath-2JDLLERTKTFUI42MQXLIAA17L.pcm
SwiftExplicitDependencyGeneratePcm arm64 /Users/admin/builder/spi-builder-workspace/.derivedData/SDKExplicitPrecompiledModules/sys_types-DEVNI4OBJZ7WDOEEGNFOKN13B.pcm
SwiftExplicitDependencyGeneratePcm arm64 /Users/admin/builder/spi-builder-workspace/.derivedData/SDKExplicitPrecompiledModules/string_h-B2ZRSF1U2AHAFM06EHANBLW5P.pcm
SwiftExplicitDependencyGeneratePcm arm64 /Users/admin/builder/spi-builder-workspace/.derivedData/SDKExplicitPrecompiledModules/_Builtin_inttypes-EHDD7CXO489VQJ7T37RL4G1XE.pcm
SwiftExplicitDependencyGeneratePcm arm64 /Users/admin/builder/spi-builder-workspace/.derivedData/SDKExplicitPrecompiledModules/_Builtin_intrinsics-ENEBYNKXJNOF5ZQV2NNE2Q4AE.pcm
SwiftExplicitDependencyGeneratePcm arm64 /Users/admin/builder/spi-builder-workspace/.derivedData/SDKExplicitPrecompiledModules/_Builtin_stdatomic-1U4BZGAIUE5G5BGQFXHYHGETW.pcm
SwiftExplicitDependencyGeneratePcm arm64 /Users/admin/builder/spi-builder-workspace/.derivedData/SDKExplicitPrecompiledModules/_DarwinFoundation3-VK382K4KRQ8MP85EVNHVLJX0.pcm
SwiftExplicitDependencyGeneratePcm arm64 /Users/admin/builder/spi-builder-workspace/.derivedData/SDKExplicitPrecompiledModules/Darwin-11CH7JFBGKUPS1MXR2RVW14Q2.pcm
SwiftExplicitDependencyGeneratePcm arm64 /Users/admin/builder/spi-builder-workspace/.derivedData/SDKExplicitPrecompiledModules/_Builtin_inttypes-AT6AM3TGD8GLVJJL4HK5Z1QKT.pcm
SwiftExplicitDependencyGeneratePcm arm64 /Users/admin/builder/spi-builder-workspace/.derivedData/SDKExplicitPrecompiledModules/simd-AIPMBV5SQY62150JLLOGYE3N0.pcm
SwiftExplicitDependencyGeneratePcm arm64 /Users/admin/builder/spi-builder-workspace/.derivedData/SDKExplicitPrecompiledModules/Darwin-DJG7WYACCDPEV5IQO58TEJ7HA.pcm
SwiftExplicitDependencyGeneratePcm arm64 /Users/admin/builder/spi-builder-workspace/.derivedData/SDKExplicitPrecompiledModules/simd-BECX3NS06KUTY29O0G4A5C2PO.pcm
MetalLink /Users/admin/builder/spi-builder-workspace/.derivedData/Build/Products/Debug-appletvos/MosaicKit_MosaicKit.bundle/default.metallib (in target 'MosaicKit_MosaicKit' from project 'MosaicKit')
cd /Users/admin/builder/spi-builder-workspace
/var/run/com.apple.security.cryptexd/mnt/com.apple.MobileAsset.MetalToolchain-v27.1.266.1.zod1j5/Metal.xctoolchain/usr/bin/metal -target air64-apple-tvos26.0 -o /Users/admin/builder/spi-builder-workspace/.derivedData/Build/Products/Debug-appletvos/MosaicKit_MosaicKit.bundle/default.metallib /Users/admin/builder/spi-builder-workspace/.derivedData/Build/Intermediates.noindex/MosaicKit.build/Debug-appletvos/MosaicKit_MosaicKit-b.build/Metal/MetalShaders.air
SwiftExplicitDependencyGeneratePcm arm64 /Users/admin/builder/spi-builder-workspace/.derivedData/SDKExplicitPrecompiledModules/ObjectiveC-5D71DK7PWJ27IUP8DIMIW151Z.pcm
SwiftExplicitDependencyGeneratePcm arm64 /Users/admin/builder/spi-builder-workspace/.derivedData/SDKExplicitPrecompiledModules/MachO-DZRNEA5LPRI3E64FG2LLCHTWM.pcm
SwiftExplicitDependencyGeneratePcm arm64 /Users/admin/builder/spi-builder-workspace/.derivedData/SDKExplicitPrecompiledModules/os_object-C98U4BR5TV7J4CF3J9RD29471.pcm
SwiftExplicitDependencyGeneratePcm arm64 /Users/admin/builder/spi-builder-workspace/.derivedData/SDKExplicitPrecompiledModules/ObjectiveC-3UB62IUQ7HT6EQXHDOKSJL44A.pcm
SwiftExplicitDependencyGeneratePcm arm64 /Users/admin/builder/spi-builder-workspace/.derivedData/SDKExplicitPrecompiledModules/MachO-8NNZDQ7KJ4BTV4YQIJF37N7L0.pcm
Ld /Users/admin/builder/spi-builder-workspace/.derivedData/Build/Products/Debug-appletvos/webpbridge.o normal (in target 'webpbridge' from project 'webp')
cd /Users/admin/builder/spi-builder-workspace/.dependencies/checkouts/webp.swift
/Applications/Xcode-27.0.0.app/Contents/Developer/Toolchains/XcodeDefault.xctoolchain/usr/bin/clang++ -Xlinker -reproducible -target arm64-apple-tvos15.0 -r -isysroot /Applications/Xcode-27.0.0.app/Contents/Developer/Platforms/AppleTVOS.platform/Developer/SDKs/AppleTVOS27.0.sdk -O0 -w -Xlinker -no_warn_duplicate_libraries -F/Users/admin/builder/spi-builder-workspace/.derivedData/Build/Intermediates.noindex/EagerLinkingTBDs/Debug-appletvos -F/Users/admin/builder/spi-builder-workspace/.derivedData/Build/Products/Debug-appletvos -iframework /Applications/Xcode-27.0.0.app/Contents/Developer/Platforms/AppleTVOS.platform/Developer/Library/Frameworks -iframework /Applications/Xcode-27.0.0.app/Contents/Developer/Platforms/AppleTVOS.platform/Developer/SDKs/AppleTVOS27.0.sdk/Developer/Library/Frameworks -filelist /Users/admin/builder/spi-builder-workspace/.derivedData/Build/Intermediates.noindex/webp.build/Debug-appletvos/webpbridge-t.build/Objects-normal/arm64/webpbridge.LinkFileList -nostdlib -Xlinker -object_path_lto -Xlinker /Users/admin/builder/spi-builder-workspace/.derivedData/Build/Intermediates.noindex/webp.build/Debug-appletvos/webpbridge-t.build/Objects-normal/arm64/webpbridge_lto.o -Xlinker -no_deduplicate -Xlinker -debug_variant -Xlinker -dependency_info -Xlinker /Users/admin/builder/spi-builder-workspace/.derivedData/Build/Intermediates.noindex/webp.build/Debug-appletvos/webpbridge-t.build/Objects-normal/arm64/webpbridge_dependency_info.dat -fobjc-arc -fobjc-link-runtime -o /Users/admin/builder/spi-builder-workspace/.derivedData/Build/Products/Debug-appletvos/webpbridge.o
SwiftExplicitDependencyGeneratePcm arm64 /Users/admin/builder/spi-builder-workspace/.derivedData/SDKExplicitPrecompiledModules/os_workgroup-EW7YHGH6W1I5GWQ7A493HTH5X.pcm
SwiftExplicitDependencyGeneratePcm arm64 /Users/admin/builder/spi-builder-workspace/.derivedData/SDKExplicitPrecompiledModules/os_object-3M3GAMWGVC4EPFNAGRLDUT5UP.pcm
SwiftExplicitDependencyGeneratePcm arm64 /Users/admin/builder/spi-builder-workspace/.derivedData/SDKExplicitPrecompiledModules/Dispatch-1YYSG48OHXPH80J9IKEFL84WE.pcm
SwiftExplicitDependencyGeneratePcm arm64 /Users/admin/builder/spi-builder-workspace/.derivedData/SDKExplicitPrecompiledModules/os_workgroup-50RTDZGIJ1544F6U05Q78829E.pcm
SwiftExplicitDependencyGeneratePcm arm64 /Users/admin/builder/spi-builder-workspace/.derivedData/SDKExplicitPrecompiledModules/XPC-21W07170Y19SE5HXTUV60V15F.pcm
SwiftExplicitDependencyGeneratePcm arm64 /Users/admin/builder/spi-builder-workspace/.derivedData/SDKExplicitPrecompiledModules/CoreFoundation-C9QVSEMIZP54ITMK51750XYN.pcm
RegisterExecutionPolicyException /Users/admin/builder/spi-builder-workspace/.derivedData/Build/Products/Debug-appletvos/MosaicKit_MosaicKit.bundle (in target 'MosaicKit_MosaicKit' from project 'MosaicKit')
cd /Users/admin/builder/spi-builder-workspace
builtin-RegisterExecutionPolicyException /Users/admin/builder/spi-builder-workspace/.derivedData/Build/Products/Debug-appletvos/MosaicKit_MosaicKit.bundle
Touch /Users/admin/builder/spi-builder-workspace/.derivedData/Build/Products/Debug-appletvos/MosaicKit_MosaicKit.bundle (in target 'MosaicKit_MosaicKit' from project 'MosaicKit')
cd /Users/admin/builder/spi-builder-workspace
/usr/bin/touch -c /Users/admin/builder/spi-builder-workspace/.derivedData/Build/Products/Debug-appletvos/MosaicKit_MosaicKit.bundle
SwiftExplicitDependencyGeneratePcm arm64 /Users/admin/builder/spi-builder-workspace/.derivedData/SDKExplicitPrecompiledModules/Spatial-7EI271C0S5YTVPVNXYDH1DM6G.pcm
SwiftExplicitDependencyGeneratePcm arm64 /Users/admin/builder/spi-builder-workspace/.derivedData/SDKExplicitPrecompiledModules/Dispatch-1VA7CAHLCT1MOAC2HIIITYFZL.pcm
SwiftExplicitDependencyGeneratePcm arm64 /Users/admin/builder/spi-builder-workspace/.derivedData/SDKExplicitPrecompiledModules/os-90VLXFXXQ0RMTQERBVQVLUOV1.pcm
SwiftExplicitDependencyGeneratePcm arm64 /Users/admin/builder/spi-builder-workspace/.derivedData/SDKExplicitPrecompiledModules/CoreFoundation-5I3UDEF87IHKRG4FUGMFVTNHC.pcm
SwiftExplicitDependencyGeneratePcm arm64 /Users/admin/builder/spi-builder-workspace/.derivedData/SDKExplicitPrecompiledModules/XPC-8VHJMC89OTSFBZEW4733Z0WGC.pcm
SwiftExplicitDependencyGeneratePcm arm64 /Users/admin/builder/spi-builder-workspace/.derivedData/SDKExplicitPrecompiledModules/CFNetwork-BWU016C19DXG7T7EFFKR20579.pcm
SwiftExplicitDependencyGeneratePcm arm64 /Users/admin/builder/spi-builder-workspace/.derivedData/SDKExplicitPrecompiledModules/CoreGraphics-4779621VQ7229QPW0G8YXJVCQ.pcm
SwiftExplicitDependencyGeneratePcm arm64 /Users/admin/builder/spi-builder-workspace/.derivedData/SDKExplicitPrecompiledModules/CoreAudioTypes-7E2UGLP3GXIEWDHB3Y32ARILO.pcm
SwiftExplicitDependencyGeneratePcm arm64 /Users/admin/builder/spi-builder-workspace/.derivedData/SDKExplicitPrecompiledModules/Security-DSXL4AJGN9GNBH9ZCJN3KX5BC.pcm
SwiftExplicitDependencyGeneratePcm arm64 /Users/admin/builder/spi-builder-workspace/.derivedData/SDKExplicitPrecompiledModules/os-EKUWUA2XSEFJBP9M8I599YOJB.pcm
SwiftExplicitDependencyGeneratePcm arm64 /Users/admin/builder/spi-builder-workspace/.derivedData/SDKExplicitPrecompiledModules/CoreAudio-94WIMYFWQLLIWXJ0OFTPEWEK.pcm
SwiftExplicitDependencyGeneratePcm arm64 /Users/admin/builder/spi-builder-workspace/.derivedData/SDKExplicitPrecompiledModules/Foundation-D162KW3CIOH7EGJPLDEE6UO79.pcm
SwiftExplicitDependencyGeneratePcm arm64 /Users/admin/builder/spi-builder-workspace/.derivedData/SDKExplicitPrecompiledModules/CoreGraphics-VGJ80UPU5PJJ5UE4ZW8LX9OQ.pcm
SwiftExplicitDependencyGeneratePcm arm64 /Users/admin/builder/spi-builder-workspace/.derivedData/SDKExplicitPrecompiledModules/Security-6U0CR0A4W0W6MUC2S1TECBBL4.pcm
SwiftExplicitDependencyGeneratePcm arm64 /Users/admin/builder/spi-builder-workspace/.derivedData/SDKExplicitPrecompiledModules/CoreAudioTypes-EPLCE6NTWZGXCALTX7Y23TZ4.pcm
SwiftExplicitDependencyGeneratePcm arm64 /Users/admin/builder/spi-builder-workspace/.derivedData/SDKExplicitPrecompiledModules/CFNetwork-2NS7VO7D0YRA4802ARQSTO7IP.pcm
SwiftExplicitDependencyGeneratePcm arm64 /Users/admin/builder/spi-builder-workspace/.derivedData/SDKExplicitPrecompiledModules/ImageIO-ENO6M3ZAE6HGNWJCGIJ99922I.pcm
SwiftExplicitDependencyGeneratePcm arm64 /Users/admin/builder/spi-builder-workspace/.derivedData/SDKExplicitPrecompiledModules/CoreAudio-BL5XEV2EOD77BD4UY59JI5R3A.pcm
SwiftExplicitDependencyGeneratePcm arm64 /Users/admin/builder/spi-builder-workspace/.derivedData/SDKExplicitPrecompiledModules/Foundation-DWUJ3CV9774RECD6FJ6BFV0A1.pcm
SwiftExplicitDependencyGeneratePcm arm64 /Users/admin/builder/spi-builder-workspace/.derivedData/SDKExplicitPrecompiledModules/ImageIO-3OOECJX926HEGQKF2OFPFOC9V.pcm
SwiftExplicitDependencyGeneratePcm arm64 /Users/admin/builder/spi-builder-workspace/.derivedData/SDKExplicitPrecompiledModules/CoreText-D366SYLRTRLVRHXMVGMQREA7J.pcm
SwiftExplicitDependencyGeneratePcm arm64 /Users/admin/builder/spi-builder-workspace/.derivedData/SDKExplicitPrecompiledModules/IOSurface-3RX5LUXVI6YZVZUG8IHY35I2G.pcm
SwiftExplicitDependencyGeneratePcm arm64 /Users/admin/builder/spi-builder-workspace/.derivedData/SDKExplicitPrecompiledModules/UniformTypeIdentifiers-8QAPG0HCJDJ7TECXVB4BWD7UU.pcm
SwiftExplicitDependencyGeneratePcm arm64 /Users/admin/builder/spi-builder-workspace/.derivedData/SDKExplicitPrecompiledModules/CoreMIDI-XX17NUOWWNFP2CLQT3OI4FL8.pcm
SwiftExplicitDependencyGeneratePcm arm64 /Users/admin/builder/spi-builder-workspace/.derivedData/SDKExplicitPrecompiledModules/AVRouting-90W88NZ828EW7Z4R0O3U721LI.pcm
SwiftExplicitDependencyGeneratePcm arm64 /Users/admin/builder/spi-builder-workspace/.derivedData/SDKExplicitPrecompiledModules/OSLog-6RNDRYR49XLNQCYP2OUX7ITRK.pcm
SwiftExplicitDependencyGeneratePcm arm64 /Users/admin/builder/spi-builder-workspace/.derivedData/SDKExplicitPrecompiledModules/Metal-EGVWXCRVOGETIZGI98JLDOKZW.pcm
SwiftExplicitDependencyGeneratePcm arm64 /Users/admin/builder/spi-builder-workspace/.derivedData/SDKExplicitPrecompiledModules/OpenGLES-27VJFDMIM8XHOUJC9VY9I4XLX.pcm
SwiftExplicitDependencyGeneratePcm arm64 /Users/admin/builder/spi-builder-workspace/.derivedData/SDKExplicitPrecompiledModules/Accessibility-MQD5RQ8LXE4KYI6FJ12D1DSX.pcm
SwiftExplicitDependencyGeneratePcm arm64 /Users/admin/builder/spi-builder-workspace/.derivedData/SDKExplicitPrecompiledModules/_LocationEssentials-4EPB2D5X61LSM8NZYWMDHGP3E.pcm
SwiftExplicitDependencyGeneratePcm arm64 /Users/admin/builder/spi-builder-workspace/.derivedData/SDKExplicitPrecompiledModules/CoreData-RNXCUGLIXORA4SD85NXXWN2M.pcm
SwiftExplicitDependencyGeneratePcm arm64 /Users/admin/builder/spi-builder-workspace/.derivedData/SDKExplicitPrecompiledModules/IOSurface-5V1I28H76XAC054QSU4O93IZE.pcm
SwiftExplicitDependencyGeneratePcm arm64 /Users/admin/builder/spi-builder-workspace/.derivedData/SDKExplicitPrecompiledModules/DataDetection-1ST9SK1XMBO9YEE62Q5Z5CL1G.pcm
SwiftExplicitDependencyGeneratePcm arm64 /Users/admin/builder/spi-builder-workspace/.derivedData/SDKExplicitPrecompiledModules/UIUtilities-2T9PJFXSYDY06ZI8KZK614ATD.pcm
SwiftExplicitDependencyGeneratePcm arm64 /Users/admin/builder/spi-builder-workspace/.derivedData/SDKExplicitPrecompiledModules/UniformTypeIdentifiers-3NFRVEVCOLUQTK1A5UYHOS0UU.pcm
SwiftExplicitDependencyGeneratePcm arm64 /Users/admin/builder/spi-builder-workspace/.derivedData/SDKExplicitPrecompiledModules/UserNotifications-9NZ46EJ2J9Q44CDBWOAAG3ET2.pcm
SwiftExplicitDependencyGeneratePcm arm64 /Users/admin/builder/spi-builder-workspace/.derivedData/SDKExplicitPrecompiledModules/AudioToolbox-25SIMDC5N0RSA9CUZ3W44PW6Z.pcm
SwiftExplicitDependencyGeneratePcm arm64 /Users/admin/builder/spi-builder-workspace/.derivedData/SDKExplicitPrecompiledModules/CoreLocation-EFPJH3GSKR6DZQDZ2GULOHZI4.pcm
SwiftExplicitDependencyGeneratePcm arm64 /Users/admin/builder/spi-builder-workspace/.derivedData/SDKExplicitPrecompiledModules/Symbols-27I5ZWBUFBKRVMBZ63C75L89E.pcm
SwiftExplicitDependencyGeneratePcm arm64 /Users/admin/builder/spi-builder-workspace/.derivedData/SDKExplicitPrecompiledModules/OSLog-ASBCVE6SZ0L7ST82LJR941PC3.pcm
SwiftExplicitDependencyGeneratePcm arm64 /Users/admin/builder/spi-builder-workspace/.derivedData/SDKExplicitPrecompiledModules/CoreTransferable-6A9N5K2Y0FX1Z1J329BZMH7W4.pcm
SwiftExplicitDependencyGeneratePcm arm64 /Users/admin/builder/spi-builder-workspace/.derivedData/SDKExplicitPrecompiledModules/OpenGLES-D5BPILJ4LAJ1XZK3INJ51WNXH.pcm
SwiftExplicitDependencyGeneratePcm arm64 /Users/admin/builder/spi-builder-workspace/.derivedData/SDKExplicitPrecompiledModules/Metal-9XR8FV53XJM0BJI8G5HD3R9TG.pcm
SwiftExplicitDependencyGeneratePcm arm64 /Users/admin/builder/spi-builder-workspace/.derivedData/SDKExplicitPrecompiledModules/CoreVideo-AP08BET84UNKFVFFZ1NR1RAE4.pcm
SwiftExplicitDependencyGeneratePcm arm64 /Users/admin/builder/spi-builder-workspace/.derivedData/SDKExplicitPrecompiledModules/CoreImage-3XVU5UQO2770KDX75DQQFFDBX.pcm
SwiftExplicitDependencyGeneratePcm arm64 /Users/admin/builder/spi-builder-workspace/.derivedData/SDKExplicitPrecompiledModules/CoreMedia-7NXN4HU24BK91ZKD19DDAGDRK.pcm
SwiftExplicitDependencyGeneratePcm arm64 /Users/admin/builder/spi-builder-workspace/.derivedData/SDKExplicitPrecompiledModules/QuartzCore-EAGNANIFED4H8E89U2ZN15DPB.pcm
SwiftExplicitDependencyGeneratePcm arm64 /Users/admin/builder/spi-builder-workspace/.derivedData/SDKExplicitPrecompiledModules/CoreVideo-63ZTF5YBZ5HNDNA0IMXOQ3S4N.pcm
SwiftExplicitDependencyGeneratePcm arm64 /Users/admin/builder/spi-builder-workspace/.derivedData/SDKExplicitPrecompiledModules/QuartzCore-E67SEPNHRC3S59HB6DFRUFBRI.pcm
SwiftExplicitDependencyGeneratePcm arm64 /Users/admin/builder/spi-builder-workspace/.derivedData/SDKExplicitPrecompiledModules/CoreImage-2RVAJ8543YO49OG2THKBHGPAM.pcm
SwiftExplicitDependencyGeneratePcm arm64 /Users/admin/builder/spi-builder-workspace/.derivedData/SDKExplicitPrecompiledModules/CoreMedia-7HT56BL7MCQ3IEFZJPOLH3CS2.pcm
SwiftExplicitDependencyGeneratePcm arm64 /Users/admin/builder/spi-builder-workspace/.derivedData/SDKExplicitPrecompiledModules/MediaToolbox-5FFDXSP87VTGQ26LRIYNUBYV.pcm
SwiftExplicitDependencyGeneratePcm arm64 /Users/admin/builder/spi-builder-workspace/.derivedData/SDKExplicitPrecompiledModules/VideoToolbox-1O615UXI8YVB98Q76YV1G2GP2.pcm
SwiftExplicitDependencyGeneratePcm arm64 /Users/admin/builder/spi-builder-workspace/.derivedData/SDKExplicitPrecompiledModules/AVFAudio-27O2ALX860BGJ2NWAREA5VOXC.pcm
SwiftExplicitDependencyGeneratePcm arm64 /Users/admin/builder/spi-builder-workspace/.derivedData/SDKExplicitPrecompiledModules/SwiftUICore-A5BCVTMW89W9HUMG3OOF07YDB.pcm
SwiftExplicitDependencyGeneratePcm arm64 /Users/admin/builder/spi-builder-workspace/.derivedData/SDKExplicitPrecompiledModules/UIKit-7QVNRR7BYEYEQJSWUUMLK0DKA.pcm
SwiftExplicitDependencyGeneratePcm arm64 /Users/admin/builder/spi-builder-workspace/.derivedData/SDKExplicitPrecompiledModules/AVFoundation-EZU3IB1HK93PONP98O40D2PJP.pcm
SwiftEmitModule normal arm64 Emitting\ module\ for\ SJSAssetExportSession (in target 'SJSAssetExportSession' from project 'SJSAssetExportSession')
SwiftCompile normal arm64 (in target 'SJSAssetExportSession' from project 'SJSAssetExportSession')
cd /Users/admin/builder/spi-builder-workspace/.swiftpm/xcode
SwiftCompile normal arm64 Compiling\ Array+Extensions.swift /Users/admin/builder/spi-builder-workspace/.dependencies/checkouts/SJSAssetExportSession/Sources/SJSAssetExportSession/Array+Extensions.swift (in target 'SJSAssetExportSession' from project 'SJSAssetExportSession')
SwiftCompile normal arm64 /Users/admin/builder/spi-builder-workspace/.dependencies/checkouts/SJSAssetExportSession/Sources/SJSAssetExportSession/Array+Extensions.swift (in target 'SJSAssetExportSession' from project 'SJSAssetExportSession')
cd /Users/admin/builder/spi-builder-workspace/.swiftpm/xcode
builtin-SwiftPerFileCompile Array+Extensions.swift
SwiftCompile normal arm64 Compiling\ VideoFrameSource.swift /Users/admin/builder/spi-builder-workspace/.dependencies/checkouts/SJSAssetExportSession/Sources/SJSAssetExportSession/VideoFrameSource.swift (in target 'SJSAssetExportSession' from project 'SJSAssetExportSession')
SwiftCompile normal arm64 /Users/admin/builder/spi-builder-workspace/.dependencies/checkouts/SJSAssetExportSession/Sources/SJSAssetExportSession/VideoFrameSource.swift (in target 'SJSAssetExportSession' from project 'SJSAssetExportSession')
cd /Users/admin/builder/spi-builder-workspace/.swiftpm/xcode
builtin-SwiftPerFileCompile VideoFrameSource.swift
SwiftCompile normal arm64 Compiling\ AudioOutputSettings.swift /Users/admin/builder/spi-builder-workspace/.dependencies/checkouts/SJSAssetExportSession/Sources/SJSAssetExportSession/AudioOutputSettings.swift (in target 'SJSAssetExportSession' from project 'SJSAssetExportSession')
SwiftCompile normal arm64 /Users/admin/builder/spi-builder-workspace/.dependencies/checkouts/SJSAssetExportSession/Sources/SJSAssetExportSession/AudioOutputSettings.swift (in target 'SJSAssetExportSession' from project 'SJSAssetExportSession')
cd /Users/admin/builder/spi-builder-workspace/.swiftpm/xcode
builtin-SwiftPerFileCompile AudioOutputSettings.swift
SwiftCompile normal arm64 Compiling\ ExportSession+Error.swift /Users/admin/builder/spi-builder-workspace/.dependencies/checkouts/SJSAssetExportSession/Sources/SJSAssetExportSession/ExportSession+Error.swift (in target 'SJSAssetExportSession' from project 'SJSAssetExportSession')
SwiftCompile normal arm64 /Users/admin/builder/spi-builder-workspace/.dependencies/checkouts/SJSAssetExportSession/Sources/SJSAssetExportSession/ExportSession+Error.swift (in target 'SJSAssetExportSession' from project 'SJSAssetExportSession')
cd /Users/admin/builder/spi-builder-workspace/.swiftpm/xcode
builtin-SwiftPerFileCompile ExportSession+Error.swift
SwiftCompile normal arm64 Compiling\ CMTime+seconds.swift /Users/admin/builder/spi-builder-workspace/.dependencies/checkouts/SJSAssetExportSession/Sources/SJSAssetExportSession/CMTime+seconds.swift (in target 'SJSAssetExportSession' from project 'SJSAssetExportSession')
SwiftCompile normal arm64 /Users/admin/builder/spi-builder-workspace/.dependencies/checkouts/SJSAssetExportSession/Sources/SJSAssetExportSession/CMTime+seconds.swift (in target 'SJSAssetExportSession' from project 'SJSAssetExportSession')
cd /Users/admin/builder/spi-builder-workspace/.swiftpm/xcode
builtin-SwiftPerFileCompile CMTime+seconds.swift
SwiftCompile normal arm64 Compiling\ VideoFrame.swift /Users/admin/builder/spi-builder-workspace/.dependencies/checkouts/SJSAssetExportSession/Sources/SJSAssetExportSession/VideoFrame.swift (in target 'SJSAssetExportSession' from project 'SJSAssetExportSession')
SwiftCompile normal arm64 /Users/admin/builder/spi-builder-workspace/.dependencies/checkouts/SJSAssetExportSession/Sources/SJSAssetExportSession/VideoFrame.swift (in target 'SJSAssetExportSession' from project 'SJSAssetExportSession')
cd /Users/admin/builder/spi-builder-workspace/.swiftpm/xcode
builtin-SwiftPerFileCompile VideoFrame.swift
SwiftCompile normal arm64 Compiling\ ExportSession.swift /Users/admin/builder/spi-builder-workspace/.dependencies/checkouts/SJSAssetExportSession/Sources/SJSAssetExportSession/ExportSession.swift (in target 'SJSAssetExportSession' from project 'SJSAssetExportSession')
SwiftCompile normal arm64 /Users/admin/builder/spi-builder-workspace/.dependencies/checkouts/SJSAssetExportSession/Sources/SJSAssetExportSession/ExportSession.swift (in target 'SJSAssetExportSession' from project 'SJSAssetExportSession')
cd /Users/admin/builder/spi-builder-workspace/.swiftpm/xcode
builtin-SwiftPerFileCompile ExportSession.swift
SwiftCompile normal arm64 Compiling\ VideoOutputSettings.swift /Users/admin/builder/spi-builder-workspace/.dependencies/checkouts/SJSAssetExportSession/Sources/SJSAssetExportSession/VideoOutputSettings.swift (in target 'SJSAssetExportSession' from project 'SJSAssetExportSession')
SwiftCompile normal arm64 /Users/admin/builder/spi-builder-workspace/.dependencies/checkouts/SJSAssetExportSession/Sources/SJSAssetExportSession/VideoOutputSettings.swift (in target 'SJSAssetExportSession' from project 'SJSAssetExportSession')
cd /Users/admin/builder/spi-builder-workspace/.swiftpm/xcode
builtin-SwiftPerFileCompile VideoOutputSettings.swift
SwiftCompile normal arm64 Compiling\ SampleWriter.swift /Users/admin/builder/spi-builder-workspace/.dependencies/checkouts/SJSAssetExportSession/Sources/SJSAssetExportSession/SampleWriter.swift (in target 'SJSAssetExportSession' from project 'SJSAssetExportSession')
SwiftCompile normal arm64 /Users/admin/builder/spi-builder-workspace/.dependencies/checkouts/SJSAssetExportSession/Sources/SJSAssetExportSession/SampleWriter.swift (in target 'SJSAssetExportSession' from project 'SJSAssetExportSession')
cd /Users/admin/builder/spi-builder-workspace/.swiftpm/xcode
builtin-SwiftPerFileCompile SampleWriter.swift
SwiftExplicitDependencyGeneratePcm arm64 /Users/admin/builder/spi-builder-workspace/.derivedData/Build/Intermediates.noindex/SwiftExplicitPrecompiledModules/webpbridge-60LGEF3VPH7BEFWYX3R71JRL3.pcm
SwiftDriverJobDiscovery normal arm64 Emitting module for SJSAssetExportSession (in target 'SJSAssetExportSession' from project 'SJSAssetExportSession')
SwiftDriver\ Compilation\ Requirements SJSAssetExportSession normal arm64 com.apple.xcode.tools.swift.compiler (in target 'SJSAssetExportSession' from project 'SJSAssetExportSession')
cd /Users/admin/builder/spi-builder-workspace/.swiftpm/xcode
builtin-Swift-Compilation-Requirements -- /Applications/Xcode-27.0.0.app/Contents/Developer/Toolchains/XcodeDefault.xctoolchain/usr/bin/swiftc -parse-as-library -module-name SJSAssetExportSession -Onone @/Users/admin/builder/spi-builder-workspace/.derivedData/Build/Intermediates.noindex/SJSAssetExportSession.build/Debug-appletvos/SJSAssetExportSession-t.build/Objects-normal/arm64/SJSAssetExportSession.SwiftFileList -DSWIFT_PACKAGE -DDEBUG -DSWIFT_MODULE_RESOURCE_BUNDLE_UNAVAILABLE -DXcode -plugin-path /Applications/Xcode-27.0.0.app/Contents/Developer/Toolchains/XcodeDefault.xctoolchain/usr/lib/swift/host/plugins/testing -enable-experimental-feature DebugDescriptionMacro -sdk /Applications/Xcode-27.0.0.app/Contents/Developer/Platforms/AppleTVOS.platform/Developer/SDKs/AppleTVOS27.0.sdk -target arm64-apple-tvos17.0 -g -module-cache-path /Users/admin/builder/spi-builder-workspace/.derivedData/ModuleCache.noindex -Xfrontend -serialize-debugging-options -profile-coverage-mapping -profile-generate -enable-testing -suppress-warnings -index-store-path /Users/admin/builder/spi-builder-workspace/.derivedData/Index.noindex/DataStore -Xcc -D_LIBCPP_HARDENING_MODE\=_LIBCPP_HARDENING_MODE_DEBUG -swift-version 6 -I /Users/admin/builder/spi-builder-workspace/.derivedData/Build/Products/Debug-appletvos -Isystem /Applications/Xcode-27.0.0.app/Contents/Developer/Platforms/AppleTVOS.platform/Developer/usr/lib -F /Users/admin/builder/spi-builder-workspace/.derivedData/Build/Products/Debug-appletvos -F /Applications/Xcode-27.0.0.app/Contents/Developer/Platforms/AppleTVOS.platform/Developer/Library/Frameworks -F /Applications/Xcode-27.0.0.app/Contents/Developer/Platforms/AppleTVOS.platform/Developer/SDKs/AppleTVOS27.0.sdk/Developer/Library/Frameworks -c -j10 -enable-batch-mode -incremental -Xcc -ivfsstatcache -Xcc /Users/admin/builder/spi-builder-workspace/.derivedData/SDKStatCaches.noindex/appletvos27.0-24J360-e829b21a6f8c9b70876ba0858053c044509235ffd515576fb835ffc8f67461e5.sdkstatcache -output-file-map /Users/admin/builder/spi-builder-workspace/.derivedData/Build/Intermediates.noindex/SJSAssetExportSession.build/Debug-appletvos/SJSAssetExportSession-t.build/Objects-normal/arm64/SJSAssetExportSession-OutputFileMap.json -save-temps -no-color-diagnostics -explicit-module-build -module-cache-path /Users/admin/builder/spi-builder-workspace/.derivedData/Build/Intermediates.noindex/SwiftExplicitPrecompiledModules -clang-scanner-module-cache-path /Users/admin/builder/spi-builder-workspace/.derivedData/ModuleCache.noindex -sdk-module-cache-path /Users/admin/builder/spi-builder-workspace/.derivedData/SDKExplicitPrecompiledModules -emit-dependencies -emit-module -emit-module-path /Users/admin/builder/spi-builder-workspace/.derivedData/Build/Intermediates.noindex/SJSAssetExportSession.build/Debug-appletvos/SJSAssetExportSession-t.build/Objects-normal/arm64/SJSAssetExportSession.swiftmodule -serialize-diagnostics -dependency-scan-serialize-diagnostics-path /Users/admin/builder/spi-builder-workspace/.derivedData/Build/Intermediates.noindex/SJSAssetExportSession.build/Debug-appletvos/SJSAssetExportSession-t.build/Objects-normal/arm64/SJSAssetExportSession-dependency-scan.dia -user-module-version 0.5.2 -validate-clang-modules-once -clang-build-session-file /Users/admin/builder/spi-builder-workspace/.derivedData/ModuleCache.noindex/Session.modulevalidation -Xcc -fmodules-prune-interval\=86400 -Xcc -fmodules-prune-after\=345600 -package-name sjsassetexportsession -emit-const-values -const-gather-protocols-list /Users/admin/builder/spi-builder-workspace/.derivedData/Build/Intermediates.noindex/SJSAssetExportSession.build/Debug-appletvos/SJSAssetExportSession-t.build/Objects-normal/arm64/SJSAssetExportSession_const_extract_protocols.json -Xcc -I/Users/admin/builder/spi-builder-workspace/.derivedData/Build/Products/Debug-appletvos/include -Xcc -I/Users/admin/builder/spi-builder-workspace/.derivedData/Build/Intermediates.noindex/SJSAssetExportSession.build/Debug-appletvos/SJSAssetExportSession-t.build/DerivedSources-normal/arm64 -Xcc -I/Users/admin/builder/spi-builder-workspace/.derivedData/Build/Intermediates.noindex/SJSAssetExportSession.build/Debug-appletvos/SJSAssetExportSession-t.build/DerivedSources/arm64 -Xcc -I/Users/admin/builder/spi-builder-workspace/.derivedData/Build/Intermediates.noindex/SJSAssetExportSession.build/Debug-appletvos/SJSAssetExportSession-t.build/DerivedSources -Xcc -DSWIFT_PACKAGE -Xcc -DDEBUG\=1 -emit-objc-header -emit-objc-header-path /Users/admin/builder/spi-builder-workspace/.derivedData/Build/Intermediates.noindex/SJSAssetExportSession.build/Debug-appletvos/SJSAssetExportSession-t.build/Objects-normal/arm64/SJSAssetExportSession-Swift.h -working-directory /Users/admin/builder/spi-builder-workspace/.swiftpm/xcode -experimental-emit-module-separately -disable-cmo
SwiftEmitModule normal arm64 Emitting\ module\ for\ webp (in target 'webp' from project 'webp')
SwiftCompile normal arm64 (in target 'webp' from project 'webp')
cd /Users/admin/builder/spi-builder-workspace/.swiftpm/xcode
SwiftMergeGeneratedHeaders /Users/admin/builder/spi-builder-workspace/.derivedData/Build/Intermediates.noindex/GeneratedModuleMaps-appletvos/SJSAssetExportSession-Swift.h /Users/admin/builder/spi-builder-workspace/.derivedData/Build/Intermediates.noindex/SJSAssetExportSession.build/Debug-appletvos/SJSAssetExportSession-t.build/Objects-normal/arm64/SJSAssetExportSession-Swift.h (in target 'SJSAssetExportSession' from project 'SJSAssetExportSession')
cd /Users/admin/builder/spi-builder-workspace/.dependencies/checkouts/SJSAssetExportSession
builtin-swiftHeaderTool -arch arm64 /Users/admin/builder/spi-builder-workspace/.derivedData/Build/Intermediates.noindex/SJSAssetExportSession.build/Debug-appletvos/SJSAssetExportSession-t.build/Objects-normal/arm64/SJSAssetExportSession-Swift.h -o /Users/admin/builder/spi-builder-workspace/.derivedData/Build/Intermediates.noindex/GeneratedModuleMaps-appletvos/SJSAssetExportSession-Swift.h
SwiftDriverJobDiscovery normal arm64 Compiling Array+Extensions.swift (in target 'SJSAssetExportSession' from project 'SJSAssetExportSession')
Copy /Users/admin/builder/spi-builder-workspace/.derivedData/Build/Products/Debug-appletvos/SJSAssetExportSession.swiftmodule/arm64-apple-tvos.swiftmodule /Users/admin/builder/spi-builder-workspace/.derivedData/Build/Intermediates.noindex/SJSAssetExportSession.build/Debug-appletvos/SJSAssetExportSession-t.build/Objects-normal/arm64/SJSAssetExportSession.swiftmodule (in target 'SJSAssetExportSession' from project 'SJSAssetExportSession')
cd /Users/admin/builder/spi-builder-workspace/.dependencies/checkouts/SJSAssetExportSession
builtin-copy -exclude .DS_Store -exclude CVS -exclude .svn -exclude .git -exclude .hg -resolve-src-symlinks -rename /Users/admin/builder/spi-builder-workspace/.derivedData/Build/Intermediates.noindex/SJSAssetExportSession.build/Debug-appletvos/SJSAssetExportSession-t.build/Objects-normal/arm64/SJSAssetExportSession.swiftmodule /Users/admin/builder/spi-builder-workspace/.derivedData/Build/Products/Debug-appletvos/SJSAssetExportSession.swiftmodule/arm64-apple-tvos.swiftmodule
Copy /Users/admin/builder/spi-builder-workspace/.derivedData/Build/Products/Debug-appletvos/SJSAssetExportSession.swiftmodule/arm64-apple-tvos.swiftdoc /Users/admin/builder/spi-builder-workspace/.derivedData/Build/Intermediates.noindex/SJSAssetExportSession.build/Debug-appletvos/SJSAssetExportSession-t.build/Objects-normal/arm64/SJSAssetExportSession.swiftdoc (in target 'SJSAssetExportSession' from project 'SJSAssetExportSession')
cd /Users/admin/builder/spi-builder-workspace/.dependencies/checkouts/SJSAssetExportSession
builtin-copy -exclude .DS_Store -exclude CVS -exclude .svn -exclude .git -exclude .hg -resolve-src-symlinks -rename /Users/admin/builder/spi-builder-workspace/.derivedData/Build/Intermediates.noindex/SJSAssetExportSession.build/Debug-appletvos/SJSAssetExportSession-t.build/Objects-normal/arm64/SJSAssetExportSession.swiftdoc /Users/admin/builder/spi-builder-workspace/.derivedData/Build/Products/Debug-appletvos/SJSAssetExportSession.swiftmodule/arm64-apple-tvos.swiftdoc
Copy /Users/admin/builder/spi-builder-workspace/.derivedData/Build/Products/Debug-appletvos/SJSAssetExportSession.swiftmodule/arm64-apple-tvos.abi.json /Users/admin/builder/spi-builder-workspace/.derivedData/Build/Intermediates.noindex/SJSAssetExportSession.build/Debug-appletvos/SJSAssetExportSession-t.build/Objects-normal/arm64/SJSAssetExportSession.abi.json (in target 'SJSAssetExportSession' from project 'SJSAssetExportSession')
cd /Users/admin/builder/spi-builder-workspace/.dependencies/checkouts/SJSAssetExportSession
builtin-copy -exclude .DS_Store -exclude CVS -exclude .svn -exclude .git -exclude .hg -resolve-src-symlinks -rename /Users/admin/builder/spi-builder-workspace/.derivedData/Build/Intermediates.noindex/SJSAssetExportSession.build/Debug-appletvos/SJSAssetExportSession-t.build/Objects-normal/arm64/SJSAssetExportSession.abi.json /Users/admin/builder/spi-builder-workspace/.derivedData/Build/Products/Debug-appletvos/SJSAssetExportSession.swiftmodule/arm64-apple-tvos.abi.json
Copy /Users/admin/builder/spi-builder-workspace/.derivedData/Build/Products/Debug-appletvos/SJSAssetExportSession.swiftmodule/Project/arm64-apple-tvos.swiftsourceinfo /Users/admin/builder/spi-builder-workspace/.derivedData/Build/Intermediates.noindex/SJSAssetExportSession.build/Debug-appletvos/SJSAssetExportSession-t.build/Objects-normal/arm64/SJSAssetExportSession.swiftsourceinfo (in target 'SJSAssetExportSession' from project 'SJSAssetExportSession')
cd /Users/admin/builder/spi-builder-workspace/.dependencies/checkouts/SJSAssetExportSession
builtin-copy -exclude .DS_Store -exclude CVS -exclude .svn -exclude .git -exclude .hg -resolve-src-symlinks -rename /Users/admin/builder/spi-builder-workspace/.derivedData/Build/Intermediates.noindex/SJSAssetExportSession.build/Debug-appletvos/SJSAssetExportSession-t.build/Objects-normal/arm64/SJSAssetExportSession.swiftsourceinfo /Users/admin/builder/spi-builder-workspace/.derivedData/Build/Products/Debug-appletvos/SJSAssetExportSession.swiftmodule/Project/arm64-apple-tvos.swiftsourceinfo
SwiftExplicitDependencyGeneratePcm arm64 /Users/admin/builder/spi-builder-workspace/.derivedData/SDKExplicitPrecompiledModules/SwiftUI-CSXSV6KOU70QSOH5ACYBERGJT.pcm
SwiftCompile normal arm64 Compiling\ WebPDecoderConfig.swift /Users/admin/builder/spi-builder-workspace/.dependencies/checkouts/webp.swift/Sources/webp/WebPDecoderConfig.swift (in target 'webp' from project 'webp')
SwiftCompile normal arm64 /Users/admin/builder/spi-builder-workspace/.dependencies/checkouts/webp.swift/Sources/webp/WebPDecoderConfig.swift (in target 'webp' from project 'webp')
cd /Users/admin/builder/spi-builder-workspace/.swiftpm/xcode
builtin-SwiftPerFileCompile WebPDecoderConfig.swift
SwiftDriverJobDiscovery normal arm64 Emitting module for webp (in target 'webp' from project 'webp')
SwiftDriver\ Compilation\ Requirements webp normal arm64 com.apple.xcode.tools.swift.compiler (in target 'webp' from project 'webp')
cd /Users/admin/builder/spi-builder-workspace/.swiftpm/xcode
builtin-Swift-Compilation-Requirements -- /Applications/Xcode-27.0.0.app/Contents/Developer/Toolchains/XcodeDefault.xctoolchain/usr/bin/swiftc -parse-as-library -module-name webp -Onone @/Users/admin/builder/spi-builder-workspace/.derivedData/Build/Intermediates.noindex/webp.build/Debug-appletvos/webp-t.build/Objects-normal/arm64/webp.SwiftFileList -DSWIFT_PACKAGE -DDEBUG -DSWIFT_MODULE_RESOURCE_BUNDLE_UNAVAILABLE -Xcc -fmodule-map-file\=/Users/admin/builder/spi-builder-workspace/.dependencies/checkouts/webp.swift/Sources/webpbridge/include/module.modulemap -DXcode -plugin-path /Applications/Xcode-27.0.0.app/Contents/Developer/Toolchains/XcodeDefault.xctoolchain/usr/lib/swift/host/plugins/testing -enable-experimental-feature DebugDescriptionMacro -sdk /Applications/Xcode-27.0.0.app/Contents/Developer/Platforms/AppleTVOS.platform/Developer/SDKs/AppleTVOS27.0.sdk -target arm64-apple-tvos15.0 -g -module-cache-path /Users/admin/builder/spi-builder-workspace/.derivedData/ModuleCache.noindex -Xfrontend -serialize-debugging-options -profile-coverage-mapping -profile-generate -enable-testing -suppress-warnings -index-store-path /Users/admin/builder/spi-builder-workspace/.derivedData/Index.noindex/DataStore -Xcc -D_LIBCPP_HARDENING_MODE\=_LIBCPP_HARDENING_MODE_DEBUG -swift-version 5 -I /Users/admin/builder/spi-builder-workspace/.derivedData/Build/Products/Debug-appletvos -Isystem /Applications/Xcode-27.0.0.app/Contents/Developer/Platforms/AppleTVOS.platform/Developer/usr/lib -F /Users/admin/builder/spi-builder-workspace/.derivedData/Build/Products/Debug-appletvos/PackageFrameworks -F /Users/admin/builder/spi-builder-workspace/.derivedData/Build/Products/Debug-appletvos -F /Applications/Xcode-27.0.0.app/Contents/Developer/Platforms/AppleTVOS.platform/Developer/Library/Frameworks -F /Applications/Xcode-27.0.0.app/Contents/Developer/Platforms/AppleTVOS.platform/Developer/SDKs/AppleTVOS27.0.sdk/Developer/Library/Frameworks -c -j10 -enable-batch-mode -incremental -Xcc -ivfsstatcache -Xcc /Users/admin/builder/spi-builder-workspace/.derivedData/SDKStatCaches.noindex/appletvos27.0-24J360-e829b21a6f8c9b70876ba0858053c044509235ffd515576fb835ffc8f67461e5.sdkstatcache -output-file-map /Users/admin/builder/spi-builder-workspace/.derivedData/Build/Intermediates.noindex/webp.build/Debug-appletvos/webp-t.build/Objects-normal/arm64/webp-OutputFileMap.json -save-temps -no-color-diagnostics -explicit-module-build -module-cache-path /Users/admin/builder/spi-builder-workspace/.derivedData/Build/Intermediates.noindex/SwiftExplicitPrecompiledModules -clang-scanner-module-cache-path /Users/admin/builder/spi-builder-workspace/.derivedData/ModuleCache.noindex -sdk-module-cache-path /Users/admin/builder/spi-builder-workspace/.derivedData/SDKExplicitPrecompiledModules -emit-dependencies -emit-module -emit-module-path /Users/admin/builder/spi-builder-workspace/.derivedData/Build/Intermediates.noindex/webp.build/Debug-appletvos/webp-t.build/Objects-normal/arm64/webp.swiftmodule -serialize-diagnostics -dependency-scan-serialize-diagnostics-path /Users/admin/builder/spi-builder-workspace/.derivedData/Build/Intermediates.noindex/webp.build/Debug-appletvos/webp-t.build/Objects-normal/arm64/webp-dependency-scan.dia -validate-clang-modules-once -clang-build-session-file /Users/admin/builder/spi-builder-workspace/.derivedData/ModuleCache.noindex/Session.modulevalidation -Xcc -fmodules-prune-interval\=86400 -Xcc -fmodules-prune-after\=345600 -emit-const-values -const-gather-protocols-list /Users/admin/builder/spi-builder-workspace/.derivedData/Build/Intermediates.noindex/webp.build/Debug-appletvos/webp-t.build/Objects-normal/arm64/webp_const_extract_protocols.json -Xcc -I/Users/admin/builder/spi-builder-workspace/.dependencies/checkouts/webp.swift/Sources/webpbridge/include -Xcc -I/Users/admin/builder/spi-builder-workspace/.derivedData/Build/Products/Debug-appletvos/include -Xcc -I/Users/admin/builder/spi-builder-workspace/.derivedData/Build/Intermediates.noindex/webp.build/Debug-appletvos/webp-t.build/DerivedSources-normal/arm64 -Xcc -I/Users/admin/builder/spi-builder-workspace/.derivedData/Build/Intermediates.noindex/webp.build/Debug-appletvos/webp-t.build/DerivedSources/arm64 -Xcc -I/Users/admin/builder/spi-builder-workspace/.derivedData/Build/Intermediates.noindex/webp.build/Debug-appletvos/webp-t.build/DerivedSources -Xcc -DSWIFT_PACKAGE -Xcc -DDEBUG\=1 -emit-objc-header -emit-objc-header-path /Users/admin/builder/spi-builder-workspace/.derivedData/Build/Intermediates.noindex/webp.build/Debug-appletvos/webp-t.build/Objects-normal/arm64/webp-Swift.h -working-directory /Users/admin/builder/spi-builder-workspace/.swiftpm/xcode -experimental-emit-module-separately -disable-cmo
SwiftEmitModule normal arm64 Emitting\ module\ for\ DominantColors (in target 'DominantColors' from project 'DCLib')
SwiftCompile normal arm64 (in target 'DominantColors' from project 'DCLib')
cd /Users/admin/builder/spi-builder-workspace/.swiftpm/xcode
SwiftMergeGeneratedHeaders /Users/admin/builder/spi-builder-workspace/.derivedData/Build/Intermediates.noindex/GeneratedModuleMaps-appletvos/webp-Swift.h /Users/admin/builder/spi-builder-workspace/.derivedData/Build/Intermediates.noindex/webp.build/Debug-appletvos/webp-t.build/Objects-normal/arm64/webp-Swift.h (in target 'webp' from project 'webp')
cd /Users/admin/builder/spi-builder-workspace/.dependencies/checkouts/webp.swift
builtin-swiftHeaderTool -arch arm64 /Users/admin/builder/spi-builder-workspace/.derivedData/Build/Intermediates.noindex/webp.build/Debug-appletvos/webp-t.build/Objects-normal/arm64/webp-Swift.h -o /Users/admin/builder/spi-builder-workspace/.derivedData/Build/Intermediates.noindex/GeneratedModuleMaps-appletvos/webp-Swift.h
SwiftDriverJobDiscovery normal arm64 Emitting module for DominantColors (in target 'DominantColors' from project 'DCLib')
Copy /Users/admin/builder/spi-builder-workspace/.derivedData/Build/Products/Debug-appletvos/webp.swiftmodule/arm64-apple-tvos.swiftmodule /Users/admin/builder/spi-builder-workspace/.derivedData/Build/Intermediates.noindex/webp.build/Debug-appletvos/webp-t.build/Objects-normal/arm64/webp.swiftmodule (in target 'webp' from project 'webp')
cd /Users/admin/builder/spi-builder-workspace/.dependencies/checkouts/webp.swift
builtin-copy -exclude .DS_Store -exclude CVS -exclude .svn -exclude .git -exclude .hg -resolve-src-symlinks -rename /Users/admin/builder/spi-builder-workspace/.derivedData/Build/Intermediates.noindex/webp.build/Debug-appletvos/webp-t.build/Objects-normal/arm64/webp.swiftmodule /Users/admin/builder/spi-builder-workspace/.derivedData/Build/Products/Debug-appletvos/webp.swiftmodule/arm64-apple-tvos.swiftmodule
Copy /Users/admin/builder/spi-builder-workspace/.derivedData/Build/Products/Debug-appletvos/webp.swiftmodule/arm64-apple-tvos.swiftdoc /Users/admin/builder/spi-builder-workspace/.derivedData/Build/Intermediates.noindex/webp.build/Debug-appletvos/webp-t.build/Objects-normal/arm64/webp.swiftdoc (in target 'webp' from project 'webp')
cd /Users/admin/builder/spi-builder-workspace/.dependencies/checkouts/webp.swift
builtin-copy -exclude .DS_Store -exclude CVS -exclude .svn -exclude .git -exclude .hg -resolve-src-symlinks -rename /Users/admin/builder/spi-builder-workspace/.derivedData/Build/Intermediates.noindex/webp.build/Debug-appletvos/webp-t.build/Objects-normal/arm64/webp.swiftdoc /Users/admin/builder/spi-builder-workspace/.derivedData/Build/Products/Debug-appletvos/webp.swiftmodule/arm64-apple-tvos.swiftdoc
Copy /Users/admin/builder/spi-builder-workspace/.derivedData/Build/Products/Debug-appletvos/webp.swiftmodule/arm64-apple-tvos.abi.json /Users/admin/builder/spi-builder-workspace/.derivedData/Build/Intermediates.noindex/webp.build/Debug-appletvos/webp-t.build/Objects-normal/arm64/webp.abi.json (in target 'webp' from project 'webp')
cd /Users/admin/builder/spi-builder-workspace/.dependencies/checkouts/webp.swift
builtin-copy -exclude .DS_Store -exclude CVS -exclude .svn -exclude .git -exclude .hg -resolve-src-symlinks -rename /Users/admin/builder/spi-builder-workspace/.derivedData/Build/Intermediates.noindex/webp.build/Debug-appletvos/webp-t.build/Objects-normal/arm64/webp.abi.json /Users/admin/builder/spi-builder-workspace/.derivedData/Build/Products/Debug-appletvos/webp.swiftmodule/arm64-apple-tvos.abi.json
Copy /Users/admin/builder/spi-builder-workspace/.derivedData/Build/Products/Debug-appletvos/webp.swiftmodule/Project/arm64-apple-tvos.swiftsourceinfo /Users/admin/builder/spi-builder-workspace/.derivedData/Build/Intermediates.noindex/webp.build/Debug-appletvos/webp-t.build/Objects-normal/arm64/webp.swiftsourceinfo (in target 'webp' from project 'webp')
cd /Users/admin/builder/spi-builder-workspace/.dependencies/checkouts/webp.swift
builtin-copy -exclude .DS_Store -exclude CVS -exclude .svn -exclude .git -exclude .hg -resolve-src-symlinks -rename /Users/admin/builder/spi-builder-workspace/.derivedData/Build/Intermediates.noindex/webp.build/Debug-appletvos/webp-t.build/Objects-normal/arm64/webp.swiftsourceinfo /Users/admin/builder/spi-builder-workspace/.derivedData/Build/Products/Debug-appletvos/webp.swiftmodule/Project/arm64-apple-tvos.swiftsourceinfo
SwiftDriver\ Compilation\ Requirements DominantColors normal arm64 com.apple.xcode.tools.swift.compiler (in target 'DominantColors' from project 'DCLib')
cd /Users/admin/builder/spi-builder-workspace/.swiftpm/xcode
builtin-Swift-Compilation-Requirements -- /Applications/Xcode-27.0.0.app/Contents/Developer/Toolchains/XcodeDefault.xctoolchain/usr/bin/swiftc -parse-as-library -module-name DominantColors -Onone @/Users/admin/builder/spi-builder-workspace/.derivedData/Build/Intermediates.noindex/DCLib.build/Debug-appletvos/DominantColors-t.build/Objects-normal/arm64/DominantColors.SwiftFileList -DSWIFT_PACKAGE -DDEBUG -DSWIFT_MODULE_RESOURCE_BUNDLE_UNAVAILABLE -DXcode -plugin-path /Applications/Xcode-27.0.0.app/Contents/Developer/Toolchains/XcodeDefault.xctoolchain/usr/lib/swift/host/plugins/testing -enable-experimental-feature DebugDescriptionMacro -sdk /Applications/Xcode-27.0.0.app/Contents/Developer/Platforms/AppleTVOS.platform/Developer/SDKs/AppleTVOS27.0.sdk -target arm64-apple-tvos15.0 -g -module-cache-path /Users/admin/builder/spi-builder-workspace/.derivedData/ModuleCache.noindex -Xfrontend -serialize-debugging-options -profile-coverage-mapping -profile-generate -enable-testing -suppress-warnings -index-store-path /Users/admin/builder/spi-builder-workspace/.derivedData/Index.noindex/DataStore -Xcc -D_LIBCPP_HARDENING_MODE\=_LIBCPP_HARDENING_MODE_DEBUG -swift-version 5 -I /Users/admin/builder/spi-builder-workspace/.derivedData/Build/Products/Debug-appletvos -Isystem /Applications/Xcode-27.0.0.app/Contents/Developer/Platforms/AppleTVOS.platform/Developer/usr/lib -F /Users/admin/builder/spi-builder-workspace/.derivedData/Build/Products/Debug-appletvos -F /Applications/Xcode-27.0.0.app/Contents/Developer/Platforms/AppleTVOS.platform/Developer/Library/Frameworks -F /Applications/Xcode-27.0.0.app/Contents/Developer/Platforms/AppleTVOS.platform/Developer/SDKs/AppleTVOS27.0.sdk/Developer/Library/Frameworks -c -j10 -enable-batch-mode -incremental -Xcc -ivfsstatcache -Xcc /Users/admin/builder/spi-builder-workspace/.derivedData/SDKStatCaches.noindex/appletvos27.0-24J360-e829b21a6f8c9b70876ba0858053c044509235ffd515576fb835ffc8f67461e5.sdkstatcache -output-file-map /Users/admin/builder/spi-builder-workspace/.derivedData/Build/Intermediates.noindex/DCLib.build/Debug-appletvos/DominantColors-t.build/Objects-normal/arm64/DominantColors-OutputFileMap.json -save-temps -no-color-diagnostics -explicit-module-build -module-cache-path /Users/admin/builder/spi-builder-workspace/.derivedData/Build/Intermediates.noindex/SwiftExplicitPrecompiledModules -clang-scanner-module-cache-path /Users/admin/builder/spi-builder-workspace/.derivedData/ModuleCache.noindex -sdk-module-cache-path /Users/admin/builder/spi-builder-workspace/.derivedData/SDKExplicitPrecompiledModules -emit-dependencies -emit-module -emit-module-path /Users/admin/builder/spi-builder-workspace/.derivedData/Build/Intermediates.noindex/DCLib.build/Debug-appletvos/DominantColors-t.build/Objects-normal/arm64/DominantColors.swiftmodule -serialize-diagnostics -dependency-scan-serialize-diagnostics-path /Users/admin/builder/spi-builder-workspace/.derivedData/Build/Intermediates.noindex/DCLib.build/Debug-appletvos/DominantColors-t.build/Objects-normal/arm64/DominantColors-dependency-scan.dia -validate-clang-modules-once -clang-build-session-file /Users/admin/builder/spi-builder-workspace/.derivedData/ModuleCache.noindex/Session.modulevalidation -Xcc -fmodules-prune-interval\=86400 -Xcc -fmodules-prune-after\=345600 -package-name dominantcolors -emit-const-values -const-gather-protocols-list /Users/admin/builder/spi-builder-workspace/.derivedData/Build/Intermediates.noindex/DCLib.build/Debug-appletvos/DominantColors-t.build/Objects-normal/arm64/DominantColors_const_extract_protocols.json -Xcc -I/Users/admin/builder/spi-builder-workspace/.derivedData/Build/Products/Debug-appletvos/include -Xcc -I/Users/admin/builder/spi-builder-workspace/.derivedData/Build/Intermediates.noindex/DCLib.build/Debug-appletvos/DominantColors-t.build/DerivedSources-normal/arm64 -Xcc -I/Users/admin/builder/spi-builder-workspace/.derivedData/Build/Intermediates.noindex/DCLib.build/Debug-appletvos/DominantColors-t.build/DerivedSources/arm64 -Xcc -I/Users/admin/builder/spi-builder-workspace/.derivedData/Build/Intermediates.noindex/DCLib.build/Debug-appletvos/DominantColors-t.build/DerivedSources -Xcc -DSWIFT_PACKAGE -Xcc -DDEBUG\=1 -emit-objc-header -emit-objc-header-path /Users/admin/builder/spi-builder-workspace/.derivedData/Build/Intermediates.noindex/DCLib.build/Debug-appletvos/DominantColors-t.build/Objects-normal/arm64/DominantColors-Swift.h -working-directory /Users/admin/builder/spi-builder-workspace/.swiftpm/xcode -experimental-emit-module-separately -disable-cmo
SwiftCompile normal arm64 Compiling\ WebPAnimatedEncoder.swift,\ WebPDecoder+Platform.swift /Users/admin/builder/spi-builder-workspace/.dependencies/checkouts/webp.swift/Sources/webp/WebPAnimatedEncoder.swift /Users/admin/builder/spi-builder-workspace/.dependencies/checkouts/webp.swift/Sources/webp/WebPDecoder+Platform.swift (in target 'webp' from project 'webp')
/Users/admin/builder/spi-builder-workspace/.dependencies/checkouts/webp.swift/Sources/webp/WebPAnimatedEncoder.swift:52:27: error: cannot find 'convertUIImageToCGImageWithRGBA' in scope
50 | }
51 |
52 | let cgImage = try convertUIImageToCGImageWithRGBA(image)
| `- error: cannot find 'convertUIImageToCGImageWithRGBA' in scope
53 | let stride = cgImage.bytesPerRow
54 | let address = try cgImage.getBaseAddress()
/Users/admin/builder/spi-builder-workspace/.dependencies/checkouts/webp.swift/Sources/webp/WebPDecoder+Platform.swift:50:36: error: no exact matches in call to instance method 'decode'
48 | extension WebPDecoder {
49 | public func decode(toImage webPData: Data, options: WebpDecoderOptions) throws -> WebPPlatformImage {
50 | let cgImage: CGImage = try decode(webPData, options: options)
| `- error: no exact matches in call to instance method 'decode'
51 | #if os(iOS)
52 | return WebPPlatformImage(cgImage: cgImage)
/Users/admin/builder/spi-builder-workspace/.dependencies/checkouts/webp.swift/Sources/webp/WebPDecoder.swift:22:17: note: incorrect labels for candidate (have: '(_:options:)', expected: '(byRGB:options:)')
20 | }
21 |
22 | public func decode(byRGB webPData: Data, options: WebpDecoderOptions) throws -> Data {
| `- note: incorrect labels for candidate (have: '(_:options:)', expected: '(byRGB:options:)')
23 | var config = makeConfig(options, .RGB)
24 | try decode(webPData, config: &config)
:
29 | }
30 |
31 | public func decode(byRGBA webPData: Data, options: WebpDecoderOptions) throws -> Data {
| `- note: incorrect labels for candidate (have: '(_:options:)', expected: '(byRGBA:options:)')
32 | var config = makeConfig(options, .RGBA)
33 | try decode(webPData, config: &config)
:
48 | }
49 |
50 | public func decode(byBGRA webPData: Data, options: WebpDecoderOptions) throws -> Data {
| `- note: incorrect labels for candidate (have: '(_:options:)', expected: '(byBGRA:options:)')
51 | var config = makeConfig(options, .BGRA)
52 | try decode(webPData, config: &config)
:
57 | }
58 |
59 | public func decode(byARGB webPData: Data, options: WebpDecoderOptions) throws -> Data {
| `- note: incorrect labels for candidate (have: '(_:options:)', expected: '(byARGB:options:)')
60 | var config = makeConfig(options, .ARGB)
61 | try decode(webPData, config: &config)
:
66 | }
67 |
68 | public func decode(byRGBA4444 webPData: Data, options: WebpDecoderOptions) throws -> Data {
| `- note: incorrect labels for candidate (have: '(_:options:)', expected: '(byRGBA4444:options:)')
69 |
70 | var config = makeConfig(options, .RGBA4444)
:
76 | }
77 |
78 | public func decode(byRGB565 webPData: Data, options: WebpDecoderOptions) throws -> Data {
| `- note: incorrect labels for candidate (have: '(_:options:)', expected: '(byRGB565:options:)')
79 | var config = makeConfig(options, .RGB565)
80 | try decode(webPData, config: &config)
:
85 | }
86 |
87 | public func decode(byrgbA webPData: Data, options: WebpDecoderOptions) throws -> Data {
| `- note: incorrect labels for candidate (have: '(_:options:)', expected: '(byrgbA:options:)')
88 | var config = makeConfig(options, .rgbA)
89 | try decode(webPData, config: &config)
:
94 | }
95 |
96 | public func decode(bybgrA webPData: Data, options: WebpDecoderOptions) throws -> Data {
| `- note: incorrect labels for candidate (have: '(_:options:)', expected: '(bybgrA:options:)')
97 | var config = makeConfig(options, .bgrA)
98 | try decode(webPData, config: &config)
:
103 | }
104 |
105 | public func decode(byArgb webPData: Data, options: WebpDecoderOptions) throws -> Data {
| `- note: incorrect labels for candidate (have: '(_:options:)', expected: '(byArgb:options:)')
106 | var config = makeConfig(options, .Argb)
107 | try decode(webPData, config: &config)
:
112 | }
113 |
114 | public func decode(byrgbA4444 webPData: Data, options: WebpDecoderOptions) throws -> Data {
| `- note: incorrect labels for candidate (have: '(_:options:)', expected: '(byrgbA4444:options:)')
115 | var config = makeConfig(options, .rgbA4444)
116 | try decode(webPData, config: &config)
:
121 | }
122 |
123 | public func decode(byYUV webPData: Data, options: WebpDecoderOptions) throws -> Data {
| `- note: incorrect labels for candidate (have: '(_:options:)', expected: '(byYUV:options:)')
124 | fatalError("didn't implement this yet")
125 | }
126 |
127 | public func decode(byYUVA webPData: Data, options: WebpDecoderOptions) throws -> Data {
| `- note: incorrect labels for candidate (have: '(_:options:)', expected: '(byYUVA:options:)')
128 | fatalError("didn't implement this yet")
129 | }
/Users/admin/builder/spi-builder-workspace/.dependencies/checkouts/webp.swift/Sources/webp/WebPDecoder+Platform.swift:50:36: error: cannot convert value of type 'Data' to specified type 'CGImage'
48 | extension WebPDecoder {
49 | public func decode(toImage webPData: Data, options: WebpDecoderOptions) throws -> WebPPlatformImage {
50 | let cgImage: CGImage = try decode(webPData, options: options)
| `- error: cannot convert value of type 'Data' to specified type 'CGImage'
51 | #if os(iOS)
52 | return WebPPlatformImage(cgImage: cgImage)
/Users/admin/builder/spi-builder-workspace/.dependencies/checkouts/webp.swift/Sources/webp/WebPDecoder+Platform.swift:54:58: error: cannot find 'NSSize' in scope
52 | return WebPPlatformImage(cgImage: cgImage)
53 | #else
54 | return WebPPlatformImage(cgImage: cgImage, size: NSSize(width: cgImage.width, height: cgImage.height))
| `- error: cannot find 'NSSize' in scope
55 | #endif
56 | }
/Users/admin/builder/spi-builder-workspace/.dependencies/checkouts/webp.swift/Sources/webp/WebPDecoder+Platform.swift:54:58: error: extra argument 'size' in call
52 | return WebPPlatformImage(cgImage: cgImage)
53 | #else
54 | return WebPPlatformImage(cgImage: cgImage, size: NSSize(width: cgImage.width, height: cgImage.height))
| `- error: extra argument 'size' in call
55 | #endif
56 | }
Failed frontend command:
/Applications/Xcode-27.0.0.app/Contents/Developer/Toolchains/XcodeDefault.xctoolchain/usr/bin/swift-frontend -frontend -c /Users/admin/builder/spi-builder-workspace/.dependencies/checkouts/webp.swift/Sources/webp/CGImage+Util.swift /Users/admin/builder/spi-builder-workspace/.dependencies/checkouts/webp.swift/Sources/webp/InternalRawRepresentable.swift -primary-file /Users/admin/builder/spi-builder-workspace/.dependencies/checkouts/webp.swift/Sources/webp/WebPAnimatedEncoder.swift -primary-file /Users/admin/builder/spi-builder-workspace/.dependencies/checkouts/webp.swift/Sources/webp/WebPDecoder+Platform.swift /Users/admin/builder/spi-builder-workspace/.dependencies/checkouts/webp.swift/Sources/webp/WebPDecoder.swift /Users/admin/builder/spi-builder-workspace/.dependencies/checkouts/webp.swift/Sources/webp/WebPDecoderConfig.swift /Users/admin/builder/spi-builder-workspace/.dependencies/checkouts/webp.swift/Sources/webp/WebPEncoder+CGImage.swift /Users/admin/builder/spi-builder-workspace/.dependencies/checkouts/webp.swift/Sources/webp/WebPEncoder+Platform.swift /Users/admin/builder/spi-builder-workspace/.dependencies/checkouts/webp.swift/Sources/webp/WebPEncoder.swift /Users/admin/builder/spi-builder-workspace/.dependencies/checkouts/webp.swift/Sources/webp/WebPEncoderConfig.swift /Users/admin/builder/spi-builder-workspace/.dependencies/checkouts/webp.swift/Sources/webp/WebPError.swift /Users/admin/builder/spi-builder-workspace/.dependencies/checkouts/webp.swift/Sources/webp/WebPImageInspector.swift -emit-dependencies-path /Users/admin/builder/spi-builder-workspace/.derivedData/Build/Intermediates.noindex/webp.build/Debug-appletvos/webp-t.build/Objects-normal/arm64/WebPAnimatedEncoder.d -emit-const-values-path /Users/admin/builder/spi-builder-workspace/.derivedData/Build/Intermediates.noindex/webp.build/Debug-appletvos/webp-t.build/Objects-normal/arm64/WebPAnimatedEncoder.swiftconstvalues -emit-reference-dependencies-path /Users/admin/builder/spi-builder-workspace/.derivedData/Build/Intermediates.noindex/webp.build/Debug-appletvos/webp-t.build/Objects-normal/arm64/WebPAnimatedEncoder.swiftdeps -serialize-diagnostics-path /Users/admin/builder/spi-builder-workspace/.derivedData/Build/Intermediates.noindex/webp.build/Debug-appletvos/webp-t.build/Objects-normal/arm64/WebPAnimatedEncoder.dia -emit-dependencies-path /Users/admin/builder/spi-builder-workspace/.derivedData/Build/Intermediates.noindex/webp.build/Debug-appletvos/webp-t.build/Objects-normal/arm64/WebPDecoder+Platform.d -emit-const-values-path /Users/admin/builder/spi-builder-workspace/.derivedData/Build/Intermediates.noindex/webp.build/Debug-appletvos/webp-t.build/Objects-normal/arm64/WebPDecoder+Platform.swiftconstvalues -emit-reference-dependencies-path /Users/admin/builder/spi-builder-workspace/.derivedData/Build/Intermediates.noindex/webp.build/Debug-appletvos/webp-t.build/Objects-normal/arm64/WebPDecoder+Platform.swiftdeps -serialize-diagnostics-path /Users/admin/builder/spi-builder-workspace/.derivedData/Build/Intermediates.noindex/webp.build/Debug-appletvos/webp-t.build/Objects-normal/arm64/WebPDecoder+Platform.dia -target arm64-apple-tvos15.0 -module-can-import-version CoreGraphics 2049 2049.0.0 -disable-cross-import-overlay-search -load-resolved-plugin /Applications/Xcode-27.0.0.app/Contents/Developer/Platforms/AppleTVOS.platform/Developer/usr/lib/swift/host/plugins/libFoundationMacros.dylib\#/Applications/Xcode-27.0.0.app/Contents/Developer/Platforms/AppleTVOS.platform/Developer/usr/bin/swift-plugin-server\#FoundationMacros -load-resolved-plugin /Applications/Xcode-27.0.0.app/Contents/Developer/Platforms/AppleTVOS.platform/Developer/usr/lib/swift/host/plugins/libObservationMacros.dylib\#/Applications/Xcode-27.0.0.app/Contents/Developer/Platforms/AppleTVOS.platform/Developer/usr/bin/swift-plugin-server\#ObservationMacros -load-resolved-plugin /Applications/Xcode-27.0.0.app/Contents/Developer/Platforms/AppleTVOS.platform/Developer/usr/lib/swift/host/plugins/libPreviewsMacros.dylib\#/Applications/Xcode-27.0.0.app/Contents/Developer/Platforms/AppleTVOS.platform/Developer/usr/bin/swift-plugin-server\#PreviewsMacros -load-resolved-plugin /Applications/Xcode-27.0.0.app/Contents/Developer/Platforms/AppleTVOS.platform/Developer/usr/lib/swift/host/plugins/libSwiftMacros.dylib\#/Applications/Xcode-27.0.0.app/Contents/Developer/Platforms/AppleTVOS.platform/Developer/usr/bin/swift-plugin-server\#SwiftMacros -load-resolved-plugin /Applications/Xcode-27.0.0.app/Contents/Developer/Platforms/AppleTVOS.platform/Developer/usr/lib/swift/host/plugins/libSwiftUIMacros.dylib\#/Applications/Xcode-27.0.0.app/Contents/Developer/Platforms/AppleTVOS.platform/Developer/usr/bin/swift-plugin-server\#SwiftUIMacros -disable-implicit-swift-modules -Xcc -fno-implicit-modules -Xcc -fno-implicit-module-maps -explicit-swift-module-map-file /Users/admin/builder/spi-builder-workspace/.derivedData/Build/Intermediates.noindex/webp.build/Debug-appletvos/webp-t.build/Objects-normal/arm64/webp-dependencies-1.json -Xllvm -aarch64-use-tbi -enable-objc-interop -stack-check -sdk /Applications/Xcode-27.0.0.app/Contents/Developer/Platforms/AppleTVOS.platform/Developer/SDKs/AppleTVOS27.0.sdk -I /Users/admin/builder/spi-builder-workspace/.derivedData/Build/Products/Debug-appletvos -Isystem /Applications/Xcode-27.0.0.app/Contents/Developer/Platforms/AppleTVOS.platform/Developer/usr/lib -F /Users/admin/builder/spi-builder-workspace/.derivedData/Build/Products/Debug-appletvos/PackageFrameworks -F /Users/admin/builder/spi-builder-workspace/.derivedData/Build/Products/Debug-appletvos -F /Applications/Xcode-27.0.0.app/Contents/Developer/Platforms/AppleTVOS.platform/Developer/Library/Frameworks -F /Applications/Xcode-27.0.0.app/Contents/Developer/Platforms/AppleTVOS.platform/Developer/SDKs/AppleTVOS27.0.sdk/Developer/Library/Frameworks -module-cache-path /Users/admin/builder/spi-builder-workspace/.derivedData/Build/Intermediates.noindex/SwiftExplicitPrecompiledModules -no-color-diagnostics -Xcc -fno-color-diagnostics -enable-testing -g -debug-info-format\=dwarf -dwarf-version\=4 -suppress-warnings -profile-generate -profile-coverage-mapping -swift-version 5 -Onone -D SWIFT_PACKAGE -D DEBUG -D SWIFT_MODULE_RESOURCE_BUNDLE_UNAVAILABLE -D Xcode -serialize-debugging-options -enable-experimental-feature DebugDescriptionMacro -empty-abi-descriptor -validate-clang-modules-once -clang-build-session-file /Users/admin/builder/spi-builder-workspace/.derivedData/ModuleCache.noindex/Session.modulevalidation -Xcc -working-directory -Xcc /Users/admin/builder/spi-builder-workspace/.swiftpm/xcode -enable-anonymous-context-mangled-names -file-compilation-dir /Users/admin/builder/spi-builder-workspace/.swiftpm/xcode -Xcc -fmodule-map-file\=/Users/admin/builder/spi-builder-workspace/.dependencies/checkouts/webp.swift/Sources/webpbridge/include/module.modulemap -Xcc -D_LIBCPP_HARDENING_MODE\=_LIBCPP_HARDENING_MODE_DEBUG -Xcc -ivfsstatcache -Xcc /Users/admin/builder/spi-builder-workspace/.derivedData/SDKStatCaches.noindex/appletvos27.0-24J360-e829b21a6f8c9b70876ba0858053c044509235ffd515576fb835ffc8f67461e5.sdkstatcache -Xcc -fmodules-prune-interval\=86400 -Xcc -fmodules-prune-after\=345600 -Xcc -I/Users/admin/builder/spi-builder-workspace/.dependencies/checkouts/webp.swift/Sources/webpbridge/include -Xcc -I/Users/admin/builder/spi-builder-workspace/.derivedData/Build/Products/Debug-appletvos/include -Xcc -I/Users/admin/builder/spi-builder-workspace/.derivedData/Build/Intermediates.noindex/webp.build/Debug-appletvos/webp-t.build/DerivedSources-normal/arm64 -Xcc -I/Users/admin/builder/spi-builder-workspace/.derivedData/Build/Intermediates.noindex/webp.build/Debug-appletvos/webp-t.build/DerivedSources/arm64 -Xcc -I/Users/admin/builder/spi-builder-workspace/.derivedData/Build/Intermediates.noindex/webp.build/Debug-appletvos/webp-t.build/DerivedSources -Xcc -DSWIFT_PACKAGE -Xcc -DDEBUG\=1 -no-auto-bridging-header-chaining -module-name webp -const-gather-protocols-file /Users/admin/builder/spi-builder-workspace/.derivedData/Build/Intermediates.noindex/webp.build/Debug-appletvos/webp-t.build/Objects-normal/arm64/webp_const_extract_protocols.json -disable-clang-spi -clang-target arm64-apple-tvos27.0 -target-sdk-version 27.0 -target-sdk-name appletvos27.0 -in-process-plugin-server-path /Applications/Xcode-27.0.0.app/Contents/Developer/Toolchains/XcodeDefault.xctoolchain/usr/lib/swift/host/libSwiftInProcPluginServer.dylib -parse-as-library -o /Users/admin/builder/spi-builder-workspace/.derivedData/Build/Intermediates.noindex/webp.build/Debug-appletvos/webp-t.build/Objects-normal/arm64/WebPAnimatedEncoder.o -o /Users/admin/builder/spi-builder-workspace/.derivedData/Build/Intermediates.noindex/webp.build/Debug-appletvos/webp-t.build/Objects-normal/arm64/WebPDecoder+Platform.o -debug-module-path /Users/admin/builder/spi-builder-workspace/.derivedData/Build/Intermediates.noindex/webp.build/Debug-appletvos/webp-t.build/Objects-normal/arm64/webp.swiftmodule -index-unit-output-path /webp.build/Debug-appletvos/webp-t.build/Objects-normal/arm64/WebPAnimatedEncoder.o -index-unit-output-path /webp.build/Debug-appletvos/webp-t.build/Objects-normal/arm64/WebPDecoder+Platform.o -index-store-path /Users/admin/builder/spi-builder-workspace/.derivedData/Index.noindex/DataStore -index-system-modules
SwiftCompile normal arm64 /Users/admin/builder/spi-builder-workspace/.dependencies/checkouts/webp.swift/Sources/webp/WebPAnimatedEncoder.swift (in target 'webp' from project 'webp')
cd /Users/admin/builder/spi-builder-workspace/.swiftpm/xcode
builtin-SwiftPerFileCompile WebPAnimatedEncoder.swift
SwiftCompile normal arm64 /Users/admin/builder/spi-builder-workspace/.dependencies/checkouts/webp.swift/Sources/webp/WebPDecoder+Platform.swift (in target 'webp' from project 'webp')
cd /Users/admin/builder/spi-builder-workspace/.swiftpm/xcode
builtin-SwiftPerFileCompile WebPDecoder+Platform.swift
SwiftMergeGeneratedHeaders /Users/admin/builder/spi-builder-workspace/.derivedData/Build/Intermediates.noindex/GeneratedModuleMaps-appletvos/DominantColors-Swift.h /Users/admin/builder/spi-builder-workspace/.derivedData/Build/Intermediates.noindex/DCLib.build/Debug-appletvos/DominantColors-t.build/Objects-normal/arm64/DominantColors-Swift.h (in target 'DominantColors' from project 'DCLib')
cd /Users/admin/builder/spi-builder-workspace/.dependencies/checkouts/DominantColors
builtin-swiftHeaderTool -arch arm64 /Users/admin/builder/spi-builder-workspace/.derivedData/Build/Intermediates.noindex/DCLib.build/Debug-appletvos/DominantColors-t.build/Objects-normal/arm64/DominantColors-Swift.h -o /Users/admin/builder/spi-builder-workspace/.derivedData/Build/Intermediates.noindex/GeneratedModuleMaps-appletvos/DominantColors-Swift.h
SwiftDriverJobDiscovery normal arm64 Compiling ExportSession+Error.swift (in target 'SJSAssetExportSession' from project 'SJSAssetExportSession')
Copy /Users/admin/builder/spi-builder-workspace/.derivedData/Build/Products/Debug-appletvos/DominantColors.swiftmodule/arm64-apple-tvos.swiftmodule /Users/admin/builder/spi-builder-workspace/.derivedData/Build/Intermediates.noindex/DCLib.build/Debug-appletvos/DominantColors-t.build/Objects-normal/arm64/DominantColors.swiftmodule (in target 'DominantColors' from project 'DCLib')
cd /Users/admin/builder/spi-builder-workspace/.dependencies/checkouts/DominantColors
builtin-copy -exclude .DS_Store -exclude CVS -exclude .svn -exclude .git -exclude .hg -resolve-src-symlinks -rename /Users/admin/builder/spi-builder-workspace/.derivedData/Build/Intermediates.noindex/DCLib.build/Debug-appletvos/DominantColors-t.build/Objects-normal/arm64/DominantColors.swiftmodule /Users/admin/builder/spi-builder-workspace/.derivedData/Build/Products/Debug-appletvos/DominantColors.swiftmodule/arm64-apple-tvos.swiftmodule
Copy /Users/admin/builder/spi-builder-workspace/.derivedData/Build/Products/Debug-appletvos/DominantColors.swiftmodule/arm64-apple-tvos.swiftdoc /Users/admin/builder/spi-builder-workspace/.derivedData/Build/Intermediates.noindex/DCLib.build/Debug-appletvos/DominantColors-t.build/Objects-normal/arm64/DominantColors.swiftdoc (in target 'DominantColors' from project 'DCLib')
cd /Users/admin/builder/spi-builder-workspace/.dependencies/checkouts/DominantColors
builtin-copy -exclude .DS_Store -exclude CVS -exclude .svn -exclude .git -exclude .hg -resolve-src-symlinks -rename /Users/admin/builder/spi-builder-workspace/.derivedData/Build/Intermediates.noindex/DCLib.build/Debug-appletvos/DominantColors-t.build/Objects-normal/arm64/DominantColors.swiftdoc /Users/admin/builder/spi-builder-workspace/.derivedData/Build/Products/Debug-appletvos/DominantColors.swiftmodule/arm64-apple-tvos.swiftdoc
Copy /Users/admin/builder/spi-builder-workspace/.derivedData/Build/Products/Debug-appletvos/DominantColors.swiftmodule/arm64-apple-tvos.abi.json /Users/admin/builder/spi-builder-workspace/.derivedData/Build/Intermediates.noindex/DCLib.build/Debug-appletvos/DominantColors-t.build/Objects-normal/arm64/DominantColors.abi.json (in target 'DominantColors' from project 'DCLib')
cd /Users/admin/builder/spi-builder-workspace/.dependencies/checkouts/DominantColors
builtin-copy -exclude .DS_Store -exclude CVS -exclude .svn -exclude .git -exclude .hg -resolve-src-symlinks -rename /Users/admin/builder/spi-builder-workspace/.derivedData/Build/Intermediates.noindex/DCLib.build/Debug-appletvos/DominantColors-t.build/Objects-normal/arm64/DominantColors.abi.json /Users/admin/builder/spi-builder-workspace/.derivedData/Build/Products/Debug-appletvos/DominantColors.swiftmodule/arm64-apple-tvos.abi.json
Copy /Users/admin/builder/spi-builder-workspace/.derivedData/Build/Products/Debug-appletvos/DominantColors.swiftmodule/Project/arm64-apple-tvos.swiftsourceinfo /Users/admin/builder/spi-builder-workspace/.derivedData/Build/Intermediates.noindex/DCLib.build/Debug-appletvos/DominantColors-t.build/Objects-normal/arm64/DominantColors.swiftsourceinfo (in target 'DominantColors' from project 'DCLib')
cd /Users/admin/builder/spi-builder-workspace/.dependencies/checkouts/DominantColors
builtin-copy -exclude .DS_Store -exclude CVS -exclude .svn -exclude .git -exclude .hg -resolve-src-symlinks -rename /Users/admin/builder/spi-builder-workspace/.derivedData/Build/Intermediates.noindex/DCLib.build/Debug-appletvos/DominantColors-t.build/Objects-normal/arm64/DominantColors.swiftsourceinfo /Users/admin/builder/spi-builder-workspace/.derivedData/Build/Products/Debug-appletvos/DominantColors.swiftmodule/Project/arm64-apple-tvos.swiftsourceinfo
SwiftCompile normal arm64 Compiling\ WebPError.swift /Users/admin/builder/spi-builder-workspace/.dependencies/checkouts/webp.swift/Sources/webp/WebPError.swift (in target 'webp' from project 'webp')
SwiftCompile normal arm64 /Users/admin/builder/spi-builder-workspace/.dependencies/checkouts/webp.swift/Sources/webp/WebPError.swift (in target 'webp' from project 'webp')
cd /Users/admin/builder/spi-builder-workspace/.swiftpm/xcode
builtin-SwiftPerFileCompile WebPError.swift
SwiftCompile normal arm64 Compiling\ WebPEncoder.swift /Users/admin/builder/spi-builder-workspace/.dependencies/checkouts/webp.swift/Sources/webp/WebPEncoder.swift (in target 'webp' from project 'webp')
SwiftCompile normal arm64 /Users/admin/builder/spi-builder-workspace/.dependencies/checkouts/webp.swift/Sources/webp/WebPEncoder.swift (in target 'webp' from project 'webp')
cd /Users/admin/builder/spi-builder-workspace/.swiftpm/xcode
builtin-SwiftPerFileCompile WebPEncoder.swift
SwiftDriverJobDiscovery normal arm64 Compiling WebPError.swift (in target 'webp' from project 'webp')
SwiftCompile normal arm64 Compiling\ WebPImageInspector.swift /Users/admin/builder/spi-builder-workspace/.dependencies/checkouts/webp.swift/Sources/webp/WebPImageInspector.swift (in target 'webp' from project 'webp')
SwiftCompile normal arm64 /Users/admin/builder/spi-builder-workspace/.dependencies/checkouts/webp.swift/Sources/webp/WebPImageInspector.swift (in target 'webp' from project 'webp')
cd /Users/admin/builder/spi-builder-workspace/.swiftpm/xcode
builtin-SwiftPerFileCompile WebPImageInspector.swift
SwiftDriverJobDiscovery normal arm64 Compiling CMTime+seconds.swift (in target 'SJSAssetExportSession' from project 'SJSAssetExportSession')
SwiftDriverJobDiscovery normal arm64 Compiling VideoFrame.swift (in target 'SJSAssetExportSession' from project 'SJSAssetExportSession')
SwiftCompile normal arm64 Compiling\ WebPEncoder+CGImage.swift /Users/admin/builder/spi-builder-workspace/.dependencies/checkouts/webp.swift/Sources/webp/WebPEncoder+CGImage.swift (in target 'webp' from project 'webp')
SwiftCompile normal arm64 /Users/admin/builder/spi-builder-workspace/.dependencies/checkouts/webp.swift/Sources/webp/WebPEncoder+CGImage.swift (in target 'webp' from project 'webp')
cd /Users/admin/builder/spi-builder-workspace/.swiftpm/xcode
builtin-SwiftPerFileCompile WebPEncoder+CGImage.swift
SwiftCompile normal arm64 Compiling\ WebPEncoderConfig.swift /Users/admin/builder/spi-builder-workspace/.dependencies/checkouts/webp.swift/Sources/webp/WebPEncoderConfig.swift (in target 'webp' from project 'webp')
SwiftCompile normal arm64 /Users/admin/builder/spi-builder-workspace/.dependencies/checkouts/webp.swift/Sources/webp/WebPEncoderConfig.swift (in target 'webp' from project 'webp')
cd /Users/admin/builder/spi-builder-workspace/.swiftpm/xcode
builtin-SwiftPerFileCompile WebPEncoderConfig.swift
SwiftDriverJobDiscovery normal arm64 Compiling AudioOutputSettings.swift (in target 'SJSAssetExportSession' from project 'SJSAssetExportSession')
SwiftDriverJobDiscovery normal arm64 Compiling VideoFrameSource.swift (in target 'SJSAssetExportSession' from project 'SJSAssetExportSession')
SwiftCompile normal arm64 Compiling\ CGImage+Util.swift,\ InternalRawRepresentable.swift /Users/admin/builder/spi-builder-workspace/.dependencies/checkouts/webp.swift/Sources/webp/CGImage+Util.swift /Users/admin/builder/spi-builder-workspace/.dependencies/checkouts/webp.swift/Sources/webp/InternalRawRepresentable.swift (in target 'webp' from project 'webp')
SwiftCompile normal arm64 /Users/admin/builder/spi-builder-workspace/.dependencies/checkouts/webp.swift/Sources/webp/CGImage+Util.swift (in target 'webp' from project 'webp')
cd /Users/admin/builder/spi-builder-workspace/.swiftpm/xcode
builtin-SwiftPerFileCompile CGImage+Util.swift
SwiftCompile normal arm64 /Users/admin/builder/spi-builder-workspace/.dependencies/checkouts/webp.swift/Sources/webp/InternalRawRepresentable.swift (in target 'webp' from project 'webp')
cd /Users/admin/builder/spi-builder-workspace/.swiftpm/xcode
builtin-SwiftPerFileCompile InternalRawRepresentable.swift
SwiftDriverJobDiscovery normal arm64 Compiling ExportSession.swift (in target 'SJSAssetExportSession' from project 'SJSAssetExportSession')
SwiftCompile normal arm64 Compiling\ WebPDecoder.swift /Users/admin/builder/spi-builder-workspace/.dependencies/checkouts/webp.swift/Sources/webp/WebPDecoder.swift (in target 'webp' from project 'webp')
SwiftCompile normal arm64 /Users/admin/builder/spi-builder-workspace/.dependencies/checkouts/webp.swift/Sources/webp/WebPDecoder.swift (in target 'webp' from project 'webp')
cd /Users/admin/builder/spi-builder-workspace/.swiftpm/xcode
builtin-SwiftPerFileCompile WebPDecoder.swift
SwiftCompile normal arm64 Compiling\ WebPEncoder+Platform.swift /Users/admin/builder/spi-builder-workspace/.dependencies/checkouts/webp.swift/Sources/webp/WebPEncoder+Platform.swift (in target 'webp' from project 'webp')
SwiftCompile normal arm64 /Users/admin/builder/spi-builder-workspace/.dependencies/checkouts/webp.swift/Sources/webp/WebPEncoder+Platform.swift (in target 'webp' from project 'webp')
cd /Users/admin/builder/spi-builder-workspace/.swiftpm/xcode
builtin-SwiftPerFileCompile WebPEncoder+Platform.swift
SwiftDriverJobDiscovery normal arm64 Compiling VideoOutputSettings.swift (in target 'SJSAssetExportSession' from project 'SJSAssetExportSession')
SwiftDriverJobDiscovery normal arm64 Compiling WebPEncoder+CGImage.swift (in target 'webp' from project 'webp')
SwiftCompile normal arm64 Compiling\ RGB.swift,\ RGB255.swift,\ XYZ.swift,\ ComplementaryColor.swift /Users/admin/builder/spi-builder-workspace/.dependencies/checkouts/DominantColors/Sources/DominantColors/Colors/RGB.swift /Users/admin/builder/spi-builder-workspace/.dependencies/checkouts/DominantColors/Sources/DominantColors/Colors/RGB255.swift /Users/admin/builder/spi-builder-workspace/.dependencies/checkouts/DominantColors/Sources/DominantColors/Colors/XYZ.swift /Users/admin/builder/spi-builder-workspace/.dependencies/checkouts/DominantColors/Sources/DominantColors/ComplementaryColor.swift (in target 'DominantColors' from project 'DCLib')
SwiftCompile normal arm64 /Users/admin/builder/spi-builder-workspace/.dependencies/checkouts/DominantColors/Sources/DominantColors/Colors/RGB.swift (in target 'DominantColors' from project 'DCLib')
cd /Users/admin/builder/spi-builder-workspace/.swiftpm/xcode
builtin-SwiftPerFileCompile RGB.swift
SwiftCompile normal arm64 /Users/admin/builder/spi-builder-workspace/.dependencies/checkouts/DominantColors/Sources/DominantColors/Colors/RGB255.swift (in target 'DominantColors' from project 'DCLib')
cd /Users/admin/builder/spi-builder-workspace/.swiftpm/xcode
builtin-SwiftPerFileCompile RGB255.swift
SwiftCompile normal arm64 /Users/admin/builder/spi-builder-workspace/.dependencies/checkouts/DominantColors/Sources/DominantColors/Colors/XYZ.swift (in target 'DominantColors' from project 'DCLib')
cd /Users/admin/builder/spi-builder-workspace/.swiftpm/xcode
builtin-SwiftPerFileCompile XYZ.swift
SwiftCompile normal arm64 /Users/admin/builder/spi-builder-workspace/.dependencies/checkouts/DominantColors/Sources/DominantColors/ComplementaryColor.swift (in target 'DominantColors' from project 'DCLib')
cd /Users/admin/builder/spi-builder-workspace/.swiftpm/xcode
builtin-SwiftPerFileCompile ComplementaryColor.swift
SwiftDriverJobDiscovery normal arm64 Compiling SampleWriter.swift (in target 'SJSAssetExportSession' from project 'SJSAssetExportSession')
SwiftCompile normal arm64 Compiling\ DominantColors+UIColor.swift,\ DominantColors.swift,\ CGFloatExtensions.swift /Users/admin/builder/spi-builder-workspace/.dependencies/checkouts/DominantColors/Sources/DominantColors/DominantColors+UIColor.swift /Users/admin/builder/spi-builder-workspace/.dependencies/checkouts/DominantColors/Sources/DominantColors/DominantColors.swift /Users/admin/builder/spi-builder-workspace/.dependencies/checkouts/DominantColors/Sources/DominantColors/Extensions/CGFloatExtensions.swift (in target 'DominantColors' from project 'DCLib')
SwiftCompile normal arm64 /Users/admin/builder/spi-builder-workspace/.dependencies/checkouts/DominantColors/Sources/DominantColors/DominantColors+UIColor.swift (in target 'DominantColors' from project 'DCLib')
cd /Users/admin/builder/spi-builder-workspace/.swiftpm/xcode
builtin-SwiftPerFileCompile DominantColors+UIColor.swift
SwiftCompile normal arm64 /Users/admin/builder/spi-builder-workspace/.dependencies/checkouts/DominantColors/Sources/DominantColors/DominantColors.swift (in target 'DominantColors' from project 'DCLib')
cd /Users/admin/builder/spi-builder-workspace/.swiftpm/xcode
builtin-SwiftPerFileCompile DominantColors.swift
SwiftCompile normal arm64 /Users/admin/builder/spi-builder-workspace/.dependencies/checkouts/DominantColors/Sources/DominantColors/Extensions/CGFloatExtensions.swift (in target 'DominantColors' from project 'DCLib')
cd /Users/admin/builder/spi-builder-workspace/.swiftpm/xcode
builtin-SwiftPerFileCompile CGFloatExtensions.swift
SwiftDriverJobDiscovery normal arm64 Compiling WebPEncoder+Platform.swift (in target 'webp' from project 'webp')
SwiftDriver\ Compilation SJSAssetExportSession normal arm64 com.apple.xcode.tools.swift.compiler (in target 'SJSAssetExportSession' from project 'SJSAssetExportSession')
cd /Users/admin/builder/spi-builder-workspace/.swiftpm/xcode
builtin-Swift-Compilation -- /Applications/Xcode-27.0.0.app/Contents/Developer/Toolchains/XcodeDefault.xctoolchain/usr/bin/swiftc -parse-as-library -module-name SJSAssetExportSession -Onone @/Users/admin/builder/spi-builder-workspace/.derivedData/Build/Intermediates.noindex/SJSAssetExportSession.build/Debug-appletvos/SJSAssetExportSession-t.build/Objects-normal/arm64/SJSAssetExportSession.SwiftFileList -DSWIFT_PACKAGE -DDEBUG -DSWIFT_MODULE_RESOURCE_BUNDLE_UNAVAILABLE -DXcode -plugin-path /Applications/Xcode-27.0.0.app/Contents/Developer/Toolchains/XcodeDefault.xctoolchain/usr/lib/swift/host/plugins/testing -enable-experimental-feature DebugDescriptionMacro -sdk /Applications/Xcode-27.0.0.app/Contents/Developer/Platforms/AppleTVOS.platform/Developer/SDKs/AppleTVOS27.0.sdk -target arm64-apple-tvos17.0 -g -module-cache-path /Users/admin/builder/spi-builder-workspace/.derivedData/ModuleCache.noindex -Xfrontend -serialize-debugging-options -profile-coverage-mapping -profile-generate -enable-testing -suppress-warnings -index-store-path /Users/admin/builder/spi-builder-workspace/.derivedData/Index.noindex/DataStore -Xcc -D_LIBCPP_HARDENING_MODE\=_LIBCPP_HARDENING_MODE_DEBUG -swift-version 6 -I /Users/admin/builder/spi-builder-workspace/.derivedData/Build/Products/Debug-appletvos -Isystem /Applications/Xcode-27.0.0.app/Contents/Developer/Platforms/AppleTVOS.platform/Developer/usr/lib -F /Users/admin/builder/spi-builder-workspace/.derivedData/Build/Products/Debug-appletvos -F /Applications/Xcode-27.0.0.app/Contents/Developer/Platforms/AppleTVOS.platform/Developer/Library/Frameworks -F /Applications/Xcode-27.0.0.app/Contents/Developer/Platforms/AppleTVOS.platform/Developer/SDKs/AppleTVOS27.0.sdk/Developer/Library/Frameworks -c -j10 -enable-batch-mode -incremental -Xcc -ivfsstatcache -Xcc /Users/admin/builder/spi-builder-workspace/.derivedData/SDKStatCaches.noindex/appletvos27.0-24J360-e829b21a6f8c9b70876ba0858053c044509235ffd515576fb835ffc8f67461e5.sdkstatcache -output-file-map /Users/admin/builder/spi-builder-workspace/.derivedData/Build/Intermediates.noindex/SJSAssetExportSession.build/Debug-appletvos/SJSAssetExportSession-t.build/Objects-normal/arm64/SJSAssetExportSession-OutputFileMap.json -save-temps -no-color-diagnostics -explicit-module-build -module-cache-path /Users/admin/builder/spi-builder-workspace/.derivedData/Build/Intermediates.noindex/SwiftExplicitPrecompiledModules -clang-scanner-module-cache-path /Users/admin/builder/spi-builder-workspace/.derivedData/ModuleCache.noindex -sdk-module-cache-path /Users/admin/builder/spi-builder-workspace/.derivedData/SDKExplicitPrecompiledModules -emit-dependencies -emit-module -emit-module-path /Users/admin/builder/spi-builder-workspace/.derivedData/Build/Intermediates.noindex/SJSAssetExportSession.build/Debug-appletvos/SJSAssetExportSession-t.build/Objects-normal/arm64/SJSAssetExportSession.swiftmodule -serialize-diagnostics -dependency-scan-serialize-diagnostics-path /Users/admin/builder/spi-builder-workspace/.derivedData/Build/Intermediates.noindex/SJSAssetExportSession.build/Debug-appletvos/SJSAssetExportSession-t.build/Objects-normal/arm64/SJSAssetExportSession-dependency-scan.dia -user-module-version 0.5.2 -validate-clang-modules-once -clang-build-session-file /Users/admin/builder/spi-builder-workspace/.derivedData/ModuleCache.noindex/Session.modulevalidation -Xcc -fmodules-prune-interval\=86400 -Xcc -fmodules-prune-after\=345600 -package-name sjsassetexportsession -emit-const-values -const-gather-protocols-list /Users/admin/builder/spi-builder-workspace/.derivedData/Build/Intermediates.noindex/SJSAssetExportSession.build/Debug-appletvos/SJSAssetExportSession-t.build/Objects-normal/arm64/SJSAssetExportSession_const_extract_protocols.json -Xcc -I/Users/admin/builder/spi-builder-workspace/.derivedData/Build/Products/Debug-appletvos/include -Xcc -I/Users/admin/builder/spi-builder-workspace/.derivedData/Build/Intermediates.noindex/SJSAssetExportSession.build/Debug-appletvos/SJSAssetExportSession-t.build/DerivedSources-normal/arm64 -Xcc -I/Users/admin/builder/spi-builder-workspace/.derivedData/Build/Intermediates.noindex/SJSAssetExportSession.build/Debug-appletvos/SJSAssetExportSession-t.build/DerivedSources/arm64 -Xcc -I/Users/admin/builder/spi-builder-workspace/.derivedData/Build/Intermediates.noindex/SJSAssetExportSession.build/Debug-appletvos/SJSAssetExportSession-t.build/DerivedSources -Xcc -DSWIFT_PACKAGE -Xcc -DDEBUG\=1 -emit-objc-header -emit-objc-header-path /Users/admin/builder/spi-builder-workspace/.derivedData/Build/Intermediates.noindex/SJSAssetExportSession.build/Debug-appletvos/SJSAssetExportSession-t.build/Objects-normal/arm64/SJSAssetExportSession-Swift.h -working-directory /Users/admin/builder/spi-builder-workspace/.swiftpm/xcode -experimental-emit-module-separately -disable-cmo
SwiftCompile normal arm64 Compiling\ ImageFIlter.swift,\ ImageTrimAlpha.swift,\ RelativeLuminance.swift /Users/admin/builder/spi-builder-workspace/.dependencies/checkouts/DominantColors/Sources/DominantColors/ImageFIlter.swift /Users/admin/builder/spi-builder-workspace/.dependencies/checkouts/DominantColors/Sources/DominantColors/ImageTrimAlpha.swift /Users/admin/builder/spi-builder-workspace/.dependencies/checkouts/DominantColors/Sources/DominantColors/RelativeLuminance.swift (in target 'DominantColors' from project 'DCLib')
SwiftCompile normal arm64 /Users/admin/builder/spi-builder-workspace/.dependencies/checkouts/DominantColors/Sources/DominantColors/ImageFIlter.swift (in target 'DominantColors' from project 'DCLib')
cd /Users/admin/builder/spi-builder-workspace/.swiftpm/xcode
builtin-SwiftPerFileCompile ImageFIlter.swift
SwiftCompile normal arm64 /Users/admin/builder/spi-builder-workspace/.dependencies/checkouts/DominantColors/Sources/DominantColors/ImageTrimAlpha.swift (in target 'DominantColors' from project 'DCLib')
cd /Users/admin/builder/spi-builder-workspace/.swiftpm/xcode
builtin-SwiftPerFileCompile ImageTrimAlpha.swift
SwiftCompile normal arm64 /Users/admin/builder/spi-builder-workspace/.dependencies/checkouts/DominantColors/Sources/DominantColors/RelativeLuminance.swift (in target 'DominantColors' from project 'DCLib')
cd /Users/admin/builder/spi-builder-workspace/.swiftpm/xcode
builtin-SwiftPerFileCompile RelativeLuminance.swift
PruneExplicitPrecompiledModules /Users/admin/builder/spi-builder-workspace/.derivedData/SDKExplicitPrecompiledModules
PruneExplicitPrecompiledModules /Users/admin/builder/spi-builder-workspace/.derivedData/Build/Intermediates.noindex/ExplicitPrecompiledModules
PruneExplicitPrecompiledModules /Users/admin/builder/spi-builder-workspace/.derivedData/Build/Intermediates.noindex/SwiftExplicitPrecompiledModules
2026-10-27 14:43:48.257 xcodebuild[801:4871] [MT] IDERunDestination: Supported platforms for the buildables in the current scheme is empty.
** BUILD FAILED **
The following build commands failed:
SwiftCompile normal arm64 Compiling\ WebPAnimatedEncoder.swift,\ WebPDecoder+Platform.swift /Users/admin/builder/spi-builder-workspace/.dependencies/checkouts/webp.swift/Sources/webp/WebPAnimatedEncoder.swift /Users/admin/builder/spi-builder-workspace/.dependencies/checkouts/webp.swift/Sources/webp/WebPDecoder+Platform.swift (in target 'webp' from project 'webp')
SwiftCompile normal arm64 /Users/admin/builder/spi-builder-workspace/.dependencies/checkouts/webp.swift/Sources/webp/WebPAnimatedEncoder.swift (in target 'webp' from project 'webp')
SwiftCompile normal arm64 /Users/admin/builder/spi-builder-workspace/.dependencies/checkouts/webp.swift/Sources/webp/WebPDecoder+Platform.swift (in target 'webp' from project 'webp')
Building workspace MosaicKit with scheme MosaicKit-Package
(4 failures)
Command line invocation:
/Applications/Xcode-27.0.0.app/Contents/Developer/usr/bin/xcodebuild -IDEClonedSourcePackagesDirPathOverride=/Users/admin/builder/spi-builder-workspace/.dependencies -resolvePackageDependencies
Resolve Package Graph
Resolved source packages:
SJSAssetExportSession: https://github.com/samsonjs/SJSAssetExportSession.git @ 0.5.2
DCLib: https://github.com/DenDmitriev/DominantColors.git @ 1.3.0
libwebp-ios: https://github.com/awxkee/libwebp-ios.git @ 1.1.1
webp: https://github.com/awxkee/webp.swift.git @ 1.1.2
MosaicKit: /Users/admin/builder/spi-builder-workspace
resolved source packages: SJSAssetExportSession, DCLib, libwebp-ios, webp, MosaicKit
2026-10-27 14:43:56.963 xcodebuild[1012:5796] [MT] IDERunDestination: Supported platforms for the buildables in the current scheme is empty.
{
"dependencies" : [
{
"identity" : "dominantcolors",
"requirement" : {
"range" : [
{
"lower_bound" : "1.2.0",
"upper_bound" : "2.0.0"
}
]
},
"type" : "sourceControl",
"url" : "https://github.com/DenDmitriev/DominantColors.git"
},
{
"identity" : "sjsassetexportsession",
"requirement" : {
"range" : [
{
"lower_bound" : "0.4.0",
"upper_bound" : "1.0.0"
}
]
},
"type" : "sourceControl",
"url" : "https://github.com/samsonjs/SJSAssetExportSession.git"
},
{
"identity" : "webp.swift",
"requirement" : {
"range" : [
{
"lower_bound" : "1.1.2",
"upper_bound" : "2.0.0"
}
]
},
"type" : "sourceControl",
"url" : "https://github.com/awxkee/webp.swift.git"
}
],
"manifest_display_name" : "MosaicKit",
"name" : "MosaicKit",
"path" : "/Users/admin/builder/spi-builder-workspace",
"platforms" : [
{
"name" : "macos",
"version" : "26.0"
},
{
"name" : "ios",
"version" : "26.0"
},
{
"name" : "maccatalyst",
"version" : "26.0"
}
],
"products" : [
{
"name" : "MosaicKit",
"targets" : [
"MosaicKit"
],
"type" : {
"library" : [
"automatic"
]
}
},
{
"name" : "MosaicKitWebP",
"targets" : [
"MosaicKitWebP"
],
"type" : {
"library" : [
"automatic"
]
}
}
],
"targets" : [
{
"c99name" : "MosaicKitWebP",
"module_type" : "SwiftTarget",
"name" : "MosaicKitWebP",
"path" : "SourcesWebP",
"product_dependencies" : [
"webp"
],
"product_memberships" : [
"MosaicKitWebP"
],
"sources" : [
"MosaicKitWebP.swift"
],
"target_dependencies" : [
"MosaicKit"
],
"type" : "library"
},
{
"c99name" : "MosaicKitTests",
"module_type" : "SwiftTarget",
"name" : "MosaicKitTests",
"path" : "Tests/MosaicKitTests",
"resources" : [
{
"path" : "/Users/admin/builder/spi-builder-workspace/Tests/MosaicKitTests/embeddedAsset/mosaic-config-1.0.0.json",
"rule" : {
"process" : {
}
}
},
{
"path" : "/Users/admin/builder/spi-builder-workspace/Tests/MosaicKitTests/embeddedAsset/mosaic-config-1.3.2.json",
"rule" : {
"process" : {
}
}
},
{
"path" : "/Users/admin/builder/spi-builder-workspace/Tests/MosaicKitTests/embeddedAsset/mosaic-config-1.7.0.json",
"rule" : {
"process" : {
}
}
},
{
"path" : "/Users/admin/builder/spi-builder-workspace/Tests/MosaicKitTests/embeddedAsset/mosaic-config-legacy-minimal.json",
"rule" : {
"process" : {
}
}
},
{
"path" : "/Users/admin/builder/spi-builder-workspace/Tests/MosaicKitTests/embeddedAsset/preview-config-1.7.0.json",
"rule" : {
"process" : {
}
}
},
{
"path" : "/Users/admin/builder/spi-builder-workspace/Tests/MosaicKitTests/embeddedAsset/preview-config-legacy-minimal.json",
"rule" : {
"process" : {
}
}
},
{
"path" : "/Users/admin/builder/spi-builder-workspace/Tests/MosaicKitTests/embeddedAsset/rotated_portrait.mp4",
"rule" : {
"process" : {
}
}
},
{
"path" : "/Users/admin/builder/spi-builder-workspace/Tests/MosaicKitTests/embeddedAsset/test_video.mp4",
"rule" : {
"process" : {
}
}
}
],
"sources" : [
"AnimatedGifGeneratorTests.swift",
"BatchRunnerTests.swift",
"BenchmarkTests.swift",
"ColorPaletteSwatchTests.swift",
"CombinationTests.swift",
"ConfigurationInitializerTests.swift",
"ErrorTypesTests.swift",
"ExportStressTests.swift",
"ExportWatchdogTests.swift",
"FFmpegArgumentsTests.swift",
"FixedGridConfigurationTests.swift",
"FixedGridFixedAspectTests.swift",
"FixedGridLayoutTests.swift",
"FixedGridSamplingAndOverlayTests.swift",
"InputValidationRegressionTests.swift",
"LayoutProcessorTests.swift",
"LegacyConfigurationDecodingTests.swift",
"MosaicCancellationTests.swift",
"MosaicCompositionPathTests.swift",
"MosaicConfigurationTests.swift",
"MosaicGeneratorCoordinatorTests.swift",
"MosaicPipelineReliabilityTests.swift",
"OutputTransactionTests.swift",
"OverlayConfigurationTests.swift",
"OverlayProcessorTests.swift",
"PreviewCancellationTests.swift",
"PreviewCombinationTests.swift",
"PreviewConfigurationTests.swift",
"PreviewCoordinatorTests.swift",
"PreviewExportSmokeTests.swift",
"PreviewReliabilityRegressionTests.swift",
"PreviewSkipExistingTests.swift",
"PreviewVideoGeneratorTests.swift",
"ProcessScheduling.swift",
"RemoteVideoSourceTests.swift",
"RotatedSourceTests.swift",
"ThumbnailExtractionTests.swift",
"ThumbnailProcessorTests.swift",
"UnevenLayoutTests.swift",
"UnevenTilePackerTests.swift",
"VideoCodecSupportTests.swift",
"VideoDiscoveryReportTests.swift"
],
"target_dependencies" : [
"MosaicKit",
"MosaicKitWebP"
],
"type" : "test"
},
{
"c99name" : "MosaicKit",
"module_type" : "SwiftTarget",
"name" : "MosaicKit",
"path" : "Sources",
"product_dependencies" : [
"DominantColors",
"SJSAssetExportSession"
],
"product_memberships" : [
"MosaicKit",
"MosaicKitWebP"
],
"resources" : [
{
"path" : "/Users/admin/builder/spi-builder-workspace/Sources/Shaders/MetalShaders.metal",
"rule" : {
"process" : {
}
}
}
],
"sources" : [
"Models/ConfigurationValidation.swift",
"Models/DensityConfig.swift",
"Models/FFmpegEncodingOptions.swift",
"Models/FixedGridPlan.swift",
"Models/GridSpecification.swift",
"Models/LayoutConfiguration.swift",
"Models/MosaicConfiguration.swift",
"Models/MosaicLayout.swift",
"Models/OverlayConfiguration.swift",
"Models/PreviewConfiguration.swift",
"Models/PreviewExportDescription.swift",
"Models/PreviewGenerationProgress.swift",
"Models/PreviewQualityTier.swift",
"Models/ThumbnailExtraction.swift",
"Models/VideoDiscoveryReport.swift",
"Models/VideoFormat.swift",
"Models/VideoInput.swift",
"Models/VideoSource.swift",
"Processing/AnimatedGifGenerator.swift",
"Processing/GenerationJobs.swift",
"Processing/ImageFileWriter.swift",
"Processing/LayoutProcessor+FixedGrid.swift",
"Processing/LayoutProcessor+Uneven.swift",
"Processing/LayoutProcessor.swift",
"Processing/MetalImageProcessor.swift",
"Processing/MetalMosaicGenerator+Thumbnails.swift",
"Processing/MetalMosaicGenerator.swift",
"Processing/MosaicGeneratorCoordinator.swift",
"Processing/MosaicGeneratorProtocol.swift",
"Processing/OutputTransaction.swift",
"Processing/OverlayProcessor.swift",
"Processing/Preview/AppLifecycleMonitor.swift",
"Processing/Preview/ExportWatchdog.swift",
"Processing/Preview/FFmpegEncoder.swift",
"Processing/Preview/PreviewError.swift",
"Processing/Preview/PreviewGeneratorCoordinator.swift",
"Processing/Preview/PreviewVideoGenerator.swift",
"Processing/ProcessingError.swift",
"Processing/RemoteVideoSupport.swift",
"Processing/ThumbnailProcessor.swift",
"Processing/UnevenTilePacker.swift",
"Processing/VideoCodecSupport.swift",
"Processing/VideoError.swift",
"Processing/VideoMetadataExtractor.swift",
"Processing/WebPSupport.swift",
"VideoInputScanner.swift"
],
"type" : "library"
}
],
"tools_version" : "6.2"
}
{
"workspace" : {
"name" : "MosaicKit",
"schemes" : [
"DominantColors",
"DominantColorsTests",
"MosaicKit",
"MosaicKit-Package",
"MosaicKitWebP"
]
}
}
2026-10-27 14:43:58.330 xcodebuild[1020:5863] [MT] IDERunDestination: Supported platforms for the buildables in the current scheme is empty.
Running build ...
env DEVELOPER_DIR=/Applications/Xcode-27.0.0.app xcrun xcodebuild -IDEClonedSourcePackagesDirPathOverride=$PWD/.dependencies -skipMacroValidation -skipPackagePluginValidation -derivedDataPath $PWD/.derivedData build -scheme MosaicKit-Package -destination generic/platform=tvOS
Command line invocation:
/Applications/Xcode-27.0.0.app/Contents/Developer/usr/bin/xcodebuild -IDEClonedSourcePackagesDirPathOverride=/Users/admin/builder/spi-builder-workspace/.dependencies -skipMacroValidation -skipPackagePluginValidation -derivedDataPath /Users/admin/builder/spi-builder-workspace/.derivedData build -scheme MosaicKit-Package -destination generic/platform=tvOS
Resolve Package Graph
Resolved source packages:
SJSAssetExportSession: https://github.com/samsonjs/SJSAssetExportSession.git @ 0.5.2
webp: https://github.com/awxkee/webp.swift.git @ 1.1.2
MosaicKit: /Users/admin/builder/spi-builder-workspace
libwebp-ios: https://github.com/awxkee/libwebp-ios.git @ 1.1.1
DCLib: https://github.com/DenDmitriev/DominantColors.git @ 1.3.0
ComputePackagePrebuildTargetDependencyGraph
Prepare packages
CreateBuildRequest
SendProjectDescription
CreateBuildOperation
ComputeTargetDependencyGraph
note: Building targets in dependency order
note: Target dependency graph (13 targets)
Target 'MosaicKitWebP-product' in project 'MosaicKit'
➜ Explicit dependency on target 'MosaicKitWebP' in project 'MosaicKit'
➜ Explicit dependency on target 'MosaicKit' in project 'MosaicKit'
➜ Explicit dependency on target 'DominantColors-product' in project 'DCLib'
➜ Explicit dependency on target 'SJSAssetExportSession-product' in project 'SJSAssetExportSession'
➜ Explicit dependency on target 'webp-product' in project 'webp'
Target 'MosaicKitWebP' in project 'MosaicKit'
➜ Explicit dependency on target 'MosaicKit' in project 'MosaicKit'
➜ Explicit dependency on target 'DominantColors-product' in project 'DCLib'
➜ Explicit dependency on target 'SJSAssetExportSession-product' in project 'SJSAssetExportSession'
➜ Explicit dependency on target 'webp-product' in project 'webp'
Target 'webp-product' in project 'webp'
➜ Explicit dependency on target 'webp' in project 'webp'
➜ Explicit dependency on target 'webpbridge' in project 'webp'
➜ Explicit dependency on target 'libwebp-ios-product' in project 'libwebp-ios'
Target 'webp' in project 'webp'
➜ Explicit dependency on target 'webpbridge' in project 'webp'
➜ Explicit dependency on target 'libwebp-ios-product' in project 'libwebp-ios'
Target 'webpbridge' in project 'webp'
➜ Explicit dependency on target 'libwebp-ios-product' in project 'libwebp-ios'
Target 'libwebp-ios-product' in project 'libwebp-ios' (no dependencies)
Target 'MosaicKit-product' in project 'MosaicKit'
➜ Explicit dependency on target 'MosaicKit' in project 'MosaicKit'
➜ Explicit dependency on target 'MosaicKit_MosaicKit' in project 'MosaicKit'
➜ Explicit dependency on target 'DominantColors-product' in project 'DCLib'
➜ Explicit dependency on target 'SJSAssetExportSession-product' in project 'SJSAssetExportSession'
Target 'MosaicKit' in project 'MosaicKit'
➜ Explicit dependency on target 'MosaicKit_MosaicKit' in project 'MosaicKit'
➜ Explicit dependency on target 'DominantColors-product' in project 'DCLib'
➜ Explicit dependency on target 'SJSAssetExportSession-product' in project 'SJSAssetExportSession'
Target 'SJSAssetExportSession-product' in project 'SJSAssetExportSession'
➜ Explicit dependency on target 'SJSAssetExportSession' in project 'SJSAssetExportSession'
Target 'SJSAssetExportSession' in project 'SJSAssetExportSession' (no dependencies)
Target 'DominantColors-product' in project 'DCLib'
➜ Explicit dependency on target 'DominantColors' in project 'DCLib'
Target 'DominantColors' in project 'DCLib' (no dependencies)
Target 'MosaicKit_MosaicKit' in project 'MosaicKit' (no dependencies)
GatherProvisioningInputs
CreateBuildDescription
ClangStatCache /Applications/Xcode-27.0.0.app/Contents/Developer/Toolchains/XcodeDefault.xctoolchain/usr/bin/clang-stat-cache /Applications/Xcode-27.0.0.app/Contents/Developer/Platforms/AppleTVOS.platform/Developer/SDKs/AppleTVOS27.0.sdk /Users/admin/builder/spi-builder-workspace/.derivedData/SDKStatCaches.noindex/appletvos27.0-24J360-e829b21a6f8c9b70876ba0858053c044509235ffd515576fb835ffc8f67461e5.sdkstatcache
cd /Users/admin/builder/spi-builder-workspace/.swiftpm/xcode
/Applications/Xcode-27.0.0.app/Contents/Developer/Toolchains/XcodeDefault.xctoolchain/usr/bin/clang-stat-cache /Applications/Xcode-27.0.0.app/Contents/Developer/Platforms/AppleTVOS.platform/Developer/SDKs/AppleTVOS27.0.sdk -o /Users/admin/builder/spi-builder-workspace/.derivedData/SDKStatCaches.noindex/appletvos27.0-24J360-e829b21a6f8c9b70876ba0858053c044509235ffd515576fb835ffc8f67461e5.sdkstatcache
SwiftDriver webp normal arm64 com.apple.xcode.tools.swift.compiler (in target 'webp' from project 'webp')
cd /Users/admin/builder/spi-builder-workspace/.swiftpm/xcode
builtin-SwiftDriver -- /Applications/Xcode-27.0.0.app/Contents/Developer/Toolchains/XcodeDefault.xctoolchain/usr/bin/swiftc -parse-as-library -module-name webp -Onone @/Users/admin/builder/spi-builder-workspace/.derivedData/Build/Intermediates.noindex/webp.build/Debug-appletvos/webp-t.build/Objects-normal/arm64/webp.SwiftFileList -DSWIFT_PACKAGE -DDEBUG -DSWIFT_MODULE_RESOURCE_BUNDLE_UNAVAILABLE -Xcc -fmodule-map-file\=/Users/admin/builder/spi-builder-workspace/.dependencies/checkouts/webp.swift/Sources/webpbridge/include/module.modulemap -DXcode -plugin-path /Applications/Xcode-27.0.0.app/Contents/Developer/Toolchains/XcodeDefault.xctoolchain/usr/lib/swift/host/plugins/testing -enable-experimental-feature DebugDescriptionMacro -sdk /Applications/Xcode-27.0.0.app/Contents/Developer/Platforms/AppleTVOS.platform/Developer/SDKs/AppleTVOS27.0.sdk -target arm64-apple-tvos15.0 -g -module-cache-path /Users/admin/builder/spi-builder-workspace/.derivedData/ModuleCache.noindex -Xfrontend -serialize-debugging-options -profile-coverage-mapping -profile-generate -enable-testing -suppress-warnings -index-store-path /Users/admin/builder/spi-builder-workspace/.derivedData/Index.noindex/DataStore -Xcc -D_LIBCPP_HARDENING_MODE\=_LIBCPP_HARDENING_MODE_DEBUG -swift-version 5 -I /Users/admin/builder/spi-builder-workspace/.derivedData/Build/Products/Debug-appletvos -Isystem /Applications/Xcode-27.0.0.app/Contents/Developer/Platforms/AppleTVOS.platform/Developer/usr/lib -F /Users/admin/builder/spi-builder-workspace/.derivedData/Build/Products/Debug-appletvos/PackageFrameworks -F /Users/admin/builder/spi-builder-workspace/.derivedData/Build/Products/Debug-appletvos -F /Applications/Xcode-27.0.0.app/Contents/Developer/Platforms/AppleTVOS.platform/Developer/Library/Frameworks -F /Applications/Xcode-27.0.0.app/Contents/Developer/Platforms/AppleTVOS.platform/Developer/SDKs/AppleTVOS27.0.sdk/Developer/Library/Frameworks -c -j10 -enable-batch-mode -incremental -Xcc -ivfsstatcache -Xcc /Users/admin/builder/spi-builder-workspace/.derivedData/SDKStatCaches.noindex/appletvos27.0-24J360-e829b21a6f8c9b70876ba0858053c044509235ffd515576fb835ffc8f67461e5.sdkstatcache -output-file-map /Users/admin/builder/spi-builder-workspace/.derivedData/Build/Intermediates.noindex/webp.build/Debug-appletvos/webp-t.build/Objects-normal/arm64/webp-OutputFileMap.json -save-temps -no-color-diagnostics -explicit-module-build -module-cache-path /Users/admin/builder/spi-builder-workspace/.derivedData/Build/Intermediates.noindex/SwiftExplicitPrecompiledModules -clang-scanner-module-cache-path /Users/admin/builder/spi-builder-workspace/.derivedData/ModuleCache.noindex -sdk-module-cache-path /Users/admin/builder/spi-builder-workspace/.derivedData/SDKExplicitPrecompiledModules -emit-dependencies -emit-module -emit-module-path /Users/admin/builder/spi-builder-workspace/.derivedData/Build/Intermediates.noindex/webp.build/Debug-appletvos/webp-t.build/Objects-normal/arm64/webp.swiftmodule -serialize-diagnostics -dependency-scan-serialize-diagnostics-path /Users/admin/builder/spi-builder-workspace/.derivedData/Build/Intermediates.noindex/webp.build/Debug-appletvos/webp-t.build/Objects-normal/arm64/webp-dependency-scan.dia -validate-clang-modules-once -clang-build-session-file /Users/admin/builder/spi-builder-workspace/.derivedData/ModuleCache.noindex/Session.modulevalidation -Xcc -fmodules-prune-interval\=86400 -Xcc -fmodules-prune-after\=345600 -emit-const-values -const-gather-protocols-list /Users/admin/builder/spi-builder-workspace/.derivedData/Build/Intermediates.noindex/webp.build/Debug-appletvos/webp-t.build/Objects-normal/arm64/webp_const_extract_protocols.json -Xcc -I/Users/admin/builder/spi-builder-workspace/.dependencies/checkouts/webp.swift/Sources/webpbridge/include -Xcc -I/Users/admin/builder/spi-builder-workspace/.derivedData/Build/Products/Debug-appletvos/include -Xcc -I/Users/admin/builder/spi-builder-workspace/.derivedData/Build/Intermediates.noindex/webp.build/Debug-appletvos/webp-t.build/DerivedSources-normal/arm64 -Xcc -I/Users/admin/builder/spi-builder-workspace/.derivedData/Build/Intermediates.noindex/webp.build/Debug-appletvos/webp-t.build/DerivedSources/arm64 -Xcc -I/Users/admin/builder/spi-builder-workspace/.derivedData/Build/Intermediates.noindex/webp.build/Debug-appletvos/webp-t.build/DerivedSources -Xcc -DSWIFT_PACKAGE -Xcc -DDEBUG\=1 -emit-objc-header -emit-objc-header-path /Users/admin/builder/spi-builder-workspace/.derivedData/Build/Intermediates.noindex/webp.build/Debug-appletvos/webp-t.build/Objects-normal/arm64/webp-Swift.h -working-directory /Users/admin/builder/spi-builder-workspace/.swiftpm/xcode -experimental-emit-module-separately -disable-cmo
SwiftDriver DominantColors normal arm64 com.apple.xcode.tools.swift.compiler (in target 'DominantColors' from project 'DCLib')
cd /Users/admin/builder/spi-builder-workspace/.swiftpm/xcode
builtin-SwiftDriver -- /Applications/Xcode-27.0.0.app/Contents/Developer/Toolchains/XcodeDefault.xctoolchain/usr/bin/swiftc -parse-as-library -module-name DominantColors -Onone @/Users/admin/builder/spi-builder-workspace/.derivedData/Build/Intermediates.noindex/DCLib.build/Debug-appletvos/DominantColors-t.build/Objects-normal/arm64/DominantColors.SwiftFileList -DSWIFT_PACKAGE -DDEBUG -DSWIFT_MODULE_RESOURCE_BUNDLE_UNAVAILABLE -DXcode -plugin-path /Applications/Xcode-27.0.0.app/Contents/Developer/Toolchains/XcodeDefault.xctoolchain/usr/lib/swift/host/plugins/testing -enable-experimental-feature DebugDescriptionMacro -sdk /Applications/Xcode-27.0.0.app/Contents/Developer/Platforms/AppleTVOS.platform/Developer/SDKs/AppleTVOS27.0.sdk -target arm64-apple-tvos15.0 -g -module-cache-path /Users/admin/builder/spi-builder-workspace/.derivedData/ModuleCache.noindex -Xfrontend -serialize-debugging-options -profile-coverage-mapping -profile-generate -enable-testing -suppress-warnings -index-store-path /Users/admin/builder/spi-builder-workspace/.derivedData/Index.noindex/DataStore -Xcc -D_LIBCPP_HARDENING_MODE\=_LIBCPP_HARDENING_MODE_DEBUG -swift-version 5 -I /Users/admin/builder/spi-builder-workspace/.derivedData/Build/Products/Debug-appletvos -Isystem /Applications/Xcode-27.0.0.app/Contents/Developer/Platforms/AppleTVOS.platform/Developer/usr/lib -F /Users/admin/builder/spi-builder-workspace/.derivedData/Build/Products/Debug-appletvos -F /Applications/Xcode-27.0.0.app/Contents/Developer/Platforms/AppleTVOS.platform/Developer/Library/Frameworks -F /Applications/Xcode-27.0.0.app/Contents/Developer/Platforms/AppleTVOS.platform/Developer/SDKs/AppleTVOS27.0.sdk/Developer/Library/Frameworks -c -j10 -enable-batch-mode -incremental -Xcc -ivfsstatcache -Xcc /Users/admin/builder/spi-builder-workspace/.derivedData/SDKStatCaches.noindex/appletvos27.0-24J360-e829b21a6f8c9b70876ba0858053c044509235ffd515576fb835ffc8f67461e5.sdkstatcache -output-file-map /Users/admin/builder/spi-builder-workspace/.derivedData/Build/Intermediates.noindex/DCLib.build/Debug-appletvos/DominantColors-t.build/Objects-normal/arm64/DominantColors-OutputFileMap.json -save-temps -no-color-diagnostics -explicit-module-build -module-cache-path /Users/admin/builder/spi-builder-workspace/.derivedData/Build/Intermediates.noindex/SwiftExplicitPrecompiledModules -clang-scanner-module-cache-path /Users/admin/builder/spi-builder-workspace/.derivedData/ModuleCache.noindex -sdk-module-cache-path /Users/admin/builder/spi-builder-workspace/.derivedData/SDKExplicitPrecompiledModules -emit-dependencies -emit-module -emit-module-path /Users/admin/builder/spi-builder-workspace/.derivedData/Build/Intermediates.noindex/DCLib.build/Debug-appletvos/DominantColors-t.build/Objects-normal/arm64/DominantColors.swiftmodule -serialize-diagnostics -dependency-scan-serialize-diagnostics-path /Users/admin/builder/spi-builder-workspace/.derivedData/Build/Intermediates.noindex/DCLib.build/Debug-appletvos/DominantColors-t.build/Objects-normal/arm64/DominantColors-dependency-scan.dia -validate-clang-modules-once -clang-build-session-file /Users/admin/builder/spi-builder-workspace/.derivedData/ModuleCache.noindex/Session.modulevalidation -Xcc -fmodules-prune-interval\=86400 -Xcc -fmodules-prune-after\=345600 -package-name dominantcolors -emit-const-values -const-gather-protocols-list /Users/admin/builder/spi-builder-workspace/.derivedData/Build/Intermediates.noindex/DCLib.build/Debug-appletvos/DominantColors-t.build/Objects-normal/arm64/DominantColors_const_extract_protocols.json -Xcc -I/Users/admin/builder/spi-builder-workspace/.derivedData/Build/Products/Debug-appletvos/include -Xcc -I/Users/admin/builder/spi-builder-workspace/.derivedData/Build/Intermediates.noindex/DCLib.build/Debug-appletvos/DominantColors-t.build/DerivedSources-normal/arm64 -Xcc -I/Users/admin/builder/spi-builder-workspace/.derivedData/Build/Intermediates.noindex/DCLib.build/Debug-appletvos/DominantColors-t.build/DerivedSources/arm64 -Xcc -I/Users/admin/builder/spi-builder-workspace/.derivedData/Build/Intermediates.noindex/DCLib.build/Debug-appletvos/DominantColors-t.build/DerivedSources -Xcc -DSWIFT_PACKAGE -Xcc -DDEBUG\=1 -emit-objc-header -emit-objc-header-path /Users/admin/builder/spi-builder-workspace/.derivedData/Build/Intermediates.noindex/DCLib.build/Debug-appletvos/DominantColors-t.build/Objects-normal/arm64/DominantColors-Swift.h -working-directory /Users/admin/builder/spi-builder-workspace/.swiftpm/xcode -experimental-emit-module-separately -disable-cmo
Ld /Users/admin/builder/spi-builder-workspace/.derivedData/Build/Products/Debug-appletvos/SJSAssetExportSession.o normal (in target 'SJSAssetExportSession' from project 'SJSAssetExportSession')
cd /Users/admin/builder/spi-builder-workspace/.dependencies/checkouts/SJSAssetExportSession
/Applications/Xcode-27.0.0.app/Contents/Developer/Toolchains/XcodeDefault.xctoolchain/usr/bin/clang -Xlinker -reproducible -target arm64-apple-tvos17.0 -r -isysroot /Applications/Xcode-27.0.0.app/Contents/Developer/Platforms/AppleTVOS.platform/Developer/SDKs/AppleTVOS27.0.sdk -O0 -w -Xlinker -no_warn_duplicate_libraries -F/Users/admin/builder/spi-builder-workspace/.derivedData/Build/Intermediates.noindex/EagerLinkingTBDs/Debug-appletvos -F/Users/admin/builder/spi-builder-workspace/.derivedData/Build/Products/Debug-appletvos -iframework /Applications/Xcode-27.0.0.app/Contents/Developer/Platforms/AppleTVOS.platform/Developer/Library/Frameworks -iframework /Applications/Xcode-27.0.0.app/Contents/Developer/Platforms/AppleTVOS.platform/Developer/SDKs/AppleTVOS27.0.sdk/Developer/Library/Frameworks -filelist /Users/admin/builder/spi-builder-workspace/.derivedData/Build/Intermediates.noindex/SJSAssetExportSession.build/Debug-appletvos/SJSAssetExportSession-t.build/Objects-normal/arm64/SJSAssetExportSession.LinkFileList -nostdlib -Xlinker -object_path_lto -Xlinker /Users/admin/builder/spi-builder-workspace/.derivedData/Build/Intermediates.noindex/SJSAssetExportSession.build/Debug-appletvos/SJSAssetExportSession-t.build/Objects-normal/arm64/SJSAssetExportSession_lto.o -Xlinker -no_deduplicate -Xlinker -debug_variant -Xlinker -dependency_info -Xlinker /Users/admin/builder/spi-builder-workspace/.derivedData/Build/Intermediates.noindex/SJSAssetExportSession.build/Debug-appletvos/SJSAssetExportSession-t.build/Objects-normal/arm64/SJSAssetExportSession_dependency_info.dat -fobjc-link-runtime -L/Applications/Xcode-27.0.0.app/Contents/Developer/Toolchains/XcodeDefault.xctoolchain/usr/lib/swift/appletvos -L/usr/lib/swift -Xlinker -add_ast_path -Xlinker /Users/admin/builder/spi-builder-workspace/.derivedData/Build/Intermediates.noindex/SJSAssetExportSession.build/Debug-appletvos/SJSAssetExportSession-t.build/Objects-normal/arm64/SJSAssetExportSession.swiftmodule -o /Users/admin/builder/spi-builder-workspace/.derivedData/Build/Products/Debug-appletvos/SJSAssetExportSession.o
SwiftDriver MosaicKit normal arm64 com.apple.xcode.tools.swift.compiler (in target 'MosaicKit' from project 'MosaicKit')
cd /Users/admin/builder/spi-builder-workspace/.swiftpm/xcode
builtin-SwiftDriver -- /Applications/Xcode-27.0.0.app/Contents/Developer/Toolchains/XcodeDefault.xctoolchain/usr/bin/swiftc -parse-as-library -module-name MosaicKit -Onone @/Users/admin/builder/spi-builder-workspace/.derivedData/Build/Intermediates.noindex/MosaicKit.build/Debug-appletvos/MosaicKit-t.build/Objects-normal/arm64/MosaicKit.SwiftFileList -DSWIFT_PACKAGE -DDEBUG -DSWIFT_MODULE_RESOURCE_BUNDLE_AVAILABLE -DXcode -plugin-path /Applications/Xcode-27.0.0.app/Contents/Developer/Toolchains/XcodeDefault.xctoolchain/usr/lib/swift/host/plugins/testing -enable-experimental-feature DebugDescriptionMacro -sdk /Applications/Xcode-27.0.0.app/Contents/Developer/Platforms/AppleTVOS.platform/Developer/SDKs/AppleTVOS27.0.sdk -target arm64-apple-tvos26.0 -g -module-cache-path /Users/admin/builder/spi-builder-workspace/.derivedData/ModuleCache.noindex -Xfrontend -serialize-debugging-options -profile-coverage-mapping -profile-generate -enable-testing -index-store-path /Users/admin/builder/spi-builder-workspace/.derivedData/Index.noindex/DataStore -Xcc -D_LIBCPP_HARDENING_MODE\=_LIBCPP_HARDENING_MODE_DEBUG -swift-version 6 -I /Users/admin/builder/spi-builder-workspace/.derivedData/Build/Products/Debug-appletvos -Isystem /Applications/Xcode-27.0.0.app/Contents/Developer/Platforms/AppleTVOS.platform/Developer/usr/lib -F /Users/admin/builder/spi-builder-workspace/.derivedData/Build/Products/Debug-appletvos/PackageFrameworks -F /Users/admin/builder/spi-builder-workspace/.derivedData/Build/Products/Debug-appletvos -F /Applications/Xcode-27.0.0.app/Contents/Developer/Platforms/AppleTVOS.platform/Developer/Library/Frameworks -F /Applications/Xcode-27.0.0.app/Contents/Developer/Platforms/AppleTVOS.platform/Developer/SDKs/AppleTVOS27.0.sdk/Developer/Library/Frameworks -c -j10 -enable-batch-mode -incremental -Xcc -ivfsstatcache -Xcc /Users/admin/builder/spi-builder-workspace/.derivedData/SDKStatCaches.noindex/appletvos27.0-24J360-e829b21a6f8c9b70876ba0858053c044509235ffd515576fb835ffc8f67461e5.sdkstatcache -output-file-map /Users/admin/builder/spi-builder-workspace/.derivedData/Build/Intermediates.noindex/MosaicKit.build/Debug-appletvos/MosaicKit-t.build/Objects-normal/arm64/MosaicKit-OutputFileMap.json -save-temps -no-color-diagnostics -explicit-module-build -module-cache-path /Users/admin/builder/spi-builder-workspace/.derivedData/Build/Intermediates.noindex/SwiftExplicitPrecompiledModules -clang-scanner-module-cache-path /Users/admin/builder/spi-builder-workspace/.derivedData/ModuleCache.noindex -sdk-module-cache-path /Users/admin/builder/spi-builder-workspace/.derivedData/SDKExplicitPrecompiledModules -emit-dependencies -emit-module -emit-module-path /Users/admin/builder/spi-builder-workspace/.derivedData/Build/Intermediates.noindex/MosaicKit.build/Debug-appletvos/MosaicKit-t.build/Objects-normal/arm64/MosaicKit.swiftmodule -serialize-diagnostics -dependency-scan-serialize-diagnostics-path /Users/admin/builder/spi-builder-workspace/.derivedData/Build/Intermediates.noindex/MosaicKit.build/Debug-appletvos/MosaicKit-t.build/Objects-normal/arm64/MosaicKit-dependency-scan.dia -validate-clang-modules-once -clang-build-session-file /Users/admin/builder/spi-builder-workspace/.derivedData/ModuleCache.noindex/Session.modulevalidation -Xcc -fmodules-prune-interval\=86400 -Xcc -fmodules-prune-after\=345600 -package-name spi_builder_workspace -emit-const-values -const-gather-protocols-list /Users/admin/builder/spi-builder-workspace/.derivedData/Build/Intermediates.noindex/MosaicKit.build/Debug-appletvos/MosaicKit-t.build/Objects-normal/arm64/MosaicKit_const_extract_protocols.json -Xcc -I/Users/admin/builder/spi-builder-workspace/.derivedData/Build/Products/Debug-appletvos/include -Xcc -I/Users/admin/builder/spi-builder-workspace/.derivedData/Build/Intermediates.noindex/MosaicKit.build/Debug-appletvos/MosaicKit-t.build/DerivedSources-normal/arm64 -Xcc -I/Users/admin/builder/spi-builder-workspace/.derivedData/Build/Intermediates.noindex/MosaicKit.build/Debug-appletvos/MosaicKit-t.build/DerivedSources/arm64 -Xcc -I/Users/admin/builder/spi-builder-workspace/.derivedData/Build/Intermediates.noindex/MosaicKit.build/Debug-appletvos/MosaicKit-t.build/DerivedSources -Xcc -DSWIFT_PACKAGE -Xcc -DDEBUG\=1 -emit-objc-header -emit-objc-header-path /Users/admin/builder/spi-builder-workspace/.derivedData/Build/Intermediates.noindex/MosaicKit.build/Debug-appletvos/MosaicKit-t.build/Objects-normal/arm64/MosaicKit-Swift.h -working-directory /Users/admin/builder/spi-builder-workspace/.swiftpm/xcode -experimental-emit-module-separately -disable-cmo
ExtractAppIntentsMetadata (in target 'SJSAssetExportSession' from project 'SJSAssetExportSession')
cd /Users/admin/builder/spi-builder-workspace/.dependencies/checkouts/SJSAssetExportSession
/Applications/Xcode-27.0.0.app/Contents/Developer/Toolchains/XcodeDefault.xctoolchain/usr/bin/appintentsmetadataprocessor --toolchain-dir /var/run/com.apple.security.cryptexd/mnt/com.apple.MobileAsset.MetalToolchain-v27.1.266.1.zod1j5/Metal.xctoolchain --module-name SJSAssetExportSession --sdk-root /Applications/Xcode-27.0.0.app/Contents/Developer/Platforms/AppleTVOS.platform/Developer/SDKs/AppleTVOS27.0.sdk --xcode-version 27A266a --platform-family tvOS --deployment-target 17.0 --bundle-identifier sjsassetexportsession.SJSAssetExportSession --output /Users/admin/builder/spi-builder-workspace/.derivedData/Build/Products/Debug-appletvos/SJSAssetExportSession.appintents --target-triple arm64-apple-tvos17.0 --binary-file /Users/admin/builder/spi-builder-workspace/.derivedData/Build/Products/Debug-appletvos/SJSAssetExportSession.o --dependency-file /Users/admin/builder/spi-builder-workspace/.derivedData/Build/Intermediates.noindex/SJSAssetExportSession.build/Debug-appletvos/SJSAssetExportSession-t.build/Objects-normal/arm64/SJSAssetExportSession_dependency_info.dat --stringsdata-file /Users/admin/builder/spi-builder-workspace/.derivedData/Build/Intermediates.noindex/SJSAssetExportSession.build/Debug-appletvos/SJSAssetExportSession-t.build/Objects-normal/arm64/ExtractedAppShortcutsMetadata.stringsdata --source-file-list /Users/admin/builder/spi-builder-workspace/.derivedData/Build/Intermediates.noindex/SJSAssetExportSession.build/Debug-appletvos/SJSAssetExportSession-t.build/Objects-normal/arm64/SJSAssetExportSession.SwiftFileList --metadata-file-list /Users/admin/builder/spi-builder-workspace/.derivedData/Build/Intermediates.noindex/SJSAssetExportSession.build/Debug-appletvos/SJSAssetExportSession-t.build/SJSAssetExportSession.DependencyMetadataFileList --static-metadata-file-list /Users/admin/builder/spi-builder-workspace/.derivedData/Build/Intermediates.noindex/SJSAssetExportSession.build/Debug-appletvos/SJSAssetExportSession-t.build/SJSAssetExportSession.DependencyStaticMetadataFileList --swift-const-vals-list /Users/admin/builder/spi-builder-workspace/.derivedData/Build/Intermediates.noindex/SJSAssetExportSession.build/Debug-appletvos/SJSAssetExportSession-t.build/Objects-normal/arm64/SJSAssetExportSession.SwiftConstValuesFileList --force --compile-time-extraction --deployment-aware-processing --no-app-shortcuts-localization
2026-10-27 14:44:00.294 appintentsmetadataprocessor[1026:5944] Starting appintentsmetadataprocessor export
2026-10-27 14:44:00.409 appintentsmetadataprocessor[1026:5944] Extracted no relevant App Intents symbols, skipping writing output
SwiftCompile normal arm64 Compiling\ InternalRawRepresentable.swift /Users/admin/builder/spi-builder-workspace/.dependencies/checkouts/webp.swift/Sources/webp/InternalRawRepresentable.swift (in target 'webp' from project 'webp')
SwiftCompile normal arm64 /Users/admin/builder/spi-builder-workspace/.dependencies/checkouts/webp.swift/Sources/webp/InternalRawRepresentable.swift (in target 'webp' from project 'webp')
cd /Users/admin/builder/spi-builder-workspace/.swiftpm/xcode
builtin-SwiftPerFileCompile InternalRawRepresentable.swift
SwiftCompile normal arm64 Compiling\ WebPEncoderConfig.swift /Users/admin/builder/spi-builder-workspace/.dependencies/checkouts/webp.swift/Sources/webp/WebPEncoderConfig.swift (in target 'webp' from project 'webp')
SwiftCompile normal arm64 /Users/admin/builder/spi-builder-workspace/.dependencies/checkouts/webp.swift/Sources/webp/WebPEncoderConfig.swift (in target 'webp' from project 'webp')
cd /Users/admin/builder/spi-builder-workspace/.swiftpm/xcode
builtin-SwiftPerFileCompile WebPEncoderConfig.swift
SwiftEmitModule normal arm64 Emitting\ module\ for\ webp (in target 'webp' from project 'webp')
SwiftCompile normal arm64 (in target 'webp' from project 'webp')
cd /Users/admin/builder/spi-builder-workspace/.swiftpm/xcode
SwiftCompile normal arm64 Compiling\ WebPDecoder.swift /Users/admin/builder/spi-builder-workspace/.dependencies/checkouts/webp.swift/Sources/webp/WebPDecoder.swift (in target 'webp' from project 'webp')
SwiftCompile normal arm64 /Users/admin/builder/spi-builder-workspace/.dependencies/checkouts/webp.swift/Sources/webp/WebPDecoder.swift (in target 'webp' from project 'webp')
cd /Users/admin/builder/spi-builder-workspace/.swiftpm/xcode
builtin-SwiftPerFileCompile WebPDecoder.swift
SwiftCompile normal arm64 Compiling\ WebPEncoder.swift /Users/admin/builder/spi-builder-workspace/.dependencies/checkouts/webp.swift/Sources/webp/WebPEncoder.swift (in target 'webp' from project 'webp')
SwiftCompile normal arm64 /Users/admin/builder/spi-builder-workspace/.dependencies/checkouts/webp.swift/Sources/webp/WebPEncoder.swift (in target 'webp' from project 'webp')
cd /Users/admin/builder/spi-builder-workspace/.swiftpm/xcode
builtin-SwiftPerFileCompile WebPEncoder.swift
SwiftCompile normal arm64 Compiling\ WebPImageInspector.swift /Users/admin/builder/spi-builder-workspace/.dependencies/checkouts/webp.swift/Sources/webp/WebPImageInspector.swift (in target 'webp' from project 'webp')
SwiftCompile normal arm64 /Users/admin/builder/spi-builder-workspace/.dependencies/checkouts/webp.swift/Sources/webp/WebPImageInspector.swift (in target 'webp' from project 'webp')
cd /Users/admin/builder/spi-builder-workspace/.swiftpm/xcode
builtin-SwiftPerFileCompile WebPImageInspector.swift
SwiftCompile normal arm64 Compiling\ WebPAnimatedEncoder.swift /Users/admin/builder/spi-builder-workspace/.dependencies/checkouts/webp.swift/Sources/webp/WebPAnimatedEncoder.swift (in target 'webp' from project 'webp')
SwiftCompile normal arm64 /Users/admin/builder/spi-builder-workspace/.dependencies/checkouts/webp.swift/Sources/webp/WebPAnimatedEncoder.swift (in target 'webp' from project 'webp')
cd /Users/admin/builder/spi-builder-workspace/.swiftpm/xcode
builtin-SwiftPerFileCompile WebPAnimatedEncoder.swift
SwiftCompile normal arm64 Compiling\ CGImage+Util.swift /Users/admin/builder/spi-builder-workspace/.dependencies/checkouts/webp.swift/Sources/webp/CGImage+Util.swift (in target 'webp' from project 'webp')
SwiftCompile normal arm64 /Users/admin/builder/spi-builder-workspace/.dependencies/checkouts/webp.swift/Sources/webp/CGImage+Util.swift (in target 'webp' from project 'webp')
cd /Users/admin/builder/spi-builder-workspace/.swiftpm/xcode
builtin-SwiftPerFileCompile CGImage+Util.swift
SwiftCompile normal arm64 Compiling\ WebPDecoder+Platform.swift /Users/admin/builder/spi-builder-workspace/.dependencies/checkouts/webp.swift/Sources/webp/WebPDecoder+Platform.swift (in target 'webp' from project 'webp')
/Users/admin/builder/spi-builder-workspace/.dependencies/checkouts/webp.swift/Sources/webp/WebPDecoder+Platform.swift:50:36: error: no exact matches in call to instance method 'decode'
48 | extension WebPDecoder {
49 | public func decode(toImage webPData: Data, options: WebpDecoderOptions) throws -> WebPPlatformImage {
50 | let cgImage: CGImage = try decode(webPData, options: options)
| `- error: no exact matches in call to instance method 'decode'
51 | #if os(iOS)
52 | return WebPPlatformImage(cgImage: cgImage)
/Users/admin/builder/spi-builder-workspace/.dependencies/checkouts/webp.swift/Sources/webp/WebPDecoder.swift:22:17: note: incorrect labels for candidate (have: '(_:options:)', expected: '(byRGB:options:)')
20 | }
21 |
22 | public func decode(byRGB webPData: Data, options: WebpDecoderOptions) throws -> Data {
| `- note: incorrect labels for candidate (have: '(_:options:)', expected: '(byRGB:options:)')
23 | var config = makeConfig(options, .RGB)
24 | try decode(webPData, config: &config)
:
29 | }
30 |
31 | public func decode(byRGBA webPData: Data, options: WebpDecoderOptions) throws -> Data {
| `- note: incorrect labels for candidate (have: '(_:options:)', expected: '(byRGBA:options:)')
32 | var config = makeConfig(options, .RGBA)
33 | try decode(webPData, config: &config)
:
48 | }
49 |
50 | public func decode(byBGRA webPData: Data, options: WebpDecoderOptions) throws -> Data {
| `- note: incorrect labels for candidate (have: '(_:options:)', expected: '(byBGRA:options:)')
51 | var config = makeConfig(options, .BGRA)
52 | try decode(webPData, config: &config)
:
57 | }
58 |
59 | public func decode(byARGB webPData: Data, options: WebpDecoderOptions) throws -> Data {
| `- note: incorrect labels for candidate (have: '(_:options:)', expected: '(byARGB:options:)')
60 | var config = makeConfig(options, .ARGB)
61 | try decode(webPData, config: &config)
:
66 | }
67 |
68 | public func decode(byRGBA4444 webPData: Data, options: WebpDecoderOptions) throws -> Data {
| `- note: incorrect labels for candidate (have: '(_:options:)', expected: '(byRGBA4444:options:)')
69 |
70 | var config = makeConfig(options, .RGBA4444)
:
76 | }
77 |
78 | public func decode(byRGB565 webPData: Data, options: WebpDecoderOptions) throws -> Data {
| `- note: incorrect labels for candidate (have: '(_:options:)', expected: '(byRGB565:options:)')
79 | var config = makeConfig(options, .RGB565)
80 | try decode(webPData, config: &config)
:
85 | }
86 |
87 | public func decode(byrgbA webPData: Data, options: WebpDecoderOptions) throws -> Data {
| `- note: incorrect labels for candidate (have: '(_:options:)', expected: '(byrgbA:options:)')
88 | var config = makeConfig(options, .rgbA)
89 | try decode(webPData, config: &config)
:
94 | }
95 |
96 | public func decode(bybgrA webPData: Data, options: WebpDecoderOptions) throws -> Data {
| `- note: incorrect labels for candidate (have: '(_:options:)', expected: '(bybgrA:options:)')
97 | var config = makeConfig(options, .bgrA)
98 | try decode(webPData, config: &config)
:
103 | }
104 |
105 | public func decode(byArgb webPData: Data, options: WebpDecoderOptions) throws -> Data {
| `- note: incorrect labels for candidate (have: '(_:options:)', expected: '(byArgb:options:)')
106 | var config = makeConfig(options, .Argb)
107 | try decode(webPData, config: &config)
:
112 | }
113 |
114 | public func decode(byrgbA4444 webPData: Data, options: WebpDecoderOptions) throws -> Data {
| `- note: incorrect labels for candidate (have: '(_:options:)', expected: '(byrgbA4444:options:)')
115 | var config = makeConfig(options, .rgbA4444)
116 | try decode(webPData, config: &config)
:
121 | }
122 |
123 | public func decode(byYUV webPData: Data, options: WebpDecoderOptions) throws -> Data {
| `- note: incorrect labels for candidate (have: '(_:options:)', expected: '(byYUV:options:)')
124 | fatalError("didn't implement this yet")
125 | }
126 |
127 | public func decode(byYUVA webPData: Data, options: WebpDecoderOptions) throws -> Data {
| `- note: incorrect labels for candidate (have: '(_:options:)', expected: '(byYUVA:options:)')
128 | fatalError("didn't implement this yet")
129 | }
/Users/admin/builder/spi-builder-workspace/.dependencies/checkouts/webp.swift/Sources/webp/WebPDecoder+Platform.swift:50:36: error: cannot convert value of type 'Data' to specified type 'CGImage'
48 | extension WebPDecoder {
49 | public func decode(toImage webPData: Data, options: WebpDecoderOptions) throws -> WebPPlatformImage {
50 | let cgImage: CGImage = try decode(webPData, options: options)
| `- error: cannot convert value of type 'Data' to specified type 'CGImage'
51 | #if os(iOS)
52 | return WebPPlatformImage(cgImage: cgImage)
/Users/admin/builder/spi-builder-workspace/.dependencies/checkouts/webp.swift/Sources/webp/WebPDecoder+Platform.swift:54:58: error: cannot find 'NSSize' in scope
52 | return WebPPlatformImage(cgImage: cgImage)
53 | #else
54 | return WebPPlatformImage(cgImage: cgImage, size: NSSize(width: cgImage.width, height: cgImage.height))
| `- error: cannot find 'NSSize' in scope
55 | #endif
56 | }
/Users/admin/builder/spi-builder-workspace/.dependencies/checkouts/webp.swift/Sources/webp/WebPDecoder+Platform.swift:54:58: error: extra argument 'size' in call
52 | return WebPPlatformImage(cgImage: cgImage)
53 | #else
54 | return WebPPlatformImage(cgImage: cgImage, size: NSSize(width: cgImage.width, height: cgImage.height))
| `- error: extra argument 'size' in call
55 | #endif
56 | }
Failed frontend command:
/Applications/Xcode-27.0.0.app/Contents/Developer/Toolchains/XcodeDefault.xctoolchain/usr/bin/swift-frontend -frontend -c /Users/admin/builder/spi-builder-workspace/.dependencies/checkouts/webp.swift/Sources/webp/CGImage+Util.swift /Users/admin/builder/spi-builder-workspace/.dependencies/checkouts/webp.swift/Sources/webp/InternalRawRepresentable.swift /Users/admin/builder/spi-builder-workspace/.dependencies/checkouts/webp.swift/Sources/webp/WebPAnimatedEncoder.swift -primary-file /Users/admin/builder/spi-builder-workspace/.dependencies/checkouts/webp.swift/Sources/webp/WebPDecoder+Platform.swift /Users/admin/builder/spi-builder-workspace/.dependencies/checkouts/webp.swift/Sources/webp/WebPDecoder.swift /Users/admin/builder/spi-builder-workspace/.dependencies/checkouts/webp.swift/Sources/webp/WebPDecoderConfig.swift /Users/admin/builder/spi-builder-workspace/.dependencies/checkouts/webp.swift/Sources/webp/WebPEncoder+CGImage.swift /Users/admin/builder/spi-builder-workspace/.dependencies/checkouts/webp.swift/Sources/webp/WebPEncoder+Platform.swift /Users/admin/builder/spi-builder-workspace/.dependencies/checkouts/webp.swift/Sources/webp/WebPEncoder.swift /Users/admin/builder/spi-builder-workspace/.dependencies/checkouts/webp.swift/Sources/webp/WebPEncoderConfig.swift /Users/admin/builder/spi-builder-workspace/.dependencies/checkouts/webp.swift/Sources/webp/WebPError.swift /Users/admin/builder/spi-builder-workspace/.dependencies/checkouts/webp.swift/Sources/webp/WebPImageInspector.swift -emit-dependencies-path /Users/admin/builder/spi-builder-workspace/.derivedData/Build/Intermediates.noindex/webp.build/Debug-appletvos/webp-t.build/Objects-normal/arm64/WebPDecoder+Platform.d -emit-const-values-path /Users/admin/builder/spi-builder-workspace/.derivedData/Build/Intermediates.noindex/webp.build/Debug-appletvos/webp-t.build/Objects-normal/arm64/WebPDecoder+Platform.swiftconstvalues -emit-reference-dependencies-path /Users/admin/builder/spi-builder-workspace/.derivedData/Build/Intermediates.noindex/webp.build/Debug-appletvos/webp-t.build/Objects-normal/arm64/WebPDecoder+Platform.swiftdeps -serialize-diagnostics-path /Users/admin/builder/spi-builder-workspace/.derivedData/Build/Intermediates.noindex/webp.build/Debug-appletvos/webp-t.build/Objects-normal/arm64/WebPDecoder+Platform.dia -target arm64-apple-tvos15.0 -module-can-import-version CoreGraphics 2049 2049.0.0 -disable-cross-import-overlay-search -load-resolved-plugin /Applications/Xcode-27.0.0.app/Contents/Developer/Platforms/AppleTVOS.platform/Developer/usr/lib/swift/host/plugins/libFoundationMacros.dylib\#/Applications/Xcode-27.0.0.app/Contents/Developer/Platforms/AppleTVOS.platform/Developer/usr/bin/swift-plugin-server\#FoundationMacros -load-resolved-plugin /Applications/Xcode-27.0.0.app/Contents/Developer/Platforms/AppleTVOS.platform/Developer/usr/lib/swift/host/plugins/libObservationMacros.dylib\#/Applications/Xcode-27.0.0.app/Contents/Developer/Platforms/AppleTVOS.platform/Developer/usr/bin/swift-plugin-server\#ObservationMacros -load-resolved-plugin /Applications/Xcode-27.0.0.app/Contents/Developer/Platforms/AppleTVOS.platform/Developer/usr/lib/swift/host/plugins/libPreviewsMacros.dylib\#/Applications/Xcode-27.0.0.app/Contents/Developer/Platforms/AppleTVOS.platform/Developer/usr/bin/swift-plugin-server\#PreviewsMacros -load-resolved-plugin /Applications/Xcode-27.0.0.app/Contents/Developer/Platforms/AppleTVOS.platform/Developer/usr/lib/swift/host/plugins/libSwiftMacros.dylib\#/Applications/Xcode-27.0.0.app/Contents/Developer/Platforms/AppleTVOS.platform/Developer/usr/bin/swift-plugin-server\#SwiftMacros -load-resolved-plugin /Applications/Xcode-27.0.0.app/Contents/Developer/Platforms/AppleTVOS.platform/Developer/usr/lib/swift/host/plugins/libSwiftUIMacros.dylib\#/Applications/Xcode-27.0.0.app/Contents/Developer/Platforms/AppleTVOS.platform/Developer/usr/bin/swift-plugin-server\#SwiftUIMacros -disable-implicit-swift-modules -Xcc -fno-implicit-modules -Xcc -fno-implicit-module-maps -explicit-swift-module-map-file /Users/admin/builder/spi-builder-workspace/.derivedData/Build/Intermediates.noindex/webp.build/Debug-appletvos/webp-t.build/Objects-normal/arm64/webp-dependencies-1.json -Xllvm -aarch64-use-tbi -enable-objc-interop -stack-check -sdk /Applications/Xcode-27.0.0.app/Contents/Developer/Platforms/AppleTVOS.platform/Developer/SDKs/AppleTVOS27.0.sdk -I /Users/admin/builder/spi-builder-workspace/.derivedData/Build/Products/Debug-appletvos -Isystem /Applications/Xcode-27.0.0.app/Contents/Developer/Platforms/AppleTVOS.platform/Developer/usr/lib -F /Users/admin/builder/spi-builder-workspace/.derivedData/Build/Products/Debug-appletvos/PackageFrameworks -F /Users/admin/builder/spi-builder-workspace/.derivedData/Build/Products/Debug-appletvos -F /Applications/Xcode-27.0.0.app/Contents/Developer/Platforms/AppleTVOS.platform/Developer/Library/Frameworks -F /Applications/Xcode-27.0.0.app/Contents/Developer/Platforms/AppleTVOS.platform/Developer/SDKs/AppleTVOS27.0.sdk/Developer/Library/Frameworks -module-cache-path /Users/admin/builder/spi-builder-workspace/.derivedData/Build/Intermediates.noindex/SwiftExplicitPrecompiledModules -no-color-diagnostics -Xcc -fno-color-diagnostics -enable-testing -g -debug-info-format\=dwarf -dwarf-version\=4 -suppress-warnings -profile-generate -profile-coverage-mapping -swift-version 5 -Onone -D SWIFT_PACKAGE -D DEBUG -D SWIFT_MODULE_RESOURCE_BUNDLE_UNAVAILABLE -D Xcode -serialize-debugging-options -enable-experimental-feature DebugDescriptionMacro -empty-abi-descriptor -validate-clang-modules-once -clang-build-session-file /Users/admin/builder/spi-builder-workspace/.derivedData/ModuleCache.noindex/Session.modulevalidation -Xcc -working-directory -Xcc /Users/admin/builder/spi-builder-workspace/.swiftpm/xcode -enable-anonymous-context-mangled-names -file-compilation-dir /Users/admin/builder/spi-builder-workspace/.swiftpm/xcode -Xcc -fmodule-map-file\=/Users/admin/builder/spi-builder-workspace/.dependencies/checkouts/webp.swift/Sources/webpbridge/include/module.modulemap -Xcc -D_LIBCPP_HARDENING_MODE\=_LIBCPP_HARDENING_MODE_DEBUG -Xcc -ivfsstatcache -Xcc /Users/admin/builder/spi-builder-workspace/.derivedData/SDKStatCaches.noindex/appletvos27.0-24J360-e829b21a6f8c9b70876ba0858053c044509235ffd515576fb835ffc8f67461e5.sdkstatcache -Xcc -fmodules-prune-interval\=86400 -Xcc -fmodules-prune-after\=345600 -Xcc -I/Users/admin/builder/spi-builder-workspace/.dependencies/checkouts/webp.swift/Sources/webpbridge/include -Xcc -I/Users/admin/builder/spi-builder-workspace/.derivedData/Build/Products/Debug-appletvos/include -Xcc -I/Users/admin/builder/spi-builder-workspace/.derivedData/Build/Intermediates.noindex/webp.build/Debug-appletvos/webp-t.build/DerivedSources-normal/arm64 -Xcc -I/Users/admin/builder/spi-builder-workspace/.derivedData/Build/Intermediates.noindex/webp.build/Debug-appletvos/webp-t.build/DerivedSources/arm64 -Xcc -I/Users/admin/builder/spi-builder-workspace/.derivedData/Build/Intermediates.noindex/webp.build/Debug-appletvos/webp-t.build/DerivedSources -Xcc -DSWIFT_PACKAGE -Xcc -DDEBUG\=1 -no-auto-bridging-header-chaining -module-name webp -const-gather-protocols-file /Users/admin/builder/spi-builder-workspace/.derivedData/Build/Intermediates.noindex/webp.build/Debug-appletvos/webp-t.build/Objects-normal/arm64/webp_const_extract_protocols.json -disable-clang-spi -clang-target arm64-apple-tvos27.0 -target-sdk-version 27.0 -target-sdk-name appletvos27.0 -in-process-plugin-server-path /Applications/Xcode-27.0.0.app/Contents/Developer/Toolchains/XcodeDefault.xctoolchain/usr/lib/swift/host/libSwiftInProcPluginServer.dylib -parse-as-library -o /Users/admin/builder/spi-builder-workspace/.derivedData/Build/Intermediates.noindex/webp.build/Debug-appletvos/webp-t.build/Objects-normal/arm64/WebPDecoder+Platform.o -debug-module-path /Users/admin/builder/spi-builder-workspace/.derivedData/Build/Intermediates.noindex/webp.build/Debug-appletvos/webp-t.build/Objects-normal/arm64/webp.swiftmodule -index-unit-output-path /webp.build/Debug-appletvos/webp-t.build/Objects-normal/arm64/WebPDecoder+Platform.o -index-store-path /Users/admin/builder/spi-builder-workspace/.derivedData/Index.noindex/DataStore -index-system-modules
SwiftCompile normal arm64 /Users/admin/builder/spi-builder-workspace/.dependencies/checkouts/webp.swift/Sources/webp/WebPDecoder+Platform.swift (in target 'webp' from project 'webp')
cd /Users/admin/builder/spi-builder-workspace/.swiftpm/xcode
builtin-SwiftPerFileCompile WebPDecoder+Platform.swift
SwiftEmitModule normal arm64 Emitting\ module\ for\ DominantColors (in target 'DominantColors' from project 'DCLib')
SwiftCompile normal arm64 (in target 'DominantColors' from project 'DCLib')
cd /Users/admin/builder/spi-builder-workspace/.swiftpm/xcode
SwiftDriverJobDiscovery normal arm64 Compiling InternalRawRepresentable.swift (in target 'webp' from project 'webp')
SwiftCompile normal arm64 Compiling\ WebPEncoder+CGImage.swift /Users/admin/builder/spi-builder-workspace/.dependencies/checkouts/webp.swift/Sources/webp/WebPEncoder+CGImage.swift (in target 'webp' from project 'webp')
SwiftCompile normal arm64 /Users/admin/builder/spi-builder-workspace/.dependencies/checkouts/webp.swift/Sources/webp/WebPEncoder+CGImage.swift (in target 'webp' from project 'webp')
cd /Users/admin/builder/spi-builder-workspace/.swiftpm/xcode
builtin-SwiftPerFileCompile WebPEncoder+CGImage.swift
PruneExplicitPrecompiledModules /Users/admin/builder/spi-builder-workspace/.derivedData/Build/Intermediates.noindex/ExplicitPrecompiledModules
PruneExplicitPrecompiledModules /Users/admin/builder/spi-builder-workspace/.derivedData/Build/Intermediates.noindex/SwiftExplicitPrecompiledModules
PruneExplicitPrecompiledModules /Users/admin/builder/spi-builder-workspace/.derivedData/SDKExplicitPrecompiledModules
2026-10-27 14:43:59.402 xcodebuild[1021:5887] [MT] IDERunDestination: Supported platforms for the buildables in the current scheme is empty.
** BUILD FAILED **
The following build commands failed:
SwiftCompile normal arm64 Compiling\ WebPDecoder+Platform.swift /Users/admin/builder/spi-builder-workspace/.dependencies/checkouts/webp.swift/Sources/webp/WebPDecoder+Platform.swift (in target 'webp' from project 'webp')
SwiftCompile normal arm64 /Users/admin/builder/spi-builder-workspace/.dependencies/checkouts/webp.swift/Sources/webp/WebPDecoder+Platform.swift (in target 'webp' from project 'webp')
Building workspace MosaicKit with scheme MosaicKit-Package
(3 failures)
BUILD FAILURE 6.4 tvOS